-- Table structure for table `project_gallery_cats`
--

CREATE TABLE `project_gallery_cats` (
  `node_id` smallint(5) UNSIGNED NOT NULL,
  `parent_id` smallint(5) UNSIGNED NOT NULL,
  `name` varchar(32) NOT NULL,
  `lft` smallint(5) UNSIGNED NOT NULL,
  `rgt` smallint(10) UNSIGNED NOT NULL
) ENGINE=InnoDB DEFAULT CHARSET=utf8;

--
-- Dumping data for table `project_gallery_cats`
--

INSERT INTO `project_gallery_cats` (`node_id`, `parent_id`, `name`, `lft`, `rgt`) VALUES
(1, 0, 'Classification', 1, 176),
(2, 1, 'Location', 2, 23),
(3, 1, 'Light Source', 24, 41),
(4, 1, 'Luminaire Type', 42, 59),
(5, 1, 'Project Type', 60, 105),
(6, 1, 'Manufacturers', 106, 175),
(7, 2, 'North America', 3, 4),
(8, 2, 'Europe', 5, 6),
(9, 2, 'Asia', 7, 8),
(10, 2, 'USA', 9, 10),
(11, 2, 'Australia', 11, 12),
(14, 4, 'Flood lighting', 43, 44),
(16, 4, 'General Lighting', 45, 46),
(17, 4, 'Accent Lighting', 47, 48),
(18, 5, 'Commercial', 61, 62),
(19, 5, 'Hospitality', 63, 64),
(20, 5, 'Roadways', 65, 66),
(21, 5, 'Residential', 67, 68),
(22, 5, 'Industrial', 69, 70),
(23, 5, 'Transportation', 71, 72),
(24, 5, 'Healthcare', 73, 74),
(25, 5, 'Landscape', 75, 76),
(26, 5, 'Water features', 77, 78),
(27, 6, 'Traxon Technologies', 107, 108),
(28, 6, 'Lumenpulse', 109, 110),
(29, 2, 'South America', 13, 14),
(30, 2, 'Africa', 15, 16),
(33, 5, 'Museums', 79, 80),
(34, 5, 'Retail', 81, 82),
(35, 4, 'Media Display', 49, 50),
(37, 5, 'Public', 83, 84),
(38, 5, 'Sports', 85, 86),
(39, 5, 'Religious', 87, 88),
(40, 6, 'BEGA', 111, 112),
(41, 4, 'Area Lighting', 51, 52),
(42, 5, 'Administrative', 89, 90),
(44, 6, 'Edge Lighting', 113, 114),
(45, 6, 'Focal Point Lights', 115, 116),
(46, 6, 'Element Lighting', 117, 118),
(47, 3, 'LED White', 25, 26),
(48, 3, 'LED Dinamic White', 27, 28),
(49, 3, 'LED RGB', 29, 30),
(50, 3, 'OLED', 31, 32),
(51, 5, 'Parking Lighting', 91, 92),
(52, 5, 'Facade', 93, 94),
(53, 5, 'Art Installations', 95, 96),
(54, 5, 'Monuments', 97, 98),
(55, 2, 'Canada', 17, 18),
(56, 3, 'Fluorescent', 33, 34),
(57, 3, 'HID', 35, 36),
(58, 3, 'Incandescent', 37, 38),
(59, 3, 'Induction', 39, 40),
(60, 4, 'Decorative', 53, 54),
(62, 6, 'ERCO', 119, 120),
(63, 4, 'Wallwasher', 55, 56),
(64, 6, 'Delta Light', 121, 122),
(65, 6, 'iGuzzini', 123, 124),
(66, 6, 'Targetti', 125, 126),
(67, 6, 'USAI Lighting', 127, 128),
(68, 6, 'We-ef Lighting', 129, 130),
(69, 6, 'Precision Lighting', 131, 132),
(70, 6, 'Hacel', 133, 134),
(74, 6, 'Fagerhult', 135, 136),
(76, 6, 'ateljé Lyktan', 137, 138),
(77, 6, 'ADO Lights', 139, 140),
(78, 6, 'ROXO Lighting', 141, 142),
(79, 6, 'Swarovski', 143, 144),
(80, 6, 'Buzzi Space', 145, 146),
(81, 6, 'Artemide', 147, 148),
(82, 5, 'Culture', 99, 100),
(83, 6, 'Axolight', 149, 150),
(84, 6, 'Hoffmeister', 151, 152),
(85, 6, 'Davide Groppi', 153, 154),
(86, 6, 'Intra Lighting', 155, 156),
(87, 5, 'Office', 101, 102),
(88, 4, 'Inground', 57, 58),
(89, 5, 'Education', 103, 104),
(90, 6, 'Wayson Lighting', 157, 158),
(91, 6, 'acdc', 159, 160),
(92, 6, 'Philips', 161, 162),
(93, 2, 'New Zealand', 19, 20),
(94, 6, 'Zumtobel', 163, 164),
(95, 6, 'Reggiani', 165, 166),
(96, 6, 'BUZZI & BUZZI', 167, 168),
(97, 6, 'Sattler', 169, 170),
(98, 6, 'Louis Poulsen', 171, 172),
(99, 6, 'Waldmann', 173, 174),
(100, 2, 'Bulgaria', 21, 22);

-- --------------------------------------------------------

--
-- Table structure for table `project_gallery_families`
--

CREATE TABLE `project_gallery_families` (
  `id` int(10) UNSIGNED NOT NULL,
  `pr_gallery_id` int(10) UNSIGNED NOT NULL,
  `family_code` varchar(64) NOT NULL
) ENGINE=InnoDB DEFAULT CHARSET=utf8;

--
-- Dumping data for table `project_gallery_families`
--

INSERT INTO `project_gallery_families` (`id`, `pr_gallery_id`, `family_code`) VALUES
(472, 117, 'AEL_AVPCL2'),
(473, 117, 'AEL_ACP1LED'),
(474, 119, 'AEL_AVPCL2'),
(475, 119, 'AEL_247CL'),
(476, 121, 'AMT_LC32-2'),
(477, 47, 'TRX_16PXL'),
(478, 56, 'LMP_LAMC1'),
(479, 56, 'LMP_LAMC3'),
(480, 65, 'TRX_16PXL'),
(481, 66, 'TRX_16PXL'),
(482, 67, 'TRX_16PXL'),
(483, 29, 'LMP_LBX'),
(484, 51, 'LMP_LBX-DWH'),
(485, 52, 'LMP_LBX-DWH'),
(486, 53, 'LMP_LBX-DWH'),
(487, 54, 'LMP_LBLP-CC'),
(488, 55, 'LMP_LAMC3'),
(489, 57, 'LMP_LAMC3'),
(490, 58, 'LMP_LAMC1'),
(491, 58, 'LMP_LAMC3'),
(492, 59, 'LMP_LAMC1'),
(493, 60, 'LMP_LAMC1'),
(494, 36, 'BGA_88977'),
(495, 37, 'EDG_SS3-RGB'),
(496, 38, 'EDG_SS3-RGB'),
(497, 39, 'EDG_jbox'),
(498, 40, 'EDG_jbox'),
(499, 41, 'FOP_FSM2LS-FL'),
(500, 42, 'FOP_FLC44D'),
(501, 43, 'ELM_E3R-L-B'),
(502, 43, 'ELM_E3R-F-F'),
(503, 43, 'ELM_E3R-F-B'),
(504, 44, 'ELM_E3R-F-F'),
(505, 44, 'ELM_E3R-F-B'),
(506, 44, 'ELM_E3R-L-B'),
(507, 45, 'ELM_E3R-L-B'),
(508, 45, 'ELM_E3R-F-F'),
(509, 45, 'ELM_E3R-F-B'),
(510, 61, 'ERC_Pantrac-5733'),
(511, 62, 'ERC_Pantrac-5733'),
(512, 63, 'DLT_6274883224ADED8'),
(513, 63, 'DLT_6274882515ADED8'),
(514, 63, 'DLT_6274882515ADED1'),
(515, 64, 'DLT_6274882515ADED1'),
(516, 64, 'DLT_6274883224ADED8'),
(517, 64, 'DLT_6274882515ADED8'),
(518, 68, 'IGZ_SB-16'),
(519, 68, 'IGZ_TB-16'),
(520, 69, 'IGZ_LB'),
(521, 69, 'IGZ_I-MQ/I-MU'),
(522, 69, 'IGZ_I-MXJ0'),
(523, 71, 'IGZ_I-ADR'),
(524, 94, 'IGZ_I-MXJ0'),
(525, 94, 'IGZ_I-MR98'),
(526, 72, 'TRG_CCM-I'),
(527, 72, 'TRG_CCM-A'),
(528, 72, 'TRG_CCM-F'),
(529, 72, 'TRG_CCM-F-II'),
(530, 72, 'TRG_DL'),
(531, 72, 'TRG_DL-ES'),
(532, 73, 'TRG_CCM-I'),
(533, 73, 'TRG_CCM-A'),
(534, 73, 'TRG_CCM-F'),
(535, 73, 'TRG_CCM-F-II'),
(536, 73, 'TRG_DL'),
(537, 73, 'TRG_DL-ES'),
(538, 74, 'TRG_DRL'),
(539, 74, 'TRG_CCM-I'),
(540, 74, 'TRG_CCM-A'),
(541, 74, 'TRG_CCM-F'),
(542, 74, 'TRG_CCM-F-II'),
(543, 74, 'TRG_DL'),
(544, 74, 'TRG_DL-ES'),
(545, 75, 'USA_LRLA3'),
(546, 75, 'USA_LRTD4-2-1'),
(547, 75, 'WEF_111-0188'),
(548, 76, 'USA_LN10RD'),
(549, 76, 'USA_LN10RA'),
(550, 76, 'USA_LRTD4'),
(551, 76, 'USA_LRTD4-2-1'),
(552, 77, 'USA_LRTD4-2-1'),
(553, 77, 'USA_LRLA3'),
(554, 77, 'USA_LMRTA4-2'),
(555, 78, 'WEF_185-2658'),
(556, 78, 'WEF_105-0076'),
(557, 78, 'WEF_115-0172'),
(558, 79, 'WEF_108-1552'),
(559, 79, 'WEF_108-1500'),
(560, 81, 'WEF_111-0188'),
(561, 81, 'WEF_111-0403');

-- --------------------------------------------------------

--
-- Table structure for table `project_gallery_images`
--

CREATE TABLE `project_gallery_images` (
  `image_id` int(10) UNSIGNED NOT NULL,
  `pr_gallery_id` int(10) UNSIGNED NOT NULL,
  `img_src` varchar(255) NOT NULL,
  `alt_name` varchar(255) NOT NULL,
  `img_subtitle` varchar(255) NOT NULL
) ENGINE=InnoDB DEFAULT CHARSET=utf8;

--
-- Dumping data for table `project_gallery_images`
--

INSERT INTO `project_gallery_images` (`image_id`, `pr_gallery_id`, `img_src`, `alt_name`, `img_subtitle`) VALUES
(1557, 117, 'img1-Z.jpg', 'alt text img_Z 1', 'img subtitle-Z 1'),
(1558, 117, 'img2.jpg', 'alt text img 2', 'img subtitle 2'),
(1559, 117, 'img2.jpg', 'alt text img 3', 'img subtitle 3'),
(1560, 7, 'TRX001_Kamppi_Shopping_Mall_01.jpg', 'Kamppi Shopping Mall', 'Kamppi Shopping Mall'),
(1561, 7, 'TRX001_Kamppi_Shopping_Mall_02.jpg', 'Kamppi Shopping Mall', 'Kamppi Shopping Mall'),
(1562, 7, 'TRX001_Mirror_64PXL.jpg', 'Mirror 64PXL Wash panels', 'Mirror 64PXL Wash panels'),
(1563, 7, 'TRX001_Mirror_64PXL_m.jpg', 'Mirror 64PXL Wash panels', 'Mirror 64PXL Wash panels'),
(1564, 12, 'TRX002_David_H_Koch_Theater_Lincoln_Center_01.jpg', 'David H. Koch Theater. Lincoln Center', 'David H. Koch Theater. Lincoln Center'),
(1565, 12, 'TRX002_David_H_Koch_Theater_Lincoln_Center_02.jpg', 'David H. Koch Theater. Lincoln Center', 'David H. Koch Theater. Lincoln Center'),
(1566, 12, 'TRX002_1PXL.jpg', '', ''),
(1567, 13, 'TRX003_Nova_Eventis_Shopping_Mall_01.jpg', 'Nova Eventis Shopping Mall', 'Nova Eventis Shopping Mall'),
(1568, 13, 'TRX003_Nova_Eventis_Shopping_Mall_02.jpg', 'Nova Eventis Shopping Mall', 'Nova Eventis Shopping Mall'),
(1569, 14, 'TRX004_Cronos_01.jpg', 'Cronos', 'Cronos'),
(1570, 15, 'TRX005_Cube_Chandelier-Zwolle_01.jpg', 'Cube Chandelier-Zwolle', 'Cube Chandelier-Zwolle'),
(1571, 16, 'TRX006_Lutron_Showroom_01.jpg', 'Lutron Showroom', 'Lutron Showroom'),
(1572, 17, 'TRX007_ESPRIT_Flagship_Store_01.jpg', 'ESPRIT Flagship Store', 'ESPRIT Flagship Store'),
(1573, 18, 'TRX008_CRUSH_Teen_Club_at_Atlantis_01.jpg', 'CRUSH Teen Club at Atlantis', 'CRUSH Teen Club at Atlantis'),
(1574, 19, 'TRX009_Euratechnologies_01.jpg', 'Euratechnologies', 'Euratechnologies'),
(1575, 19, 'TRX009_Euratechnologies_02.jpg', 'Euratechnologies', 'Euratechnologies'),
(1576, 20, 'TRX010_Los_Libertadores_Bridge_01.jpg', 'Los Libertadores Bridge', 'Los Libertadores Bridge'),
(1577, 21, 'TRX011_Project_Hope_01.jpg', 'Project Hope', 'Project Hope'),
(1578, 22, 'TRX012_Sephora_Qianmen_Flagship_Store_01.jpg', 'Sephora Qianmen Flagship Store', 'Sephora Qianmen Flagship Store'),
(1579, 23, 'TRX013_La_Geode_Entrance_01.jpg', 'La Geode Entrance', 'La Geode Entrance'),
(1580, 24, 'TRX014_OVO_01.jpg', 'OVO', 'OVO'),
(1581, 24, 'TRX014_OVO_02.jpg', 'OVO', 'OVO'),
(1582, 25, 'TRX015_Roka_Akor_01.jpg', 'Roka Akor', 'Roka Akor'),
(1583, 25, 'TRX015_Roka_Akor_02.jpg', 'Roka Akor', 'Roka Akor'),
(1584, 26, 'TRX016_Christ_the_Redeemer_Monument_01.jpg', 'Christ the Redeemer Monument', 'Christ the Redeemer Monument'),
(1585, 26, 'TRX016_Christ_the_Redeemer_Monument_02.jpg', 'Christ the Redeemer Monument', 'Christ the Redeemer Monument'),
(1586, 47, 'Nemours_Children_Hospital.jpg', 'Nemours Children’s Hospital - Orlando, FL', 'Nemours Children’s Hospital - Orlando, FL'),
(1587, 56, 'LMP_BMW_Rome_LAMC3_01.jpg', 'Lumenpulse.BMW Rome.LAMC3', 'Lumenpulse.BMW Rome.LAMC3'),
(1588, 56, 'LMP_BMW_Rome_LAMC3_02.jpg', 'Lumenpulse.BMW Rome.LAMC3', 'Lumenpulse.BMW Rome.LAMC3'),
(1589, 65, 'Traxon-Chevy-Chase-Pavilion_01.jpg', 'Chevy Chase Pavilion', 'Chevy Chase Pavilion'),
(1590, 65, 'Traxon-Chevy-Chase-Pavilion_02.jpg', 'Chevy Chase Pavilion', 'Chevy Chase Pavilion'),
(1591, 65, 'Traxon-Chevy-Chase-Pavilion_03.jpg', 'Chevy Chase Pavilion', 'Chevy Chase Pavilion'),
(1592, 66, 'Traxon-Norwegian-Cruise-Line_01.jpg', 'Norwegian Cruise Line', 'Norwegian Cruise Line'),
(1593, 66, 'Traxon-Norwegian-Cruise-Line_02.jpg', 'Norwegian Cruise Line', 'Norwegian Cruise Line'),
(1594, 67, 'Traxon-PCK-refinery_01.jpg', 'PCK refinery', 'PCK refinery'),
(1595, 67, 'Traxon-PCK-refinery_02.jpg', 'PCK refinery', 'PCK refinery'),
(1596, 67, 'Traxon-PCK-refinery_03.jpg', 'PCK refinery', 'PCK refinery'),
(1597, 8, 'LMP002_Yale-New_Haven_Hospital_Atrium_01.jpg', 'Yale-New Haven Hospital Atrium', 'Yale-New Haven Hospital Atrium'),
(1598, 9, 'LMP006_Pacific_Centre_01.jpg', 'Pacific Centre', 'Pacific Centre'),
(1599, 10, 'LMP007_The_Casino_de_Montreal_01.jpg', 'The Casino de Montreal', 'The Casino de Montreal'),
(1600, 11, 'LMP008_Saint_Louis_Art_Museum_01.jpg', 'Saint Louis Art Museum', 'Saint Louis Art Museum'),
(1601, 11, 'LMP008_Saint_Louis_Art_Museum_02.jpg', 'Saint Louis Art Museum', 'Saint Louis Art Museum'),
(1602, 27, 'LMP001_Banner_MD_Anderson_Cancer_Center_01.jpg', 'Banner MD Anderson Cancer Center', 'Banner MD Anderson Cancer Center'),
(1603, 28, 'LMP003_Montreal_Museum_of_Contemporary_Art_01.jpg', 'Montreal Museum of Contemporary Art', 'Montreal Museum of Contemporary Art'),
(1604, 28, 'LMP003_Montreal_Museum_of_Contemporary_Art_02.jpg', 'Montreal Museum of Contemporary Art', 'Montreal Museum of Contemporary Art'),
(1605, 29, 'LMP004_BC_Place_01.jpg', 'BC Place', 'BC Place'),
(1606, 29, 'LMP004_BC_Place_01.jpg', 'BC Place', 'BC Place'),
(1607, 30, 'LMP005_St_John_the_Evangelist_Church_01.jpg', 'St. John the Evangelist Church', 'St. John the Evangelist Church'),
(1608, 31, 'LMP009_230_Park_Avenue_01.jpg', '230 Park Avenue', '230 Park Avenue'),
(1609, 31, 'LMP009_230_Park_Avenue_02.jpg', '230 Park Avenue', '230 Park Avenue'),
(1610, 32, 'LMP010_Telus_World_of_Science_01.jpg', 'Telus World of Science', 'Telus World of Science'),
(1611, 33, 'LMP011_Pandora_Jewelry_01.jpg', 'Pandora Jewelry', 'Pandora Jewelry'),
(1612, 33, 'LMP011_Pandora_Jewelry_02.jpg', 'Pandora Jewelry', 'Pandora Jewelry'),
(1613, 34, 'LMP012_Latham_Hotel_01.jpg', 'Latham Hotel', 'Latham Hotel'),
(1614, 34, 'LMP012_Latham_Hotel_01.jpg', 'Latham Hotel', 'Latham Hotel'),
(1615, 51, 'LMP_Jacques_Cartier_Bridge_Lumenbeam_LBX_DWH_01.jpg', 'Lumenpulse.Jacques-Cartier Bridge.Lumenbeam LBX DWH', 'Lumenpulse.Jacques-Cartier Bridge.Lumenbeam LBX DWH'),
(1616, 51, 'LMP_Jacques_Cartier_Bridge_Lumenbeam_LBX_DWH_02.jpg', 'Lumenpulse.Jacques-Cartier Bridge.Lumenbeam LBX DWH', 'Lumenpulse.Jacques-Cartier Bridge.Lumenbeam LBX DWH'),
(1617, 51, 'LMP_Jacques_Cartier_Bridge_Lumenbeam_LBX_DWH_03.jpg', 'Lumenpulse.Jacques-Cartier Bridge.Lumenbeam LBX DWH', 'Lumenpulse.Jacques-Cartier Bridge.Lumenbeam LBX DWH'),
(1618, 52, 'LMP_Are_Ski_Resort_Lumenbeam_LBX_DWH_01.jpg', 'Lumenpulse.Åre Ski Resort.Lumenbeam LBX DWH', 'Lumenpulse.Åre Ski Resort.Lumenbeam LBX DWH'),
(1619, 52, 'LMP_Are_Ski_Resort_Lumenbeam_LBX_DWH_02.jpg', 'Lumenpulse.Åre Ski Resort.Lumenbeam LBX DWH', 'Lumenpulse.Åre Ski Resort.Lumenbeam LBX DWH'),
(1620, 52, 'LMP_Are_Ski_Resort_Lumenbeam_LBX_DWH_03.jpg', 'Lumenpulse.Åre Ski Resort.Lumenbeam LBX DWH', 'Lumenpulse.Åre Ski Resort.Lumenbeam LBX DWH'),
(1621, 53, 'LMP_Space_Shuttle_Atlantis_Lumenbeam_LBX_DWH_01.jpg', 'Lumenpulse.Space Shuttle Atlantis.Lumenbeam LBX DWH', 'Lumenpulse.Space Shuttle Atlantis.Lumenbeam LBX DWH'),
(1622, 53, 'LMP_Space_Shuttle_Atlantis_Lumenbeam_LBX_DWH_02.jpg', 'Lumenpulse.Space Shuttle Atlantis.Lumenbeam LBX DWH', 'Lumenpulse.Space Shuttle Atlantis.Lumenbeam LBX DWH'),
(1623, 53, 'LMP_Space_Shuttle_Atlantis_Lumenbeam_LBX_DWH_03.jpg', 'Lumenpulse.Space Shuttle Atlantis.Lumenbeam LBX DWH', 'Lumenpulse.Space Shuttle Atlantis.Lumenbeam LBX DWH'),
(1624, 54, 'LMP_College_Montmorency_Lumenbeam_LBLP_Color_Changing_01.jpg', 'Lumenpulse.College Montmorency.Lumenbeam LP Color Changing', 'Lumenpulse.College Montmorency.Lumenbeam LP Color Changing'),
(1625, 55, 'LMP_Duty_Free_Boutiques_LAMC3_01.jpg', 'Lumenpulse.Duty-Free Boutiques.LAMC3', 'Lumenpulse.Duty-Free Boutiques.LAMC3'),
(1626, 55, 'LMP_Duty_Free_Boutiques_LAMC3_02.jpg', 'Lumenpulse.Duty-Free Boutiques.LAMC3', 'Lumenpulse.Duty-Free Boutiques.LAMC3'),
(1627, 55, 'LMP_Duty_Free_Boutiques_LAMC3_03.jpg', 'Lumenpulse.Duty-Free Boutiques.LAMC3', 'Lumenpulse.Duty-Free Boutiques.LAMC3'),
(1628, 57, 'LMP_Next_Rugby_LAMC_01.jpg', 'Lumenpulse.Next,Rugby.LAMC3', 'Lumenpulse.Next,Rugby.LAMC3'),
(1629, 57, 'LMP_Next_Rugby_LAMC_02.jpg', 'Lumenpulse.Next,Rugby.LAMC3', 'Lumenpulse.Next,Rugby.LAMC3'),
(1630, 57, 'LMP_Next_Rugby_LAMC_03.jpg', 'Lumenpulse.Next,Rugby.LAMC3', 'Lumenpulse.Next,Rugby.LAMC3'),
(1631, 58, 'LMP_Birks_Laval_LAMC3_01.jpg', 'Lumenpulse.Birks Laval.LAMC3', 'Lumenpulse.Birks Laval.LAMC3'),
(1632, 58, 'LMP_Birks_Laval_LAMC3_02.jpg', 'Lumenpulse.Birks Laval.LAMC3', 'Lumenpulse.Birks Laval.LAMC3'),
(1633, 59, 'LMP_Jollys_House_Fraser_LAMC1_01.jpg', 'Lumenpulse.Jolly\'s House of Fraser.LAMC1', 'Lumenpulse.Jolly\'s House of Fraser.LAMC1'),
(1634, 59, 'LMP_Jollys_House_Fraser_LAMC1_02.jpg', 'Lumenpulse.Jolly\'s House of Fraser.LAMC1', 'Lumenpulse.Jolly\'s House of Fraser.LAMC1'),
(1635, 59, 'LMP_Jollys_House_Fraser_LAMC1_03.jpg', 'Lumenpulse.Jolly\'s House of Fraser.LAMC1', 'Lumenpulse.Jolly\'s House of Fraser.LAMC1'),
(1636, 59, 'LMP_Jollys_House_Fraser_LAMC1_04.jpg', 'Lumenpulse.Jolly\'s House of Fraser.LAMC1', 'Lumenpulse.Jolly\'s House of Fraser.LAMC1'),
(1637, 60, 'LMP_BMO_Capital_Markets_LAMC1_01.jpg', 'Lumenpulse.BMO Capital Markets.LAMC1', 'Lumenpulse.BMO Capital Markets.LAMC1'),
(1638, 60, 'LMP_BMO_Capital_Markets_LAMC1_02.jpg', 'Lumenpulse.BMO Capital Markets.LAMC1', 'Lumenpulse.BMO Capital Markets.LAMC1'),
(1639, 103, 'Lumenpulse-180-Wellington_01.jpg', 'Lumenpulse 180 Wellington', 'Lumenpulse 180 Wellington'),
(1640, 103, 'Lumenpulse-180-Wellington_02.jpg', 'Lumenpulse 180 Wellington', 'Lumenpulse 180 Wellington'),
(1641, 103, 'Lumenpulse-180-Wellington_03.jpg', 'Lumenpulse 180 Wellington', 'Lumenpulse 180 Wellington'),
(1642, 36, 'Bega_Chandler_lg_02.png', 'Chandler City Hall', 'Bega. Chandler City Hall'),
(1643, 37, 'Edge_Lighting_ss3_soft_strip_rgb_install_07.jpg', 'SS3 soft strip. cove lighting', 'SS3 soft strip. cove lighting'),
(1644, 38, 'Edge_Lighting_soft_strip_3w_12v_install2.jpg', 'SS3 RGB Installation', 'SS3 RGB Installation'),
(1645, 39, 'Edge_Lighting_merch_mart_11.jpg', 'Cirrus Channel D1 installation.', 'Cirrus Channel D1 installation.'),
(1646, 40, 'Edge_Lighting_cirrus_channel_d1_install_08.jpg', 'Cirrus Channel D1 installation.', 'Cirrus Channel D1 installation.'),
(1647, 41, 'Focal_Point_FSM2LS_criteo_01.jpg', 'Seem 2 LED Suspended', 'Seem 2 LED Suspended'),
(1648, 42, 'Focal_Point_FLC44_salesforce.jpg', 'Salesforce, San Francisco, California', 'Salesforce, San Francisco, California'),
(1649, 43, 'Element_Lighting_element_square_sl_hires.jpg', 'Element Lighting Applications', 'Element Lighting Applications'),
(1650, 44, 'Element_Lighting_CherryWoodKitchen1.jpg', 'Adjustable LED downlight installation.', 'Adjustable LED downlight installation.'),
(1651, 45, 'Element_Lighting_EmpireStateOffice1.jpg', 'Adjustable LED downlight installation.', 'Adjustable LED downlight installation.'),
(1652, 83, 'ERCO-Volvo-Retail-Experience-showroom_01.jpg', 'ERCO the Volvo Retail Experience in the Luleå showroom', 'ERCO the Volvo Retail Experience in the Luleå showroom'),
(1653, 84, 'ERCO-Faerber-Architekten_01.jpg', 'ERCO Faerber Architekten, Mainz', 'ERCO Faerber Architekten, Mainz'),
(1654, 84, 'ERCO-Faerber-Architekten_02.jpg', 'ERCO Faerber Architekten, Mainz', 'ERCO Faerber Architekten, Mainz'),
(1655, 84, 'ERCO-Faerber-Architekten_03.jpg', 'ERCO Faerber Architekten, Mainz', 'ERCO Faerber Architekten, Mainz'),
(1656, 84, 'ERCO-Faerber-Architekten_04.jpg', 'ERCO Faerber Architekten, Mainz', 'ERCO Faerber Architekten, Mainz'),
(1657, 63, 'Delta-Light-Other-Criteria_01.jpg', 'Other Criteria', 'Other Criteria'),
(1658, 63, 'Delta-Light-Other-Criteria_03.jpg', 'Other Criteria', 'Other Criteria'),
(1659, 64, 'Delta-Light-Designspace_01.jpg', 'Designspace', 'Designspace'),
(1660, 64, 'Delta-Light-Designspace_02.jpg', 'Designspace', 'Designspace'),
(1661, 68, 'iGuzzini-Castellana-77_01.jpg', 'iGuzzini Castellana 77', 'iGuzzini Castellana 77'),
(1662, 68, 'iGuzzini-Castellana-77_02.jpg', 'iGuzzini Castellana 77', 'iGuzzini Castellana 77'),
(1663, 68, 'iGuzzini-Castellana-77_03.jpg', 'iGuzzini Castellana 77', 'iGuzzini Castellana 77'),
(1664, 69, 'iGuzzini-The-Scrovegni-Chapel_01.jpg', 'iGuzzini. The Scrovegni Chapel', 'iGuzzini. The Scrovegni Chapel'),
(1665, 69, 'iGuzzini-The-Scrovegni-Chapel_02.jpg', 'iGuzzini. The Scrovegni Chapel', 'iGuzzini. The Scrovegni Chapel'),
(1666, 69, 'iGuzzini-The-Scrovegni-Chapel_03.jpg', 'iGuzzini. The Scrovegni Chapel', 'iGuzzini. The Scrovegni Chapel'),
(1667, 70, 'iGuzzini-St-Pierre-Cathedral_01.jpg', 'iGuzzini. St. Pierre Cathedral', 'iGuzzini. St. Pierre Cathedral'),
(1668, 70, 'iGuzzini-St-Pierre-Cathedral_02.jpg', 'iGuzzini. St. Pierre Cathedral', 'iGuzzini. St. Pierre Cathedral'),
(1669, 70, 'iGuzzini-St-Pierre-Cathedral_03.jpg', 'iGuzzini. St. Pierre Cathedral', 'iGuzzini. St. Pierre Cathedral'),
(1670, 71, 'iGuzzini-Iso-Omena-shopping-centre_01.jpg', 'iGuzzini. The Iso Omena shopping centre', 'iGuzzini. The Iso Omena shopping centre'),
(1671, 71, 'iGuzzini-Iso-Omena-shopping-centre_02.jpg', 'iGuzzini. The Iso Omena shopping centre', 'iGuzzini. The Iso Omena shopping centre'),
(1672, 94, 'iGuzzini-The-Museum-of-the-Second-World-War_01.jpg', 'iGuzzini The Museum of the Second World War', 'iGuzzini The Museum of the Second World War'),
(1673, 94, 'iGuzzini-The-Museum-of-the-Second-World-War_02.jpg', 'iGuzzini The Museum of the Second World War', 'iGuzzini The Museum of the Second World War'),
(1674, 94, 'iGuzzini-The-Museum-of-the-Second-World-War_03.jpg', 'iGuzzini The Museum of the Second World War', 'iGuzzini The Museum of the Second World War'),
(1675, 95, 'iGuzzini-Station-F_01.jpg', 'iGuzzini Station F', 'iGuzzini Station F'),
(1676, 95, 'iGuzzini-Station-F_02.jpg', 'iGuzzini Station F', 'iGuzzini Station F'),
(1677, 95, 'iGuzzini-Station-F_03.jpg', 'iGuzzini Station F', 'iGuzzini Station F'),
(1678, 96, 'iGuzzini-The-Ancient-Theatre-of-Taormina_01.jpg', 'iGuzzini The Ancient Theatre of Taormina', 'iGuzzini The Ancient Theatre of Taormina'),
(1679, 96, 'iGuzzini-The-Ancient-Theatre-of-Taormina_02.jpg', 'iGuzzini The Ancient Theatre of Taormina', 'iGuzzini The Ancient Theatre of Taormina'),
(1680, 96, 'iGuzzini-The-Ancient-Theatre-of-Taormina_03.jpg', 'iGuzzini The Ancient Theatre of Taormina', 'iGuzzini The Ancient Theatre of Taormina'),
(1681, 72, 'Targetti-Boston-Consulting-Group_01.jpg', 'Targetti Boston Consulting Group', 'Targetti Boston Consulting Group'),
(1682, 72, 'Targetti-Boston-Consulting-Group_02.jpg', 'Targetti Boston Consulting Group', 'Targetti Boston Consulting Group'),
(1683, 72, 'Targetti-Boston-Consulting-Group_03.jpg', 'Targetti Boston Consulting Group', 'Targetti Boston Consulting Group'),
(1684, 73, 'Targetti-Wynn-Palace-Resort-Hotel_01.jpg', 'Targetti Wynn Palace Resort Hotel', 'Targetti Wynn Palace Resort Hotel'),
(1685, 73, 'Targetti-Wynn-Palace-Resort-Hotel_02.jpg', 'Targetti Wynn Palace Resort Hotel', 'Targetti Wynn Palace Resort Hotel'),
(1686, 73, 'Targetti-Wynn-Palace-Resort-Hotel_03.jpg', 'Targetti Wynn Palace Resort Hotel', 'Targetti Wynn Palace Resort Hotel'),
(1687, 74, 'Targetti-Lugano-Diamond-Project_01.jpg', 'Targetti Lugano Diamond Retail Salon', 'Targetti Lugano Diamond Retail Salon'),
(1688, 74, 'Targetti-Lugano-Diamond-Project_02.jpg', 'Targetti Lugano Diamond Retail Salon', 'Targetti Lugano Diamond Retail Salon'),
(1689, 74, 'Targetti-Lugano-Diamond-Project_03.jpg', 'Targetti Lugano Diamond Retail Salon', 'Targetti Lugano Diamond Retail Salon'),
(1690, 75, 'USAI-National-Museum-of-African-American-History-&-Culture_01.jpg', 'USAI. National Museum of African American History & Culture', 'USAI. National Museum of African American History & Culture'),
(1691, 75, 'USAI-National-Museum-of-African-American-History-&-Culture_02.jpg', 'USAI. National Museum of African American History & Culture', 'USAI. National Museum of African American History & Culture'),
(1692, 75, 'USAI-National-Museum-of-African-American-History-&-Culture_03.jpg', 'USAI. National Museum of African American History & Culture', 'USAI. National Museum of African American History & Culture'),
(1693, 76, 'USAI-Museum-of-the-Bible_01.jpg', 'USAI. Museum of the Bible', 'USAI. Museum of the Bible'),
(1694, 77, 'USAI-The-Bridge-at-Cornell-Tech_01.jpg', 'USAI. The Bridge at Cornell Tech', 'USAI. The Bridge at Cornell Tech'),
(1695, 77, 'USAI-The-Bridge-at-Cornell-Tech_02.jpg', 'USAI. The Bridge at Cornell Tech', 'USAI. The Bridge at Cornell Tech'),
(1696, 78, 'We-ef-Valentine-Place_01.jpg', 'We-ef Lighting Valentine Place', 'We-ef Lighting Valentine Place'),
(1697, 78, 'We-ef-Valentine-Place_02.jpg', 'We-ef Lighting Valentine Place', 'We-ef Lighting Valentine Place'),
(1698, 79, 'We-ef-Ringwood-Station_01.jpg', 'We-ef Lighting Ringwood Station', 'We-ef Lighting Ringwood Station'),
(1699, 79, 'We-ef-Ringwood-Station_02.jpg', 'We-ef Lighting Ringwood Station', 'We-ef Lighting Ringwood Station'),
(1700, 80, 'We-ef-The-Piece-Hall_01.jpg', 'We-ef Lighting The Piece Hall', 'We-ef Lighting The Piece Hall'),
(1701, 80, 'We-ef-The-Piece-Hall_02.jpg', 'We-ef Lighting The Piece Hall', 'We-ef Lighting The Piece Hall'),
(1702, 81, 'We-ef-Chadstone-Shopping-Centre_01.jpg', 'We-ef Lighting Chadstone Shopping Centre', 'We-ef Lighting Chadstone Shopping Centre'),
(1703, 81, 'We-ef-Chadstone-Shopping-Centre_02.jpg', 'We-ef Lighting Chadstone Shopping Centre', 'We-ef Lighting Chadstone Shopping Centre'),
(1704, 99, 'We-ef-Monash-University-Caulfield-campus_01.jpg', 'We-ef Lighting Monash University\'s Caulfield campus', 'We-ef Lighting Monash University\'s Caulfield campus'),
(1705, 99, 'We-ef-Monash-University-Caulfield-campus_02.jpg', 'We-ef Lighting Monash University\'s Caulfield campus', 'We-ef Lighting Monash University\'s Caulfield campus'),
(1706, 99, 'We-ef-Monash-University-Caulfield-campus_03.jpg', 'We-ef Lighting Monash University\'s Caulfield campus', 'We-ef Lighting Monash University\'s Caulfield campus'),
(1707, 82, 'Precision-Lighting-Natural-History-Museum-Hintze-Hall_01.jpg', 'Precision Lighting Natural History Museum - Hintze Hall', 'Precision Lighting Natural History Museum - Hintze Hall'),
(1708, 82, 'Precision-Lighting-Natural-History-Museum-Hintze-Hall_02.jpg', 'Precision Lighting Natural History Museum - Hintze Hall', 'Precision Lighting Natural History Museum - Hintze Hall'),
(1709, 85, 'ateljé-Lyktan-the-Word_01.jpg', 'ateljé Lyktan The Word', 'ateljé Lyktan The Word'),
(1710, 85, 'ateljé-Lyktan-the-Word_02.jpg', 'ateljé Lyktan The Word', 'ateljé Lyktan The Word'),
(1711, 85, 'ateljé-Lyktan-the-Word_03.jpg', 'ateljé Lyktan The Word', 'ateljé Lyktan The Word'),
(1712, 86, 'ROXO-Lighting-ANTWERP-PORT-AUTHORITY_01.jpg', 'ROXO Lighting ANTWERP PORT AUTHORITY', 'ROXO Lighting ANTWERP PORT AUTHORITY'),
(1713, 86, 'ROXO-Lighting-ANTWERP-PORT-AUTHORITY_02.jpg', 'ROXO Lighting ANTWERP PORT AUTHORITY', 'ROXO Lighting ANTWERP PORT AUTHORITY'),
(1714, 86, 'ROXO-Lighting-ANTWERP-PORT-AUTHORITY_03.jpg', 'ROXO Lighting ANTWERP PORT AUTHORITY', 'ROXO Lighting ANTWERP PORT AUTHORITY'),
(1715, 87, 'Buzzi-Space-Kienbaum-Consultants-International-office_01.jpg', 'Buzzi Space Kienbaum Consultants International office', 'Buzzi Space Kienbaum Consultants International office'),
(1716, 87, 'Buzzi-Space-Kienbaum-Consultants-International-office_02.jpg', 'Buzzi Space Kienbaum Consultants International office', 'Buzzi Space Kienbaum Consultants International office'),
(1717, 87, 'Buzzi-Space-Kienbaum-Consultants-International-office_03.jpg', 'Buzzi Space Kienbaum Consultants International office', 'Buzzi Space Kienbaum Consultants International office'),
(1718, 88, 'Artemide-Auditorium-SACMI_01.jpg', 'Artemide Auditorium SACMI', 'Artemide Auditorium SACMI'),
(1719, 88, 'Artemide-Auditorium-SACMI_02.jpg', 'Artemide Auditorium SACMI', 'Artemide Auditorium SACMI'),
(1720, 88, 'Artemide-Auditorium-SACMI_03.jpg', 'Artemide Auditorium SACMI', 'Artemide Auditorium SACMI'),
(1721, 89, 'Artemide-Hotel-Il-Castelfalfi_01.jpg', 'Artemide Hotel Il Castelfalfi', 'Artemide Hotel Il Castelfalfi'),
(1722, 89, 'Artemide-Hotel-Il-Castelfalfi_02.jpg', 'Artemide Hotel Il Castelfalfi', 'Artemide Hotel Il Castelfalfi'),
(1723, 89, 'Artemide-Hotel-Il-Castelfalfi_03.jpg', 'Artemide Hotel Il Castelfalfi', 'Artemide Hotel Il Castelfalfi'),
(1724, 90, 'Axolight-Radisson-Blue-Hotel_01.jpg', 'Axolight Radisson Blue Hotel', 'Axolight Radisson Blue Hotel'),
(1725, 90, 'Axolight-Radisson-Blue-Hotel_02.jpg', 'Axolight Radisson Blue Hotel', 'Axolight Radisson Blue Hotel'),
(1726, 90, 'Axolight-Radisson-Blue-Hotel_03.jpg', 'Axolight Radisson Blue Hotel', 'Axolight Radisson Blue Hotel'),
(1727, 91, 'Hoffmeister-NRW-state-parliament_01.jpg', 'Hoffmeister NRW state parliament', 'Hoffmeister NRW state parliament'),
(1728, 91, 'Hoffmeister-NRW-state-parliament_02.jpg', 'Hoffmeister NRW state parliament', 'Hoffmeister NRW state parliament'),
(1729, 91, 'Hoffmeister-NRW-state-parliament_03.jpg', 'Hoffmeister NRW state parliament', 'Hoffmeister NRW state parliament'),
(1730, 92, 'Davide-Groppi-Enigma_01.jpg', 'Davide Groppi Enigma restaurant', 'Davide Groppi Enigma restaurant'),
(1731, 92, 'Davide-Groppi-Enigma_02.jpg', 'Davide Groppi Enigma restaurant', 'Davide Groppi Enigma restaurant'),
(1732, 92, 'Davide-Groppi-Enigma_03.jpg', 'Davide Groppi Enigma restaurant', 'Davide Groppi Enigma restaurant'),
(1733, 93, 'Davide-Groppi-Model-Apartment_01.jpg', 'Davide Groppi Zaha Hadid Model Apartment', 'Davide Groppi Zaha Hadid Model Apartment'),
(1734, 93, 'Davide-Groppi-Model-Apartment_02.jpg', 'Davide Groppi Zaha Hadid Model Apartment', 'Davide Groppi Zaha Hadid Model Apartment'),
(1735, 93, 'Davide-Groppi-Model-Apartment_03.jpg', 'Davide Groppi Zaha Hadid Model Apartment', 'Davide Groppi Zaha Hadid Model Apartment'),
(1736, 97, 'Intra-Lighting-NautaDutilh_01.jpg', 'Intra Lighting NautaDutilh', 'Intra Lighting NautaDutilh'),
(1737, 97, 'Intra-Lighting-NautaDutilh_02.jpg', 'Intra Lighting NautaDutilh', 'Intra Lighting NautaDutilh'),
(1738, 97, 'Intra-Lighting-NautaDutilh_03.jpg', 'Intra Lighting NautaDutilh', 'Intra Lighting NautaDutilh'),
(1739, 97, 'Intra-Lighting-NautaDutilh_04.jpg', 'Intra Lighting NautaDutilh', 'Intra Lighting NautaDutilh'),
(1740, 98, 'We-ef-Neues-Rathaus_01.jpg', 'We-ef Lighting Neues Rathaus', 'We-ef Lighting Neues Rathaus'),
(1741, 98, 'We-ef-Neues-Rathaus_02.jpg', 'We-ef Lighting Neues Rathaus', 'We-ef Lighting Neues Rathaus'),
(1742, 98, 'We-ef-Neues-Rathaus_03.jpg', 'We-ef Lighting Neues Rathaus', 'We-ef Lighting Neues Rathaus'),
(1743, 100, 'Wayson-Lighting-Ashgabat-International-Airport-Main-Terminal_01.jpg', 'Wayson Lighting Ashgabat International Airport Main Terminal', 'Wayson Lighting Ashgabat International Airport Main Terminal'),
(1744, 100, 'Wayson-Lighting-Ashgabat-International-Airport-Main-Terminal_02.jpg', 'Wayson Lighting Ashgabat International Airport Main Terminal', 'Wayson Lighting Ashgabat International Airport Main Terminal'),
(1745, 100, 'Wayson-Lighting-Ashgabat-International-Airport-Main-Terminal_03.jpg', 'Wayson Lighting Ashgabat International Airport Main Terminal', 'Wayson Lighting Ashgabat International Airport Main Terminal'),
(1746, 101, 'acdc-Oxford-Street_01.jpg', 'acdc Oxford Street', 'acdc Oxford Street'),
(1747, 101, 'acdc-Oxford-Street_02.jpg', 'acdc Oxford Street', 'acdc Oxford Street'),
(1748, 101, 'acdc-Oxford-Street_03.jpg', 'acdc Oxford Street', 'acdc Oxford Street'),
(1749, 102, 'acdc-Troia-Cathedral_01.jpg', 'acdc Troia Cathedral', 'acdc Troia Cathedral'),
(1750, 102, 'acdc-Troia-Cathedral_02.jpg', 'acdc Troia Cathedral', 'acdc Troia Cathedral'),
(1751, 102, 'acdc-Troia-Cathedral_03.jpg', 'acdc Troia Cathedral', 'acdc Troia Cathedral'),
(1752, 104, 'Philips-Viaduct-Harbour_01.jpg', 'Philips Viaduct Harbour', 'Philips Viaduct Harbour'),
(1753, 104, 'Philips-Viaduct-Harbour_02.jpg', 'Philips Viaduct Harbour', 'Philips Viaduct Harbour'),
(1754, 104, 'Philips-Viaduct-Harbour_03.jpg', 'Philips Viaduct Harbour', 'Philips Viaduct Harbour'),
(1755, 105, 'Philips-OVO-Wroc?aw-Apartments_01.jpg', 'Philips OVO Wroc?aw Apartments', 'Philips OVO Wroc?aw Apartments'),
(1756, 105, 'Philips-OVO-Wroc?aw-Apartments_02.jpg', 'Philips OVO Wroc?aw Apartments', 'Philips OVO Wroc?aw Apartments'),
(1757, 105, 'Philips-OVO-Wroc?aw-Apartments_03.jpg', 'Philips OVO Wroc?aw Apartments', 'Philips OVO Wroc?aw Apartments'),
(1758, 106, 'Zumtobel-ELBE-PHILHARMONIC-HALL_01.jpg', 'Zumtobel ELBE PHILHARMONIC HALL', 'Zumtobel ELBE PHILHARMONIC HALL'),
(1759, 106, 'Zumtobel-ELBE-PHILHARMONIC-HALL_02.jpg', 'Zumtobel ELBE PHILHARMONIC HALL', 'Zumtobel ELBE PHILHARMONIC HALL'),
(1760, 106, 'Zumtobel-ELBE-PHILHARMONIC-HALL_03.jpg', 'Zumtobel ELBE PHILHARMONIC HALL', 'Zumtobel ELBE PHILHARMONIC HALL'),
(1761, 107, 'Zumtobel-Civil-Engineering-Faculty-Osijek_01.jpg', 'Zumtobel Faculty of Civil Engineering', 'Zumtobel Faculty of Civil Engineering'),
(1762, 107, 'Zumtobel-Civil-Engineering-Faculty-Osijek_02.jpg', 'Zumtobel Faculty of Civil Engineering', 'Zumtobel Faculty of Civil Engineering'),
(1763, 107, 'Zumtobel-Civil-Engineering-Faculty-Osijek_03.jpg', 'Zumtobel Faculty of Civil Engineering', 'Zumtobel Faculty of Civil Engineering'),
(1764, 108, 'Reggiani-GASTRO-BOUTIQUE-BALFEGÒ_01.jpg', 'Reggiani GASTRO BOUTIQUE BALFEGÒ', 'Reggiani GASTRO BOUTIQUE BALFEGÒ'),
(1765, 108, 'Reggiani-GASTRO-BOUTIQUE-BALFEGÒ_02.jpg', 'Reggiani GASTRO BOUTIQUE BALFEGÒ', 'Reggiani GASTRO BOUTIQUE BALFEGÒ'),
(1766, 108, 'Reggiani-GASTRO-BOUTIQUE-BALFEGÒ_03.jpg', 'Reggiani GASTRO BOUTIQUE BALFEGÒ', 'Reggiani GASTRO BOUTIQUE BALFEGÒ'),
(1767, 109, 'Reggiani-THAMES-TOWER_01.jpg', 'Reggiani THAMES TOWER', 'Reggiani THAMES TOWER'),
(1768, 109, 'Reggiani-THAMES-TOWER_02.jpg', 'Reggiani THAMES TOWER', 'Reggiani THAMES TOWER'),
(1769, 109, 'Reggiani-THAMES-TOWER_03.jpg', 'Reggiani THAMES TOWER', 'Reggiani THAMES TOWER'),
(1770, 110, 'Buzzi-Buzzi-AB-IL-LUSSO-DELLA-SEMPLICITÀ_01.jpg', 'BUZZI & BUZZI AB: IL LUSSO DELLA SEMPLICITÀ', 'BUZZI & BUZZI AB: IL LUSSO DELLA SEMPLICITÀ'),
(1771, 110, 'Buzzi-Buzzi-AB-IL-LUSSO-DELLA-SEMPLICITÀ_02.jpg', 'BUZZI & BUZZI AB: IL LUSSO DELLA SEMPLICITÀ', 'BUZZI & BUZZI AB: IL LUSSO DELLA SEMPLICITÀ'),
(1772, 110, 'Buzzi-Buzzi-AB-IL-LUSSO-DELLA-SEMPLICITÀ_03.jpg', 'BUZZI & BUZZI AB: IL LUSSO DELLA SEMPLICITÀ', 'BUZZI & BUZZI AB: IL LUSSO DELLA SEMPLICITÀ'),
(1773, 111, 'Sattler-INFINITY_01.jpg', 'Sattler INFINITY', 'Sattler INFINITY'),
(1774, 111, 'Sattler-INFINITY_02.jpg', 'Sattler INFINITY', 'Sattler INFINITY'),
(1775, 111, 'Sattler-INFINITY_03.jpg', 'Sattler INFINITY', 'Sattler INFINITY'),
(1776, 112, 'Louis-Poulsen-Tirpitz-Museum_01.jpg', 'Louis Poulsen Tirpitz Museum', 'Louis Poulsen Tirpitz Museum'),
(1777, 112, 'Louis-Poulsen-Tirpitz-Museum_02.jpg', 'Louis Poulsen Tirpitz Museum', 'Louis Poulsen Tirpitz Museum'),
(1778, 112, 'Louis-Poulsen-Tirpitz-Museum_03.jpg', 'Louis Poulsen Tirpitz Museum', 'Louis Poulsen Tirpitz Museum'),
(1779, 113, 'Louis-Poulsen-The-Qvest_01.jpg', 'Louis Poulsen The Qvest', 'Louis Poulsen The Qvest'),
(1780, 113, 'Louis-Poulsen-The-Qvest_02.jpg', 'Louis Poulsen The Qvest', 'Louis Poulsen The Qvest'),
(1781, 113, 'Louis-Poulsen-The-Qvest_03.jpg', 'Louis Poulsen The Qvest', 'Louis Poulsen The Qvest'),
(1782, 113, 'Louis-Poulsen-The-Qvest_04.jpg', 'Louis Poulsen The Qvest', 'Louis Poulsen The Qvest'),
(1783, 114, 'Waldmann-Bayer_01.jpg', 'Waldmann Bayer Consumer Care AG', 'Waldmann Bayer Consumer Care AG'),
(1784, 114, 'Waldmann-Bayer_02.jpg', 'Waldmann Bayer Consumer Care AG', 'Waldmann Bayer Consumer Care AG'),
(1785, 114, 'Waldmann-Bayer_03.jpg', 'Waldmann Bayer Consumer Care AG', 'Waldmann Bayer Consumer Care AG'),
(1786, 115, 'Waldmann-Pressehaus-Stuttgart_01.jpg', 'Waldmann Pressehaus Stuttgart', 'Waldmann Pressehaus Stuttgart'),
(1787, 115, 'Waldmann-Pressehaus-Stuttgart_02.jpg', 'Waldmann Pressehaus Stuttgart', 'Waldmann Pressehaus Stuttgart'),
(1788, 115, 'Waldmann-Pressehaus-Stuttgart_03.jpg', 'Waldmann Pressehaus Stuttgart', 'Waldmann Pressehaus Stuttgart');

-- --------------------------------------------------------

--
-- Table structure for table `project_gallery_mapping`
--

CREATE TABLE `project_gallery_mapping` (
  `pr_gallery_id` int(10) UNSIGNED NOT NULL,
  `node_id` smallint(5) UNSIGNED NOT NULL,
  `active` tinyint(3) UNSIGNED NOT NULL
) ENGINE=InnoDB DEFAULT CHARSET=utf8mb4 COLLATE=utf8mb4_unicode_ci;

--
-- Dumping data for table `project_gallery_mapping`
--

INSERT INTO `project_gallery_mapping` (`pr_gallery_id`, `node_id`, `active`) VALUES
(119, 9, 1),
(121, 9, 1),
(119, 10, 1),
(121, 10, 1),
(121, 14, 1),
(121, 18, 1),
(121, 27, 1),
(119, 48, 1),
(121, 48, 1),
(119, 49, 1),
(121, 49, 1),
(119, 60, 1),
(119, 63, 1),
(119, 82, 1),
(119, 87, 1),
(119, 93, 1),
(119, 97, 1),
(119, 98, 1),
(121, 100, 1);

-- --------------------------------------------------------

--
-- Table structure for table `regions`
--

CREATE TABLE `regions` (
  `region_id` smallint(5) UNSIGNED NOT NULL,
  `country_id` smallint(5) UNSIGNED NOT NULL,
  `region` varchar(255) NOT NULL,
  `region_code` varchar(3) NOT NULL
) ENGINE=InnoDB DEFAULT CHARSET=utf8;

--
-- Dumping data for table `regions`
--

INSERT INTO `regions` (`region_id`, `country_id`, `region`, `region_code`) VALUES
(1, 1, 'Herat', ''),
(2, 1, 'Kabul', ''),
(3, 1, 'Kandahar', ''),
(4, 1, 'Wardak', ''),
(5, 1, 'Zabul', ''),
(8, 3, 'Qarku i Beratit', ''),
(9, 3, 'Qarku i Dibres', ''),
(10, 3, 'Qarku i Durresit', ''),
(11, 3, 'Qarku i Fierit', ''),
(12, 3, 'Qarku i Gjirokastres', ''),
(13, 3, 'Qarku i Kukesit', ''),
(14, 3, 'Qarku i Lezhes', ''),
(15, 3, 'Qarku i Shkodres', ''),
(16, 3, 'Qarku i Tiranes', ''),
(17, 3, 'Qarku i Vlores', ''),
(18, 4, 'Annaba', ''),
(19, 4, 'El Bayadh', ''),
(20, 4, 'El Tarf', ''),
(21, 4, 'Illizi', ''),
(22, 4, 'Oran', ''),
(23, 4, 'Wilaya d\' Alger', ''),
(24, 4, 'Wilaya de Batna', ''),
(25, 4, 'Wilaya de Bechar', ''),
(26, 4, 'Wilaya de Bejaia', ''),
(27, 4, 'Wilaya de Blida', ''),
(28, 4, 'Wilaya de Chlef', ''),
(29, 4, 'Wilaya de Constantine', ''),
(30, 4, 'Wilaya de Djelfa', ''),
(31, 4, 'Wilaya de Ghardaia', ''),
(32, 4, 'Wilaya de Guelma', ''),
(33, 4, 'Wilaya de Jijel', ''),
(34, 4, 'Wilaya de Khenchela', ''),
(35, 4, 'Wilaya de Laghouat', ''),
(36, 4, 'Wilaya de Mascara', ''),
(37, 4, 'Wilaya de Medea', ''),
(38, 4, 'Wilaya de Naama', ''),
(39, 4, 'Wilaya de Ouargla', ''),
(40, 4, 'Wilaya de Setif', ''),
(41, 4, 'Wilaya de Sidi Bel Abbes', ''),
(42, 4, 'Wilaya de Tamanrasset', ''),
(43, 4, 'Wilaya de Tebessa', ''),
(44, 4, 'Wilaya de Tiaret', ''),
(45, 4, 'Wilaya de Tindouf', ''),
(46, 4, 'Wilaya de Tipaza', ''),
(47, 4, 'Wilaya de Tissemsilt', ''),
(48, 4, 'Wilaya de Tizi Ouzou', ''),
(49, 4, 'Wilaya de Tlemcen', ''),
(50, 5, 'Eastern District', ''),
(51, 6, 'Andorra la Vella', ''),
(52, 6, 'Canillo', ''),
(53, 6, 'Encamp', ''),
(54, 6, 'Escaldes-Engordany', ''),
(55, 6, 'La Massana', ''),
(56, 6, 'Ordino', ''),
(57, 6, 'Sant Julià de Loria', ''),
(58, 7, 'Bengo Province', ''),
(59, 7, 'Benguela', ''),
(60, 7, 'Cabinda', ''),
(61, 7, 'Cuanza Norte Province', ''),
(62, 7, 'Cunene Province', ''),
(63, 7, 'Huambo', ''),
(64, 7, 'Huila Province', ''),
(65, 7, 'Kuando Kubango', ''),
(66, 7, 'Kwanza Sul', ''),
(67, 7, 'Luanda Province', ''),
(68, 7, 'Lunda Norte Province', ''),
(69, 7, 'Lunda Sul', ''),
(70, 7, 'Malanje Province', ''),
(71, 7, 'Moxico', ''),
(72, 7, 'Namibe Province', ''),
(73, 7, 'Provincia do Bie', ''),
(74, 7, 'Provincia do Uige', ''),
(75, 7, 'Zaire', ''),
(76, 10, 'Barbuda', ''),
(77, 10, 'Parish of Saint George', ''),
(78, 10, 'Parish of Saint John', ''),
(79, 10, 'Parish of Saint Mary', ''),
(80, 10, 'Parish of Saint Paul', ''),
(81, 10, 'Parish of Saint Peter', ''),
(82, 10, 'Parish of Saint Philip', ''),
(83, 11, 'Buenos Aires', ''),
(84, 11, 'Buenos Aires F.D.', ''),
(85, 11, 'Chaco', ''),
(86, 11, 'Chubut', ''),
(87, 11, 'Cordoba', ''),
(88, 11, 'Corrientes', ''),
(89, 11, 'Entre Rios', ''),
(90, 11, 'Formosa', ''),
(91, 11, 'La Pampa', ''),
(92, 11, 'Mendoza', ''),
(93, 11, 'Neuquen', ''),
(94, 11, 'Provincia de Catamarca', ''),
(95, 11, 'Provincia de Jujuy', ''),
(96, 11, 'Provincia de La Rioja', ''),
(97, 11, 'Provincia de Misiones', ''),
(98, 11, 'Provincia de San Juan', ''),
(99, 11, 'Provincia de San Luis', ''),
(100, 11, 'Provincia de Tucuman', ''),
(101, 11, 'Rio Negro', ''),
(102, 11, 'Salta', ''),
(103, 11, 'Santa Cruz', ''),
(104, 11, 'Santa Fe', ''),
(105, 11, 'Santiago del Estero', ''),
(106, 11, 'Tierra del Fuego', ''),
(107, 12, 'Aragatsotn Province', ''),
(108, 12, 'Armavir Province', ''),
(109, 12, 'Kotayk Province', ''),
(110, 12, 'Syunik Province', ''),
(111, 12, 'Tavush Province', ''),
(112, 12, 'Vayots Dzor Province', ''),
(113, 12, 'Yerevan', ''),
(114, 14, 'Australian Capital Territory', ''),
(115, 14, 'New South Wales', ''),
(116, 14, 'Northern Territory', ''),
(117, 14, 'Queensland', ''),
(118, 14, 'South Australia', ''),
(119, 14, 'Tasmania', ''),
(120, 14, 'Victoria', ''),
(121, 14, 'Western Australia', ''),
(122, 15, 'Burgenland', ''),
(123, 15, 'Carinthia', ''),
(124, 15, 'Lower Austria', ''),
(125, 15, 'Salzburg', ''),
(126, 15, 'Styria', ''),
(127, 15, 'Tyrol', ''),
(128, 15, 'Upper Austria', ''),
(129, 15, 'Vienna', ''),
(130, 15, 'Vorarlberg', ''),
(131, 16, 'Baku City', ''),
(132, 16, 'Ganja City', ''),
(133, 16, 'Imishli Rayon', ''),
(134, 16, 'Khachmaz Rayon', ''),
(135, 16, 'Nakhichevan', ''),
(136, 16, 'Qusar Rayon', ''),
(137, 16, 'Sumqayit City', ''),
(138, 17, 'Bimini', ''),
(139, 17, 'Central Abaco District', ''),
(140, 17, 'Central Eleuthera District', ''),
(141, 17, 'City of Freeport District', ''),
(142, 17, 'Harbour Island', ''),
(143, 17, 'New Providence District', ''),
(144, 17, 'North Andros District', ''),
(145, 17, 'Spanish Wells District', ''),
(146, 18, 'Central Governorate', ''),
(147, 18, 'Manama', ''),
(148, 18, 'Muharraq', ''),
(149, 18, 'Southern Governorate', ''),
(150, 19, 'Chittagong', ''),
(151, 19, 'Dhaka Division', ''),
(152, 19, 'Khulna Division', ''),
(153, 19, 'Rajshahi Division', ''),
(154, 19, 'Rangpur Division', ''),
(155, 20, 'Christ Church', ''),
(156, 20, 'Saint Andrew', ''),
(157, 20, 'Saint George', ''),
(158, 20, 'Saint James', ''),
(159, 20, 'Saint John', ''),
(160, 20, 'Saint Lucy', ''),
(161, 20, 'Saint Michael', ''),
(162, 20, 'Saint Philip', ''),
(163, 20, 'Saint Thomas', ''),
(164, 21, 'Brest', ''),
(165, 21, 'Gomel', ''),
(166, 21, 'Grodnenskaya', ''),
(167, 21, 'Minsk', ''),
(168, 21, 'Minsk', ''),
(169, 21, 'Mogilev', ''),
(170, 21, 'Vitebsk', ''),
(171, 22, 'Brussels Capital', ''),
(172, 22, 'Flanders', ''),
(173, 22, 'Wallonia', ''),
(174, 23, 'Belize District', ''),
(175, 23, 'Cayo District', ''),
(176, 23, 'Corozal District', ''),
(177, 23, 'Orange Walk District', ''),
(178, 23, 'Stann Creek District', ''),
(179, 24, 'Atlantique Department', ''),
(180, 24, 'Littoral', ''),
(181, 25, 'Hamilton city', ''),
(182, 25, 'Saint George', ''),
(183, 25, 'Sandys Parish', ''),
(184, 26, 'Chhukha Dzongkhag', ''),
(185, 26, 'Mongar Dzongkhag', ''),
(186, 26, 'Thimphu Dzongkhag', ''),
(187, 27, 'Departamento de Chuquisaca', ''),
(188, 27, 'Departamento de Cochabamba', ''),
(189, 27, 'Departamento de La Paz', ''),
(190, 27, 'Departamento de Pando', ''),
(191, 27, 'Departamento de Potosi', ''),
(192, 27, 'Departamento de Santa Cruz', ''),
(193, 27, 'Departamento de Tarija', ''),
(194, 27, 'El Beni', ''),
(195, 27, 'Oruro', ''),
(199, 29, 'Brčko', ''),
(200, 29, 'Federation of Bosnia and Herzegovina', ''),
(201, 29, 'Republika Srpska', ''),
(202, 30, 'Central District', ''),
(203, 30, 'North East District', ''),
(204, 30, 'South East District', ''),
(205, 31, 'Acre', ''),
(206, 31, 'Alagoas', ''),
(207, 31, 'Amapa', ''),
(208, 31, 'Amazonas', ''),
(209, 31, 'Bahia', ''),
(210, 31, 'Ceara', ''),
(211, 31, 'Espirito Santo', ''),
(212, 31, 'Federal District', ''),
(213, 31, 'Goias', ''),
(214, 31, 'Maranhao', ''),
(215, 31, 'Mato Grosso', ''),
(216, 31, 'Mato Grosso do Sul', ''),
(217, 31, 'Minas Gerais', ''),
(218, 31, 'Para', ''),
(219, 31, 'Paraíba', ''),
(220, 31, 'Parana', ''),
(221, 31, 'Pernambuco', ''),
(222, 31, 'Piaui', ''),
(223, 31, 'Rio de Janeiro', ''),
(224, 31, 'Rio Grande do Norte', ''),
(225, 31, 'Rio Grande do Sul', ''),
(226, 31, 'Rondonia', ''),
(227, 31, 'Roraima', ''),
(228, 31, 'Santa Catarina', ''),
(229, 31, 'Sao Paulo', ''),
(230, 31, 'Sergipe', ''),
(231, 31, 'Tocantins', ''),
(232, 34, 'Belait District', ''),
(233, 34, 'Brunei and Muara District', ''),
(234, 34, 'Temburong District', ''),
(235, 34, 'Tutong District', ''),
(236, 35, 'Oblast Blagoevgrad', ''),
(237, 35, 'Oblast Burgas', ''),
(238, 35, 'Oblast Gabrovo', ''),
(239, 35, 'Oblast Lovech', ''),
(240, 35, 'Oblast Dobrich', ''),
(241, 35, 'Oblast Khaskovo', ''),
(242, 35, 'Oblast Kurdzhali', ''),
(243, 35, 'Oblast Kyustendil', ''),
(244, 35, 'Oblast Montana', ''),
(245, 35, 'Oblast Pleven', ''),
(246, 35, 'Oblast Razgrad', ''),
(247, 35, 'Oblast Ruse', ''),
(248, 35, 'Oblast Shumen', ''),
(249, 35, 'Oblast Silistra', ''),
(250, 35, 'Oblast Sliven', ''),
(251, 35, 'Oblast Smolyan', ''),
(252, 35, 'Oblast Stara Zagora', ''),
(253, 35, 'Oblast Turgovishte', ''),
(254, 35, 'Oblast Veliko Turnovo', ''),
(255, 35, 'Oblast Vidin', ''),
(256, 35, 'Oblast Vratsa', ''),
(257, 35, 'Oblast Yambol', ''),
(258, 35, 'Oblast Pazardzhik', ''),
(259, 35, 'Oblast Pernik', ''),
(260, 35, 'Oblast Plovdiv', ''),
(261, 35, 'Sofia-Capital', ''),
(262, 35, 'Oblast Sofia', ''),
(263, 35, 'Oblast Varna', ''),
(264, 36, 'Centre', ''),
(265, 36, 'Centre-Est', ''),
(266, 36, 'High-Basins Region', ''),
(267, 37, 'Bujumbura Mairie Province', ''),
(268, 38, 'Banteay Meanchey', ''),
(269, 38, 'Battambang', ''),
(270, 38, 'Kampong Chhnang', ''),
(271, 38, 'Kampong Speu', ''),
(272, 38, 'Kampong Thom', ''),
(273, 38, 'Kandal', ''),
(274, 38, 'Phnom Penh', ''),
(275, 38, 'Preah Sihanouk', ''),
(276, 39, 'Adamaoua', ''),
(277, 39, 'Centre', ''),
(278, 39, 'Littoral', ''),
(279, 39, 'North Region', ''),
(280, 39, 'North-West Region', ''),
(281, 39, 'South Region', ''),
(282, 39, 'South-West Region', ''),
(283, 39, 'West', ''),
(284, 40, 'Alberta', 'AB'),
(285, 40, 'British Columbia', 'BC'),
(286, 40, 'Manitoba', 'MB'),
(287, 40, 'New Brunswick', 'NB'),
(288, 40, 'Newfoundland and Labrador', 'NL'),
(289, 40, 'Northwest Territories', 'NT'),
(290, 40, 'Nova Scotia', 'NS'),
(291, 40, 'Nunavut', 'NU'),
(292, 40, 'Ontario', 'ON'),
(293, 40, 'Prince Edward Island', 'PE'),
(294, 40, 'Quebec', 'QC'),
(295, 40, 'Saskatchewan', 'SK'),
(296, 40, 'Yukon', 'YT'),
(297, 41, 'Concelho da Ribeira Grande', ''),
(298, 41, 'Concelho de Ribeira Grande de Santiago', ''),
(299, 41, 'Concelho de Sao Domingos', ''),
(300, 43, 'Commune de Bangui', ''),
(301, 43, 'Mbomou', ''),
(302, 44, 'Chari-Baguirmi Region', ''),
(303, 44, 'Hadjer-Lamis', ''),
(304, 44, 'Logone Occidental Region', ''),
(305, 44, 'Ouaddai Region', ''),
(306, 45, 'Antofagasta', ''),
(307, 45, 'Atacama', ''),
(308, 45, 'Aysen', ''),
(309, 45, 'Coquimbo', ''),
(310, 45, 'Los Lagos', ''),
(311, 45, 'Maule', ''),
(312, 45, 'Region de Arica y Parinacota', ''),
(313, 45, 'Region de la Araucania', ''),
(314, 45, 'Region de Los Rios', ''),
(315, 45, 'Region de Magallanes y de la Antartica Chilena', ''),
(316, 45, 'Region de Valparaiso', ''),
(317, 45, 'Region del Biobio', ''),
(318, 45, 'Region del Libertador General Bernardo O\'Higgins', ''),
(319, 45, 'Santiago Metropolitan', ''),
(320, 45, 'Tarapacá', ''),
(321, 46, 'Anhui Sheng', ''),
(322, 46, 'Beijing Shi', ''),
(323, 46, 'Chongqing Shi', ''),
(324, 46, 'Fujian', ''),
(325, 46, 'Gansu Sheng', ''),
(326, 46, 'Guangdong', ''),
(327, 46, 'Guangxi Zhuangzu Zizhiqu', ''),
(328, 46, 'Guizhou Sheng', ''),
(329, 46, 'Hainan', ''),
(330, 46, 'Hebei', ''),
(331, 46, 'Heilongjiang Sheng', ''),
(332, 46, 'Henan Sheng', ''),
(333, 46, 'Hubei', ''),
(334, 46, 'Hunan', ''),
(335, 46, 'Inner Mongolia', ''),
(336, 46, 'Jiangsu Sheng', ''),
(337, 46, 'Jiangxi Sheng', ''),
(338, 46, 'Jilin Sheng', ''),
(339, 46, 'Liaoning', ''),
(340, 46, 'Ningxia Huizu Zizhiqu', ''),
(341, 46, 'Qinghai Sheng', ''),
(342, 46, 'Shaanxi', ''),
(343, 46, 'Shandong Sheng', ''),
(344, 46, 'Shanghai Shi', ''),
(345, 46, 'Shanxi Sheng', ''),
(346, 46, 'Sichuan Sheng', ''),
(347, 46, 'Tianjin Shi', ''),
(348, 46, 'Tibet Autonomous Region', ''),
(349, 46, 'Xinjiang Uygur Zizhiqu', ''),
(350, 46, 'Yunnan', ''),
(351, 46, 'Zhejiang Sheng', ''),
(352, 49, 'Antioquia', ''),
(353, 49, 'Atlántico', ''),
(354, 49, 'Bogota D.C.', ''),
(355, 49, 'Cundinamarca', ''),
(356, 49, 'Departamento de Bolivar', ''),
(357, 49, 'Departamento de Boyaca', ''),
(358, 49, 'Departamento de Caldas', ''),
(359, 49, 'Departamento de Casanare', ''),
(360, 49, 'Departamento de Cordoba', ''),
(361, 49, 'Departamento de La Guajira', ''),
(362, 49, 'Departamento de Narino', ''),
(363, 49, 'Departamento de Norte de Santander', ''),
(364, 49, 'Departamento de Risaralda', ''),
(365, 49, 'Departamento de Santander', ''),
(366, 49, 'Departamento de Sucre', ''),
(367, 49, 'Departamento de Tolima', ''),
(368, 49, 'Departamento del Amazonas', ''),
(369, 49, 'Departamento del Caqueta', ''),
(370, 49, 'Departamento del Cauca', ''),
(371, 49, 'Departamento del Cesar', ''),
(372, 49, 'Departamento del Guainia', ''),
(373, 49, 'Departamento del Guaviare', ''),
(374, 49, 'Departamento del Huila', ''),
(375, 49, 'Departamento del Magdalena', ''),
(376, 49, 'Departamento del Meta', ''),
(377, 49, 'Departamento del Putumayo', ''),
(378, 49, 'Departamento del Valle del Cauca', ''),
(379, 49, 'Departamento del Vichada', ''),
(380, 49, 'Providencia y Santa Catalina, Departamento de Archipielago de San Andres', ''),
(381, 49, 'Quindio Department', ''),
(382, 50, 'Grande Comore', ''),
(383, 50, 'Ndzuwani', ''),
(384, 51, 'Katanga Province', ''),
(385, 51, 'Kinshasa City', ''),
(386, 51, 'Nord Kivu', ''),
(387, 51, 'Province du Bas-Congo', ''),
(388, 53, 'Provincia de Alajuela', ''),
(389, 53, 'Provincia de Cartago', ''),
(390, 53, 'Provincia de Guanacaste', ''),
(391, 53, 'Provincia de Heredia', ''),
(392, 53, 'Provincia de Limon', ''),
(393, 53, 'Provincia de Puntarenas', ''),
(394, 53, 'Provincia de San Jose', ''),
(395, 54, 'Bjelovarsko-Bilogorska Zupanija', ''),
(396, 54, 'Brodsko-Posavska Zupanija', ''),
(397, 54, 'Dubrovacko-Neretvanska Zupanija', ''),
(398, 54, 'Grad Zagreb', ''),
(399, 54, 'Istarska Zupanija', ''),
(400, 54, 'Karlovacka Zupanija', ''),
(401, 54, 'Koprivnicko-Krizevacka Zupanija', ''),
(402, 54, 'Krapinsko-Zagorska Zupanija', ''),
(403, 54, 'Licko-Senjska Zupanija', ''),
(404, 54, 'Megimurska Zupanija', ''),
(405, 54, 'Osjecko-Baranjska Zupanija', ''),
(406, 54, 'Pozesko-Slavonska Zupanija', ''),
(407, 54, 'Primorsko-Goranska Zupanija', ''),
(408, 54, 'Sibensko-Kninska Zupanija', ''),
(409, 54, 'Sisacko-Moslavacka Zupanija', ''),
(410, 54, 'Splitsko-Dalmatinska Zupanija', ''),
(411, 54, 'Varazdinska Zupanija', ''),
(412, 54, 'Viroviticko-Podravska Zupanija', ''),
(413, 54, 'Vukovarsko-Srijemska Zupanija', ''),
(414, 54, 'Zadarska Zupanija', ''),
(415, 54, 'Zagreb County', ''),
(416, 55, 'Artemisa', ''),
(417, 55, 'La Habana', ''),
(418, 55, 'Las Tunas', ''),
(419, 55, 'Provincia de Camagueey', ''),
(420, 55, 'Provincia de Ciego de Avila', ''),
(421, 55, 'Provincia de Cienfuegos', ''),
(422, 55, 'Provincia de Guantanamo', ''),
(423, 55, 'Provincia de Holguin', ''),
(424, 55, 'Provincia de Matanzas', ''),
(425, 55, 'Provincia de Pinar del Rio', ''),
(426, 55, 'Provincia de Sancti Spiritus', ''),
(427, 55, 'Provincia de Santiago de Cuba', ''),
(428, 55, 'Provincia de Villa Clara', ''),
(429, 55, 'Provincia Granma', ''),
(430, 57, 'Ammochostos', ''),
(431, 57, 'Keryneia', ''),
(432, 57, 'Larnaka', ''),
(433, 57, 'Lefkosia', ''),
(434, 57, 'Limassol', ''),
(435, 57, 'Pafos', ''),
(436, 58, 'Central Bohemia', ''),
(437, 58, 'Hlavni mesto Praha', ''),
(438, 58, 'Jihocesky kraj', ''),
(439, 58, 'Karlovarsky kraj', ''),
(440, 58, 'Kraj Vysocina', ''),
(441, 58, 'Kralovehradecky kraj', ''),
(442, 58, 'Liberecky kraj', ''),
(443, 58, 'Moravskoslezsky kraj', ''),
(444, 58, 'Olomoucky kraj', ''),
(445, 58, 'Pardubicky kraj', ''),
(446, 58, 'Plzensky kraj', ''),
(447, 58, 'South Moravian', ''),
(448, 58, 'Ustecky kraj', ''),
(449, 58, 'Zlín', ''),
(450, 59, 'Capital Region', ''),
(451, 59, 'Central Jutland', ''),
(452, 59, 'North Denmark', ''),
(453, 59, 'South Denmark', ''),
(454, 59, 'Zealand', ''),
(455, 61, 'Saint Andrew', ''),
(456, 61, 'Saint George', ''),
(457, 61, 'Saint Patrick', ''),
(458, 61, 'Saint Paul', ''),
(459, 62, 'Nacional', ''),
(460, 62, 'Provincia de El Seibo', ''),
(461, 62, 'Provincia de Independencia', ''),
(462, 62, 'Provincia de La Altagracia', ''),
(463, 62, 'Provincia de La Romana', ''),
(464, 62, 'Provincia de La Vega', ''),
(465, 62, 'Provincia de Monte Cristi', ''),
(466, 62, 'Provincia de Pedernales', ''),
(467, 62, 'Provincia de Peravia', ''),
(468, 62, 'Provincia de San Cristobal', ''),
(469, 62, 'Provincia de San Jose de Ocoa', ''),
(470, 62, 'Provincia de San Juan', ''),
(471, 62, 'Provincia de San Pedro de Macoris', ''),
(472, 62, 'Provincia de Santiago', ''),
(473, 62, 'Provincia de Santiago Rodriguez', ''),
(474, 62, 'Provincia de Santo Domingo', ''),
(475, 62, 'Provincia Duarte', ''),
(476, 62, 'Provincia Sanchez Ramirez', ''),
(477, 62, 'Puerto Plata', ''),
(478, 62, 'Samaná', ''),
(479, 63, 'Dili', ''),
(480, 64, 'Provincia de Bolivar', ''),
(481, 64, 'Provincia de Cotopaxi', ''),
(482, 64, 'Provincia de El Oro', ''),
(483, 64, 'Provincia de Esmeraldas', ''),
(484, 64, 'Provincia de Francisco de Orellana', ''),
(485, 64, 'Provincia de Galapagos', ''),
(486, 64, 'Provincia de Imbabura', ''),
(487, 64, 'Provincia de Loja', ''),
(488, 64, 'Provincia de Los Rios', ''),
(489, 64, 'Provincia de Manabi', ''),
(490, 64, 'Provincia de Morona-Santiago', ''),
(491, 64, 'Provincia de Napo', ''),
(492, 64, 'Provincia de Pichincha', ''),
(493, 64, 'Provincia de Santa Elena', ''),
(494, 64, 'Provincia de Santo Domingo de los Tsachilas', ''),
(495, 64, 'Provincia de Sucumbios', ''),
(496, 64, 'Provincia de Zamora-Chinchipe', ''),
(497, 64, 'Provincia del Azuay', ''),
(498, 64, 'Provincia del Canar', ''),
(499, 64, 'Provincia del Carchi', ''),
(500, 64, 'Provincia del Chimborazo', ''),
(501, 64, 'Provincia del Guayas', ''),
(502, 64, 'Provincia del Pastaza', ''),
(503, 64, 'Provincia del Tungurahua', ''),
(504, 65, 'Alexandria', ''),
(505, 65, 'As Suways', ''),
(506, 65, 'Beheira Governorate', ''),
(507, 65, 'Eastern Province', ''),
(508, 65, 'Ismailia Governorate', ''),
(509, 65, 'Luxor', ''),
(510, 65, 'Muhafazat ad Daqahliyah', ''),
(511, 65, 'Muhafazat al Fayyum', ''),
(512, 65, 'Muhafazat al Gharbiyah', ''),
(513, 65, 'Muhafazat al Jizah', ''),
(514, 65, 'Muhafazat al Minufiyah', ''),
(515, 65, 'Muhafazat al Minya', ''),
(516, 65, 'Muhafazat al Qahirah', ''),
(517, 65, 'Muhafazat al Qalyubiyah', ''),
(518, 65, 'Muhafazat Aswan', ''),
(519, 65, 'Muhafazat Asyut', ''),
(520, 65, 'Muhafazat Bani Suwayf', ''),
(521, 65, 'Muhafazat Bur Sa`id', ''),
(522, 65, 'Muhafazat Dumyat', ''),
(523, 65, 'Muhafazat Shamal Sina\'', ''),
(524, 65, 'Muhafazat Suhaj', ''),
(525, 65, 'Red Sea', ''),
(526, 66, 'Departamento de Ahuachapan', ''),
(527, 66, 'Departamento de Cabanas', ''),
(528, 66, 'Departamento de La Libertad', ''),
(529, 66, 'Departamento de Morazan', ''),
(530, 66, 'Departamento de San Miguel', ''),
(531, 66, 'Departamento de San Salvador', ''),
(532, 66, 'Departamento de Santa Ana', ''),
(533, 66, 'Departamento de Usulutan', ''),
(534, 67, 'Provincia de Bioko Norte', ''),
(535, 68, 'Maekel Region', ''),
(536, 69, 'Harjumaa', ''),
(537, 69, 'Hiiumaa', ''),
(538, 69, 'Ida-Virumaa', ''),
(539, 69, 'Järvamaa', ''),
(540, 69, 'Jõgevamaa', ''),
(541, 69, 'Lääne', ''),
(542, 69, 'Lääne-Virumaa', ''),
(543, 69, 'Pärnumaa', ''),
(544, 69, 'Põlvamaa', ''),
(545, 69, 'Raplamaa', ''),
(546, 69, 'Saare', ''),
(547, 69, 'Tartu', ''),
(548, 69, 'Valgamaa', ''),
(549, 69, 'Viljandimaa', ''),
(550, 69, 'Võrumaa', ''),
(551, 70, 'Adis Abeba Astedader', ''),
(552, 70, 'Afar Region', ''),
(553, 70, 'Amhara', ''),
(554, 70, 'Bīnshangul Gumuz', ''),
(555, 70, 'Dire Dawa', ''),
(556, 70, 'Gambela', ''),
(557, 70, 'Harari Region', ''),
(558, 70, 'Oromiya', ''),
(559, 70, 'Somali', ''),
(560, 70, 'Southern Nations, Nationalities, and People\'s Region', ''),
(561, 70, 'Tigray', ''),
(562, 72, 'Eysturoy', ''),
(563, 72, 'Streymoy', ''),
(564, 73, 'State of Yap', ''),
(565, 74, 'Central', ''),
(566, 74, 'Western', ''),
(567, 75, 'Central Ostrobothnia', ''),
(568, 75, 'Eastern Finland', ''),
(569, 75, 'Haeme', ''),
(570, 75, 'Kainuu', ''),
(571, 75, 'Kymenlaakso', ''),
(572, 75, 'Lapland', ''),
(573, 75, 'North Karelia', ''),
(574, 75, 'Northern Ostrobothnia', ''),
(575, 75, 'Northern Savo', ''),
(576, 75, 'Päijänne Tavastia', ''),
(577, 75, 'Pirkanmaa', ''),
(578, 75, 'Satakunta', ''),
(579, 75, 'South Karelia', ''),
(580, 75, 'Southern Finland', ''),
(581, 75, 'Southern Savonia', ''),
(582, 75, 'Southwest Finland', ''),
(583, 75, 'Uusimaa', ''),
(584, 75, 'Western Finland', ''),
(585, 76, 'Alsace', ''),
(586, 76, 'Aquitaine', ''),
(587, 76, 'Auvergne', ''),
(588, 76, 'Bourgogne', ''),
(589, 76, 'Brittany', ''),
(590, 76, 'Centre', ''),
(591, 76, 'Champagne-Ardenne', ''),
(592, 76, 'Corsica', ''),
(593, 76, 'Franche-Comté', ''),
(594, 76, 'Haute-Normandie', ''),
(595, 76, 'Île-de-France', ''),
(596, 76, 'Languedoc-Roussillon', ''),
(597, 76, 'Limousin', ''),
(598, 76, 'Lorraine', ''),
(599, 76, 'Lower Normandy', ''),
(600, 76, 'Midi-Pyrénées', ''),
(601, 76, 'Nord-Pas-de-Calais', ''),
(602, 76, 'Pays de la Loire', ''),
(603, 76, 'Picardie', ''),
(604, 76, 'Poitou-Charentes', ''),
(605, 76, 'Provence-Alpes-Côte d\'Azur', ''),
(606, 76, 'Rhône-Alpes', ''),
(607, 78, 'Iles du Vent', ''),
(608, 79, 'Archipel des Kerguelen', ''),
(609, 80, 'Estuaire', ''),
(610, 80, 'Province de l\'Ogooue-Maritime', ''),
(611, 80, 'Province de la Ngounie', ''),
(612, 80, 'Province du Moyen-Ogooue', ''),
(613, 81, 'City of Banjul', ''),
(614, 82, 'Abkhazia', ''),
(615, 82, 'Ajaria', ''),
(616, 82, 'Guria', ''),
(617, 82, 'K\'alak\'i T\'bilisi', ''),
(618, 82, 'Mtskheta-Mtianeti', ''),
(619, 82, 'Racha-Lechkhumi and Kvemo Svaneti', ''),
(620, 82, 'Samegrelo and Zemo Svaneti', ''),
(621, 82, 'Shida Kartli', ''),
(622, 83, 'Baden-Württemberg Region', ''),
(623, 83, 'Bavaria', ''),
(624, 83, 'Brandenburg', ''),
(625, 83, 'Bremen', ''),
(626, 83, 'Hamburg', ''),
(627, 83, 'Hesse', ''),
(628, 83, 'Land Berlin', ''),
(629, 83, 'Lower Saxony', ''),
(630, 83, 'Mecklenburg-Vorpommern', ''),
(631, 83, 'North Rhine-Westphalia', ''),
(632, 83, 'Rheinland-Pfalz', ''),
(633, 83, 'Saarland', ''),
(634, 83, 'Saxony', ''),
(635, 83, 'Saxony-Anhalt', ''),
(636, 83, 'Schleswig-Holstein', ''),
(637, 83, 'Thuringia', ''),
(638, 84, 'Ashanti Region', ''),
(639, 84, 'Brong-Ahafo', ''),
(640, 84, 'Central Region', ''),
(641, 84, 'Greater Accra Region', ''),
(642, 84, 'Upper East Region', ''),
(643, 84, 'Upper West Region', ''),
(644, 84, 'Volta Region', ''),
(645, 84, 'Western Region', ''),
(646, 86, 'Attica', ''),
(647, 86, 'Central Greece', ''),
(648, 86, 'Central Macedonia', ''),
(649, 86, 'Crete', ''),
(650, 86, 'East Macedonia and Thrace', ''),
(651, 86, 'Epirus', ''),
(652, 86, 'Ionian Islands', ''),
(653, 86, 'North Aegean', ''),
(654, 86, 'Peloponnese', ''),
(655, 86, 'South Aegean', ''),
(656, 86, 'Thessaly', ''),
(657, 86, 'West Greece', ''),
(658, 86, 'West Macedonia', ''),
(659, 87, 'Kujalleq', ''),
(660, 87, 'Qaasuitsup', ''),
(661, 87, 'Qeqqata', ''),
(662, 87, 'Sermersooq', ''),
(663, 88, 'Saint Andrew', ''),
(664, 88, 'Saint George', ''),
(665, 90, 'Agat', ''),
(666, 90, 'Barrigada', ''),
(667, 90, 'Dededo', ''),
(668, 90, 'Hagatna', ''),
(669, 90, 'Santa Rita Municipality', ''),
(670, 90, 'Tamuning', ''),
(671, 90, 'Yigo', ''),
(672, 91, 'Departamento de Chimaltenango', ''),
(673, 91, 'Departamento de Chiquimula', ''),
(674, 91, 'Departamento de Escuintla', ''),
(675, 91, 'Departamento de Guatemala', ''),
(676, 91, 'Departamento de Huehuetenango', ''),
(677, 91, 'Departamento de Izabal', ''),
(678, 91, 'Departamento de Jutiapa', ''),
(679, 91, 'Departamento de Quetzaltenango', ''),
(680, 91, 'Departamento de Retalhuleu', ''),
(681, 91, 'Departamento de Sacatepequez', ''),
(682, 91, 'Departamento de San Marcos', ''),
(683, 91, 'Departamento de Santa Rosa', ''),
(684, 91, 'Departamento de Solola', ''),
(685, 91, 'Departamento de Zacapa', ''),
(686, 91, 'Departamento del Peten', ''),
(687, 91, 'Suchitepeque', ''),
(688, 92, 'Saint Peter Port', ''),
(689, 93, 'Boke Region', ''),
(690, 93, 'Conakry Region', ''),
(691, 93, 'Faranah', ''),
(692, 93, 'Kankan Region', ''),
(693, 93, 'Kindia', ''),
(694, 93, 'Labe Region', ''),
(695, 93, 'Mamou Region', ''),
(696, 93, 'Nzerekore Region', ''),
(697, 94, 'Bissau', ''),
(698, 94, 'Bolama and Bijagos', ''),
(699, 94, 'Cacheu Region', ''),
(700, 95, 'Demerara-Mahaica Region', ''),
(701, 95, 'East Berbice-Corentyne Region', ''),
(702, 96, 'Centre', ''),
(703, 96, 'Departement de l\'Ouest', ''),
(704, 96, 'Departement du Nord-Est', ''),
(705, 96, 'Grandans', ''),
(706, 96, 'Nord', ''),
(707, 96, 'Sud-Est', ''),
(708, 97, 'Ajloun', ''),
(709, 97, 'Amman', ''),
(710, 97, 'Aqaba', ''),
(711, 97, 'Balqa', ''),
(712, 97, 'Irbid', ''),
(713, 97, 'Jerash', ''),
(714, 97, 'Karak', ''),
(715, 97, 'Madaba', ''),
(716, 97, 'Mafraq', ''),
(717, 97, 'Ma’an', ''),
(718, 97, 'Tafielah', ''),
(719, 98, 'Bay Islands', ''),
(720, 98, 'Departamento de Atlantida', ''),
(721, 98, 'Departamento de Choluteca', ''),
(722, 98, 'Departamento de Colon', ''),
(723, 98, 'Departamento de Comayagua', ''),
(724, 98, 'Departamento de Copan', ''),
(725, 98, 'Departamento de Cortes', ''),
(726, 98, 'Departamento de El Paraiso', ''),
(727, 98, 'Departamento de Francisco Morazan', ''),
(728, 98, 'Departamento de Gracias a Dios', ''),
(729, 98, 'Departamento de Intibuca', ''),
(730, 98, 'Departamento de Lempira', ''),
(731, 98, 'Departamento de Santa Barbara', ''),
(732, 98, 'Departamento de Valle', ''),
(733, 98, 'Departamento de Yoro', ''),
(734, 99, 'Central and Western District', ''),
(735, 99, 'Eastern', ''),
(736, 99, 'Kowloon City', ''),
(737, 99, 'Kwon Tong', ''),
(738, 99, 'Sha Tin', ''),
(739, 99, 'Sham Shui Po', ''),
(740, 99, 'Southern', ''),
(741, 99, 'Wanchai', ''),
(742, 99, 'Wong Tai Sin', ''),
(743, 99, 'Yau Tsim Mong', ''),
(744, 99, 'Yuen Long District', ''),
(745, 100, 'Bács-Kiskun', ''),
(746, 100, 'Baranya', ''),
(747, 100, 'Bekes', ''),
(748, 100, 'Borsod-Abaúj-Zemplén', ''),
(749, 100, 'Budapest fovaros', ''),
(750, 100, 'Csongrad megye', ''),
(751, 100, 'Fejér', ''),
(752, 100, 'Győr-Moson-Sopron', ''),
(753, 100, 'Hajdú-Bihar', ''),
(754, 100, 'Heves megye', ''),
(755, 100, 'Jász-Nagykun-Szolnok', ''),
(756, 100, 'Komárom-Esztergom', ''),
(757, 100, 'Nograd megye', ''),
(758, 100, 'Pest megye', ''),
(759, 100, 'Somogy megye', ''),
(760, 100, 'Szabolcs-Szatmár-Bereg', ''),
(761, 100, 'Tolna megye', ''),
(762, 100, 'Vas', ''),
(763, 100, 'Veszprem megye', ''),
(764, 100, 'Zala', ''),
(765, 101, 'Capital Region', ''),
(766, 101, 'East', ''),
(767, 101, 'Northeast', ''),
(768, 101, 'Northwest', ''),
(769, 101, 'South', ''),
(770, 101, 'Southern Peninsula', ''),
(771, 101, 'West', ''),
(772, 101, 'Westfjords', ''),
(773, 102, 'Andhra Pradesh', ''),
(774, 102, 'Arunachal Pradesh', ''),
(775, 102, 'Assam', ''),
(776, 102, 'Bihar', ''),
(777, 102, 'Chandigarh', ''),
(778, 102, 'Dadra and Nagar Haveli', ''),
(779, 102, 'Daman and Diu', ''),
(780, 102, 'Goa', ''),
(781, 102, 'Gujarat', ''),
(782, 102, 'Haryana', ''),
(783, 102, 'Karnataka', ''),
(784, 102, 'Kashmir', ''),
(785, 102, 'Kerala', ''),
(786, 102, 'Laccadives', ''),
(787, 102, 'Madhya Pradesh', ''),
(788, 102, 'Maharashtra', ''),
(789, 102, 'Manipur', ''),
(790, 102, 'Meghalaya', ''),
(791, 102, 'Mizoram', ''),
(792, 102, 'Nagaland', ''),
(793, 102, 'National Capital Territory of Delhi', ''),
(794, 102, 'Odisha', ''),
(795, 102, 'Rajasthan', ''),
(796, 102, 'Sikkim', ''),
(797, 102, 'State of Chhattisgarh', ''),
(798, 102, 'State of Himachal Pradesh', ''),
(799, 102, 'State of Jharkhand', ''),
(800, 102, 'State of Punjab', ''),
(801, 102, 'Tamil Nadu', ''),
(802, 102, 'Telangana', ''),
(803, 102, 'Tripura', ''),
(804, 102, 'Union Territory of Andaman and Nicobar Islands', ''),
(805, 102, 'Union Territory of Puducherry', ''),
(806, 102, 'Uttar Pradesh', ''),
(807, 102, 'Uttarakhand', ''),
(808, 102, 'West Bengal', ''),
(809, 103, 'Bali', ''),
(810, 103, 'Bangka–Belitung Islands', ''),
(811, 103, 'Banten', ''),
(812, 103, 'Central Java', ''),
(813, 103, 'Central Kalimantan', ''),
(814, 103, 'Central Sulawesi', ''),
(815, 103, 'Daerah Istimewa Yogyakarta', ''),
(816, 103, 'Daerah Khusus Ibukota Jakarta', ''),
(817, 103, 'East Java', ''),
(818, 103, 'East Kalimantan', ''),
(819, 103, 'East Nusa Tenggara', ''),
(820, 103, 'Nanggroe Aceh Darussalam Province', ''),
(821, 103, 'North Kalimantan', ''),
(822, 103, 'North Sulawesi', ''),
(823, 103, 'North Sumatra', ''),
(824, 103, 'Propinsi Bengkulu', ''),
(825, 103, 'Provinsi Gorontalo', ''),
(826, 103, 'Provinsi Jambi', ''),
(827, 103, 'Provinsi Lampung', ''),
(828, 103, 'Provinsi Maluku', ''),
(829, 103, 'Provinsi Maluku Utara', ''),
(830, 103, 'Provinsi Papua', ''),
(831, 103, 'Provinsi Riau', ''),
(832, 103, 'Provinsi Sulawesi Barat', ''),
(833, 103, 'Riau Islands', ''),
(834, 103, 'South Kalimantan', ''),
(835, 103, 'South Sulawesi', ''),
(836, 103, 'South Sumatra', ''),
(837, 103, 'Sulawesi Tenggara', ''),
(838, 103, 'West Java', ''),
(839, 103, 'West Kalimantan', ''),
(840, 103, 'West Nusa Tenggara', ''),
(841, 103, 'West Papua', ''),
(842, 103, 'West Sumatra', ''),
(843, 104, 'Alborz', ''),
(844, 104, 'Bushehr', ''),
(845, 104, 'East Azerbaijan', ''),
(846, 104, 'Fars', ''),
(847, 104, 'Hormozgan', ''),
(848, 104, 'Isfahan', ''),
(849, 104, 'Kerman', ''),
(850, 104, 'Khuzestan', ''),
(851, 104, 'Markazi', ''),
(852, 104, 'Māzandarān', ''),
(853, 104, 'Ostan-e Ardabil', ''),
(854, 104, 'Ostan-e Azarbayjan-e Gharbi', ''),
(855, 104, 'Ostan-e Chahar Mahal va Bakhtiari', ''),
(856, 104, 'Ostan-e Gilan', ''),
(857, 104, 'Ostan-e Golestan', ''),
(858, 104, 'Ostan-e Hamadan', ''),
(859, 104, 'Ostan-e Ilam', ''),
(860, 104, 'Ostan-e Kermanshah', ''),
(861, 104, 'Ostan-e Khorasan-e Jonubi', ''),
(862, 104, 'Ostan-e Khorasan-e Shomali', ''),
(863, 104, 'Ostan-e Kohgiluyeh va Bowyer Ahmad', ''),
(864, 104, 'Ostan-e Kordestan', ''),
(865, 104, 'Ostan-e Lorestan', ''),
(866, 104, 'Ostan-e Qazvin', ''),
(867, 104, 'Ostan-e Tehran', ''),
(868, 104, 'Qom', ''),
(869, 104, 'Razavi Khorasan', ''),
(870, 104, 'Semnān', ''),
(871, 104, 'Sistan and Baluchestan', ''),
(872, 104, 'Yazd', ''),
(873, 104, 'Zanjan', ''),
(874, 105, 'An Najaf', ''),
(875, 105, 'Anbar', ''),
(876, 105, 'Basra Governorate', ''),
(877, 105, 'Dhi Qar', ''),
(878, 105, 'Dihok', ''),
(879, 105, 'Diyālá', ''),
(880, 105, 'Mayorality of Baghdad', ''),
(881, 105, 'Maysan', ''),
(882, 105, 'Muhafazat al Muthanna', ''),
(883, 105, 'Muhafazat Arbil', ''),
(884, 105, 'Muhafazat as Sulaymaniyah', ''),
(885, 105, 'Muhafazat Babil', ''),
(886, 105, 'Muhafazat Karbala\'', ''),
(887, 105, 'Muhafazat Kirkuk', ''),
(888, 105, 'Muhafazat Ninawa', ''),
(889, 106, 'Connaught', ''),
(890, 106, 'Leinster', ''),
(891, 106, 'Munster', ''),
(892, 106, 'Ulster', ''),
(893, 108, 'Central District', ''),
(894, 108, 'Haifa', ''),
(895, 108, 'Jerusalem', ''),
(896, 108, 'Northern District', ''),
(897, 108, 'Southern District', ''),
(898, 108, 'Tel Aviv', ''),
(899, 109, 'Abruzzo', ''),
(900, 109, 'Aosta Valley', ''),
(901, 109, 'Apulia', ''),
(902, 109, 'Basilicate', ''),
(903, 109, 'Calabria', ''),
(904, 109, 'Campania', ''),
(905, 109, 'Emilia-Romagna', ''),
(906, 109, 'Friuli Venezia Giulia', ''),
(907, 109, 'Latium', ''),
(908, 109, 'Liguria', ''),
(909, 109, 'Lombardy', ''),
(910, 109, 'Molise', ''),
(911, 109, 'Piedmont', ''),
(912, 109, 'Sardinia', ''),
(913, 109, 'Sicily', ''),
(914, 109, 'The Marches', ''),
(915, 109, 'Trentino-Alto Adige', ''),
(916, 109, 'Tuscany', ''),
(917, 109, 'Umbria', ''),
(918, 109, 'Veneto', ''),
(919, 110, 'Haut-Sassandra', ''),
(920, 110, 'Lagunes', ''),
(921, 110, 'Vallee du Bandama', ''),
(922, 111, 'Kingston', ''),
(923, 111, 'Parish of Clarendon', ''),
(924, 111, 'Parish of Manchester', ''),
(925, 111, 'Parish of Saint Andrew', ''),
(926, 111, 'Parish of Saint Ann', ''),
(927, 111, 'Parish of Saint Catherine', ''),
(928, 111, 'Parish of Saint James', ''),
(929, 111, 'Parish of Saint Mary', ''),
(930, 111, 'Parish of Saint Thomas', ''),
(931, 111, 'Parish of Westmoreland', ''),
(932, 112, 'Aichi', ''),
(933, 112, 'Akita', ''),
(934, 112, 'Aomori', ''),
(935, 112, 'Chiba', ''),
(936, 112, 'Ehime', ''),
(937, 112, 'Fukui', ''),
(938, 112, 'Fukuoka', ''),
(939, 112, 'Fukushima-ken', ''),
(940, 112, 'Gifu', ''),
(941, 112, 'Gunma', ''),
(942, 112, 'Hiroshima', ''),
(943, 112, 'Hokkaido', ''),
(944, 112, 'Hyōgo', ''),
(945, 112, 'Ibaraki', ''),
(946, 112, 'Ishikawa', ''),
(947, 112, 'Iwate', ''),
(948, 112, 'Kagawa', ''),
(949, 112, 'Kagoshima', ''),
(950, 112, 'Kanagawa', ''),
(951, 112, 'Kochi', ''),
(952, 112, 'Kumamoto', ''),
(953, 112, 'Kyoto', ''),
(954, 112, 'Mie', ''),
(955, 112, 'Miyagi', ''),
(956, 112, 'Miyazaki', ''),
(957, 112, 'Nagano', ''),
(958, 112, 'Nagasaki', ''),
(959, 112, 'Nara', ''),
(960, 112, 'Niigata', ''),
(961, 112, 'Oita', ''),
(962, 112, 'Okayama', ''),
(963, 112, 'Okinawa', ''),
(964, 112, 'Ōsaka', ''),
(965, 112, 'Saga Prefecture', ''),
(966, 112, 'Saitama', ''),
(967, 112, 'Shiga Prefecture', ''),
(968, 112, 'Shimane', ''),
(969, 112, 'Shizuoka', ''),
(970, 112, 'Tochigi', ''),
(971, 112, 'Tokushima', ''),
(972, 112, 'Tokyo', ''),
(973, 112, 'Tottori', ''),
(974, 112, 'Toyama', ''),
(975, 112, 'Wakayama', ''),
(976, 112, 'Yamagata', ''),
(977, 112, 'Yamaguchi', ''),
(978, 112, 'Yamanashi', ''),
(979, 113, 'Saint Helier', ''),
(980, 113, 'Saint Lawrence', ''),
(981, 113, 'Saint Peter', ''),
(982, 113, 'St. Brelade', ''),
(983, 114, 'Aktyubinskaya Oblast', ''),
(984, 114, 'Almaty Oblysy', ''),
(985, 114, 'Almaty Qalasy', ''),
(986, 114, 'Aqmola Oblysy', ''),
(987, 114, 'Astana Qalasy', ''),
(988, 114, 'Atyrau Oblysy', ''),
(989, 114, 'Batys Qazaqstan Oblysy', ''),
(990, 114, 'East Kazakhstan', ''),
(991, 114, 'Mangistauskaya Oblast', ''),
(992, 114, 'Pavlodar Oblysy', ''),
(993, 114, 'Qaraghandy Oblysy', ''),
(994, 114, 'Qostanay Oblysy', ''),
(995, 114, 'Qyzylorda Oblysy', ''),
(996, 114, 'Severo-Kazakhstanskaya Oblast', ''),
(997, 114, 'Yuzhno-Kazakhstanskaya Oblast', ''),
(998, 114, 'Zhambyl Oblysy', ''),
(999, 115, 'Garissa District', ''),
(1000, 115, 'Homa Bay District', ''),
(1001, 115, 'Kajiado District', ''),
(1002, 115, 'Kiambu District', ''),
(1003, 115, 'Kirinyaga District', ''),
(1004, 115, 'Kisii District', ''),
(1005, 115, 'Kisumu', ''),
(1006, 115, 'Kitui District', ''),
(1007, 115, 'Kwale District', ''),
(1008, 115, 'Machakos District', ''),
(1009, 115, 'Makueni District', ''),
(1010, 115, 'Mandera District', ''),
(1011, 115, 'Meru Central District', ''),
(1012, 115, 'Mombasa District', ''),
(1013, 115, 'Nairobi Province', ''),
(1014, 115, 'Nakuru District', ''),
(1015, 115, 'Nandi South District', ''),
(1016, 115, 'Nyeri District', ''),
(1017, 115, 'Siaya District', ''),
(1018, 115, 'Tharaka District', ''),
(1019, 115, 'Trans Nzoia District', ''),
(1020, 115, 'Uasin Gishu', ''),
(1021, 116, 'Gilbert Islands', ''),
(1022, 117, 'Komuna e Gjilanit', ''),
(1023, 117, 'Komuna e Mitrovices', ''),
(1024, 117, 'Komuna e Prishtines', ''),
(1025, 118, 'Al Aḩmadī', ''),
(1026, 118, 'Al Asimah', ''),
(1027, 118, 'Al Farwaniyah', ''),
(1028, 118, 'Muhafazat Hawalli', ''),
(1029, 119, 'Gorod Bishkek', ''),
(1030, 119, 'Osh Oblasty', ''),
(1031, 120, 'Khammouan', ''),
(1032, 120, 'Khoueng Savannakhet', ''),
(1033, 120, 'Vientiane', ''),
(1034, 121, 'Baldone', ''),
(1035, 121, 'Balvu Novads', ''),
(1036, 121, 'Bauskas Novads', ''),
(1037, 121, 'Carnikava', ''),
(1038, 121, 'Cesu Novads', ''),
(1039, 121, 'Daugavpils', ''),
(1040, 121, 'Dobeles Rajons', ''),
(1041, 121, 'Gulbenes Rajons', ''),
(1042, 121, 'Ikšķile', ''),
(1043, 121, 'Jēkabpils Municipality', ''),
(1044, 121, 'Jelgava', ''),
(1045, 121, 'Jurmala', ''),
(1046, 121, 'Ķegums', ''),
(1047, 121, 'Ķekava', ''),
(1048, 121, 'Kraslavas Rajons', ''),
(1049, 121, 'Krimulda', ''),
(1050, 121, 'Kuldigas Rajons', ''),
(1051, 121, 'Lecava', ''),
(1052, 121, 'Liepaja', ''),
(1053, 121, 'Ludzas Rajons', ''),
(1054, 121, 'Mārupe', ''),
(1055, 121, 'Ogre', ''),
(1056, 121, 'Olaine', ''),
(1057, 121, 'Ozolnieku Novads', ''),
(1058, 121, 'Preili Municipality', ''),
(1059, 121, 'Rezekne', ''),
(1060, 121, 'Riga', ''),
(1061, 121, 'Rojas Novads', ''),
(1062, 121, 'Ropazu Novads', ''),
(1063, 121, 'Rundales Novads', ''),
(1064, 121, 'Salaspils Novads', ''),
(1065, 121, 'Saldus Municipality', ''),
(1066, 121, 'Siguldas Novads', ''),
(1067, 121, 'Smiltenes Novads', ''),
(1068, 121, 'Stopinu Novads', ''),
(1069, 121, 'Talsi Municipality', ''),
(1070, 121, 'Tukuma Rajons', ''),
(1071, 121, 'Valmiera District', ''),
(1072, 121, 'Ventspils', ''),
(1073, 121, 'Viesites Novads', ''),
(1074, 122, 'Beyrouth', ''),
(1075, 122, 'Mohafazat Aakkar', ''),
(1076, 122, 'Mohafazat Baalbek-Hermel', ''),
(1077, 122, 'Mohafazat Beqaa', ''),
(1078, 122, 'Mohafazat Liban-Nord', ''),
(1079, 122, 'Mohafazat Liban-Sud', ''),
(1080, 122, 'Mohafazat Mont-Liban', ''),
(1081, 123, 'Maseru', ''),
(1082, 124, 'Montserrado County', ''),
(1083, 124, 'Nimba County', ''),
(1084, 125, 'Sha\'biyat Banghazi', ''),
(1085, 125, 'Sha\'biyat Misratah', ''),
(1086, 125, 'Sha\'biyat Sabha', ''),
(1087, 125, 'Sha`biyat Nalut', ''),
(1088, 125, 'Tripoli', ''),
(1089, 126, 'Balzers', ''),
(1090, 126, 'Eschen', ''),
(1091, 126, 'Gemeinde Gamprin', ''),
(1092, 126, 'Mauren', ''),
(1093, 126, 'Planken', ''),
(1094, 126, 'Schaan', ''),
(1095, 126, 'Schellenberg', ''),
(1096, 126, 'Triesen', ''),
(1097, 126, 'Triesenberg', ''),
(1098, 126, 'Vaduz', ''),
(1099, 127, 'District de Diekirch', ''),
(1100, 127, 'District de Grevenmacher', ''),
(1101, 127, 'District de Luxembourg', ''),
(1102, 129, 'Bitola', ''),
(1103, 129, 'Čair', ''),
(1104, 129, 'Debar', ''),
(1105, 129, 'Demir Hisar', ''),
(1106, 129, 'Gevgelija', ''),
(1107, 129, 'Gostivar', ''),
(1108, 129, 'Ilinden', ''),
(1109, 129, 'Kavadarci', ''),
(1110, 129, 'Kumanovo', ''),
(1111, 129, 'Negotino', ''),
(1112, 129, 'Novo Selo', ''),
(1113, 129, 'Ohrid', ''),
(1114, 129, 'Opstina Caska', ''),
(1115, 129, 'Opstina Karpos', ''),
(1116, 129, 'Opstina Kicevo', ''),
(1117, 129, 'Opstina Kocani', ''),
(1118, 129, 'Opstina Radovis', ''),
(1119, 129, 'Opstina Stip', ''),
(1120, 129, 'Opstina Vevcani', ''),
(1121, 129, 'Prilep', ''),
(1122, 129, 'Struga', ''),
(1123, 129, 'Strumica', ''),
(1124, 129, 'Tetovo', ''),
(1125, 129, 'Veles', ''),
(1126, 130, 'Analamanga Region', ''),
(1127, 130, 'Atsimo-Andrefana Region', ''),
(1128, 130, 'Atsinanana Region', ''),
(1129, 130, 'Boeny Region', ''),
(1130, 130, 'Diana Region', ''),
(1131, 130, 'Sava Region', ''),
(1132, 130, 'Upper Matsiatra', ''),
(1133, 130, 'Vakinankaratra Region', ''),
(1134, 131, 'Central Region', ''),
(1135, 131, 'Northern Region', ''),
(1136, 131, 'Southern Region', ''),
(1137, 132, 'Johor', ''),
(1138, 132, 'Kedah', ''),
(1139, 132, 'Kelantan', ''),
(1140, 132, 'Kuala Lumpur', ''),
(1141, 132, 'Labuan', ''),
(1142, 132, 'Melaka', ''),
(1143, 132, 'Negeri Sembilan', ''),
(1144, 132, 'Pahang', ''),
(1145, 132, 'Penang', ''),
(1146, 132, 'Perak', ''),
(1147, 132, 'Perlis', ''),
(1148, 132, 'Putrajaya', ''),
(1149, 132, 'Sabah', ''),
(1150, 132, 'Sarawak', ''),
(1151, 132, 'Selangor', ''),
(1152, 132, 'Terengganu', ''),
(1153, 133, 'Kaafu Atoll', ''),
(1154, 134, 'Bamako Region', ''),
(1155, 134, 'Sikasso', ''),
(1156, 135, 'Attard', ''),
(1157, 135, 'Balzan', ''),
(1158, 135, 'Birkirkara', ''),
(1159, 135, 'Birzebbuga', ''),
(1160, 135, 'Bormla', ''),
(1161, 135, 'Dingli', ''),
(1162, 135, 'Ghajnsielem', ''),
(1163, 135, 'Hal Gharghur', ''),
(1164, 135, 'Hal Ghaxaq', ''),
(1165, 135, 'Haz-Zabbar', ''),
(1166, 135, 'Haz-Zebbug', ''),
(1167, 135, 'Il-Belt Valletta', ''),
(1168, 135, 'Il-Birgu', ''),
(1169, 135, 'Il-Fgura', ''),
(1170, 135, 'Il-Furjana', ''),
(1171, 135, 'Il-Gudja', ''),
(1172, 135, 'Il-Gzira', ''),
(1173, 135, 'Il-Hamrun', ''),
(1174, 135, 'Il-Kalkara', ''),
(1175, 135, 'Il-Marsa', ''),
(1176, 135, 'Il-Mellieha', ''),
(1177, 135, 'Il-Mosta', ''),
(1178, 135, 'Il-Munxar', ''),
(1179, 135, 'Il-Qala', ''),
(1180, 135, 'In-Nadur', ''),
(1181, 135, 'In-Naxxar', ''),
(1182, 135, 'Ir-Rabat', ''),
(1183, 135, 'Is-Siggiewi', ''),
(1184, 135, 'Is-Swieqi', ''),
(1185, 135, 'Ix-Xaghra', ''),
(1186, 135, 'Ix-Xewkija', ''),
(1187, 135, 'Ix-Xghajra', ''),
(1188, 135, 'Iz-Zebbug', ''),
(1189, 135, 'Iz-Zejtun', ''),
(1190, 135, 'Iz-Zurrieq', ''),
(1191, 135, 'Kirkop', ''),
(1192, 135, 'L-Gharb', ''),
(1193, 135, 'L-Ghasri', ''),
(1194, 135, 'L-Iklin', ''),
(1195, 135, 'L-Imdina', ''),
(1196, 135, 'L-Imgarr', ''),
(1197, 135, 'L-Imqabba', ''),
(1198, 135, 'L-Imsida', ''),
(1199, 135, 'L-Imtarfa', ''),
(1200, 135, 'L-Isla', ''),
(1201, 135, 'Lija', ''),
(1202, 135, 'Luqa', ''),
(1203, 135, 'Marsaskala', ''),
(1204, 135, 'Marsaxlokk', ''),
(1205, 135, 'Paola', ''),
(1206, 135, 'Qormi', ''),
(1207, 135, 'Safi', ''),
(1208, 135, 'Saint John', ''),
(1209, 135, 'Saint Julian', ''),
(1210, 135, 'Saint Lawrence', ''),
(1211, 135, 'Saint Lucia', ''),
(1212, 135, 'Saint Paul’s Bay', ''),
(1213, 135, 'Saint Venera', ''),
(1214, 135, 'Sannat', ''),
(1215, 135, 'Ta\' Xbiex', ''),
(1216, 135, 'Tal-Pieta', ''),
(1217, 135, 'Tarxien', ''),
(1218, 135, 'Tas-Sliema', ''),
(1219, 135, 'Victoria', ''),
(1220, 136, 'Majuro Atoll', ''),
(1221, 138, 'District de Nouakchott', ''),
(1222, 139, 'Black River District', ''),
(1223, 139, 'Flacq District', ''),
(1224, 139, 'Moka District', ''),
(1225, 139, 'Pamplemousses District', ''),
(1226, 139, 'Plaines Wilhems District', ''),
(1227, 139, 'Port Louis District', ''),
(1228, 139, 'Riviere du Rempart District', ''),
(1229, 139, 'Rodrigues', ''),
(1230, 139, 'Savanne District', ''),
(1231, 140, 'Acoua', ''),
(1232, 140, 'Bandrele', ''),
(1233, 140, 'Chiconi', ''),
(1234, 140, 'Koungou', ''),
(1235, 140, 'Mamoudzou', ''),
(1236, 140, 'Ouangani', ''),
(1237, 140, 'Tsingoni', ''),
(1238, 141, 'Aguascalientes', ''),
(1239, 141, 'Baja California Sur', ''),
(1240, 141, 'Campeche', ''),
(1241, 141, 'Chiapas', ''),
(1242, 141, 'Chihuahua', ''),
(1243, 141, 'Coahuila', ''),
(1244, 141, 'Colima', ''),
(1245, 141, 'Durango', ''),
(1246, 141, 'Estado de Baja California', ''),
(1247, 141, 'Estado de Mexico', ''),
(1248, 141, 'Guanajuato', ''),
(1249, 141, 'Guerrero', ''),
(1250, 141, 'Hidalgo', ''),
(1251, 141, 'Jalisco', ''),
(1252, 141, 'Mexico City', ''),
(1253, 141, 'Michoacán', ''),
(1254, 141, 'Morelos', ''),
(1255, 141, 'Nayarit', ''),
(1256, 141, 'Nuevo León', ''),
(1257, 141, 'Oaxaca', ''),
(1258, 141, 'Puebla', ''),
(1259, 141, 'Querétaro', ''),
(1260, 141, 'Quintana Roo', ''),
(1261, 141, 'San Luis Potosí', ''),
(1262, 141, 'Sinaloa', ''),
(1263, 141, 'Sonora', ''),
(1264, 141, 'Tabasco', ''),
(1265, 141, 'Tamaulipas', ''),
(1266, 141, 'Tlaxcala', ''),
(1267, 141, 'Veracruz', ''),
(1268, 141, 'Yucatán', ''),
(1269, 141, 'Zacatecas', ''),
(1270, 143, 'Arhangay Aymag', ''),
(1271, 143, 'Bayan-OElgiy Aymag', ''),
(1272, 143, 'Bayanhongor Aymag', ''),
(1273, 143, 'Bulgan', ''),
(1274, 143, 'Central Aimak', ''),
(1275, 143, 'Darhan-Uul Aymag', ''),
(1276, 143, 'East Aimak', ''),
(1277, 143, 'East Gobi Aymag', ''),
(1278, 143, 'Govi-Altay Aymag', ''),
(1279, 143, 'Govi-Sumber', ''),
(1280, 143, 'Hentiy Aymag', ''),
(1281, 143, 'Hovd', ''),
(1282, 143, 'Hovsgol Aymag', ''),
(1283, 143, 'Middle Govĭ', ''),
(1284, 143, 'Ömnögovĭ', ''),
(1285, 143, 'Övörhangay', ''),
(1286, 143, 'Selenge Aymag', ''),
(1287, 143, 'Suhbaatar Aymag', ''),
(1288, 143, 'Ulaanbaatar Hot', ''),
(1289, 144, 'Budva', ''),
(1290, 144, 'Herceg Novi', ''),
(1291, 144, 'Kotor', ''),
(1292, 144, 'Opstina Niksic', ''),
(1293, 144, 'Podgorica', ''),
(1294, 144, 'Ulcinj', ''),
(1295, 145, 'Parish of Saint Peter', ''),
(1296, 146, 'Chaouia-Ouardigha', ''),
(1297, 146, 'Doukkala-Abda', ''),
(1298, 146, 'Gharb-Chrarda-Beni Hssen', ''),
(1299, 146, 'Guelmim-Es Semara', ''),
(1300, 146, 'Laayoune-Boujdour-Sakia El Hamra', ''),
(1301, 146, 'Marrakech-Tensift-Al Haouz', ''),
(1302, 146, 'Oriental', ''),
(1303, 146, 'Region de Fes-Boulemane', ''),
(1304, 146, 'Region de Meknes-Tafilalet', ''),
(1305, 146, 'Region de Rabat-Sale-Zemmour-Zaer', ''),
(1306, 146, 'Region de Souss-Massa-Draa', ''),
(1307, 146, 'Region de Tanger-Tetouan', ''),
(1308, 146, 'Region du Grand Casablanca', ''),
(1309, 146, 'Tadla-Azilal', ''),
(1310, 146, 'Taza-Al Hoceima-Taounate', ''),
(1311, 147, 'Cabo Delgado Province', ''),
(1312, 147, 'Cidade de Maputo', ''),
(1313, 147, 'Gaza Province', ''),
(1314, 147, 'Inhambane Province', ''),
(1315, 147, 'Manica Province', ''),
(1316, 147, 'Maputo Province', ''),
(1317, 147, 'Nampula', ''),
(1318, 147, 'Niassa Province', ''),
(1319, 147, 'Provincia de Zambezia', ''),
(1320, 147, 'Sofala Province', ''),
(1321, 147, 'Tete', ''),
(1322, 148, 'Kayin State', ''),
(1323, 148, 'Magway Region', ''),
(1324, 148, 'Mandalay Region', ''),
(1325, 148, 'Shan State', ''),
(1326, 148, 'Yangon Region', ''),
(1327, 149, 'Erongo', ''),
(1328, 149, 'Karas', ''),
(1329, 149, 'Kavango East', ''),
(1330, 149, 'Khomas', ''),
(1331, 149, 'Omaheke', ''),
(1332, 149, 'Omusati', ''),
(1333, 149, 'Oshana', ''),
(1334, 149, 'Oshikoto', ''),
(1335, 149, 'Otjozondjupa', ''),
(1336, 149, 'Zambezi Region', ''),
(1337, 150, 'Anabar', ''),
(1338, 151, 'Central Region', ''),
(1339, 151, 'Eastern Region', ''),
(1340, 151, 'Western Region', ''),
(1341, 152, 'Friesland', ''),
(1342, 152, 'Groningen', ''),
(1343, 152, 'Limburg', ''),
(1344, 152, 'North Brabant', ''),
(1345, 152, 'North Holland', ''),
(1346, 152, 'Provincie Drenthe', ''),
(1347, 152, 'Provincie Flevoland', ''),
(1348, 152, 'Provincie Gelderland', ''),
(1349, 152, 'Provincie Overijssel', ''),
(1350, 152, 'Provincie Utrecht', ''),
(1351, 152, 'Provincie Zeeland', ''),
(1352, 152, 'South Holland', ''),
(1353, 153, 'South Province', ''),
(1354, 154, 'Auckland', ''),
(1355, 154, 'Bay of Plenty', ''),
(1356, 154, 'Canterbury', ''),
(1357, 154, 'Chatham Islands', ''),
(1358, 154, 'Gisborne', ''),
(1359, 154, 'Hawke\'s Bay', ''),
(1360, 154, 'Manawatu-Wanganui', ''),
(1361, 154, 'Marlborough', ''),
(1362, 154, 'Nelson', ''),
(1363, 154, 'Northland', ''),
(1364, 154, 'Otago', ''),
(1365, 154, 'Southland', ''),
(1366, 154, 'Taranaki', ''),
(1367, 154, 'Tasman', ''),
(1368, 154, 'Waikato', ''),
(1369, 154, 'Wellington', ''),
(1370, 154, 'West Coast', ''),
(1371, 155, 'Departamento de Carazo', ''),
(1372, 155, 'Departamento de Chinandega', ''),
(1373, 155, 'Departamento de Esteli', ''),
(1374, 155, 'Departamento de Leon', ''),
(1375, 155, 'Departamento de Managua', ''),
(1376, 155, 'Departamento de Masaya', ''),
(1377, 155, 'Departamento de Matagalpa', ''),
(1378, 155, 'Departamento de Nueva Segovia', ''),
(1379, 155, 'Departamento de Rivas', ''),
(1380, 155, 'Region Autonoma Atlantico Sur', ''),
(1381, 156, 'Niamey', ''),
(1382, 157, 'Adamawa', ''),
(1383, 157, 'Akwa Ibom State', ''),
(1384, 157, 'Anambra', ''),
(1385, 157, 'Bauchi', ''),
(1386, 157, 'Bayelsa State', ''),
(1387, 157, 'Benue State', ''),
(1388, 157, 'Cross River State', ''),
(1389, 157, 'Delta', ''),
(1390, 157, 'Ebonyi State', ''),
(1391, 157, 'Edo', ''),
(1392, 157, 'Ekiti State', ''),
(1393, 157, 'Enugu State', ''),
(1394, 157, 'Federal Capital Territory', ''),
(1395, 157, 'Gombe State', ''),
(1396, 157, 'Imo State', ''),
(1397, 157, 'Kaduna State', ''),
(1398, 157, 'Kano State', ''),
(1399, 157, 'Katsina State', ''),
(1400, 157, 'Kebbi State', ''),
(1401, 157, 'Kogi State', ''),
(1402, 157, 'Kwara State', ''),
(1403, 157, 'Lagos', ''),
(1404, 157, 'Niger State', ''),
(1405, 157, 'Ogun State', ''),
(1406, 157, 'Ondo State', ''),
(1407, 157, 'Osun State', ''),
(1408, 157, 'Oyo State', ''),
(1409, 157, 'Plateau State', ''),
(1410, 157, 'Rivers State', ''),
(1411, 157, 'Sokoto State', ''),
(1412, 157, 'Taraba State', ''),
(1413, 157, 'Yobe State', ''),
(1414, 157, 'Zamfara State', ''),
(1415, 160, 'Chagang-do', ''),
(1416, 160, 'Pyongyang', ''),
(1417, 161, 'Saipan', ''),
(1418, 162, 'Akershus', ''),
(1419, 162, 'Aust-Agder', ''),
(1420, 162, 'Buskerud', ''),
(1421, 162, 'Finnmark Fylke', ''),
(1422, 162, 'Hedmark', ''),
(1423, 162, 'Hordaland Fylke', ''),
(1424, 162, 'More og Romsdal fylke', ''),
(1425, 162, 'Nord-Trondelag Fylke', ''),
(1426, 162, 'Nordland Fylke', ''),
(1427, 162, 'Oppland', ''),
(1428, 162, 'Oslo County', ''),
(1429, 162, 'Rogaland Fylke', ''),
(1430, 162, 'Sogn og Fjordane Fylke', ''),
(1431, 162, 'Sor-Trondelag Fylke', ''),
(1432, 162, 'Telemark', ''),
(1433, 162, 'Troms Fylke', ''),
(1434, 162, 'Vest-Agder Fylke', ''),
(1435, 162, 'Vestfold', ''),
(1436, 162, 'Østfold', ''),
(1437, 163, 'Al Batinah', ''),
(1438, 163, 'Muhafazat Masqat', ''),
(1439, 163, 'Muhafazat Zufar', ''),
(1440, 164, 'Azad Kashmir', ''),
(1441, 164, 'Balochistan', ''),
(1442, 164, 'Federally Administered Tribal Areas', ''),
(1443, 164, 'Islamabad Capital Territory', ''),
(1444, 164, 'Khyber Pakhtunkhwa', ''),
(1445, 164, 'Punjab', ''),
(1446, 164, 'Sindh', ''),
(1447, 166, 'Gaza Strip', ''),
(1448, 166, 'West Bank', ''),
(1449, 167, 'Embera-Wounaan', ''),
(1450, 167, 'Guna Yala', ''),
(1451, 167, 'Ngoebe-Bugle', ''),
(1452, 167, 'Provincia de Bocas del Toro', ''),
(1453, 167, 'Provincia de Chiriqui', ''),
(1454, 167, 'Provincia de Cocle', ''),
(1455, 167, 'Provincia de Colon', ''),
(1456, 167, 'Provincia de Herrera', ''),
(1457, 167, 'Provincia de Los Santos', ''),
(1458, 167, 'Provincia de Panama', ''),
(1459, 167, 'Provincia de Veraguas', ''),
(1460, 167, 'Provincia del Darien', ''),
(1461, 168, 'Bougainville', ''),
(1462, 168, 'Central Province', ''),
(1463, 168, 'Chimbu Province', ''),
(1464, 168, 'East New Britain Province', ''),
(1465, 168, 'East Sepik Province', ''),
(1466, 168, 'Eastern Highlands Province', ''),
(1467, 168, 'Enga Province', ''),
(1468, 168, 'Gulf Province', ''),
(1469, 168, 'Madang Province', ''),
(1470, 168, 'Manus Province', ''),
(1471, 168, 'Milne Bay Province', ''),
(1472, 168, 'National Capital', ''),
(1473, 168, 'New Ireland', ''),
(1474, 168, 'Northern Province', ''),
(1475, 168, 'Southern Highlands Province', ''),
(1476, 168, 'West New Britain Province', ''),
(1477, 168, 'West Sepik Province', ''),
(1478, 168, 'Western Highlands Province', ''),
(1479, 168, 'Western Province', ''),
(1480, 169, 'Asuncion', ''),
(1481, 169, 'Departamento Central', ''),
(1482, 169, 'Departamento de Alto Paraguay', ''),
(1483, 169, 'Departamento de Boqueron', ''),
(1484, 169, 'Departamento de Caazapa', ''),
(1485, 169, 'Departamento de Itapua', ''),
(1486, 169, 'Departamento de Misiones', ''),
(1487, 169, 'Departamento del Alto Parana', ''),
(1488, 169, 'Departamento del Guaira', ''),
(1489, 170, 'Amazonas', ''),
(1490, 170, 'Ancash', ''),
(1491, 170, 'Apurimac', ''),
(1492, 170, 'Arequipa', ''),
(1493, 170, 'Ayacucho', ''),
(1494, 170, 'Cajamarca', ''),
(1495, 170, 'Callao', ''),
(1496, 170, 'Cusco', ''),
(1497, 170, 'Departamento de Moquegua', ''),
(1498, 170, 'Huancavelica', ''),
(1499, 170, 'Ica', ''),
(1500, 170, 'Junin', ''),
(1501, 170, 'La Libertad', ''),
(1502, 170, 'Lambayeque', ''),
(1503, 170, 'Lima', ''),
(1504, 170, 'Loreto', ''),
(1505, 170, 'Pasco', ''),
(1506, 170, 'Piura', ''),
(1507, 170, 'Provincia de Lima', ''),
(1508, 170, 'Puno', ''),
(1509, 170, 'Region de Huanuco', ''),
(1510, 170, 'Region de San Martin', ''),
(1511, 170, 'Tacna', ''),
(1512, 170, 'Tumbes', ''),
(1513, 170, 'Ucayali', ''),
(1514, 171, 'Autonomous Region in Muslim Mindanao', ''),
(1515, 171, 'Bicol', ''),
(1516, 171, 'Cagayan Valley', ''),
(1517, 171, 'Calabarzon', ''),
(1518, 171, 'Caraga', ''),
(1519, 171, 'Central Luzon', ''),
(1520, 171, 'Central Visayas', ''),
(1521, 171, 'Cordillera', ''),
(1522, 171, 'Davao', ''),
(1523, 171, 'Eastern Visayas', ''),
(1524, 171, 'Ilocos', ''),
(1525, 171, 'Mimaropa', ''),
(1526, 171, 'National Capital Region', ''),
(1527, 171, 'Northern Mindanao', ''),
(1528, 171, 'Soccsksargen', ''),
(1529, 171, 'Western Visayas', ''),
(1530, 171, 'Zamboanga Peninsula', ''),
(1531, 173, 'Greater Poland Voivodeship', ''),
(1532, 173, 'Kujawsko-Pomorskie', ''),
(1533, 173, 'Lesser Poland Voivodeship', ''),
(1534, 173, 'Lower Silesian Voivodeship', ''),
(1535, 173, 'Lublin Voivodeship', ''),
(1536, 173, 'Lubusz', ''),
(1537, 173, 'Masovian Voivodeship', ''),
(1538, 173, 'Opole Voivodeship', ''),
(1539, 173, 'Podlasie', ''),
(1540, 173, 'Pomeranian Voivodeship', ''),
(1541, 173, 'Silesian Voivodeship', ''),
(1542, 173, 'Subcarpathian Voivodeship', ''),
(1543, 173, 'Świętokrzyskie', ''),
(1544, 173, 'Warmian-Masurian Voivodeship', ''),
(1545, 173, 'West Pomeranian Voivodeship', ''),
(1546, 173, 'Łódź Voivodeship', ''),
(1547, 174, 'Aveiro', ''),
(1548, 174, 'Azores', ''),
(1549, 174, 'Bragança', ''),
(1550, 174, 'Distrito da Guarda', ''),
(1551, 174, 'Distrito de Beja', ''),
(1552, 174, 'Distrito de Braga', ''),
(1553, 174, 'Distrito de Castelo Branco', ''),
(1554, 174, 'Distrito de Coimbra', ''),
(1555, 174, 'Distrito de Evora', ''),
(1556, 174, 'Distrito de Faro', ''),
(1557, 174, 'Distrito de Leiria', ''),
(1558, 174, 'Distrito de Portalegre', ''),
(1559, 174, 'Distrito de Santarem', ''),
(1560, 174, 'Distrito de Viana do Castelo', ''),
(1561, 174, 'Distrito de Vila Real', ''),
(1562, 174, 'Distrito de Viseu', ''),
(1563, 174, 'Distrito do Porto', ''),
(1564, 174, 'Lisbon', ''),
(1565, 174, 'Madeira', ''),
(1566, 174, 'Setúbal', ''),
(1567, 175, 'Adjuntas', ''),
(1568, 175, 'Aguada', ''),
(1569, 175, 'Aguadilla', ''),
(1570, 175, 'Aguas Buenas', ''),
(1571, 175, 'Aibonito', ''),
(1572, 175, 'Anasco', ''),
(1573, 175, 'Arecibo', ''),
(1574, 175, 'Arroyo', ''),
(1575, 175, 'Barceloneta', ''),
(1576, 175, 'Barranquitas', ''),
(1577, 175, 'Bayamon Municipio', ''),
(1578, 175, 'Cabo Rojo Municipio', ''),
(1579, 175, 'Caguas Municipio', ''),
(1580, 175, 'Camuy Municipio', ''),
(1581, 175, 'Canovanas Municipio', '');
INSERT INTO `regions` (`region_id`, `country_id`, `region`, `region_code`) VALUES
(1582, 175, 'Carolina Municipio', ''),
(1583, 175, 'Catano Municipio', ''),
(1584, 175, 'Cayey Municipio', ''),
(1585, 175, 'Ceiba Municipio', ''),
(1586, 175, 'Ciales Municipio', ''),
(1587, 175, 'Cidra Municipio', ''),
(1588, 175, 'Coamo Municipio', ''),
(1589, 175, 'Comerio Municipio', ''),
(1590, 175, 'Corozal Municipio', ''),
(1591, 175, 'Culebra Municipio', ''),
(1592, 175, 'Dorado Municipio', ''),
(1593, 175, 'Fajardo Municipio', ''),
(1594, 175, 'Guanica Municipio', ''),
(1595, 175, 'Guayama Municipio', ''),
(1596, 175, 'Guayanilla Municipio', ''),
(1597, 175, 'Guaynabo Municipio', ''),
(1598, 175, 'Gurabo Municipio', ''),
(1599, 175, 'Hatillo Municipio', ''),
(1600, 175, 'Hormigueros Municipio', ''),
(1601, 175, 'Humacao Municipio', ''),
(1602, 175, 'Juana Diaz Municipio', ''),
(1603, 175, 'Lajas Municipio', ''),
(1604, 175, 'Lares Municipio', ''),
(1605, 175, 'Las Marias Municipio', ''),
(1606, 175, 'Las Piedras Municipio', ''),
(1607, 175, 'Loiza Municipio', ''),
(1608, 175, 'Luquillo Municipio', ''),
(1609, 175, 'Manati Municipio', ''),
(1610, 175, 'Maricao Municipio', ''),
(1611, 175, 'Mayagueez Municipio', ''),
(1612, 175, 'Moca Municipio', ''),
(1613, 175, 'Morovis Municipio', ''),
(1614, 175, 'Municipio de Isabela', ''),
(1615, 175, 'Municipio de Juncos', ''),
(1616, 175, 'Naguabo Municipio', ''),
(1617, 175, 'Naranjito Municipio', ''),
(1618, 175, 'Orocovis Municipio', ''),
(1619, 175, 'Patillas Municipio', ''),
(1620, 175, 'Penuelas Municipio', ''),
(1621, 175, 'Ponce Municipio', ''),
(1622, 175, 'Quebradillas Municipio', ''),
(1623, 175, 'Rincon Municipio', ''),
(1624, 175, 'Rio Grande Municipio', ''),
(1625, 175, 'Sabana Grande Municipio', ''),
(1626, 175, 'Salinas Municipio', ''),
(1627, 175, 'San German Municipio', ''),
(1628, 175, 'San Juan', ''),
(1629, 175, 'San Lorenzo Municipio', ''),
(1630, 175, 'San Sebastian Municipio', ''),
(1631, 175, 'Santa Isabel Municipio', ''),
(1632, 175, 'Toa Alta Municipio', ''),
(1633, 175, 'Toa Baja Municipio', ''),
(1634, 175, 'Trujillo Alto Municipio', ''),
(1635, 175, 'Utuado Municipio', ''),
(1636, 175, 'Vega Alta Municipio', ''),
(1637, 175, 'Vega Baja Municipio', ''),
(1638, 175, 'Vieques Municipality', ''),
(1639, 175, 'Villalba Municipio', ''),
(1640, 175, 'Yabucoa Municipio', ''),
(1641, 175, 'Yauco Municipio', ''),
(1642, 176, 'Al Wakrah', ''),
(1643, 176, 'Baladiyat ad Dawhah', ''),
(1644, 176, 'Baladiyat al Khawr wa adh Dhakhirah', ''),
(1645, 176, 'Baladiyat ar Rayyan', ''),
(1646, 176, 'Baladiyat ash Shamal', ''),
(1647, 176, 'Baladiyat az Za\'ayin', ''),
(1648, 176, 'Baladiyat Umm Salal', ''),
(1649, 177, 'Busan', ''),
(1650, 177, 'Chungcheongbuk-do', ''),
(1651, 177, 'Chungcheongnam-do', ''),
(1652, 177, 'Daegu', ''),
(1653, 177, 'Daejeon', ''),
(1654, 177, 'Gangwon-do', ''),
(1655, 177, 'Gwangju', ''),
(1656, 177, 'Gyeonggi-do', ''),
(1657, 177, 'Gyeongsangbuk-do', ''),
(1658, 177, 'Gyeongsangnam-do', ''),
(1659, 177, 'Incheon', ''),
(1660, 177, 'Jeju-do', ''),
(1661, 177, 'Jeollabuk-do', ''),
(1662, 177, 'Jeollanam-do', ''),
(1663, 177, 'Seoul', ''),
(1664, 177, 'Ulsan', ''),
(1665, 178, 'Alytaus apskritis', ''),
(1666, 178, 'Kauno apskritis', ''),
(1667, 178, 'Klaipedos apskritis', ''),
(1668, 178, 'Marijampoles apskritis', ''),
(1669, 178, 'Panevėžys', ''),
(1670, 178, 'Siauliu apskritis', ''),
(1671, 178, 'Taurages apskritis', ''),
(1672, 178, 'Telsiu apskritis', ''),
(1673, 178, 'Utenos apskritis', ''),
(1674, 178, 'Vilnius County', ''),
(1675, 179, 'Anenii Noi', ''),
(1676, 179, 'Basarabeasca', ''),
(1677, 179, 'Briceni', ''),
(1678, 179, 'Cahul', ''),
(1679, 179, 'Cantemir', ''),
(1680, 179, 'Criuleni', ''),
(1681, 179, 'Donduşeni', ''),
(1682, 179, 'Drochia', ''),
(1683, 179, 'Făleşti', ''),
(1684, 179, 'Floreşti', ''),
(1685, 179, 'Gagauzia', ''),
(1686, 179, 'Glodeni', ''),
(1687, 179, 'Hînceşti', ''),
(1688, 179, 'Laloveni', ''),
(1689, 179, 'Municipiul Balti', ''),
(1690, 179, 'Municipiul Bender', ''),
(1691, 179, 'Municipiul Chisinau', ''),
(1692, 179, 'Nisporeni', ''),
(1693, 179, 'Orhei', ''),
(1694, 179, 'Raionul Causeni', ''),
(1695, 179, 'Raionul Dubasari', ''),
(1696, 179, 'Raionul Edineţ', ''),
(1697, 179, 'Raionul Ocniţa', ''),
(1698, 179, 'Raionul Soroca', ''),
(1699, 179, 'Raionul Stefan Voda', ''),
(1700, 179, 'Rezina', ''),
(1701, 179, 'Rîşcani', ''),
(1702, 179, 'Sîngerei', ''),
(1703, 179, 'Şoldăneşti', ''),
(1704, 179, 'Strășeni', ''),
(1705, 179, 'Taraclia', ''),
(1706, 179, 'Teleneşti', ''),
(1707, 179, 'Unitatea Teritoriala din Stinga Nistrului', ''),
(1708, 180, 'Commune de Brazzaville', ''),
(1709, 180, 'Pointe-Noire', ''),
(1710, 180, 'Sangha', ''),
(1711, 182, 'Arad', ''),
(1712, 182, 'Bihor', ''),
(1713, 182, 'Bucuresti', ''),
(1714, 182, 'Constanta', ''),
(1715, 182, 'Covasna', ''),
(1716, 182, 'Dolj', ''),
(1717, 182, 'Giurgiu', ''),
(1718, 182, 'Gorj', ''),
(1719, 182, 'Harghita', ''),
(1720, 182, 'Hunedoara', ''),
(1721, 182, 'Ilfov', ''),
(1722, 182, 'Judetul Alba', ''),
(1723, 182, 'Judetul Arges', ''),
(1724, 182, 'Judetul Bacau', ''),
(1725, 182, 'Judetul Bistrita-Nasaud', ''),
(1726, 182, 'Judetul Botosani', ''),
(1727, 182, 'Judetul Braila', ''),
(1728, 182, 'Judetul Brasov', ''),
(1729, 182, 'Judetul Buzau', ''),
(1730, 182, 'Judetul Calarasi', ''),
(1731, 182, 'Judetul Caras-Severin', ''),
(1732, 182, 'Judetul Cluj', ''),
(1733, 182, 'Judetul Dambovita', ''),
(1734, 182, 'Judetul Galati', ''),
(1735, 182, 'Judetul Ialomita', ''),
(1736, 182, 'Judetul Iasi', ''),
(1737, 182, 'Judetul Mehedinti', ''),
(1738, 182, 'Judetul Mures', ''),
(1739, 182, 'Judetul Neamt', ''),
(1740, 182, 'Judetul Salaj', ''),
(1741, 182, 'Judetul Sibiu', ''),
(1742, 182, 'Judetul Timis', ''),
(1743, 182, 'Judetul Valcea', ''),
(1744, 182, 'Maramureş', ''),
(1745, 182, 'Olt', ''),
(1746, 182, 'Prahova', ''),
(1747, 182, 'Satu Mare', ''),
(1748, 182, 'Suceava', ''),
(1749, 182, 'Teleorman', ''),
(1750, 182, 'Tulcea', ''),
(1751, 182, 'Vaslui', ''),
(1752, 182, 'Vrancea', ''),
(1753, 183, 'Altai Krai', ''),
(1754, 183, 'Amurskaya Oblast', ''),
(1755, 183, 'Arkhangelskaya', ''),
(1756, 183, 'Astrakhanskaya Oblast', ''),
(1757, 183, 'Bashkortostan', ''),
(1758, 183, 'Belgorodskaya Oblast', ''),
(1759, 183, 'Bryanskaya Oblast', ''),
(1760, 183, 'Chechnya', ''),
(1761, 183, 'Chelyabinsk', ''),
(1762, 183, 'Chukotskiy Avtonomnyy Okrug', ''),
(1763, 183, 'Chuvashia', ''),
(1764, 183, 'Dagestan', ''),
(1765, 183, 'Irkutskaya Oblast', ''),
(1766, 183, 'Ivanovskaya Oblast', ''),
(1767, 183, 'Jewish Autonomous Oblast', ''),
(1768, 183, 'Kabardino-Balkarskaya Respublika', ''),
(1769, 183, 'Kaliningradskaya Oblast', ''),
(1770, 183, 'Kalmykiya', ''),
(1771, 183, 'Kaluzhskaya Oblast', ''),
(1772, 183, 'Kamtchatski Kray', ''),
(1773, 183, 'Karachayevo-Cherkesiya', ''),
(1774, 183, 'Kemerovskaya Oblast', ''),
(1775, 183, 'Khabarovsk Krai', ''),
(1776, 183, 'Khanty-Mansiyskiy Avtonomnyy Okrug-Yugra', ''),
(1777, 183, 'Kirovskaya Oblast', ''),
(1778, 183, 'Komi Republic', ''),
(1779, 183, 'Kostromskaya Oblast', ''),
(1780, 183, 'Krasnodarskiy Kray', ''),
(1781, 183, 'Krasnoyarskiy Kray', ''),
(1782, 183, 'Kurganskaya Oblast', ''),
(1783, 183, 'Kurskaya Oblast', ''),
(1784, 183, 'Leningrad', ''),
(1785, 183, 'Lipetskaya Oblast', ''),
(1786, 183, 'Magadanskaya Oblast', ''),
(1787, 183, 'Moscow', ''),
(1788, 183, 'Moscow Oblast', ''),
(1789, 183, 'Murmansk', ''),
(1790, 183, 'Nenetskiy Avtonomnyy Okrug', ''),
(1791, 183, 'Nizhegorodskaya Oblast', ''),
(1792, 183, 'North Ossetia', ''),
(1793, 183, 'Novgorodskaya Oblast', ''),
(1794, 183, 'Novosibirskaya Oblast', ''),
(1795, 183, 'Omskaya Oblast', ''),
(1796, 183, 'Orenburgskaya Oblast', ''),
(1797, 183, 'Orlovskaya Oblast', ''),
(1798, 183, 'Penzenskaya Oblast', ''),
(1799, 183, 'Perm Krai', ''),
(1800, 183, 'Primorskiy Kray', ''),
(1801, 183, 'Pskovskaya Oblast', ''),
(1802, 183, 'Republic of Karelia', ''),
(1803, 183, 'Respublika Adygeya', ''),
(1804, 183, 'Respublika Altay', ''),
(1805, 183, 'Respublika Buryatiya', ''),
(1806, 183, 'Respublika Ingushetiya', ''),
(1807, 183, 'Respublika Khakasiya', ''),
(1808, 183, 'Respublika Mariy-El', ''),
(1809, 183, 'Respublika Mordoviya', ''),
(1810, 183, 'Respublika Sakha (Yakutiya)', ''),
(1811, 183, 'Respublika Tyva', ''),
(1812, 183, 'Rostov', ''),
(1813, 183, 'Ryazanskaya Oblast', ''),
(1814, 183, 'Sakhalinskaya Oblast', ''),
(1815, 183, 'Samarskaya Oblast', ''),
(1816, 183, 'Saratovskaya Oblast', ''),
(1817, 183, 'Smolenskaya Oblast', ''),
(1818, 183, 'St.-Petersburg', ''),
(1819, 183, 'Stavropol\'skiy Kray', ''),
(1820, 183, 'Sverdlovskaya Oblast', ''),
(1821, 183, 'Tambovskaya Oblast', ''),
(1822, 183, 'Tatarstan', ''),
(1823, 183, 'Tomskaya Oblast', ''),
(1824, 183, 'Transbaikal Territory', ''),
(1825, 183, 'Tul\'skaya Oblast', ''),
(1826, 183, 'Tverskaya Oblast', ''),
(1827, 183, 'Tyumenskaya Oblast', ''),
(1828, 183, 'Udmurtskaya Respublika', ''),
(1829, 183, 'Ulyanovsk Oblast', ''),
(1830, 183, 'Vladimirskaya Oblast', ''),
(1831, 183, 'Volgogradskaya Oblast', ''),
(1832, 183, 'Vologodskaya Oblast', ''),
(1833, 183, 'Voronezhskaya Oblast', ''),
(1834, 183, 'Yamalo-Nenetskiy Avtonomnyy Okrug', ''),
(1835, 183, 'Yaroslavskaya Oblast', ''),
(1836, 184, 'Kigali', ''),
(1837, 186, 'Saint Anne Sandy Point', ''),
(1838, 186, 'Saint George Basseterre', ''),
(1839, 186, 'Saint Mary Cayon', ''),
(1840, 186, 'Saint Paul Charlestown', ''),
(1841, 187, 'Castries Quarter', ''),
(1842, 187, 'Choiseul Quarter', ''),
(1843, 187, 'Gros-Islet', ''),
(1844, 189, 'Commune de Miquelon-Langlade', ''),
(1845, 189, 'Commune de Saint-Pierre', ''),
(1846, 190, 'Grenadines', ''),
(1847, 190, 'Parish of Charlotte', ''),
(1848, 190, 'Parish of Saint George', ''),
(1849, 192, 'Atua', ''),
(1850, 192, 'Tuamasaga', ''),
(1851, 193, 'Castello di Acquaviva', ''),
(1852, 193, 'Castello di Borgo Maggiore', ''),
(1853, 193, 'Castello di Domagnano', ''),
(1854, 193, 'Castello di San Marino Citta', ''),
(1855, 193, 'Serravalle', ''),
(1856, 194, 'São Tomé Island', ''),
(1857, 195, 'Al Madinah al Munawwarah', ''),
(1858, 195, 'Al-Qassim', ''),
(1859, 195, 'Ar Riyāḑ', ''),
(1860, 195, 'Eastern Province', ''),
(1861, 195, 'Jizan', ''),
(1862, 195, 'Makkah Province', ''),
(1863, 195, 'Mintaqat \'Asir', ''),
(1864, 195, 'Mintaqat al Bahah', ''),
(1865, 195, 'Mintaqat Ha\'il', ''),
(1866, 195, 'Mintaqat Najran', ''),
(1867, 195, 'Mintaqat Tabuk', ''),
(1868, 195, 'Northern Borders', ''),
(1869, 196, 'Dakar', ''),
(1870, 196, 'Fatick', ''),
(1871, 196, 'Kaolack', ''),
(1872, 196, 'Kolda', ''),
(1873, 196, 'Louga', ''),
(1874, 196, 'Region de Kaffrine', ''),
(1875, 196, 'Region de Kedougou', ''),
(1876, 196, 'Region de Sedhiou', ''),
(1877, 196, 'Saint-Louis', ''),
(1878, 196, 'Tambacounda', ''),
(1879, 197, 'Central Serbia', ''),
(1880, 197, 'Vojvodina', ''),
(1881, 198, 'English River', ''),
(1882, 198, 'Takamaka', ''),
(1883, 199, 'Western Area', ''),
(1884, 200, 'Central Singapore Community Development Council', ''),
(1885, 200, 'North East Community Development Region', ''),
(1886, 200, 'North West Community Development Council', ''),
(1887, 202, 'Banskobystricky kraj', ''),
(1888, 202, 'Bratislavsky kraj', ''),
(1889, 202, 'Kosicky kraj', ''),
(1890, 202, 'Nitriansky kraj', ''),
(1891, 202, 'Presovsky kraj', ''),
(1892, 202, 'Trenciansky kraj', ''),
(1893, 202, 'Trnavsky kraj', ''),
(1894, 202, 'Zilinsky kraj', ''),
(1895, 203, 'Beltinci', ''),
(1896, 203, 'Benedikt', ''),
(1897, 203, 'Bistrica ob Sotli', ''),
(1898, 203, 'Borovnica', ''),
(1899, 203, 'Brda', ''),
(1900, 203, 'Brezovica', ''),
(1901, 203, 'Celje', ''),
(1902, 203, 'Cerklje na Gorenjskem', ''),
(1903, 203, 'Cerknica', ''),
(1904, 203, 'Cerkvenjak', ''),
(1905, 203, 'Dobrova-Polhov Gradec', ''),
(1906, 203, 'Dol pri Ljubljani', ''),
(1907, 203, 'Dornava', ''),
(1908, 203, 'Dravograd', ''),
(1909, 203, 'Duplek', ''),
(1910, 203, 'Gorenja Vas-Poljane', ''),
(1911, 203, 'Gornja Radgona', ''),
(1912, 203, 'Grosuplje', ''),
(1913, 203, 'Hajdina', ''),
(1914, 203, 'Horjul', ''),
(1915, 203, 'Idrija', ''),
(1916, 203, 'Ilirska Bistrica', ''),
(1917, 203, 'Izola', ''),
(1918, 203, 'Jesenice', ''),
(1919, 203, 'Kamnik', ''),
(1920, 203, 'Kanal', ''),
(1921, 203, 'Kobilje', ''),
(1922, 203, 'Komenda', ''),
(1923, 203, 'Koper', ''),
(1924, 203, 'Kranj', ''),
(1925, 203, 'Kranjska Gora', ''),
(1926, 203, 'Litija', ''),
(1927, 203, 'Ljubljana', ''),
(1928, 203, 'Ljubno', ''),
(1929, 203, 'Ljutomer', ''),
(1930, 203, 'Maribor', ''),
(1931, 203, 'Markovci', ''),
(1932, 203, 'Medvode', ''),
(1933, 203, 'Mestna Obcina Novo mesto', ''),
(1934, 203, 'Miren-Kostanjevica', ''),
(1935, 203, 'Mislinja', ''),
(1936, 203, 'Mozirje', ''),
(1937, 203, 'Murska Sobota', ''),
(1938, 203, 'Naklo', ''),
(1939, 203, 'Nazarje', ''),
(1940, 203, 'Nova Gorica', ''),
(1941, 203, 'Obcina Ajdovscina', ''),
(1942, 203, 'Obcina Bled', ''),
(1943, 203, 'Obcina Braslovce', ''),
(1944, 203, 'Obcina Brezice', ''),
(1945, 203, 'Obcina Crensovci', ''),
(1946, 203, 'Obcina Divaca', ''),
(1947, 203, 'Obcina Domzale', ''),
(1948, 203, 'Obcina Gorisnica', ''),
(1949, 203, 'Obcina Hoce-Slivnica', ''),
(1950, 203, 'Obcina Ivancna Gorica', ''),
(1951, 203, 'Obcina Kidricevo', ''),
(1952, 203, 'Obcina Kobarid', ''),
(1953, 203, 'Obcina Kocevje', ''),
(1954, 203, 'Obcina Krizevci', ''),
(1955, 203, 'Obcina Krsko', ''),
(1956, 203, 'Obcina Lasko', ''),
(1957, 203, 'Obcina Majsperk', ''),
(1958, 203, 'Obcina Menges', ''),
(1959, 203, 'Obcina Mezica', ''),
(1960, 203, 'Obcina Miklavz na Dravskem Polju', ''),
(1961, 203, 'Obcina Radece', ''),
(1962, 203, 'Obcina Ravne na Koroskem', ''),
(1963, 203, 'Obcina Ruse', ''),
(1964, 203, 'Obcina Sencur', ''),
(1965, 203, 'Obcina Sentjur', ''),
(1966, 203, 'Obcina Sezana', ''),
(1967, 203, 'Obcina Skofljica', ''),
(1968, 203, 'Obcina Smarje pri Jelsah', ''),
(1969, 203, 'Obcina Smartno ob Paki', ''),
(1970, 203, 'Obcina Sodrazica', ''),
(1971, 203, 'Obcina Sostanj', ''),
(1972, 203, 'Obcina Sveti Jurij ob Scavnici', ''),
(1973, 203, 'Obcina Tisina', ''),
(1974, 203, 'Obcina Tolmin', ''),
(1975, 203, 'Obcina Trzic', ''),
(1976, 203, 'Obcina Velike Lasce', ''),
(1977, 203, 'Obcina Ziri', ''),
(1978, 203, 'Obcina Zrece', ''),
(1979, 203, 'Pesnica', ''),
(1980, 203, 'Piran', ''),
(1981, 203, 'Podvelka', ''),
(1982, 203, 'Postojna', ''),
(1983, 203, 'Prevalje', ''),
(1984, 203, 'Ptuj', ''),
(1985, 203, 'Puconci', ''),
(1986, 203, 'Radovljica', ''),
(1987, 203, 'Selnica ob Dravi', ''),
(1988, 203, 'Škofja Loka', ''),
(1989, 203, 'Slovenj Gradec', ''),
(1990, 203, 'Slovenska Bistrica', ''),
(1991, 203, 'Slovenske Konjice', ''),
(1992, 203, 'Sveta Ana', ''),
(1993, 203, 'Trbovlje', ''),
(1994, 203, 'Trebnje', ''),
(1995, 203, 'Trzin', ''),
(1996, 203, 'Velenje', ''),
(1997, 203, 'Vodice', ''),
(1998, 203, 'Vojnik', ''),
(1999, 203, 'Vrhnika', ''),
(2000, 203, 'Zagorje ob Savi', ''),
(2001, 204, 'Guadalcanal Province', ''),
(2002, 205, 'Banaadir', ''),
(2003, 205, 'Gedo', ''),
(2004, 205, 'Woqooyi Galbeed', ''),
(2005, 206, 'Eastern Cape', ''),
(2006, 206, 'Gauteng', ''),
(2007, 206, 'KwaZulu-Natal', ''),
(2008, 206, 'Limpopo', ''),
(2009, 206, 'Mpumalanga', ''),
(2010, 206, 'Northern Cape', ''),
(2011, 206, 'Orange Free State', ''),
(2012, 206, 'Province of North West', ''),
(2013, 206, 'Province of the Western Cape', ''),
(2014, 208, 'Central Equatoria', ''),
(2015, 209, 'Andalusia', ''),
(2016, 209, 'Aragon', ''),
(2017, 209, 'Balearic Islands', ''),
(2018, 209, 'Basque Country', ''),
(2019, 209, 'Canary Islands', ''),
(2020, 209, 'Cantabria', ''),
(2021, 209, 'Castille and León', ''),
(2022, 209, 'Castille-La Mancha', ''),
(2023, 209, 'Catalonia', ''),
(2024, 209, 'Ceuta', ''),
(2025, 209, 'Extremadura', ''),
(2026, 209, 'Galicia', ''),
(2027, 209, 'La Rioja', ''),
(2028, 209, 'Madrid', ''),
(2029, 209, 'Melilla', ''),
(2030, 209, 'Murcia', ''),
(2031, 209, 'Navarre', ''),
(2032, 209, 'Principality of Asturias', ''),
(2033, 209, 'Valencia', ''),
(2034, 210, 'Central Province', ''),
(2035, 210, 'Eastern Province', ''),
(2036, 210, 'North Central Province', ''),
(2037, 210, 'Northern Province', ''),
(2038, 210, 'Province of Uva', ''),
(2039, 210, 'Western Province', ''),
(2040, 211, 'Al Jazīrah', ''),
(2041, 211, 'Blue Nile', ''),
(2042, 211, 'Kassala', ''),
(2043, 211, 'Khartoum', ''),
(2044, 211, 'Northern', ''),
(2045, 211, 'Northern Darfur', ''),
(2046, 211, 'River Nile', ''),
(2047, 211, 'Sinnār', ''),
(2048, 211, 'Southern Darfur', ''),
(2049, 211, 'Southern Kordofan', ''),
(2050, 212, 'Distrikt Brokopondo', ''),
(2051, 212, 'Distrikt Commewijne', ''),
(2052, 212, 'Distrikt Coronie', ''),
(2053, 212, 'Distrikt Marowijne', ''),
(2054, 212, 'Distrikt Nickerie', ''),
(2055, 212, 'Distrikt Para', ''),
(2056, 212, 'Distrikt Paramaribo', ''),
(2057, 212, 'Distrikt Saramacca', ''),
(2058, 212, 'Distrikt Sipaliwini', ''),
(2059, 213, 'Jan Mayen', ''),
(2060, 213, 'Svalbard', ''),
(2061, 214, 'Hhohho District', ''),
(2062, 214, 'Manzini District', ''),
(2063, 215, 'Blekinge', ''),
(2064, 215, 'Dalarna', ''),
(2065, 215, 'Gävleborg', ''),
(2066, 215, 'Gotland', ''),
(2067, 215, 'Halland', ''),
(2068, 215, 'Jämtland', ''),
(2069, 215, 'Jönköping', ''),
(2070, 215, 'Kalmar', ''),
(2071, 215, 'Kronoberg', ''),
(2072, 215, 'Norrbotten', ''),
(2073, 215, 'Örebro', ''),
(2074, 215, 'Östergötland', ''),
(2075, 215, 'Skåne', ''),
(2076, 215, 'Södermanland', ''),
(2077, 215, 'Stockholm', ''),
(2078, 215, 'Uppsala', ''),
(2079, 215, 'Värmland', ''),
(2080, 215, 'Västerbotten', ''),
(2081, 215, 'Västernorrland', ''),
(2082, 215, 'Västmanland', ''),
(2083, 215, 'Västra Götaland', ''),
(2084, 216, 'Aargau', ''),
(2085, 216, 'Appenzell Ausserrhoden', ''),
(2086, 216, 'Appenzell Innerrhoden', ''),
(2087, 216, 'Basel-City', ''),
(2088, 216, 'Basel-Landschaft', ''),
(2089, 216, 'Bern', ''),
(2090, 216, 'Fribourg', ''),
(2091, 216, 'Geneva', ''),
(2092, 216, 'Glarus', ''),
(2093, 216, 'Grisons', ''),
(2094, 216, 'Jura', ''),
(2095, 216, 'Lucerne', ''),
(2096, 216, 'Neuchâtel', ''),
(2097, 216, 'Nidwalden', ''),
(2098, 216, 'Obwalden', ''),
(2099, 216, 'Saint Gallen', ''),
(2100, 216, 'Schaffhausen', ''),
(2101, 216, 'Schwyz', ''),
(2102, 216, 'Solothurn', ''),
(2103, 216, 'Thurgau', ''),
(2104, 216, 'Ticino', ''),
(2105, 216, 'Uri', ''),
(2106, 216, 'Valais', ''),
(2107, 216, 'Vaud', ''),
(2108, 216, 'Zug', ''),
(2109, 216, 'Zurich', ''),
(2110, 217, 'Aleppo Governorate', ''),
(2111, 217, 'As-Suwayda Governorate', ''),
(2112, 217, 'Damascus Governorate', ''),
(2113, 217, 'Hama Governorate', ''),
(2114, 217, 'Latakia Governorate', ''),
(2115, 218, 'Fukien', ''),
(2116, 218, 'Kaohsiung', ''),
(2117, 218, 'Taipei', ''),
(2118, 218, 'Taiwan', ''),
(2119, 219, 'Gorno-Badakhshan', ''),
(2120, 220, 'Arusha', ''),
(2121, 220, 'Dar es Salaam Region', ''),
(2122, 220, 'Dodoma', ''),
(2123, 220, 'Iringa', ''),
(2124, 220, 'Kagera', ''),
(2125, 220, 'Kigoma', ''),
(2126, 220, 'Kilimanjaro', ''),
(2127, 220, 'Lindi', ''),
(2128, 220, 'Manyara', ''),
(2129, 220, 'Mara', ''),
(2130, 220, 'Mbeya', ''),
(2131, 220, 'Morogoro', ''),
(2132, 220, 'Mtwara', ''),
(2133, 220, 'Mwanza', ''),
(2134, 220, 'Pemba North', ''),
(2135, 220, 'Pemba South', ''),
(2136, 220, 'Pwani', ''),
(2137, 220, 'Rukwa', ''),
(2138, 220, 'Ruvuma', ''),
(2139, 220, 'Shinyanga', ''),
(2140, 220, 'Singida', ''),
(2141, 220, 'Tabora', ''),
(2142, 220, 'Tanga', ''),
(2143, 220, 'Zanzibar Central/South', ''),
(2144, 220, 'Zanzibar North', ''),
(2145, 220, 'Zanzibar Urban/West', ''),
(2146, 221, 'Bangkok', ''),
(2147, 221, 'Changwat Amnat Charoen', ''),
(2148, 221, 'Changwat Ang Thong', ''),
(2149, 221, 'Changwat Bueng Kan', ''),
(2150, 221, 'Changwat Buriram', ''),
(2151, 221, 'Changwat Chachoengsao', ''),
(2152, 221, 'Changwat Chaiyaphum', ''),
(2153, 221, 'Changwat Chanthaburi', ''),
(2154, 221, 'Changwat Chiang Rai', ''),
(2155, 221, 'Changwat Chon Buri', ''),
(2156, 221, 'Changwat Chumphon', ''),
(2157, 221, 'Changwat Kalasin', ''),
(2158, 221, 'Changwat Kamphaeng Phet', ''),
(2159, 221, 'Changwat Kanchanaburi', ''),
(2160, 221, 'Changwat Khon Kaen', ''),
(2161, 221, 'Changwat Krabi', ''),
(2162, 221, 'Changwat Lampang', ''),
(2163, 221, 'Changwat Lamphun', ''),
(2164, 221, 'Changwat Loei', ''),
(2165, 221, 'Changwat Lop Buri', ''),
(2166, 221, 'Changwat Mae Hong Son', ''),
(2167, 221, 'Changwat Maha Sarakham', ''),
(2168, 221, 'Changwat Mukdahan', ''),
(2169, 221, 'Changwat Nakhon Nayok', ''),
(2170, 221, 'Changwat Nakhon Pathom', ''),
(2171, 221, 'Changwat Nakhon Ratchasima', ''),
(2172, 221, 'Changwat Nakhon Sawan', ''),
(2173, 221, 'Changwat Nakhon Si Thammarat', ''),
(2174, 221, 'Changwat Nan', ''),
(2175, 221, 'Changwat Narathiwat', ''),
(2176, 221, 'Changwat Nong Bua Lamphu', ''),
(2177, 221, 'Changwat Nong Khai', ''),
(2178, 221, 'Changwat Nonthaburi', ''),
(2179, 221, 'Changwat Pathum Thani', ''),
(2180, 221, 'Changwat Pattani', ''),
(2181, 221, 'Changwat Phangnga', ''),
(2182, 221, 'Changwat Phatthalung', ''),
(2183, 221, 'Changwat Phayao', ''),
(2184, 221, 'Changwat Phetchabun', ''),
(2185, 221, 'Changwat Phetchaburi', ''),
(2186, 221, 'Changwat Phichit', ''),
(2187, 221, 'Changwat Phitsanulok', ''),
(2188, 221, 'Changwat Phra Nakhon Si Ayutthaya', ''),
(2189, 221, 'Changwat Phrae', ''),
(2190, 221, 'Changwat Prachin Buri', ''),
(2191, 221, 'Changwat Prachuap Khiri Khan', ''),
(2192, 221, 'Changwat Ranong', ''),
(2193, 221, 'Changwat Ratchaburi', ''),
(2194, 221, 'Changwat Rayong', ''),
(2195, 221, 'Changwat Roi Et', ''),
(2196, 221, 'Changwat Sa Kaeo', ''),
(2197, 221, 'Changwat Sakon Nakhon', ''),
(2198, 221, 'Changwat Samut Prakan', ''),
(2199, 221, 'Changwat Samut Sakhon', ''),
(2200, 221, 'Changwat Samut Songkhram', ''),
(2201, 221, 'Changwat Sara Buri', ''),
(2202, 221, 'Changwat Satun', ''),
(2203, 221, 'Changwat Sing Buri', ''),
(2204, 221, 'Changwat Sisaket', ''),
(2205, 221, 'Changwat Songkhla', ''),
(2206, 221, 'Changwat Sukhothai', ''),
(2207, 221, 'Changwat Suphan Buri', ''),
(2208, 221, 'Changwat Surat Thani', ''),
(2209, 221, 'Changwat Surin', ''),
(2210, 221, 'Changwat Tak', ''),
(2211, 221, 'Changwat Trang', ''),
(2212, 221, 'Changwat Trat', ''),
(2213, 221, 'Changwat Ubon Ratchathani', ''),
(2214, 221, 'Changwat Udon Thani', ''),
(2215, 221, 'Changwat Uthai Thani', ''),
(2216, 221, 'Changwat Uttaradit', ''),
(2217, 221, 'Changwat Yala', ''),
(2218, 221, 'Changwat Yasothon', ''),
(2219, 221, 'Chiang Mai Province', ''),
(2220, 221, 'Phuket', ''),
(2221, 222, 'Maritime', ''),
(2222, 223, 'Nukunonu', ''),
(2223, 224, 'Vava\'u', ''),
(2224, 225, 'Borough of Arima', ''),
(2225, 225, 'Chaguanas', ''),
(2226, 225, 'City of Port of Spain', ''),
(2227, 225, 'City of San Fernando', ''),
(2228, 225, 'Couva-Tabaquite-Talparo', ''),
(2229, 225, 'Diego Martin', ''),
(2230, 225, 'Eastern Tobago', ''),
(2231, 225, 'Mayaro', ''),
(2232, 225, 'Penal/Debe', ''),
(2233, 225, 'Point Fortin', ''),
(2234, 225, 'Princes Town', ''),
(2235, 225, 'San Juan/Laventille', ''),
(2236, 225, 'Sangre Grande', ''),
(2237, 225, 'Siparia', ''),
(2238, 225, 'Tobago', ''),
(2239, 225, 'Tunapuna/Piarco', ''),
(2240, 226, 'Gouvernorat de Beja', ''),
(2241, 226, 'Gouvernorat de Ben Arous', ''),
(2242, 226, 'Gouvernorat de Kairouan', ''),
(2243, 226, 'Gouvernorat de Kef', ''),
(2244, 226, 'Gouvernorat de l\'Ariana', ''),
(2245, 226, 'Gouvernorat de Mahdia', ''),
(2246, 226, 'Gouvernorat de Nabeul', ''),
(2247, 226, 'Gouvernorat de Sfax', ''),
(2248, 226, 'Gouvernorat de Sidi Bouzid', ''),
(2249, 226, 'Gouvernorat de Siliana', ''),
(2250, 226, 'Gouvernorat de Sousse', ''),
(2251, 226, 'Gouvernorat de Tozeur', ''),
(2252, 226, 'Gouvernorat de Tunis', ''),
(2253, 226, 'Gouvernorat de Zaghouan', ''),
(2254, 226, 'Manouba', ''),
(2255, 226, 'Tataouine', ''),
(2256, 227, 'Adana', ''),
(2257, 227, 'Adiyaman', ''),
(2258, 227, 'Afyonkarahisar', ''),
(2259, 227, 'Ağrı', ''),
(2260, 227, 'Aksaray', ''),
(2261, 227, 'Amasya', ''),
(2262, 227, 'Ankara', ''),
(2263, 227, 'Antalya', ''),
(2264, 227, 'Ardahan', ''),
(2265, 227, 'Artvin', ''),
(2266, 227, 'Aydın', ''),
(2267, 227, 'Balıkesir', ''),
(2268, 227, 'Bartın', ''),
(2269, 227, 'Batman', ''),
(2270, 227, 'Bayburt', ''),
(2271, 227, 'Bilecik', ''),
(2272, 227, 'Bingöl', ''),
(2273, 227, 'Bitlis', ''),
(2274, 227, 'Bolu', ''),
(2275, 227, 'Burdur', ''),
(2276, 227, 'Bursa', ''),
(2277, 227, 'Çanakkale', ''),
(2278, 227, 'Çankırı', ''),
(2279, 227, 'Çorum', ''),
(2280, 227, 'Denizli', ''),
(2281, 227, 'Diyarbakir', ''),
(2282, 227, 'Duezce', ''),
(2283, 227, 'Edirne', ''),
(2284, 227, 'Elazığ', ''),
(2285, 227, 'Erzincan', ''),
(2286, 227, 'Erzurum', ''),
(2287, 227, 'Eskişehir', ''),
(2288, 227, 'Gaziantep', ''),
(2289, 227, 'Giresun', ''),
(2290, 227, 'Guemueshane', ''),
(2291, 227, 'Hakkâri', ''),
(2292, 227, 'Hatay', ''),
(2293, 227, 'Iğdır', ''),
(2294, 227, 'Isparta', ''),
(2295, 227, 'Istanbul', ''),
(2296, 227, 'Izmir', ''),
(2297, 227, 'Kahramanmaraş', ''),
(2298, 227, 'Karabuek', ''),
(2299, 227, 'Karaman', ''),
(2300, 227, 'Kars', ''),
(2301, 227, 'Kastamonu', ''),
(2302, 227, 'Kayseri', ''),
(2303, 227, 'Kilis', ''),
(2304, 227, 'Kırıkkale', ''),
(2305, 227, 'Kırklareli', ''),
(2306, 227, 'Kırşehir', ''),
(2307, 227, 'Kocaeli', ''),
(2308, 227, 'Konya', ''),
(2309, 227, 'Kütahya', ''),
(2310, 227, 'Malatya', ''),
(2311, 227, 'Manisa', ''),
(2312, 227, 'Mardin', ''),
(2313, 227, 'Mersin', ''),
(2314, 227, 'Muğla', ''),
(2315, 227, 'Muş', ''),
(2316, 227, 'Nevsehir', ''),
(2317, 227, 'Nigde', ''),
(2318, 227, 'Ordu', ''),
(2319, 227, 'Osmaniye', ''),
(2320, 227, 'Rize', ''),
(2321, 227, 'Sakarya', ''),
(2322, 227, 'Samsun', ''),
(2323, 227, 'Şanlıurfa', ''),
(2324, 227, 'Siirt', ''),
(2325, 227, 'Sinop', ''),
(2326, 227, 'Şırnak', ''),
(2327, 227, 'Sivas', ''),
(2328, 227, 'Tekirdağ', ''),
(2329, 227, 'Tokat', ''),
(2330, 227, 'Trabzon', ''),
(2331, 227, 'Tunceli', ''),
(2332, 227, 'Uşak', ''),
(2333, 227, 'Van', ''),
(2334, 227, 'Yalova', ''),
(2335, 227, 'Yozgat', ''),
(2336, 227, 'Zonguldak', ''),
(2337, 228, 'Ahal', ''),
(2338, 230, 'Funafuti', ''),
(2339, 230, 'Vaitupu', ''),
(2340, 232, 'Saint Croix Island', ''),
(2341, 232, 'Saint John Island', ''),
(2342, 232, 'Saint Thomas Island', ''),
(2343, 233, 'Central Region', ''),
(2344, 234, 'Cherkas\'ka Oblast', ''),
(2345, 234, 'Chernihiv', ''),
(2346, 234, 'Chernivtsi', ''),
(2347, 234, 'Crimea', ''),
(2348, 234, 'Dnipropetrovska Oblast', ''),
(2349, 234, 'Donets\'ka Oblast', ''),
(2350, 234, 'Ivano-Frankivs\'ka Oblast', ''),
(2351, 234, 'Kharkivs\'ka Oblast', ''),
(2352, 234, 'Khersons\'ka Oblast', ''),
(2353, 234, 'Khmel\'nyts\'ka Oblast', ''),
(2354, 234, 'Kirovohrads\'ka Oblast', ''),
(2355, 234, 'Kyiv City', ''),
(2356, 234, 'Kyiv Oblast', ''),
(2357, 234, 'L\'vivs\'ka Oblast', ''),
(2358, 234, 'Luhans\'ka Oblast', ''),
(2359, 234, 'Misto Sevastopol\'', ''),
(2360, 234, 'Mykolayivs\'ka Oblast', ''),
(2361, 234, 'Odessa', ''),
(2362, 234, 'Poltavs\'ka Oblast', ''),
(2363, 234, 'Rivnens\'ka Oblast', ''),
(2364, 234, 'Sums\'ka Oblast', ''),
(2365, 234, 'Ternopil\'s\'ka Oblast', ''),
(2366, 234, 'Vinnyts\'ka Oblast', ''),
(2367, 234, 'Volyns\'ka Oblast', ''),
(2368, 234, 'Zakarpattia Oblast', ''),
(2369, 234, 'Zaporizhia', ''),
(2370, 234, 'Zhytomyrs\'ka Oblast', ''),
(2371, 235, 'Abu Dhabi', ''),
(2372, 235, 'Ajman', ''),
(2373, 235, 'Al Fujayrah', ''),
(2374, 235, 'Ash Shariqah', ''),
(2375, 235, 'Dubai', ''),
(2376, 235, 'Ra\'s al Khaymah', ''),
(2377, 236, 'England', ''),
(2378, 236, 'Northern Ireland', ''),
(2379, 236, 'Scotland', ''),
(2380, 236, 'Wales', ''),
(2381, 237, 'Alabama', 'AL'),
(2382, 237, 'Alaska', 'AK'),
(2383, 237, 'Arizona', 'AZ'),
(2384, 237, 'Arkansas', 'AR'),
(2385, 237, 'California', 'CA'),
(2386, 237, 'Colorado', 'CO'),
(2387, 237, 'Connecticut', 'CT'),
(2388, 237, 'Delaware', 'DE'),
(2389, 237, 'District of Columbia', 'DC'),
(2390, 237, 'Florida', 'FL'),
(2391, 237, 'Georgia', 'GA'),
(2392, 237, 'Hawaii', 'HI'),
(2393, 237, 'Idaho', 'ID'),
(2394, 237, 'Illinois', 'IL'),
(2395, 237, 'Indiana', 'IN'),
(2396, 237, 'Iowa', 'IA'),
(2397, 237, 'Kansas', 'KS'),
(2398, 237, 'Kentucky', 'KY'),
(2399, 237, 'Louisiana', 'LA'),
(2400, 237, 'Maine', 'ME'),
(2401, 237, 'Maryland', 'MD'),
(2402, 237, 'Massachusetts', 'MA'),
(2403, 237, 'Michigan', 'MI'),
(2404, 237, 'Minnesota', 'MN'),
(2405, 237, 'Mississippi', 'MS'),
(2406, 237, 'Missouri', 'MO'),
(2407, 237, 'Montana', 'MT'),
(2408, 237, 'Nebraska', 'NE'),
(2409, 237, 'Nevada', 'NV'),
(2410, 237, 'New Hampshire', 'NH'),
(2411, 237, 'New Jersey', 'NJ'),
(2412, 237, 'New Mexico', 'NM'),
(2413, 237, 'New York', 'NY'),
(2414, 237, 'North Carolina', 'NC'),
(2415, 237, 'North Dakota', 'ND'),
(2416, 237, 'Ohio', 'OH'),
(2417, 237, 'Oklahoma', 'OK'),
(2418, 237, 'Oregon', 'OR'),
(2419, 237, 'Pennsylvania', 'PA'),
(2420, 237, 'Rhode Island', 'RI'),
(2421, 237, 'South Carolina', 'SC'),
(2422, 237, 'South Dakota', 'SD'),
(2423, 237, 'Tennessee', 'TN'),
(2424, 237, 'Texas', 'TX'),
(2425, 237, 'Utah', 'UT'),
(2426, 237, 'Vermont', 'VT'),
(2427, 237, 'Virginia', 'VA'),
(2428, 237, 'Washington', 'WA'),
(2429, 237, 'West Virginia', 'WV'),
(2430, 237, 'Wisconsin', 'WI'),
(2431, 237, 'Wyoming', 'WY'),
(2432, 238, 'Canelones', ''),
(2433, 238, 'Colonia', ''),
(2434, 238, 'Departamento de Durazno', ''),
(2435, 238, 'Departamento de Montevideo', ''),
(2436, 238, 'Departamento de Paysandu', ''),
(2437, 238, 'Departamento de Salto', ''),
(2438, 238, 'Florida', ''),
(2439, 238, 'Lavalleja', ''),
(2440, 238, 'Maldonado', ''),
(2441, 238, 'Soriano', ''),
(2442, 239, 'Andijan', ''),
(2443, 239, 'Qashqadaryo', ''),
(2444, 239, 'Samarqand Viloyati', ''),
(2445, 239, 'Surxondaryo Viloyati', ''),
(2446, 239, 'Toshkent Shahri', ''),
(2447, 240, 'Penama Province', ''),
(2448, 240, 'Shefa Province', ''),
(2449, 242, 'Amazonas', ''),
(2450, 242, 'Anzoátegui', ''),
(2451, 242, 'Apure', ''),
(2452, 242, 'Aragua', ''),
(2453, 242, 'Barinas', ''),
(2454, 242, 'Bolívar', ''),
(2455, 242, 'Capital', ''),
(2456, 242, 'Carabobo', ''),
(2457, 242, 'Cojedes', ''),
(2458, 242, 'Delta Amacuro', ''),
(2459, 242, 'Dependencias Federales', ''),
(2460, 242, 'Estado Trujillo', ''),
(2461, 242, 'Falcón', ''),
(2462, 242, 'Guárico', ''),
(2463, 242, 'Lara', ''),
(2464, 242, 'Mérida', ''),
(2465, 242, 'Miranda', ''),
(2466, 242, 'Monagas', ''),
(2467, 242, 'Nueva Esparta', ''),
(2468, 242, 'Portuguesa', ''),
(2469, 242, 'Sucre', ''),
(2470, 242, 'Táchira', ''),
(2471, 242, 'Vargas', ''),
(2472, 242, 'Yaracuy', ''),
(2473, 242, 'Zulia', ''),
(2474, 243, 'An Giang', ''),
(2475, 243, 'Gia Lai', ''),
(2476, 243, 'Hau Giang', ''),
(2477, 243, 'Ho Chi Minh City', ''),
(2478, 243, 'Kon Tum', ''),
(2479, 243, 'Thanh Pho Can Tho', ''),
(2480, 243, 'Thanh Pho GJa Nang', ''),
(2481, 243, 'Thanh Pho Ha Noi', ''),
(2482, 243, 'Thanh Pho Hai Phong', ''),
(2483, 243, 'Tinh Ba Ria-Vung Tau', ''),
(2484, 243, 'Tinh Bac Giang', ''),
(2485, 243, 'Tinh Bac Ninh', ''),
(2486, 243, 'Tinh Ben Tre', ''),
(2487, 243, 'Tinh Binh Duong', ''),
(2488, 243, 'Tinh Binh GJinh', ''),
(2489, 243, 'Tinh Binh Thuan', ''),
(2490, 243, 'Tinh Ca Mau', ''),
(2491, 243, 'Tinh Dien Bien', ''),
(2492, 243, 'Tinh GJong Nai', ''),
(2493, 243, 'Tinh Ha Giang', ''),
(2494, 243, 'Tinh Ha Tinh', ''),
(2495, 243, 'Tinh Hai Duong', ''),
(2496, 243, 'Tinh Hoa Binh', ''),
(2497, 243, 'Tinh Hung Yen', ''),
(2498, 243, 'Tinh Khanh Hoa', ''),
(2499, 243, 'Tinh Lai Chau', ''),
(2500, 243, 'Tinh Lam GJong', ''),
(2501, 243, 'Tinh Lang Son', ''),
(2502, 243, 'Tinh Lao Cai', ''),
(2503, 243, 'Tinh Nam GJinh', ''),
(2504, 243, 'Tinh Nghe An', ''),
(2505, 243, 'Tinh Ninh Binh', ''),
(2506, 243, 'Tinh Phu Tho', ''),
(2507, 243, 'Tinh Quang Binh', ''),
(2508, 243, 'Tinh Quang Nam', ''),
(2509, 243, 'Tinh Quang Ngai', ''),
(2510, 243, 'Tinh Quang Ninh', ''),
(2511, 243, 'Tinh Quang Tri', ''),
(2512, 243, 'Tinh Soc Trang', ''),
(2513, 243, 'Tinh Son La', ''),
(2514, 243, 'Tinh Thai Binh', ''),
(2515, 243, 'Tinh Thai Nguyen', ''),
(2516, 243, 'Tinh Thanh Hoa', ''),
(2517, 243, 'Tinh Thua Thien-Hue', ''),
(2518, 243, 'Tinh Tien Giang', ''),
(2519, 243, 'Tinh Tra Vinh', ''),
(2520, 243, 'Tinh Tuyen Quang', ''),
(2521, 243, 'Tinh Vinh Long', ''),
(2522, 243, 'Tinh Vinh Phuc', ''),
(2523, 243, 'Tinh Yen Bai', ''),
(2524, 244, 'Circonscription d\'Uvea', ''),
(2525, 245, 'Aden', ''),
(2526, 245, 'Muhafazat Hadramawt', ''),
(2527, 245, 'Sanaa', ''),
(2528, 246, 'Central Province', ''),
(2529, 246, 'Copperbelt', ''),
(2530, 246, 'Luapula Province', ''),
(2531, 246, 'Lusaka Province', ''),
(2532, 246, 'North-Western Province', ''),
(2533, 246, 'Northern Province', ''),
(2534, 246, 'Southern Province', ''),
(2535, 246, 'Western Province', ''),
(2536, 247, 'Bulawayo', ''),
(2537, 247, 'Harare', ''),
(2538, 247, 'Mashonaland West', ''),
(2539, 247, 'Matabeleland North', ''),
(2540, 247, 'Matabeleland South Province', '');

-- --------------------------------------------------------

--
-- Table structure for table `reps`
--

CREATE TABLE `reps` (
  `rep_id` smallint(5) UNSIGNED NOT NULL,
  `rep_name` varchar(128) NOT NULL,
  `code` varchar(16) NOT NULL,
  `address` varchar(255) NOT NULL,
  `country_id` smallint(5) UNSIGNED NOT NULL,
  `region_id` smallint(5) UNSIGNED NOT NULL,
  `city_id` mediumint(8) UNSIGNED NOT NULL,
  `logo` varchar(255) NOT NULL,
  `url` varchar(255) NOT NULL,
  `email1` varchar(255) NOT NULL,
  `email2` varchar(255) NOT NULL,
  `phone1` varchar(32) NOT NULL,
  `phone2` varchar(32) NOT NULL
) ENGINE=InnoDB DEFAULT CHARSET=utf8;

--
-- Dumping data for table `reps`
--

INSERT INTO `reps` (`rep_id`, `rep_name`, `code`, `address`, `country_id`, `region_id`, `city_id`, `logo`, `url`, `email1`, `email2`, `phone1`, `phone2`) VALUES
(9, 'KSA Lighting', 'KSA', '1220 Central Ave', 237, 2394, 74338, '', 'http://www.ksalighting.com/contact/', 'jwilliams@ksalighting.com', '', '630.307.6955', ''),
(10, 'PG enlighten', 'PG', '1830 B Howard Street', 237, 2394, 74448, '', 'http://www.pg-enlighten.com/', 'info@pg-enlighten.com', '', '847.228.1199', ''),
(11, 'Southern California Illumination', 'SCI', 'TEST', 237, 2385, 72236, '', '', 'quotes@scilights.com', '', '', '');

-- --------------------------------------------------------

--
-- Table structure for table `search_options`
--

CREATE TABLE `search_options` (
  `node_id` smallint(5) UNSIGNED NOT NULL,
  `parent_id` smallint(5) UNSIGNED NOT NULL,
  `name` varchar(40) NOT NULL,
  `lft` smallint(5) UNSIGNED NOT NULL,
  `rgt` smallint(10) UNSIGNED NOT NULL,
  `option_key` varchar(50) NOT NULL,
  `option_code` varchar(4) NOT NULL,
  `db_fields` varchar(128) NOT NULL,
  `type` varchar(3) NOT NULL,
  `section` tinyint(3) UNSIGNED NOT NULL
) ENGINE=InnoDB DEFAULT CHARSET=utf8;

--
-- Dumping data for table `search_options`
--

INSERT INTO `search_options` (`node_id`, `parent_id`, `name`, `lft`, `rgt`, `option_key`, `option_code`, `db_fields`, `type`, `section`) VALUES
(1, 0, 'Specs', 1, 1726, '', '', '', '', 0),
(2, 1, 'Light Source', 768, 785, 'light_source', '', 'light_source', 'dd', 1),
(3, 1, 'Configuration Options', 1138, 1167, '', '', '', '', 1),
(4, 1, 'Fixture Type', 786, 861, 'fixture_type', '', 'fixture_type_1,fixture_type_2,fixture_type_3,fixture_type_4', 'dd', 1),
(5, 1, 'Appearance', 1090, 1137, 'appearance', '', 'appearance_1,appearance_2', 'dd', 1),
(6, 1, 'Adjustable Options', 1240, 1251, 'adjustable', '', 'adjustable', 'dd', 2),
(7, 1, 'Quick Ship', 1168, 1177, 'quick_ship', '', 'quick_ship', 'ddv', 1),
(8, 1, 'Warranty', 1716, 1725, 'warranty', '', 'warranty', 'ddv', 2),
(10, 1, 'Environment', 912, 951, 'environment', '', 'environment_1,environment_2', 'dd', 1),
(11, 1, 'Maintenance', 1252, 1271, 'maintenance', '', 'maintenance', 'int', 2),
(12, 1, 'Shape', 952, 985, 'shape', '', 'shape', 'dd', 1),
(13, 1, 'Dimensions', 986, 1089, '', '', '', '', 1),
(15, 1, 'Mounting', 862, 911, 'mounting', '', 'mounting_1,mounting_2', 'dd', 1),
(17, 1, 'Recessed Options', 1272, 1359, '', '', '', '', 2),
(18, 1, 'CCT/Color', 1556, 1603, 'cct_color', '', 'cct_color', 'dd', 2),
(19, 1, 'CRI', 1628, 1637, 'cri', '', 'cri', 'int', 2),
(20, 1, 'Optics', 1178, 1239, '', '', '', '', 2),
(21, 1, 'Dimming', 1496, 1555, '', '', '', '', 2),
(22, 1, 'Controls', 1604, 1627, '', '', '', '', 2),
(23, 1, 'Power/Voltage', 1450, 1495, '', '', '', '', 2),
(24, 1, 'Lumens', 1638, 1703, '', '', '', '', 2),
(25, 1, 'Watt', 1390, 1449, '', '', '', '', 2),
(26, 1, 'Efficacy', 1704, 1715, 'efficacy', '', 'efficacy', 'int', 2),
(27, 1, 'Listings & Certificates', 1360, 1389, '', '', '', '', 2),
(28, 2, 'LED', 769, 770, '', 'so01', '', '', 0),
(29, 2, 'OLED', 771, 772, '', 'so02', '', '', 0),
(30, 2, 'PAR, BR, R- Bulbs', 773, 774, '', 'so03', '', '', 0),
(31, 2, 'MR - Bulbs', 775, 776, '', 'so04', '', '', 0),
(32, 2, 'AR - Bulbs', 777, 778, '', 'so05', '', '', 0),
(33, 2, 'Bulbs Other', 779, 780, '', 'so06', '', '', 0),
(34, 2, 'Fluorescent', 781, 782, '', 'so07', '', '', 0),
(35, 2, 'HID', 783, 784, '', 'so08', '', '', 0),
(36, 3, 'Light Sources Qty', 1139, 1156, 'light_sources_qty', '', 'light_sources_qty', 'dd', 0),
(37, 3, 'Linear Options', 1157, 1166, 'linear_option', '', 'linear_option_1,linear_option_2', 'dd', 0),
(38, 36, '1', 1140, 1141, '', 'lq01', '', '', 0),
(39, 36, '2', 1142, 1143, '', 'lq02', '', '', 0),
(40, 36, '3', 1144, 1145, '', 'lq03', '', '', 0),
(41, 36, '4', 1146, 1147, '', 'lq04', '', '', 0),
(42, 36, '5', 1148, 1149, '', 'lq05', '', '', 0),
(43, 36, '6', 1150, 1151, '', 'lq06', '', '', 0),
(44, 36, '7', 1152, 1153, '', 'lq07', '', '', 0),
(45, 36, '8 or more', 1154, 1155, '', 'lq08', '', '', 0),
(46, 37, 'Corners', 1158, 1159, '', 'lo01', '', '', 0),
(47, 37, 'Lit Corners', 1160, 1161, '', 'lo02', '', '', 0),
(48, 37, 'Plug & Play', 1162, 1163, '', 'lo03', '', '', 0),
(51, 37, 'Daisy Chain', 1164, 1165, '', 'lo07', '', '', 0),
(53, 4, 'Area and Site', 787, 788, '', 'ft01', '', '', 0),
(54, 4, 'Area Decorative', 789, 790, '', 'ft02', '', '', 0),
(55, 4, 'Roadways/Infrastructure', 791, 792, '', 'ft03', '', '', 0),
(56, 4, 'Façade Architectural', 793, 794, '', 'ft04', '', '', 0),
(58, 4, 'Façade Decorative', 795, 796, '', 'ft05', '', '', 0),
(59, 4, 'Façade Utility/Wallpack', 797, 798, '', 'ft06', '', '', 0),
(60, 4, 'Facade Media', 799, 800, '', 'ft07', '', '', 0),
(61, 4, 'Floodlight', 801, 802, '', 'ft08', '', '', 0),
(63, 4, 'Pathway', 805, 806, '', 'ft09', '', '', 0),
(64, 4, 'Parking Garage/Canopy', 811, 812, '', 'ft13', '', '', 0),
(65, 4, 'High Bay/Low Bay', 813, 814, '', 'ft14', '', '', 0),
(67, 4, 'Industrial/Utility', 815, 816, '', 'ft15', '', '', 0),
(68, 4, 'Sports', 857, 858, '', 'ft16', '', '', 0),
(69, 4, 'Architectural', 817, 818, '', 'ft17', '', '', 0),
(71, 4, 'Decorative', 819, 820, '', 'ft18', '', '', 0),
(72, 4, 'Accent', 821, 822, '', 'ft19', '', '', 0),
(74, 4, 'Downlight', 825, 826, '', 'ft20', '', '', 0),
(76, 4, 'Multiples', 823, 824, '', 'ft21', '', '', 0),
(77, 4, 'Wall Wash', 827, 828, '', 'ft22', '', '', 0),
(80, 4, 'Perimeter', 829, 830, '', 'ft23', '', '', 0),
(81, 4, 'Troffer', 831, 832, '', 'ft24', '', '', 0),
(82, 4, 'Teleconference', 833, 834, '', 'ft25', '', '', 0),
(83, 4, 'Combo Lighting', 835, 836, '', 'ft26', '', '', 0),
(84, 4, 'Cove Light', 839, 840, '', 'ft28', '', '', 0),
(86, 4, 'Light Panels', 843, 844, '', 'ft31', '', '', 0),
(89, 5, 'Diodes', 1091, 1092, '', 'ap01', '', '', 0),
(90, 5, 'Lensed Diodes', 1093, 1094, '', 'ap02', '', '', 0),
(91, 5, 'Reflector', 1095, 1096, '', 'ap05', '', '', 0),
(92, 5, 'Baffle', 1097, 1098, '', 'ap06', '', '', 0),
(93, 5, 'Beveled', 1099, 1100, '', 'ap07', '', '', 0),
(94, 5, 'Pinhole', 1101, 1102, '', 'ap08', '', '', 0),
(95, 5, 'Mini Reflectors', 1103, 1104, '', 'ap09', '', '', 0),
(96, 5, 'Basket/Bridge', 1105, 1106, '', 'ap10', '', '', 0),
(97, 5, 'Regressed Diffuser', 1107, 1108, '', 'ap12', '', '', 0),
(98, 5, 'Flush Diffuser', 1109, 1110, '', 'ap11', '', '', 0),
(99, 5, 'Dropped Diffuser', 1111, 1112, '', 'ap13', '', '', 0),
(100, 5, 'Light Wave Diffuser', 1113, 1114, '', 'ap14', '', '', 0),
(101, 5, 'Blade Louvers', 1115, 1116, '', 'ap15', '', '', 0),
(102, 5, 'Parabolic Louvers', 1117, 1118, '', 'ap16', '', '', 0),
(103, 5, 'Shielded', 1119, 1120, '', 'ap17', '', '', 0),
(105, 5, 'Decorative Diffuser/Shade', 1121, 1122, '', 'ap18', '', '', 0),
(106, 5, 'Multiple Diffusers/Shades', 1123, 1124, '', 'ap19', '', '', 0),
(107, 5, 'Exposed Bulbs', 1125, 1126, '', 'ap20', '', '', 0),
(108, 6, 'Adjustable', 1241, 1242, '', 'ad01', '', '', 0),
(109, 6, 'Hot Aiming', 1243, 1244, '', 'ad02', '', '', 0),
(110, 6, 'Pre Aimed', 1245, 1246, '', 'ad03', '', '', 0),
(111, 6, 'Remote Aiming', 1247, 1248, '', 'ad04', '', '', 0),
(112, 6, 'Lock Aiming', 1249, 1250, '', 'ad05', '', '', 0),
(113, 7, '5 days or less', 1169, 1170, '', 'qs01', '', '', 0),
(114, 7, '10 days or less', 1171, 1172, '', 'qs02', '', '', 0),
(115, 7, '2 Weeks or less', 1173, 1174, '', 'qs03', '', '', 0),
(116, 7, '4 Weeks or less', 1175, 1176, '', 'qs04', '', '', 0),
(117, 8, '1 Year', 1717, 1718, '', 'wr01', '', '', 0),
(118, 8, '3 Year', 1719, 1720, '', 'wr02', '', '', 0),
(119, 8, '5 Year', 1721, 1722, '', 'wr03', '', '', 0),
(120, 8, '10 Year', 1723, 1724, '', 'wr04', '', '', 0),
(121, 10, 'Acoustic Absorption', 913, 914, '', 'et01', '', '', 0),
(122, 10, 'Clean Room', 915, 916, '', 'et02', '', '', 0),
(123, 10, 'Antimicrobial Finish', 917, 918, '', 'et03', '', '', 0),
(124, 10, 'MRI', 921, 922, '', 'et05', '', '', 0),
(125, 10, 'Damp', 923, 924, '', 'et06', '', '', 0),
(126, 10, 'Shower', 925, 926, '', 'et07', '', '', 0),
(127, 10, 'Wet', 927, 928, '', 'et08', '', '', 0),
(128, 10, 'Wet IP65', 929, 930, '', 'et09', '', '', 0),
(129, 10, 'Wet IP66', 931, 932, '', 'et10', '', '', 0),
(130, 10, 'Wet IP67', 933, 934, '', 'et11', '', '', 0),
(131, 10, 'Submersible IP68', 935, 936, '', 'et12', '', '', 0),
(132, 10, 'Natatorium', 937, 938, '', 'et13', '', '', 0),
(133, 10, 'Marine', 939, 940, '', 'et14', '', '', 0),
(134, 10, 'Vandal', 941, 942, '', 'et15', '', '', 0),
(135, 10, 'Vapor Proof', 943, 944, '', 'et16', '', '', 0),
(136, 10, 'Hazardous', 945, 946, '', 'et17', '', '', 0),
(137, 10, 'Refrigerator', 947, 948, '', 'et18', '', '', 0),
(138, 11, '30,000 or more', 1253, 1254, '', 'mn01', '', '', 0),
(139, 11, '50,000 or more', 1255, 1256, '', 'mn02', '', '', 0),
(140, 11, '75,000 or more', 1257, 1258, '', 'mn03', '', '', 0),
(141, 11, '100,000 or more', 1259, 1260, '', 'mn04', '', '', 0),
(142, 11, '150,000 or more', 1261, 1262, '', 'mn05', '', '', 0),
(143, 11, 'TM21', 1263, 1270, 'tm21', '', 'tm21', 'int', 0),
(144, 143, '25,000 or more TM21', 1264, 1265, '', 'hr01', '', '', 0),
(145, 143, '35,000 or more TM21', 1266, 1267, '', 'hr02', '', '', 0),
(146, 143, '60,000 TM21', 1268, 1269, '', 'hr03', '', '', 0),
(147, 12, 'Round', 953, 954, '', '', '', '', 0),
(148, 12, 'Square', 955, 956, '', 'sp02', '', '', 0),
(149, 12, 'Rectangular', 957, 958, '', 'sp03', '', '', 0),
(150, 12, 'Linear', 959, 960, '', 'sp04', '', '', 0),
(151, 12, 'Oval', 961, 962, '', 'sp05', '', '', 0),
(152, 12, 'Triangular', 963, 964, '', 'sp06', '', '', 0),
(153, 12, 'Polygonal', 965, 966, '', 'sp08', '', '', 0),
(154, 12, 'Round Cylinder', 969, 970, '', 'sp09', '', '', 0),
(155, 12, 'Square Cylinder', 971, 972, '', 'sp10', '', '', 0),
(156, 12, 'Drum', 973, 974, '', 'sp11', '', '', 0),
(157, 12, 'Spherical', 975, 976, '', 'sp12', '', '', 0),
(158, 12, 'Multi Element', 977, 978, '', 'sp13', '', '', 0),
(159, 12, 'Other', 979, 980, '', 'sp14', '', '', 0),
(160, 13, 'Width', 987, 1024, 'width', '', 'width', 'dd', 0),
(161, 13, 'Length', 1025, 1064, 'length', '', 'length', 'dd', 0),
(162, 13, 'Height', 1065, 1088, 'height', '', 'height', 'dd', 0),
(163, 160, '1\" or less', 988, 989, '', 'wd01', '', '', 0),
(164, 160, '2\"', 990, 991, '', 'wd02', '', '', 0),
(165, 160, '3\"', 992, 993, '', 'wd03', '', '', 0),
(166, 160, '4\"', 994, 995, '', 'wd04', '', '', 0),
(167, 160, '5\"', 996, 997, '', 'wd05', '', '', 0),
(168, 160, '6\"', 998, 999, '', 'wd06', '', '', 0),
(169, 160, '7\"', 1000, 1001, '', 'wd07', '', '', 0),
(170, 160, '8\"', 1002, 1003, '', 'wd08', '', '', 0),
(171, 160, '9\"', 1004, 1005, '', 'wd09', '', '', 0),
(172, 160, '10\"', 1006, 1007, '', 'wd10', '', '', 0),
(173, 160, '1 Ft', 1008, 1009, '', 'wd11', '', '', 0),
(174, 160, '5 Ft', 1016, 1017, '', 'wd17', '', '', 0),
(175, 160, '2 Ft', 1010, 1011, '', 'wd12', '', '', 0),
(176, 160, '6 Ft', 1018, 1019, '', 'wd18', '', '', 0),
(177, 160, '3 Ft', 1012, 1013, '', 'wd13', '', '', 0),
(179, 160, '4 Ft', 1014, 1015, '', 'wd14', '', '', 0),
(181, 160, '6 Ft-12 Ft', 1020, 1021, '', 'wd19', '', '', 0),
(182, 160, 'more than 12 Ft', 1022, 1023, '', 'wd20', '', '', 0),
(183, 161, '1 Ft', 1028, 1029, '', 'lg02', '', '', 0),
(185, 161, '2 Ft', 1030, 1031, '', 'lg03', '', '', 0),
(187, 161, '3 Ft', 1032, 1033, '', 'lg04', '', '', 0),
(189, 161, '4 Ft', 1034, 1035, '', 'lg05', '', '', 0),
(190, 161, '5 Ft', 1036, 1037, '', 'lg06', '', '', 0),
(191, 161, '6 Ft', 1038, 1039, '', 'lg07', '', '', 0),
(192, 161, '7 Ft', 1040, 1041, '', 'lg08', '', '', 0),
(193, 161, '8 Ft', 1042, 1043, '', 'lg09', '', '', 0),
(194, 161, '10 Ft', 1046, 1047, '', 'lg11', '', '', 0),
(195, 161, '11 Ft', 1048, 1049, '', 'lg12', '', '', 0),
(196, 161, '12 Ft', 1050, 1051, '', 'lg13', '', '', 0),
(198, 161, 'more than 12 Ft', 1052, 1053, '', 'lg14', '', '', 0),
(199, 161, 'Run', 1054, 1055, '', 'lg15', '', '', 0),
(200, 162, '1\" or less', 1066, 1067, '', 'ht01', '', '', 0),
(201, 162, '1\"-3\"', 1068, 1069, '', 'ht02', '', '', 0),
(202, 162, '3\"-6\"', 1070, 1071, '', 'ht03', '', '', 0),
(203, 162, '6\"-12\"', 1072, 1073, '', 'ht04', '', '', 0),
(204, 162, '1 Ft', 1074, 1075, '', 'ht05', '', '', 0),
(206, 162, '2 Ft', 1076, 1077, '', 'ht06', '', '', 0),
(208, 162, '3 Ft', 1078, 1079, '', 'ht07', '', '', 0),
(209, 162, '4 Ft', 1080, 1081, '', 'ht08', '', '', 0),
(211, 162, '5 Ft', 1082, 1083, '', 'ht09', '', '', 0),
(212, 162, '6 Ft', 1084, 1085, '', 'ht10', '', '', 0),
(213, 162, 'more than 6 Ft', 1086, 1087, '', 'ht11', '', '', 0),
(214, 15, 'Pole/Mast Arm', 863, 864, '', 'mt01', '', '', 0),
(215, 15, 'Pole/Post Top', 865, 866, '', 'mt02', '', '', 0),
(216, 15, 'Bollard', 867, 868, '', 'mt03', '', '', 0),
(217, 15, 'Spike/Stem', 869, 870, '', 'mt04', '', '', 0),
(218, 15, 'Ceiling Surface', 883, 884, '', 'mt05', '', '', 0),
(219, 15, 'Pendant', 871, 872, '', 'mt06', '', '', 0),
(220, 15, 'Track/Busway', 873, 874, '', 'mt07', '', '', 0),
(221, 15, 'Monopoint', 881, 882, '', 'mt10', '', '', 0),
(222, 15, 'Ceiling Recessed', 885, 886, '', 'mt11', '', '', 0),
(223, 15, 'Millwork Recessed', 887, 888, '', 'mt12', '', '', 0),
(224, 15, 'Wall Surface', 889, 890, '', 'mt13', '', '', 0),
(225, 15, 'Wall Recessed', 893, 894, '', 'mt15', '', '', 0),
(226, 15, 'In-Grade', 897, 898, '', 'mt16', '', '', 0),
(227, 15, 'HandRail', 899, 900, '', 'mt17', '', '', 0),
(228, 15, 'Clamp', 901, 902, '', 'mt18', '', '', 0),
(229, 15, 'Retrofit', 903, 904, '', 'mt19', '', '', 0),
(230, 15, 'Portables', 905, 906, '', '', '', '', 0),
(231, 17, 'Installation', 1273, 1306, 'installation', '', 'installation_1,installation_2', 'dd', 0),
(232, 17, 'Housing Type', 1307, 1338, 'housing_type', '', 'housing_type_1,housing_type_2,housing_type_3,housing_type_4', 'dd', 0),
(233, 17, 'Housing Depth', 1339, 1358, 'housing_depth', '', 'housing_depth', 'dec', 0),
(234, 231, 'Drywall', 1274, 1275, '', 'in01', '', '', 0),
(235, 231, 'Drywall Trimless', 1276, 1277, '', 'in02', '', '', 0),
(236, 231, 'T-Grid Ceiling', 1278, 1279, '', 'in03', '', '', 0),
(237, 231, 'T-Bar', 1280, 1281, '', 'in04', '', '', 0),
(238, 231, 'Tech Zone', 1282, 1283, '', 'in05', '', '', 0),
(239, 231, 'Wood', 1284, 1285, '', 'in06', '', '', 0),
(240, 231, 'Wood Trimless', 1286, 1287, '', 'in07', '', '', 0),
(241, 231, 'Concrete', 1288, 1289, '', 'in08', '', '', 0),
(242, 231, 'Concrete Drive Over', 1290, 1291, '', 'in09', '', '', 0),
(243, 231, 'Concrete Trimless', 1292, 1293, '', 'in10', '', '', 0),
(244, 231, 'Trimless Drive Over', 1294, 1295, '', 'in11', '', '', 0),
(245, 231, 'Ground', 1296, 1297, '', 'in12', '', '', 0),
(246, 231, 'Masonry', 1298, 1299, '', 'in13', '', '', 0),
(247, 231, 'Masonry Trimless', 1300, 1301, '', 'in14', '', '', 0),
(248, 231, 'Masonry Drive Over', 1302, 1303, '', 'in15', '', '', 0),
(249, 232, 'Junction Box', 1308, 1309, '', 'ho01', '', '', 0),
(250, 232, 'New Construction', 1310, 1311, '', 'ho02', '', '', 0),
(251, 232, 'IC', 1312, 1313, '', 'ho03', '', '', 0),
(252, 232, 'Chicago Plenum', 1314, 1315, '', 'ho04', '', '', 0),
(253, 232, 'Remodel', 1316, 1317, '', 'ho05', '', '', 0),
(254, 232, 'Remodel IC', 1318, 1319, '', 'ho06', '', '', 0),
(255, 232, 'Air Tight', 1320, 1321, '', 'ho07', '', '', 0),
(256, 232, 'IC Air Tight', 1322, 1323, '', 'ho08', '', '', 0),
(257, 232, 'Remodel Air Tight', 1324, 1325, '', 'ho09', '', '', 0),
(258, 232, 'Remodel IC Air Tight', 1326, 1327, '', 'ho10', '', '', 0),
(259, 232, 'Remodel Chicago Plenum', 1328, 1329, '', 'ho11', '', '', 0),
(260, 232, 'Air Return', 1330, 1331, '', 'ho12', '', '', 0),
(262, 232, 'Modular Trough', 1332, 1333, '', 'ho14', '', '', 0),
(263, 232, 'Retrofit', 1334, 1335, '', 'ho15', '', '', 0),
(264, 232, 'Fixture', 1336, 1337, '', 'ho16', '', '', 0),
(265, 233, '1\" or less', 1342, 1343, '', 'hd01', '', '', 0),
(266, 233, '2\" or less', 1344, 1345, '', 'hd02', '', '', 0),
(267, 233, '3\" or less', 1346, 1347, '', 'hd03', '', '', 0),
(268, 233, '4\" or less', 1348, 1349, '', 'hd04', '', '', 0),
(269, 233, '5\" or less', 1350, 1351, '', 'hd05', '', '', 0),
(270, 233, '6\" or less', 1352, 1353, '', 'hd06', '', '', 0),
(271, 233, '8\" or less', 1354, 1355, '', 'hd07', '', '', 0),
(272, 233, '12\" or less', 1356, 1357, '', 'hd08', '', '', 0),
(273, 18, 'Amber (WildLife)', 1557, 1558, '', 'ct01', '', '', 0),
(274, 18, '2400K or less', 1559, 1560, '', 'ct02', '', '', 0),
(275, 18, '2700K', 1561, 1562, '', 'ct03', '', '', 0),
(276, 18, '2700K Dim to Warm', 1563, 1564, '', 'ct04', '', '', 0),
(277, 18, '3000K', 1565, 1566, '', 'ct05', '', '', 0),
(278, 18, '3000K Dim to Warm', 1567, 1568, '', 'ct06', '', '', 0),
(279, 18, '3500K', 1569, 1570, '', 'ct07', '', '', 0),
(280, 18, '3500K Dim to Warm', 1571, 1572, '', 'ct08', '', '', 0),
(281, 18, '4000K', 1573, 1574, '', 'ct09', '', '', 0),
(282, 18, '4500K', 1575, 1576, '', 'ct10', '', '', 0),
(283, 18, '5000K', 1577, 1578, '', 'ct11', '', '', 0),
(284, 18, '5500K', 1579, 1580, '', 'ct12', '', '', 0),
(285, 18, '5700K', 1581, 1582, '', 'ct13', '', '', 0),
(286, 18, '6000K', 1583, 1584, '', 'ct14', '', '', 0),
(287, 18, '6500K', 1585, 1586, '', 'ct15', '', '', 0),
(288, 18, 'Tunable White', 1587, 1588, '', 'ct16', '', '', 0),
(289, 18, 'RGB', 1589, 1590, '', 'ct17', '', '', 0),
(290, 18, 'RGBW', 1591, 1592, '', 'ct18', '', '', 0),
(291, 18, 'RGBA', 1593, 1594, '', 'ct19', '', '', 0),
(292, 18, 'Blue', 1595, 1596, '', 'ct20', '', '', 0),
(293, 18, 'Green', 1597, 1598, '', 'ct21', '', '', 0),
(294, 18, 'Red', 1599, 1600, '', 'ct22', '', '', 0),
(295, 18, 'Yellow/Amber', 1601, 1602, '', 'ct23', '', '', 0),
(296, 19, '70 or higher', 1629, 1630, '', 'cr01', '', '', 0),
(297, 19, '80 or higher', 1631, 1632, '', 'cr02', '', '', 0),
(298, 19, '90 or higher', 1633, 1634, '', 'cr03', '', '', 0),
(299, 19, '95 or higher', 1635, 1636, '', 'cr04', '', '', 0),
(300, 20, 'Distribution', 1179, 1192, 'distribution', '', 'distribution_1,distribution_2', 'dd', 0),
(301, 20, 'Optics', 1193, 1238, 'optics', '', 'optics_1,optics_2,optics_3', 'dd', 0),
(302, 300, 'Direct', 1180, 1181, '', 'dn01', '', '', 0),
(303, 300, 'Indirect', 1182, 1183, '', 'dn02', '', '', 0),
(304, 300, 'Direct/Indirect', 1184, 1185, '', 'dn03', '', '', 0),
(305, 300, 'Indirect/Direct', 1186, 1187, '', 'dn04', '', '', 0),
(306, 300, 'Omni-Directional', 1188, 1189, '', 'dn05', '', '', 0),
(307, 300, 'Pattern', 1190, 1191, '', 'dn06', '', '', 0),
(308, 301, 'Narrow', 1194, 1195, '', 'op01', '', '', 0),
(309, 301, 'Medium', 1196, 1197, '', 'op02', '', '', 0),
(310, 301, 'Flood', 1198, 1199, '', 'op03', '', '', 0),
(311, 301, 'Wide Flood', 1200, 1201, '', 'op04', '', '', 0),
(312, 301, 'General', 1202, 1203, '', 'op05', '', '', 0),
(313, 301, 'Volumetric', 1204, 1205, '', 'op06', '', '', 0),
(314, 301, 'Asymmetric/Wash', 1206, 1207, '', 'op07', '', '', 0),
(315, 301, 'Grazing', 1208, 1209, '', 'op10', '', '', 0),
(316, 301, 'Batwing', 1210, 1211, '', 'op11', '', '', 0),
(317, 301, 'Batwing Indirect/General Direct', 1212, 1213, '', 'op12', '', '', 0),
(318, 301, 'Assymetric Indirect/General Direct', 1214, 1215, '', 'op13', '', '', 0),
(319, 301, 'Direct View', 1216, 1217, '', 'op14', '', '', 0),
(320, 301, 'Area I', 1218, 1219, '', 'op15', '', '', 0),
(321, 301, 'Area II', 1220, 1221, '', 'op16', '', '', 0),
(322, 301, 'Area III', 1222, 1223, '', 'op17', '', '', 0),
(323, 301, 'Area IV', 1224, 1225, '', 'op18', '', '', 0),
(324, 301, 'Area V', 1226, 1227, '', 'op19', '', '', 0),
(325, 301, 'Area 90°', 1228, 1229, '', 'op20', '', '', 0),
(326, 301, 'Area Forward Throw', 1230, 1231, '', 'op21', '', '', 0),
(327, 301, 'Area Petroleum', 1232, 1233, '', 'op22', '', '', 0),
(328, 301, 'Area Dealership', 1234, 1235, '', 'op23', '', '', 0),
(329, 21, 'Dimming', 1497, 1510, 'dimming', '', 'dimming', 'dd', 0),
(330, 21, 'Driver Type', 1511, 1554, 'driver_type', '', 'driver_type_1,driver_type_2', 'dd', 0),
(331, 329, 'Dimmable', 1498, 1499, '', 'dm01', '', '', 0),
(332, 329, 'Dimmable to 1%', 1500, 1501, '', 'dm02', '', '', 0),
(333, 329, 'Dimmable to 0.1%', 1502, 1503, '', 'dm03', '', '', 0),
(334, 329, 'Bi-Level', 1504, 1505, '', 'dm04', '', '', 0),
(335, 329, 'Step Dimming', 1506, 1507, '', 'dm05', '', '', 0),
(336, 329, 'Non-Dimmable', 1508, 1509, '', 'dm06', '', '', 0),
(337, 330, 'TRIAC/Forward/Leading', 1512, 1513, '', 'dt01', '', '', 0),
(338, 330, 'ELV/Reverse/Trailing', 1514, 1515, '', 'dt02', '', '', 0),
(339, 330, '3-Wire Dimming', 1516, 1517, '', 'dt03', '', '', 0),
(340, 330, '0-10V', 1518, 1519, '', 'dt04', '', '', 0),
(341, 330, 'DALI', 1520, 1521, '', 'dt05', '', '', 0),
(342, 330, 'DMX', 1522, 1523, '', 'dt06', '', '', 0),
(343, 330, 'DVI', 1524, 1525, '', 'dt07', '', '', 0),
(344, 330, 'Lutron Hi-Lume 3D', 1526, 1527, '', 'dt08', '', '', 0),
(345, 330, 'Lutron Hi-Lume 2-wire', 1528, 1529, '', 'dt09', '', '', 0),
(346, 330, 'Lutron Hi-Lume 3-wire', 1530, 1531, '', 'dt10', '', '', 0),
(347, 330, 'Lutron Hi-Lume A', 1532, 1533, '', 'dt11', '', '', 0),
(348, 330, 'Lutron EcoSystem', 1534, 1535, '', 'dt12', '', '', 0),
(349, 330, 'Lutron EcoSystem 5', 1536, 1537, '', 'dt13', '', '', 0),
(350, 330, 'Lutron EcoSystem H', 1538, 1539, '', 'dt14', '', '', 0),
(351, 330, 'Lutron EcoSystem A', 1540, 1541, '', 'dt15', '', '', 0),
(352, 330, 'EldoLED 0-10V/DALI', 1542, 1543, '', 'dt16', '', '', 0),
(353, 330, 'EldoLED DUAL DALI', 1544, 1545, '', 'dt17', '', '', 0),
(354, 330, 'EldoLED POWER DMX/RDM', 1546, 1547, '', 'dt18', '', '', 0),
(355, 330, 'Fifth Light DALI', 1548, 1549, '', 'dt19', '', '', 0),
(356, 330, 'Built-in dimmer', 1550, 1551, '', 'dt20', '', '', 0),
(357, 330, 'Other', 1552, 1553, '', 'dt21', '', '', 0),
(358, 1, 'Manufacturers', 2, 721, 'manufacturers', '', 'manf_spec_id', '', 1),
(359, 1, 'Brands', 722, 765, 'brands', '', 'brand_spec_id', '', 1),
(463, 27, 'Listing', 1361, 1370, 'listing', '', 'listing', 'dd', 0),
(464, 27, 'Night Sky', 1371, 1372, 'night_sky', 'ns01', 'night_sky', 'bln', 0),
(465, 27, 'ARRA', 1373, 1374, 'arra', 'ar01', 'arra', 'bln', 0),
(466, 27, 'IBEW', 1375, 1376, 'ibew', 'ib01', 'ibew', 'bln', 0),
(467, 27, 'NYC', 1377, 1378, 'nyc', 'ny01', 'nyc', 'bln', 0),
(468, 27, 'ADA', 1379, 1380, 'ada', 'ad01', 'ada', 'bln', 0),
(469, 27, 'DLC', 1381, 1382, 'dlc', 'dl01', 'dlc', 'bln', 0),
(470, 27, 'T24', 1383, 1384, 't24', 'ti01', 't24', 'bln', 0),
(471, 27, 'Energy Star', 1385, 1386, 'energy_star', 'es01', 'energy_star', 'bln', 0),
(472, 27, 'Chicago Approved', 1387, 1388, 'chicago_approved', 'ca01', 'chicago_approved', 'bln', 0),
(473, 463, 'UL/CUL', 1362, 1363, '', 'lt01', '', '', 0),
(474, 463, 'ETL', 1364, 1365, '', 'lt02', '', '', 0),
(475, 463, 'CSA', 1366, 1367, '', 'lt03', '', '', 0),
(476, 463, 'CE', 1368, 1369, '', 'lt04', '', '', 0),
(477, 26, '50 or higher', 1705, 1706, '', 'ef01', '', '', 0),
(478, 26, '70 or higher', 1707, 1708, '', 'ef02', '', '', 0),
(479, 26, '90 or higher', 1709, 1710, '', 'ef03', '', '', 0),
(480, 26, '120 or higher', 1711, 1712, '', 'ef04', '', '', 0),
(481, 26, '150 or higher', 1713, 1714, '', 'ef05', '', '', 0),
(482, 24, 'Lumens', 1639, 1682, 'lumens', '', 'lumens', 'int', 0),
(483, 24, 'Lumens Linear', 1683, 1702, 'lumens_linear', '', 'lumens_linear', 'int', 0),
(484, 482, '100 Lm or less', 1640, 1641, '', '', '', '', 0),
(485, 482, '100 - 200 Lm', 1642, 1643, '', '', '', '', 0),
(486, 482, '200 - 300 Lm', 1644, 1645, '', '', '', '', 0),
(487, 482, '300 - 500 Lm', 1646, 1647, '', '', '', '', 0),
(488, 482, '500 - 750 Lm', 1648, 1649, '', '', '', '', 0),
(489, 482, '750 - 1000 Lm', 1650, 1651, '', '', '', '', 0),
(490, 482, '1,000 - 1,500 Lm', 1652, 1653, '', '', '', '', 0),
(491, 482, '1,500 - 2,000 Lm', 1654, 1655, '', '', '', '', 0),
(492, 482, '2,000 - 3,000 Lm', 1656, 1657, '', '', '', '', 0),
(493, 482, '3,000 - 5,000 Lm', 1658, 1659, '', '', '', '', 0),
(494, 482, '5,000 - 7,000 Lm', 1660, 1661, '', '', '', '', 0),
(495, 482, '7,000 - 10,000 Lm', 1662, 1663, '', '', '', '', 0),
(496, 482, '10,000 - 15,000 Lm', 1664, 1665, '', '', '', '', 0),
(497, 482, '15,000 - 20,000 Lm', 1666, 1667, '', '', '', '', 0),
(498, 482, '20,000 - 30,000 Lm', 1668, 1669, '', '', '', '', 0),
(499, 482, '30,000 - 40,000 Lm', 1670, 1671, '', '', '', '', 0),
(500, 482, '40,000 - 50,000 Lm', 1672, 1673, '', '', '', '', 0),
(501, 482, '50,000 - 75,000 Lm', 1674, 1675, '', '', '', '', 0),
(502, 482, '75,000 - 100,000 Lm', 1676, 1677, '', '', '', '', 0),
(503, 482, '100,000 Lm or more', 1678, 1679, '', '', '', '', 0),
(504, 483, '100 Lm/Ft or less', 1684, 1685, '', '', '', '', 0),
(505, 483, '100-200 Lm/Ft', 1686, 1687, '', '', '', '', 0),
(506, 483, '200-300 Lm/Ft', 1688, 1689, '', '', '', '', 0),
(507, 483, '300-500 Lm/Ft', 1690, 1691, '', '', '', '', 0),
(508, 483, '500-750 Lm/Ft', 1692, 1693, '', '', '', '', 0),
(509, 483, '750-1,000 Lm/Ft', 1694, 1695, '', '', '', '', 0),
(510, 483, '1,000-1,500 Lm/Ft', 1696, 1697, '', '', '', '', 0),
(511, 483, '1,500 Lm/Ft or more', 1698, 1699, '', '', '', '', 0),
(512, 25, 'Watt', 1391, 1426, 'watt', '', 'watt', 'dec', 0),
(513, 25, 'Watt Linear', 1427, 1448, 'watt_linear', '', 'watt_linear', 'dec', 0),
(514, 512, '3 W or less', 1392, 1393, '', '', '', '', 0),
(515, 512, '3 - 5 W', 1394, 1395, '', '', '', '', 0),
(516, 512, '5 - 10 W', 1396, 1397, '', '', '', '', 0),
(517, 512, '10 - 15 W', 1398, 1399, '', '', '', '', 0),
(518, 512, '15 - 20 W', 1400, 1401, '', '', '', '', 0),
(519, 512, '20 - 30 W', 1402, 1403, '', '', '', '', 0),
(520, 512, '30 - 40 W', 1404, 1405, '', '', '', '', 0),
(521, 512, '40 - 50 W', 1406, 1407, '', '', '', '', 0),
(522, 512, '50 - 75 W', 1408, 1409, '', '', '', '', 0),
(523, 512, '75 - 100 W', 1410, 1411, '', '', '', '', 0),
(524, 512, '100 - 150 W', 1412, 1413, '', '', '', '', 0),
(525, 512, '150 - 250 W', 1414, 1415, '', '', '', '', 0),
(526, 512, '250 - 350 W', 1416, 1417, '', '', '', '', 0),
(527, 512, '350 - 500W', 1418, 1419, '', '', '', '', 0),
(528, 512, '500 - 750 W', 1420, 1421, '', '', '', '', 0),
(529, 512, '750 W or more', 1422, 1423, '', '', '', '', 0),
(530, 513, '1 W/Ft or less', 1428, 1429, '', '', '', '', 0),
(531, 513, '1 - 2 W/Ft', 1430, 1431, '', '', '', '', 0),
(532, 513, '2 - 3 W/Ft', 1432, 1433, '', '', '', '', 0),
(533, 513, '3 - 5 W/Ft', 1434, 1435, '', '', '', '', 0),
(534, 513, '5 - 7 W/Ft', 1436, 1437, '', '', '', '', 0),
(535, 513, '7 - 10 W/Ft', 1438, 1439, '', '', '', '', 0),
(536, 513, '10 - 15 W/Ft', 1440, 1441, '', '', '', '', 0),
(537, 513, '15 - 25 W/Ft', 1442, 1443, '', '', '', '', 0),
(538, 513, '25 W/Ft or more', 1444, 1445, '', '', '', '', 0),
(539, 23, 'Power', 1451, 1458, 'power', '', 'power', 'dd', 0),
(540, 23, 'Voltage', 1459, 1476, 'voltage', '', 'voltage', 'dd', 0),
(541, 23, 'Track Circuits', 1477, 1490, 'track_circuits', '', 'track_circuits', 'dd', 0),
(542, 23, 'Emergency', 1491, 1494, 'emergency', '', 'emergency', 'dd', 0),
(543, 539, 'Integral', 1452, 1453, '', 'pw01', '', '', 0),
(544, 539, 'Remote', 1454, 1455, '', 'pw02', '', '', 0),
(545, 539, 'Solar', 1456, 1457, '', 'pw03', '', '', 0),
(546, 540, 'UNV 120-277V', 1460, 1461, '', 'vt01', '', '', 0),
(547, 540, '120V', 1462, 1463, '', 'vt02', '', '', 0),
(548, 540, '208V', 1464, 1465, '', 'vt03', '', '', 0),
(549, 540, '220-240V', 1466, 1467, '', 'vt04', '', '', 0),
(550, 540, '277V', 1468, 1469, '', 'vt05', '', '', 0),
(551, 540, 'UNC 347-480V', 1470, 1471, '', 'vt06', '', '', 0),
(552, 540, '347V', 1472, 1473, '', 'vt07', '', '', 0),
(553, 540, '480V', 1474, 1475, '', 'vt08', '', '', 0),
(554, 542, 'EM Integral', 1492, 1493, '', 'em01', '', '', 0),
(555, 541, '1 Circuit Track', 1478, 1479, '', 'tc01', '', '', 0),
(556, 541, '2 Circuits Track', 1480, 1481, '', 'tc02', '', '', 0),
(557, 541, '3 Circuits Track', 1482, 1483, '', 'tc03', '', '', 0),
(558, 541, '3+ Circuits Track', 1484, 1485, '', 'tc04', '', '', 0),
(559, 541, '1/2 Circuit Track', 1486, 1487, '', 'tc05', '', '', 0),
(560, 541, '1/2/3 Circuit Track', 1488, 1489, '', 'tc06', '', '', 0),
(561, 22, 'Network', 1605, 1622, 'network', '', 'network', 'dd', 0),
(562, 22, 'Sensors', 1623, 1626, 'sensors', '', 'sensors', 'dd', 0),
(563, 561, 'Lumentalk™', 1606, 1607, '', 'nt01', '', '', 0),
(564, 561, 'Fifth Light®', 1608, 1609, '', 'nt02', '', '', 0),
(565, 561, 'XPoint™ Wireless', 1610, 1611, '', 'nt03', '', '', 0),
(566, 561, 'Redwood®', 1612, 1613, '', 'nt04', '', '', 0),
(567, 561, 'Lutron®', 1614, 1615, '', 'nt05', '', '', 0),
(568, 561, 'Ethernet', 1616, 1617, '', 'nt06', '', '', 0),
(569, 561, 'Network', 1618, 1619, '', 'nt07', '', '', 0),
(570, 561, 'Local', 1620, 1621, '', 'nt08', '', '', 0),
(571, 562, 'Integral Sensor', 1624, 1625, '', 'sn01', '', '', 0),
(572, 4, 'Steplight', 807, 808, '', 'ft11', '', '', 0),
(573, 4, 'In-Grade', 809, 810, '', 'ft12', '', '', 0),
(574, 4, 'Modular Lighting', 837, 838, '', 'ft27', '', '', 0),
(575, 4, 'Flex/Channel Lighting', 841, 842, '', 'ft29', '', '', 0),
(576, 4, 'Undercabinet', 845, 846, '', 'ft32', '', '', 0),
(577, 4, 'Millwork/Cases', 847, 848, '', 'ft33', '', '', 0),
(578, 4, 'Special Task Lighting', 849, 850, '', 'ft35', '', '', 0),
(579, 4, 'Display/Sign Lighting', 851, 852, '', 'ft36', '', '', 0),
(580, 4, 'Emergency Lighting', 853, 854, '', 'ft37', '', '', 0),
(581, 4, 'Exit Signs', 855, 856, '', 'ft38', '', '', 0),
(582, 4, 'Entertaiment', 859, 860, '', 'ft39', '', '', 0),
(583, 4, 'Landscape Lighting', 803, 804, '', 'ft10', '', '', 0),
(584, 15, 'System', 875, 876, '', 'mt08', '', '', 0),
(585, 15, 'Monorail', 877, 878, '', 'mt09', '', '', 0),
(586, 15, 'Cable', 879, 880, '', '', '', '', 0),
(587, 15, 'Surface', 895, 896, '', 'mt22', '', '', 0),
(588, 15, 'Wall Cantilever', 891, 892, '', 'mt14', '', '', 0),
(589, 10, 'With Antimicrobial Light', 919, 920, '', 'et04', '', '', 0),
(590, 10, 'Food Processing', 949, 950, '', 'et19', '', '', 0),
(591, 12, 'Curve', 967, 968, '', 'sp07', '', '', 0),
(593, 161, '6\" or less', 1026, 1027, '', 'lg01', '', '', 0),
(594, 161, '9 Ft', 1044, 1045, '', 'lg10', '', '', 0),
(596, 5, 'Regressed Bulb', 1127, 1128, '', 'ap21', '', '', 0),
(638, 233, 'Drywall Thikness', 1340, 1341, '', 'hd09', '', '', 0),
(1014, 161, 'Incremental', 1056, 1057, '', 'lg19', '', '', 0),
(1016, 161, 'Incremental 12', 1058, 1059, '', 'lg16', '', '', 0),
(1017, 161, 'Incremental 10', 1060, 1061, '', 'lg17', '', '', 0),
(1018, 161, 'Incremental 8', 1062, 1063, '', 'lg18', '', '', 0),
(1019, 301, 'Spot', 1236, 1237, '', '', '', '', 0),
(1026, 482, 'Custom', 1680, 1681, '', '', '', '', 0),
(1027, 1, 'Agents', 766, 767, '', '', '', '', 1),
(1028, 483, 'Custom', 1700, 1701, '', '', '', '', 0),
(1029, 512, 'Custom', 1424, 1425, '', '', '', '', 0),
(1030, 513, 'Custom', 1446, 1447, '', '', '', '', 0),
(1031, 231, 'Slot T-Grid Ceiling', 1304, 1305, '', 'in16', '', '', 0),
(1032, 358, '118', 3, 4, '', '', '', '', 0),
(1033, 358, '120', 5, 6, '', '', '', '', 0),
(1034, 358, '327', 7, 8, '', '', '', '', 0),
(1035, 358, '171', 9, 10, '', '', '', '', 0),
(1036, 358, '272', 11, 12, '', '', '', '', 0),
(1037, 358, '113', 13, 14, '', '', '', '', 0),
(1038, 358, '119', 15, 16, '', '', '', '', 0),
(1039, 358, '95', 17, 18, '', '', '', '', 0),
(1040, 358, '7', 19, 20, '', '', '', '', 0),
(1041, 358, '271', 21, 22, '', '', '', '', 0),
(1042, 358, '219', 23, 24, '', '', '', '', 0),
(1043, 358, '277', 25, 26, '', '', '', '', 0),
(1044, 358, '170', 27, 28, '', '', '', '', 0),
(1045, 358, '358', 29, 30, '', '', '', '', 0),
(1046, 358, '371', 31, 32, '', '', '', '', 0),
(1047, 358, '326', 33, 34, '', '', '', '', 0),
(1048, 358, '81', 35, 36, '', '', '', '', 0),
(1049, 358, '270', 37, 38, '', '', '', '', 0),
(1050, 358, '56', 39, 40, '', '', '', '', 0),
(1051, 358, '37', 41, 42, '', '', '', '', 0),
(1052, 358, '254', 43, 44, '', '', '', '', 0),
(1053, 358, '368', 45, 46, '', '', '', '', 0),
(1054, 358, '124', 47, 48, '', '', '', '', 0),
(1055, 358, '122', 49, 50, '', '', '', '', 0),
(1056, 358, '235', 51, 52, '', '', '', '', 0),
(1057, 358, '169', 53, 54, '', '', '', '', 0),
(1058, 358, '367', 55, 56, '', '', '', '', 0),
(1059, 358, '126', 57, 58, '', '', '', '', 0),
(1060, 358, '104', 59, 60, '', '', '', '', 0),
(1061, 358, '26', 61, 62, '', '', '', '', 0),
(1062, 358, '100', 63, 64, '', '', '', '', 0),
(1063, 358, '360', 65, 66, '', '', '', '', 0),
(1064, 358, '125', 67, 68, '', '', '', '', 0),
(1065, 358, '127', 69, 70, '', '', '', '', 0),
(1066, 358, '92', 71, 72, '', '', '', '', 0),
(1067, 358, '336', 73, 74, '', '', '', '', 0),
(1068, 358, '237', 75, 76, '', '', '', '', 0),
(1069, 358, '253', 77, 78, '', '', '', '', 0),
(1070, 358, '205', 79, 80, '', '', '', '', 0),
(1071, 358, '361', 81, 82, '', '', '', '', 0),
(1072, 358, '382', 83, 84, '', '', '', '', 0),
(1073, 358, '18', 85, 86, '', '', '', '', 0),
(1074, 358, '90', 87, 88, '', '', '', '', 0),
(1075, 358, '174', 89, 90, '', '', '', '', 0),
(1076, 358, '357', 91, 92, '', '', '', '', 0),
(1077, 358, '80', 93, 94, '', '', '', '', 0),
(1078, 358, '128', 95, 96, '', '', '', '', 0),
(1079, 358, '57', 97, 98, '', '', '', '', 0),
(1080, 358, '105', 99, 100, '', '', '', '', 0),
(1081, 358, '25', 101, 102, '', '', '', '', 0),
(1082, 358, '240', 103, 104, '', '', '', '', 0),
(1083, 358, '279', 105, 106, '', '', '', '', 0),
(1084, 358, '130', 107, 108, '', '', '', '', 0),
(1085, 358, '58', 109, 110, '', '', '', '', 0),
(1086, 358, '27', 111, 112, '', '', '', '', 0),
(1087, 358, '91', 113, 114, '', '', '', '', 0),
(1088, 358, '175', 115, 116, '', '', '', '', 0),
(1089, 358, '72', 117, 118, '', '', '', '', 0),
(1090, 358, '129', 119, 120, '', '', '', '', 0),
(1091, 358, '275', 121, 122, '', '', '', '', 0),
(1092, 358, '131', 123, 124, '', '', '', '', 0),
(1093, 358, '177', 125, 126, '', '', '', '', 0),
(1094, 358, '273', 127, 128, '', '', '', '', 0),
(1095, 358, '375', 129, 130, '', '', '', '', 0),
(1096, 358, '354', 131, 132, '', '', '', '', 0),
(1097, 358, '78', 133, 134, '', '', '', '', 0),
(1098, 358, '123', 135, 136, '', '', '', '', 0),
(1099, 358, '99', 137, 138, '', '', '', '', 0),
(1100, 358, '172', 139, 140, '', '', '', '', 0),
(1101, 358, '71', 141, 142, '', '', '', '', 0),
(1102, 358, '97', 143, 144, '', '', '', '', 0),
(1103, 358, '46', 145, 146, '', '', '', '', 0),
(1104, 358, '228', 147, 148, '', '', '', '', 0),
(1105, 358, '260', 149, 150, '', '', '', '', 0),
(1106, 358, '239', 151, 152, '', '', '', '', 0),
(1107, 358, '278', 153, 154, '', '', '', '', 0),
(1108, 358, '179', 155, 156, '', '', '', '', 0),
(1109, 358, '337', 157, 158, '', '', '', '', 0),
(1110, 358, '55', 159, 160, '', '', '', '', 0),
(1111, 358, '178', 161, 162, '', '', '', '', 0),
(1112, 358, '62', 163, 164, '', '', '', '', 0),
(1113, 358, '325', 165, 166, '', '', '', '', 0),
(1114, 358, '276', 167, 168, '', '', '', '', 0),
(1115, 358, '42', 169, 170, '', '', '', '', 0),
(1116, 358, '117', 171, 172, '', '', '', '', 0),
(1117, 358, '116', 173, 174, '', '', '', '', 0),
(1118, 358, '132', 175, 176, '', '', '', '', 0),
(1119, 358, '31', 177, 178, '', '', '', '', 0),
(1120, 358, '59', 179, 180, '', '', '', '', 0),
(1121, 358, '88', 181, 182, '', '', '', '', 0),
(1122, 358, '29', 183, 184, '', '', '', '', 0),
(1123, 358, '121', 185, 186, '', '', '', '', 0),
(1124, 358, '34', 187, 188, '', '', '', '', 0),
(1125, 358, '319', 189, 190, '', '', '', '', 0),
(1126, 358, '234', 191, 192, '', '', '', '', 0),
(1127, 358, '274', 193, 194, '', '', '', '', 0),
(1128, 358, '321', 195, 196, '', '', '', '', 0),
(1129, 358, '133', 197, 198, '', '', '', '', 0),
(1130, 358, '40', 199, 200, '', '', '', '', 0),
(1131, 358, '41', 201, 202, '', '', '', '', 0),
(1132, 358, '280', 203, 204, '', '', '', '', 0),
(1133, 358, '181', 205, 206, '', '', '', '', 0),
(1134, 358, '180', 207, 208, '', '', '', '', 0),
(1135, 358, '328', 209, 210, '', '', '', '', 0),
(1136, 358, '176', 211, 212, '', '', '', '', 0),
(1137, 358, '22', 213, 214, '', '', '', '', 0),
(1138, 358, '241', 215, 216, '', '', '', '', 0),
(1139, 358, '182', 217, 218, '', '', '', '', 0),
(1140, 358, '9', 219, 220, '', '', '', '', 0),
(1141, 358, '388', 221, 222, '', '', '', '', 0),
(1142, 358, '359', 223, 224, '', '', '', '', 0),
(1143, 358, '281', 225, 226, '', '', '', '', 0),
(1144, 358, '317', 227, 228, '', '', '', '', 0),
(1145, 358, '115', 229, 230, '', '', '', '', 0),
(1146, 358, '307', 231, 232, '', '', '', '', 0),
(1147, 358, '134', 233, 234, '', '', '', '', 0),
(1148, 358, '333', 235, 236, '', '', '', '', 0),
(1149, 358, '257', 237, 238, '', '', '', '', 0),
(1150, 358, '168', 239, 240, '', '', '', '', 0),
(1151, 358, '110', 241, 242, '', '', '', '', 0),
(1152, 358, '330', 243, 244, '', '', '', '', 0),
(1153, 358, '288', 245, 246, '', '', '', '', 0),
(1154, 358, '370', 247, 248, '', '', '', '', 0),
(1155, 358, '222', 249, 250, '', '', '', '', 0),
(1156, 358, '322', 251, 252, '', '', '', '', 0),
(1157, 358, '138', 253, 254, '', '', '', '', 0),
(1158, 358, '282', 255, 256, '', '', '', '', 0),
(1159, 358, '135', 257, 258, '', '', '', '', 0),
(1160, 358, '21', 259, 260, '', '', '', '', 0),
(1161, 358, '386', 261, 262, '', '', '', '', 0),
(1162, 358, '184', 263, 264, '', '', '', '', 0),
(1163, 358, '283', 265, 266, '', '', '', '', 0),
(1164, 358, '136', 267, 268, '', '', '', '', 0),
(1165, 358, '96', 269, 270, '', '', '', '', 0),
(1166, 358, '188', 271, 272, '', '', '', '', 0),
(1167, 358, '137', 273, 274, '', '', '', '', 0),
(1168, 358, '32', 275, 276, '', '', '', '', 0),
(1169, 358, '364', 277, 278, '', '', '', '', 0),
(1170, 358, '20', 279, 280, '', '', '', '', 0),
(1171, 358, '251', 281, 282, '', '', '', '', 0),
(1172, 358, '223', 283, 284, '', '', '', '', 0),
(1173, 358, '189', 285, 286, '', '', '', '', 0),
(1174, 358, '67', 287, 288, '', '', '', '', 0),
(1175, 358, '139', 289, 290, '', '', '', '', 0),
(1176, 358, '33', 291, 292, '', '', '', '', 0),
(1177, 358, '293', 293, 294, '', '', '', '', 0),
(1178, 358, '83', 295, 296, '', '', '', '', 0),
(1179, 358, '192', 297, 298, '', '', '', '', 0),
(1180, 358, '214', 299, 300, '', '', '', '', 0),
(1181, 358, '297', 301, 302, '', '', '', '', 0),
(1182, 358, '287', 303, 304, '', '', '', '', 0),
(1183, 358, '140', 305, 306, '', '', '', '', 0),
(1184, 358, '63', 307, 308, '', '', '', '', 0),
(1185, 358, '185', 309, 310, '', '', '', '', 0),
(1186, 358, '286', 311, 312, '', '', '', '', 0),
(1187, 358, '48', 313, 314, '', '', '', '', 0),
(1188, 358, '227', 315, 316, '', '', '', '', 0),
(1189, 358, '187', 317, 318, '', '', '', '', 0),
(1190, 358, '289', 319, 320, '', '', '', '', 0),
(1191, 358, '13', 321, 322, '', '', '', '', 0),
(1192, 358, '220', 323, 324, '', '', '', '', 0),
(1193, 358, '66', 325, 326, '', '', '', '', 0),
(1194, 358, '197', 327, 328, '', '', '', '', 0),
(1195, 358, '196', 329, 330, '', '', '', '', 0),
(1196, 358, '380', 331, 332, '', '', '', '', 0),
(1197, 358, '216', 333, 334, '', '', '', '', 0),
(1198, 358, '141', 335, 336, '', '', '', '', 0),
(1199, 358, '217', 337, 338, '', '', '', '', 0),
(1200, 358, '6', 339, 340, '', '', '', '', 0),
(1201, 358, '315', 341, 342, '', '', '', '', 0),
(1202, 358, '258', 343, 344, '', '', '', '', 0),
(1203, 358, '252', 345, 346, '', '', '', '', 0),
(1204, 358, '43', 347, 348, '', '', '', '', 0),
(1205, 358, '195', 349, 350, '', '', '', '', 0),
(1206, 358, '2', 351, 352, '', '', '', '', 0),
(1207, 358, '38', 353, 354, '', '', '', '', 0),
(1208, 358, '60', 355, 356, '', '', '', '', 0),
(1209, 358, '324', 357, 358, '', '', '', '', 0),
(1210, 358, '5', 359, 360, '', '', '', '', 0),
(1211, 358, '53', 361, 362, '', '', '', '', 0),
(1212, 358, '30', 363, 364, '', '', '', '', 0),
(1213, 358, '230', 365, 366, '', '', '', '', 0),
(1214, 358, '255', 367, 368, '', '', '', '', 0),
(1215, 358, '186', 369, 370, '', '', '', '', 0),
(1216, 358, '332', 371, 372, '', '', '', '', 0),
(1217, 358, '383', 373, 374, '', '', '', '', 0),
(1218, 358, '284', 375, 376, '', '', '', '', 0),
(1219, 358, '355', 377, 378, '', '', '', '', 0),
(1220, 358, '111', 379, 380, '', '', '', '', 0),
(1221, 358, '259', 381, 382, '', '', '', '', 0),
(1222, 358, '292', 383, 384, '', '', '', '', 0),
(1223, 358, '191', 385, 386, '', '', '', '', 0),
(1224, 358, '224', 387, 388, '', '', '', '', 0),
(1225, 358, '242', 389, 390, '', '', '', '', 0),
(1226, 358, '54', 391, 392, '', '', '', '', 0),
(1227, 358, '362', 393, 394, '', '', '', '', 0),
(1228, 358, '183', 395, 396, '', '', '', '', 0),
(1229, 358, '365', 397, 398, '', '', '', '', 0),
(1230, 358, '69', 399, 400, '', '', '', '', 0),
(1231, 358, '244', 401, 402, '', '', '', '', 0),
(1232, 358, '73', 403, 404, '', '', '', '', 0),
(1233, 358, '190', 405, 406, '', '', '', '', 0),
(1234, 358, '45', 407, 408, '', '', '', '', 0),
(1235, 358, '142', 409, 410, '', '', '', '', 0),
(1236, 358, '334', 411, 412, '', '', '', '', 0),
(1237, 358, '39', 413, 414, '', '', '', '', 0),
(1238, 358, '296', 415, 416, '', '', '', '', 0),
(1239, 358, '44', 417, 418, '', '', '', '', 0),
(1240, 358, '101', 419, 420, '', '', '', '', 0),
(1241, 358, '373', 421, 422, '', '', '', '', 0),
(1242, 358, '199', 423, 424, '', '', '', '', 0),
(1243, 358, '291', 425, 426, '', '', '', '', 0),
(1244, 358, '144', 427, 428, '', '', '', '', 0),
(1245, 358, '247', 429, 430, '', '', '', '', 0),
(1246, 358, '94', 431, 432, '', '', '', '', 0),
(1247, 358, '70', 433, 434, '', '', '', '', 0),
(1248, 358, '314', 435, 436, '', '', '', '', 0),
(1249, 358, '143', 437, 438, '', '', '', '', 0),
(1250, 358, '35', 439, 440, '', '', '', '', 0),
(1251, 358, '23', 441, 442, '', '', '', '', 0),
(1252, 358, '318', 443, 444, '', '', '', '', 0),
(1253, 358, '51', 445, 446, '', '', '', '', 0),
(1254, 358, '4', 447, 448, '', '', '', '', 0),
(1255, 358, '238', 449, 450, '', '', '', '', 0),
(1256, 358, '346', 451, 452, '', '', '', '', 0),
(1257, 358, '82', 453, 454, '', '', '', '', 0),
(1258, 358, '98', 455, 456, '', '', '', '', 0),
(1259, 358, '243', 457, 458, '', '', '', '', 0),
(1260, 358, '335', 459, 460, '', '', '', '', 0),
(1261, 358, '203', 461, 462, '', '', '', '', 0),
(1262, 358, '295', 463, 464, '', '', '', '', 0),
(1263, 358, '378', 465, 466, '', '', '', '', 0),
(1264, 358, '12', 467, 468, '', '', '', '', 0),
(1265, 358, '312', 469, 470, '', '', '', '', 0),
(1266, 358, '343', 471, 472, '', '', '', '', 0),
(1267, 358, '290', 473, 474, '', '', '', '', 0),
(1268, 358, '331', 475, 476, '', '', '', '', 0),
(1269, 358, '145', 477, 478, '', '', '', '', 0),
(1270, 358, '3', 479, 480, '', '', '', '', 0),
(1271, 358, '1', 481, 482, '', '', '', '', 0),
(1272, 358, '246', 483, 484, '', '', '', '', 0),
(1273, 358, '28', 485, 486, '', '', '', '', 0),
(1274, 358, '148', 487, 488, '', '', '', '', 0),
(1275, 358, '299', 489, 490, '', '', '', '', 0),
(1276, 358, '261', 491, 492, '', '', '', '', 0),
(1277, 358, '215', 493, 494, '', '', '', '', 0),
(1278, 358, '202', 495, 496, '', '', '', '', 0),
(1279, 358, '204', 497, 498, '', '', '', '', 0),
(1280, 358, '366', 499, 500, '', '', '', '', 0),
(1281, 358, '374', 501, 502, '', '', '', '', 0),
(1282, 358, '385', 503, 504, '', '', '', '', 0),
(1283, 358, '285', 505, 506, '', '', '', '', 0),
(1284, 358, '75', 507, 508, '', '', '', '', 0),
(1285, 358, '381', 509, 510, '', '', '', '', 0),
(1286, 358, '93', 511, 512, '', '', '', '', 0),
(1287, 358, '209', 513, 514, '', '', '', '', 0),
(1288, 358, '304', 515, 516, '', '', '', '', 0),
(1289, 358, '329', 517, 518, '', '', '', '', 0),
(1290, 358, '363', 519, 520, '', '', '', '', 0),
(1291, 358, '146', 521, 522, '', '', '', '', 0),
(1292, 358, '294', 523, 524, '', '', '', '', 0),
(1293, 358, '353', 525, 526, '', '', '', '', 0),
(1294, 358, '266', 527, 528, '', '', '', '', 0),
(1295, 358, '263', 529, 530, '', '', '', '', 0),
(1296, 358, '210', 531, 532, '', '', '', '', 0),
(1297, 358, '232', 533, 534, '', '', '', '', 0),
(1298, 358, '376', 535, 536, '', '', '', '', 0),
(1299, 358, '201', 537, 538, '', '', '', '', 0),
(1300, 358, '147', 539, 540, '', '', '', '', 0),
(1301, 358, '149', 541, 542, '', '', '', '', 0),
(1302, 358, '316', 543, 544, '', '', '', '', 0),
(1303, 358, '14', 545, 546, '', '', '', '', 0),
(1304, 358, '151', 547, 548, '', '', '', '', 0),
(1305, 358, '300', 549, 550, '', '', '', '', 0),
(1306, 358, '351', 551, 552, '', '', '', '', 0),
(1307, 358, '17', 553, 554, '', '', '', '', 0),
(1308, 358, '379', 555, 556, '', '', '', '', 0),
(1309, 358, '155', 557, 558, '', '', '', '', 0),
(1310, 358, '61', 559, 560, '', '', '', '', 0),
(1311, 358, '389', 561, 562, '', '', '', '', 0),
(1312, 358, '79', 563, 564, '', '', '', '', 0),
(1313, 358, '152', 565, 566, '', '', '', '', 0),
(1314, 358, '200', 567, 568, '', '', '', '', 0),
(1315, 358, '198', 569, 570, '', '', '', '', 0),
(1316, 358, '342', 571, 572, '', '', '', '', 0),
(1317, 358, '310', 573, 574, '', '', '', '', 0),
(1318, 358, '306', 575, 576, '', '', '', '', 0),
(1319, 358, '150', 577, 578, '', '', '', '', 0),
(1320, 358, '154', 579, 580, '', '', '', '', 0),
(1321, 358, '36', 581, 582, '', '', '', '', 0),
(1322, 358, '248', 583, 584, '', '', '', '', 0),
(1323, 358, '308', 585, 586, '', '', '', '', 0),
(1324, 358, '156', 587, 588, '', '', '', '', 0),
(1325, 358, '84', 589, 590, '', '', '', '', 0),
(1326, 358, '265', 591, 592, '', '', '', '', 0),
(1327, 358, '112', 593, 594, '', '', '', '', 0),
(1328, 358, '250', 595, 596, '', '', '', '', 0),
(1329, 358, '349', 597, 598, '', '', '', '', 0),
(1330, 358, '65', 599, 600, '', '', '', '', 0),
(1331, 358, '352', 601, 602, '', '', '', '', 0),
(1332, 358, '311', 603, 604, '', '', '', '', 0),
(1333, 358, '356', 605, 606, '', '', '', '', 0),
(1334, 358, '157', 607, 608, '', '', '', '', 0),
(1335, 358, '158', 609, 610, '', '', '', '', 0),
(1336, 358, '229', 611, 612, '', '', '', '', 0),
(1337, 358, '233', 613, 614, '', '', '', '', 0),
(1338, 358, '256', 615, 616, '', '', '', '', 0),
(1339, 358, '231', 617, 618, '', '', '', '', 0),
(1340, 358, '167', 619, 620, '', '', '', '', 0),
(1341, 358, '153', 621, 622, '', '', '', '', 0),
(1342, 358, '159', 623, 624, '', '', '', '', 0),
(1343, 358, '211', 625, 626, '', '', '', '', 0),
(1344, 358, '341', 627, 628, '', '', '', '', 0),
(1345, 358, '165', 629, 630, '', '', '', '', 0),
(1346, 358, '68', 631, 632, '', '', '', '', 0),
(1347, 358, '338', 633, 634, '', '', '', '', 0),
(1348, 358, '309', 635, 636, '', '', '', '', 0),
(1349, 358, '10', 637, 638, '', '', '', '', 0),
(1350, 358, '64', 639, 640, '', '', '', '', 0),
(1351, 358, '206', 641, 642, '', '', '', '', 0),
(1352, 358, '207', 643, 644, '', '', '', '', 0),
(1353, 358, '52', 645, 646, '', '', '', '', 0),
(1354, 358, '384', 647, 648, '', '', '', '', 0),
(1355, 358, '320', 649, 650, '', '', '', '', 0),
(1356, 358, '372', 651, 652, '', '', '', '', 0),
(1357, 358, '249', 653, 654, '', '', '', '', 0),
(1358, 358, '344', 655, 656, '', '', '', '', 0),
(1359, 358, '161', 657, 658, '', '', '', '', 0),
(1360, 358, '47', 659, 660, '', '', '', '', 0),
(1361, 358, '387', 661, 662, '', '', '', '', 0),
(1362, 358, '313', 663, 664, '', '', '', '', 0),
(1363, 358, '218', 665, 666, '', '', '', '', 0),
(1364, 358, '303', 667, 668, '', '', '', '', 0),
(1365, 358, '160', 669, 670, '', '', '', '', 0),
(1366, 358, '19', 671, 672, '', '', '', '', 0),
(1367, 358, '301', 673, 674, '', '', '', '', 0),
(1368, 358, '108', 675, 676, '', '', '', '', 0),
(1369, 358, '162', 677, 678, '', '', '', '', 0),
(1370, 358, '305', 679, 680, '', '', '', '', 0),
(1371, 358, '89', 681, 682, '', '', '', '', 0),
(1372, 358, '76', 683, 684, '', '', '', '', 0),
(1373, 358, '166', 685, 686, '', '', '', '', 0),
(1374, 358, '164', 687, 688, '', '', '', '', 0),
(1375, 358, '114', 689, 690, '', '', '', '', 0),
(1376, 358, '208', 691, 692, '', '', '', '', 0),
(1377, 358, '103', 693, 694, '', '', '', '', 0),
(1378, 358, '106', 695, 696, '', '', '', '', 0),
(1379, 358, '213', 697, 698, '', '', '', '', 0),
(1380, 358, '74', 699, 700, '', '', '', '', 0),
(1381, 358, '225', 701, 702, '', '', '', '', 0),
(1382, 358, '77', 703, 704, '', '', '', '', 0),
(1383, 358, '369', 705, 706, '', '', '', '', 0),
(1384, 358, '323', 707, 708, '', '', '', '', 0),
(1385, 358, '212', 709, 710, '', '', '', '', 0),
(1386, 358, '102', 711, 712, '', '', '', '', 0),
(1387, 359, '1', 723, 724, '', '', '', '', 0),
(1388, 359, '4', 725, 726, '', '', '', '', 0),
(1389, 359, '16', 727, 728, '', '', '', '', 0),
(1390, 359, '14', 729, 730, '', '', '', '', 0),
(1391, 359, '12', 731, 732, '', '', '', '', 0),
(1392, 359, '2', 733, 734, '', '', '', '', 0),
(1393, 359, '7', 735, 736, '', '', '', '', 0),
(1394, 359, '6', 737, 738, '', '', '', '', 0),
(1395, 359, '9', 739, 740, '', '', '', '', 0),
(1396, 359, '18', 741, 742, '', '', '', '', 0),
(1397, 359, '15', 743, 744, '', '', '', '', 0),
(1398, 359, '8', 745, 746, '', '', '', '', 0),
(1399, 359, '22', 747, 748, '', '', '', '', 0),
(1400, 359, '10', 749, 750, '', '', '', '', 0),
(1401, 359, '5', 751, 752, '', '', '', '', 0),
(1402, 359, '19', 753, 754, '', '', '', '', 0),
(1403, 359, '11', 755, 756, '', '', '', '', 0),
(1404, 359, '13', 757, 758, '', '', '', '', 0),
(1405, 359, '21', 759, 760, '', '', '', '', 0),
(1406, 359, '20', 761, 762, '', '', '', '', 0),
(1407, 12, 'Ring', 981, 982, '', 'sp16', '', '', 0),
(1408, 12, 'Dome', 983, 984, '', 'sp15', '', '', 0),
(1409, 5, 'Refractor', 1129, 1130, '', 'ap26', '', '', 0),
(1410, 5, 'Perforated', 1131, 1132, '', 'ap23', '', '', 0),
(1411, 5, 'Slotted', 1133, 1134, '', 'ap24', '', '', 0),
(1412, 5, 'Solid', 1135, 1136, '', 'ap25', '', '', 0),
(1413, 358, '392', 713, 714, '', '', '', '', 0),
(1414, 358, '394', 715, 716, '', '', '', '', 0),
(1415, 358, '395', 717, 718, '', '', '', '', 0),
(1416, 359, '23', 763, 764, '', '', '', '', 0),
(1417, 358, '396', 719, 720, '', '', '', '', 0),
(1418, 15, 'Table', 907, 908, '', '', '', '', 0),
(1419, 15, 'Floor', 909, 910, '', '', '', '', 0);

-- --------------------------------------------------------

--
-- Table structure for table `search_options_range`
--

CREATE TABLE `search_options_range` (
  `node_id` smallint(5) UNSIGNED NOT NULL,
  `parent_id` smallint(5) UNSIGNED NOT NULL,
  `val` decimal(10,2) DEFAULT NULL,
  `val_min` decimal(10,2) DEFAULT NULL,
  `val_max` decimal(10,2) DEFAULT NULL,
  `field_min` varchar(32) NOT NULL,
  `field_max` varchar(32) NOT NULL,
  `range_type` varchar(16) NOT NULL,
  `val_dd` int(10) UNSIGNED DEFAULT NULL,
  `val_dd_decimal` decimal(4,1) UNSIGNED DEFAULT NULL
) ENGINE=InnoDB DEFAULT CHARSET=utf8;

--
-- Dumping data for table `search_options_range`
--

INSERT INTO `search_options_range` (`node_id`, `parent_id`, `val`, `val_min`, `val_max`, `field_min`, `field_max`, `range_type`, `val_dd`, `val_dd_decimal`) VALUES
(117, 8, '1.00', NULL, NULL, 'warranty', 'warranty', 'gte', 1, NULL),
(118, 8, '3.00', NULL, NULL, 'warranty', 'warranty', 'gte', 3, NULL),
(119, 8, '5.00', NULL, NULL, 'warranty', 'warranty', 'gte', 5, NULL),
(120, 8, '10.00', NULL, NULL, 'warranty', 'warranty', 'gte', 10, NULL),
(138, 11, '30000.00', NULL, NULL, '', '', 'gte', NULL, NULL),
(139, 11, '50000.00', NULL, NULL, '', '', 'gte', NULL, NULL),
(140, 11, '75000.00', NULL, NULL, '', '', 'gte', NULL, NULL),
(141, 11, '100000.00', NULL, NULL, '', '', 'gte', NULL, NULL),
(142, 11, '150000.00', NULL, NULL, '', '', 'gte', NULL, NULL),
(144, 143, '25000.00', NULL, NULL, '', '', 'gte', NULL, NULL),
(145, 143, '35000.00', NULL, NULL, '', '', 'gte', NULL, NULL),
(146, 143, '60000.00', NULL, NULL, '', '', 'gte', NULL, NULL),
(265, 233, '1.00', NULL, NULL, '', '', 'lte', NULL, NULL),
(266, 233, '2.00', NULL, NULL, '', '', 'lte', NULL, NULL),
(267, 233, '3.00', NULL, NULL, '', '', 'lte', NULL, NULL),
(268, 233, '4.00', NULL, NULL, '', '', 'lte', NULL, NULL),
(269, 233, '5.00', NULL, NULL, '', '', 'lte', NULL, NULL),
(270, 233, '6.00', NULL, NULL, '', '', 'lte', NULL, NULL),
(271, 233, '8.00', NULL, NULL, '', '', 'lte', NULL, NULL),
(272, 233, '12.00', NULL, NULL, '', '', 'lte', NULL, NULL),
(296, 19, '70.00', NULL, NULL, '', '', 'gte', NULL, NULL),
(297, 19, '80.00', NULL, NULL, '', '', 'gte', NULL, NULL),
(298, 19, '90.00', NULL, NULL, '', '', 'gte', NULL, NULL),
(299, 19, '95.00', NULL, NULL, '', '', 'gte', NULL, NULL),
(477, 26, '50.00', NULL, NULL, '', '', 'gte', NULL, NULL),
(478, 26, '70.00', NULL, NULL, '', '', 'gte', NULL, NULL),
(479, 26, '90.00', NULL, NULL, '', '', 'gte', NULL, NULL),
(480, 26, '120.00', NULL, NULL, '', '', 'gte', NULL, NULL),
(481, 26, '150.00', NULL, NULL, '', '', 'gte', NULL, NULL),
(484, 482, '100.00', NULL, NULL, '', '', 'lte', NULL, NULL),
(485, 482, NULL, '90.00', '220.00', '', '', 'btw', NULL, NULL),
(486, 482, NULL, '190.00', '330.00', '', '', 'btw', NULL, NULL),
(487, 482, NULL, '290.00', '550.00', '', '', 'btw', NULL, NULL),
(488, 482, NULL, '480.00', '800.00', '', '', 'btw', NULL, NULL),
(489, 482, NULL, '700.00', '1200.00', '', '', 'btw', NULL, NULL),
(490, 482, NULL, '900.00', '1600.00', '', '', 'btw', NULL, NULL),
(491, 482, NULL, '1400.00', '2200.00', '', '', 'btw', NULL, NULL),
(492, 482, NULL, '1900.00', '3300.00', '', '', 'btw', NULL, NULL),
(493, 482, NULL, '2800.00', '5500.00', '', '', 'btw', NULL, NULL),
(494, 482, NULL, '4700.00', '8000.00', '', '', 'btw', NULL, NULL),
(495, 482, NULL, '6500.00', '11000.00', '', '', 'btw', NULL, NULL),
(496, 482, NULL, '9000.00', '16000.00', '', '', 'btw', NULL, NULL),
(497, 482, NULL, '13500.00', '22000.00', '', '', 'btw', NULL, NULL),
(498, 482, NULL, '18000.00', '33000.00', '', '', 'btw', NULL, NULL),
(499, 482, NULL, '27000.00', '43000.00', '', '', 'btw', NULL, NULL),
(500, 482, NULL, '37000.00', '52000.00', '', '', 'btw', NULL, NULL),
(501, 482, NULL, '47000.00', '77000.00', '', '', 'btw', NULL, NULL),
(502, 482, NULL, '70000.00', '110000.00', '', '', 'btw', NULL, NULL),
(503, 482, NULL, '90000.00', '1000000.00', '', '', 'btw', NULL, NULL),
(504, 483, '100.00', NULL, NULL, '', '', 'lte', NULL, NULL),
(505, 483, NULL, '90.00', '220.00', '', '', 'btw', NULL, NULL),
(506, 483, NULL, '180.00', '330.00', '', '', 'btw', NULL, NULL),
(507, 483, NULL, '280.00', '550.00', '', '', 'btw', NULL, NULL),
(508, 483, NULL, '470.00', '800.00', '', '', 'btw', NULL, NULL),
(509, 483, NULL, '700.00', '1100.00', '', '', 'btw', NULL, NULL),
(510, 483, NULL, '950.00', '1600.00', '', '', 'btw', NULL, NULL),
(511, 483, NULL, '1400.00', '100000.00', '', '', 'btw', NULL, NULL),
(514, 512, '3.00', NULL, NULL, '', '', 'lte', NULL, NULL),
(515, 512, NULL, '3.00', '5.00', '', '', 'btw', NULL, NULL),
(516, 512, NULL, '5.00', '10.00', '', '', 'btw', NULL, NULL),
(517, 512, NULL, '9.00', '16.00', '', '', 'btw', NULL, NULL),
(518, 512, NULL, '14.00', '22.00', '', '', 'btw', NULL, NULL),
(519, 512, NULL, '19.00', '33.00', '', '', 'btw', NULL, NULL),
(520, 512, NULL, '28.00', '44.00', '', '', 'btw', NULL, NULL),
(521, 512, NULL, '38.00', '55.00', '', '', 'btw', NULL, NULL),
(522, 512, NULL, '47.00', '80.00', '', '', 'btw', NULL, NULL),
(523, 512, NULL, '72.00', '105.00', '', '', 'btw', NULL, NULL),
(524, 512, NULL, '95.00', '160.00', '', '', 'btw', NULL, NULL),
(525, 512, NULL, '140.00', '260.00', '', '', 'btw', NULL, NULL),
(526, 512, NULL, '230.00', '360.00', '', '', 'btw', NULL, NULL),
(527, 512, NULL, '330.00', '520.00', '', '', 'btw', NULL, NULL),
(528, 512, NULL, '480.00', '800.00', '', '', 'btw', NULL, NULL),
(529, 512, NULL, '730.00', '1000000.00', '', '', 'btw', NULL, NULL),
(530, 513, '1.00', NULL, NULL, '', '', 'lte', NULL, NULL),
(531, 513, NULL, '1.00', '2.00', '', '', 'btw', NULL, NULL),
(532, 513, NULL, '2.00', '3.00', '', '', 'btw', NULL, NULL),
(533, 513, NULL, '3.00', '5.00', '', '', 'btw', NULL, NULL),
(534, 513, NULL, '5.00', '7.00', '', '', 'btw', NULL, NULL),
(535, 513, NULL, '7.00', '10.00', '', '', 'btw', NULL, NULL),
(536, 513, NULL, '10.00', '15.00', '', '', 'btw', NULL, NULL),
(537, 513, NULL, '15.00', '25.00', '', '', 'btw', NULL, NULL),
(538, 513, NULL, '25.00', '1000000.00', '', '', 'btw', NULL, NULL),
(638, 233, '0.70', NULL, NULL, '', '', 'lte', NULL, NULL),
(1026, 482, '10000000.00', NULL, NULL, '', '', 'gte', NULL, NULL),
(1028, 483, '10000000.00', NULL, NULL, '', '', 'gte', NULL, NULL),
(1029, 512, '10000000.00', NULL, NULL, '', '', 'gte', NULL, NULL),
(1030, 513, '10000000.00', NULL, NULL, '', '', 'gte', NULL, NULL);

-- --------------------------------------------------------

--
-- Table structure for table `settings`
--

CREATE TABLE `settings` (
  `id` tinyint(4) NOT NULL,
  `days_recent_fams` smallint(6) NOT NULL,
  `days_recent_prj` smallint(6) NOT NULL
) ENGINE=InnoDB DEFAULT CHARSET=utf8;

--
-- Dumping data for table `settings`
--

INSERT INTO `settings` (`id`, `days_recent_fams`, `days_recent_prj`) VALUES
(1, 2000, 2000);

-- --------------------------------------------------------

--
-- Table structure for table `sku_charmask`
--

CREATE TABLE `sku_charmask` (
  `manf_code` varchar(3) CHARACTER SET utf8 NOT NULL,
  `charmask` char(1) CHARACTER SET utf8 NOT NULL
) ENGINE=InnoDB DEFAULT CHARSET=utf8mb4 COLLATE=utf8mb4_unicode_ci;

-- --------------------------------------------------------

--
-- Table structure for table `sliders`
--

CREATE TABLE `sliders` (
  `slider_id` int(11) UNSIGNED NOT NULL,
  `sku` varchar(6) NOT NULL,
  `bgcolor` varchar(7) NOT NULL,
  `dt` datetime NOT NULL
) ENGINE=InnoDB DEFAULT CHARSET=utf8;

--
-- Dumping data for table `sliders`
--

INSERT INTO `sliders` (`slider_id`, `sku`, `bgcolor`, `dt`) VALUES
(2, 'PR-1', '#363636', '2015-09-29 00:00:00'),
(4, 'PJ-1', '#000000', '2015-10-17 00:00:00'),
(5, '00', '#000000', '2015-10-21 00:00:00'),
(6, 'MP-1', '#000000', '2015-10-21 00:00:00'),
(7, 'INFO', '#ffffff', '2015-10-21 00:00:00');

-- --------------------------------------------------------

--
-- Table structure for table `sliders_images`
--

CREATE TABLE `sliders_images` (
  `image_id` int(10) UNSIGNED NOT NULL,
  `slider_id` int(10) UNSIGNED NOT NULL,
  `advertiser` varchar(255) NOT NULL,
  `sku_advertiser` varchar(3) NOT NULL,
  `img_src` varchar(255) NOT NULL,
  `alt_name` varchar(255) NOT NULL,
  `url` varchar(255) NOT NULL,
  `anchor_target` varchar(8) NOT NULL,
  `active_from` date NOT NULL,
  `active_to` date NOT NULL
) ENGINE=InnoDB DEFAULT CHARSET=utf8;

--
-- Dumping data for table `sliders_images`
--

INSERT INTO `sliders_images` (`image_id`, `slider_id`, `advertiser`, `sku_advertiser`, `img_src`, `alt_name`, `url`, `anchor_target`, `active_from`, `active_to`) VALUES
(544, 5, 'LEDELUM', '', 'project2.jpg', '', '', '_blank', '2015-10-01', '2016-03-31'),
(545, 5, 'LEDELUM', '', 'product6.jpg', '', '', '_blank', '2015-10-02', '2016-03-31'),
(546, 5, 'LEDELUM', '', 'project1.jpg', '', '', '_blank', '2015-10-02', '2016-03-31'),
(547, 5, 'LEDELUM', '', 'product2.jpg', '', '', '_blank', '2015-10-01', '2016-03-31'),
(636, 7, 'LEDELUM', '', 'INFO_ledelum_gallery.jpg', '', 'http://www.ldlmlocal.com/family.php?f=GTM_ICO-CYLLW-2', '_blank', '2015-10-01', '2017-11-30'),
(637, 7, 'LEDELUM', '', 'INFO_ledelum_ad.jpg', '', 'http://www.ldlmlocal.com/family.php?f=ELM_E3R-L-F', '_blank', '2015-10-01', '2017-11-30'),
(638, 7, 'LEDELUM', '', 'INFO_ledelum_search.jpg', '', '', '_blank', '2015-10-01', '2017-11-30'),
(639, 7, 'LEDELUM', '', 'INFO_ledelum_events.jpg', '', '', '_blank', '2015-10-01', '2017-11-30'),
(680, 6, 'CDO', 'FRM', 'FORUM_LED_2017.jpg', 'Forum LED 2017', 'http://www.forumled.com/led/archives/category/home?lang=en', '_blank', '2016-11-01', '2018-01-31'),
(681, 6, 'ILUMT', 'ILU', 'Illuminotronica_2017.jpg', 'Illuminotronica 2017', 'https://illuminotronica.it/', '_blank', '2015-10-21', '2018-01-31'),
(682, 6, 'LED CHINA', 'LED', 'LED_CHINA_2017.jpg', 'LED CHINA 2017', 'http://www.ledchina-sh.com/en-us/', '_blank', '2015-09-30', '2018-01-31'),
(683, 6, 'LEDELUM', '', 'lighbuilding.jpg', 'light building', 'http://light-building.messefrankfurt.com/frankfurt/de/besucher/willkommen.html', '_blank', '2015-10-01', '2016-03-28'),
(684, 6, 'Luger Research', 'LPS', 'LpS2017.jpg', '6th International LED professional Symposium +Expo | LpS 2017', 'http://www.led-professional-symposium.com/', '_blank', '2016-03-30', '2018-01-31'),
(685, 6, 'ACM', 'ACM', '160628-LTE-Ledelum_1200x350_banner.jpg', 'LightingTech Egypt conference ', 'http://www.acm-events.com ', '_blank', '2016-07-02', '2017-02-01'),
(694, 4, 'LEDELUM', '', 'project1.jpg', '', '', '_blank', '2015-10-01', '2018-03-31'),
(695, 4, 'LEDELUM', '', 'Tokyo_International_Forum.jpg', '', '', '_blank', '2015-10-01', '2018-03-31'),
(696, 4, 'LEDELUM', '', 'project3.jpg', '', '', '_blank', '2015-10-01', '2018-03-31'),
(697, 4, 'LEDELUM', '', 'project4.jpg', '', '', '_blank', '2015-10-01', '2018-03-31'),
(698, 2, 'LEDELUM.Lighting Services', '', 'Lumelex.jpg', 'Lumelex 2030', 'http://www.lightingservicesinc.com/', '_blank', '2015-09-01', '2018-03-31'),
(699, 2, 'LEDELUM', '', 'CasperBeam.jpg', 'Casper Beam', 'http://lightart.com/product/casper-beam', '_blank', '2015-09-03', '2018-03-31'),
(700, 2, 'LEDELUM. Traxon', 'TRX', 'Traxon.jpg', 'Traxon', 'http://www3.traxontechnologies.com/us/', '_blank', '2015-09-05', '2018-03-31'),
(701, 2, 'LEDELUM. Lumenpulse', 'LMP', 'Lumenpulse_lumenbeam.jpg', 'Lumenbeam', 'http://www.lumenpulse.com/en/product/6/lumenbeam-lbx', '_blank', '2015-09-07', '2018-03-31');

-- --------------------------------------------------------

--
-- Table structure for table `sliders_pages`
--

CREATE TABLE `sliders_pages` (
  `page_id` int(11) NOT NULL,
  `page_name` varchar(255) NOT NULL,
  `slider_id` int(11) NOT NULL
) ENGINE=InnoDB DEFAULT CHARSET=utf8;

--
-- Dumping data for table `sliders_pages`
--

INSERT INTO `sliders_pages` (`page_id`, `page_name`, `slider_id`) VALUES
(1, 'Profesional Search', 2),
(2, 'Media Partners', 6),
(3, 'Projects Library', 4),
(4, 'Browse by Manufacturer', 2),
(5, 'My Projects', 4),
(6, 'Ledelum Statistics', 2),
(7, 'New Product Guide', 2),
(8, 'Events', 6),
(9, 'News', 4),
(10, 'Ledelum Surveys', 2),
(11, 'Terminology', 2),
(12, 'About Us', 7),
(13, 'Advertisement Opportunities', 7),
(14, 'Membership Opportunities', 7),
(15, 'Privacy Policy', 7),
(16, 'Industry', 2),
(17, 'FAQ', 2),
(18, 'Disclaimer', 7),
(19, 'Post Your Project', 4),
(20, 'Applications', 2);

-- --------------------------------------------------------

--
-- Table structure for table `specs_images`
--

CREATE TABLE `specs_images` (
  `spec_id` smallint(5) UNSIGNED NOT NULL,
  `img_src` varchar(255) NOT NULL
) ENGINE=InnoDB DEFAULT CHARSET=utf8;

--
-- Dumping data for table `specs_images`
--

INSERT INTO `specs_images` (`spec_id`, `img_src`) VALUES
(26, '/images/specs_images/area_site.jpg'),
(27, '/images/specs_images/area_decorative.JPG'),
(29, '/images/specs_images/floodlight.jpg'),
(30, '/images/specs_images/floodlight_linear.jpg'),
(31, '/images/specs_images/building_mount.jpg'),
(32, '/images/specs_images/facade_utility.jpg'),
(33, '/images/specs_images/steplight_outdoor.jpg'),
(34, '/images/specs_images/garage.jpg'),
(35, '/images/specs_images/road.jpg'),
(36, '/images/specs_images/adjustable.jpg'),
(37, '/images/specs_images/accent_linear.jpg'),
(38, '/images/specs_images/downlight.jpg'),
(39, '/images/specs_images/wallwash.jpg'),
(40, '/images/specs_images/portables.jpg'),
(41, '/images/specs_images/perimiter.JPG'),
(42, '/images/specs_images/general_architectural.jpg'),
(43, '/images/specs_images/linear_architectural.jpg'),
(44, '/images/specs_images/decorative.jpg'),
(45, '/images/specs_images/troffer.jpg'),
(46, '/images/specs_images/wallwash_perimiter.jpg'),
(47, '/images/specs_images/sport.jpg'),
(48, '/images/specs_images/combo.jpg'),
(49, '/images/specs_images/cove.jpg'),
(50, '/images/specs_images/flex.jpg'),
(51, '/images/specs_images/direct_view.jpg'),
(52, '/images/specs_images/cabinet_linear.jpg'),
(53, '/images/specs_images/hibay.jpg'),
(54, '/images/specs_images/pole_arm.JPG'),
(55, '/images/specs_images/post_top.JPG'),
(56, '/images/specs_images/bollard.JPG'),
(57, '/images/specs_images/spike.JPG'),
(58, '/images/specs_images/canopy_recessed.JPG'),
(59, '/images/specs_images/ingrade.JPG'),
(60, '/images/specs_images/ceiling_recessed.JPG'),
(61, '/images/specs_images/ceiling_surface.JPG'),
(64, '/images/specs_images/pendant.JPG'),
(68, '/images/specs_images/surface.JPG'),
(69, '/images/specs_images/track_surface.JPG'),
(70, '/images/specs_images/wall_recessed.JPG'),
(71, '/images/specs_images/wall_surface.JPG'),
(80, '/images/specs_images/submersible.jpg'),
(82, '/images/specs_images/hazardous.JPG'),
(84, '/images/specs_images/vandal.JPG'),
(448, '/images/specs_images/lowbay.jpg'),
(449, '/images/specs_images/industrial.jpg'),
(450, '/images/specs_images/cleanroom.JPG'),
(543, '/images/specs_images/multiple.jpg'),
(577, '/images/specs_images/wallwash_perimiter.jpg'),
(649, '/images/specs_images/landscape_path.jpg'),
(652, '/images/specs_images/track_recessed.JPG'),
(653, '/images/specs_images/luminous.jpg'),
(655, '/images/specs_images/theater.jpg'),
(657, '/images/specs_images/track.jpg'),
(660, '/images/specs_images/ingrade_step.jpg'),
(665, '/images/specs_images/foodprocessing.JPG');

-- --------------------------------------------------------

--
-- Table structure for table `specs_list`
--

CREATE TABLE `specs_list` (
  `spec_id` smallint(5) UNSIGNED NOT NULL,
  `parent_id` smallint(5) UNSIGNED NOT NULL,
  `spec` varchar(32) NOT NULL,
  `lft` smallint(5) UNSIGNED NOT NULL,
  `rgt` smallint(10) UNSIGNED NOT NULL
) ENGINE=InnoDB DEFAULT CHARSET=utf8;

--
-- Dumping data for table `specs_list`
--

INSERT INTO `specs_list` (`spec_id`, `parent_id`, `spec`, `lft`, `rgt`) VALUES
(1, 0, 'Specifications', 1, 1756),
(2, 1, 'Fixture Type', 2, 83),
(3, 1, 'Mounting Type', 84, 127),
(4, 1, 'Environment/Listing', 128, 161),
(5, 1, 'Shape', 162, 173),
(6, 1, 'Size', 174, 231),
(7, 1, 'Linear Configuration', 232, 287),
(8, 1, 'Aperture Type', 288, 335),
(9, 1, 'Multiples', 336, 353),
(10, 1, 'CCT/Color', 354, 399),
(11, 1, 'CRI', 400, 411),
(12, 1, 'Optics', 412, 471),
(13, 1, 'Aiming', 472, 485),
(14, 1, 'Lumen Maintenance', 486, 507),
(15, 1, 'Watt', 508, 569),
(16, 1, 'Lumens', 570, 653),
(17, 1, 'Efficacy', 654, 667),
(19, 1, 'Dimming', 668, 775),
(20, 1, 'Voltage/Electrical', 776, 821),
(21, 1, 'Recessed Options', 822, 891),
(22, 1, 'Housing Depth', 892, 919),
(23, 1, 'Compliances', 920, 945),
(24, 1, 'Warranty', 946, 953),
(25, 1, 'Quick Ship', 954, 965),
(26, 2, 'Area and Site', 3, 4),
(27, 2, 'Area Decorative', 5, 6),
(28, 2, 'Modular', 7, 8),
(29, 2, 'Floodlight', 9, 10),
(30, 2, 'Floodlight Linear', 11, 12),
(31, 2, 'Façade Architectural', 13, 14),
(32, 2, 'Façade Utility', 15, 16),
(33, 2, 'Steplight', 17, 18),
(34, 2, 'Parking Garage/Canopy', 19, 20),
(35, 2, 'Road & Infrastructure', 21, 22),
(36, 2, 'Downlight Adjustable', 23, 24),
(37, 2, 'Accent Linear', 25, 26),
(38, 2, 'Downlight', 27, 28),
(39, 2, 'Wall Wash', 29, 30),
(40, 2, 'Portables/Standalone', 31, 32),
(41, 2, 'Perimiter', 33, 34),
(42, 2, 'General Architectural', 35, 36),
(43, 2, 'Linear Architectural', 37, 38),
(44, 2, 'Decorative', 39, 40),
(45, 2, 'Troffer', 41, 42),
(46, 2, 'Teleconference', 43, 44),
(47, 2, 'Sports', 45, 46),
(48, 2, 'Combo Lighting', 47, 48),
(49, 2, 'Cove Light', 49, 50),
(50, 2, 'Flexible Lighting', 51, 52),
(51, 2, 'Direct View', 53, 54),
(52, 2, 'Cabinet/Case', 55, 56),
(53, 2, 'High Bay', 57, 58),
(54, 3, 'Pole/Mast Arm', 85, 86),
(55, 3, 'Pole/Post Top', 87, 88),
(56, 3, 'Bollard', 89, 90),
(57, 3, 'Spike/Stem', 91, 92),
(58, 3, 'Canopy Recessed', 93, 94),
(59, 3, 'In-grade', 95, 96),
(60, 3, 'Ceiling Recessed', 97, 98),
(61, 3, 'Ceiling Surface', 99, 100),
(62, 3, 'Millwork Recessed', 101, 102),
(63, 3, 'Monopoint', 103, 104),
(64, 3, 'Pendant', 105, 106),
(65, 3, 'Clamp', 107, 108),
(66, 3, 'Rail', 109, 110),
(67, 3, 'Retrofit', 111, 112),
(68, 3, 'Surface', 113, 114),
(69, 3, 'Track/Busway', 115, 116),
(70, 3, 'Wall Recessed', 117, 118),
(71, 3, 'Wall Surface', 119, 120),
(74, 4, 'Damp', 129, 130),
(75, 4, 'Shower', 131, 132),
(76, 4, 'Wet', 133, 134),
(77, 4, 'Wet IP65', 135, 136),
(78, 4, 'Wet IP66', 137, 138),
(79, 4, 'Wet IP67', 139, 140),
(80, 4, 'Submersible IP68', 141, 142),
(81, 4, 'Natatorium', 143, 144),
(82, 4, 'Hazardous', 145, 146),
(83, 4, 'Marine', 147, 148),
(84, 4, 'Vandal', 149, 150),
(85, 4, 'Refrigerator', 151, 152),
(86, 4, 'Vapor Proof', 153, 154),
(87, 5, 'Round', 163, 164),
(88, 5, 'Square', 165, 166),
(89, 8, 'Diodes', 289, 290),
(90, 8, 'Diodes with Optics', 291, 292),
(91, 8, 'Reflector', 293, 294),
(92, 8, 'Baffle', 295, 296),
(93, 8, 'Beveled', 297, 298),
(94, 8, 'Pinhole', 299, 300),
(95, 8, 'Lensed Reflector', 301, 302),
(96, 8, 'Regressed Diffuser', 303, 304),
(97, 8, 'Flush Diffuser', 305, 306),
(98, 8, 'Dropped Diffuser', 307, 308),
(99, 8, 'Direct/Indiret Optics', 309, 310),
(100, 8, 'Light Wave Optics', 311, 312),
(101, 8, 'Parabolic Optics', 313, 314),
(105, 13, 'Adjustable', 473, 474),
(107, 13, 'Hot Aiming', 475, 476),
(108, 13, 'Pre Aimed', 477, 478),
(109, 13, 'Remote Aiming', 479, 480),
(110, 24, '1 Year at least', 947, 948),
(111, 24, '5 Years at least', 949, 950),
(112, 24, '10 Years at least', 951, 952),
(113, 25, 'Stock', 955, 956),
(114, 25, '5 days or less', 957, 958),
(115, 25, '10 days or less', 959, 960),
(141, 6, '0.5\" Width', 175, 176),
(142, 6, '1\" Width', 177, 178),
(143, 6, '2\" Width', 179, 180),
(144, 6, '3\" Width', 181, 182),
(146, 6, '4\" Width', 183, 184),
(147, 6, '5\" Width', 185, 186),
(148, 6, '6\" Width', 187, 188),
(149, 6, '7\" Width', 189, 190),
(150, 6, '8\" Width', 191, 192),
(151, 6, '9\" Width', 193, 194),
(152, 6, '10\" Width', 195, 196),
(153, 6, '12\" Width', 197, 198),
(154, 6, '15\" Width', 199, 200),
(155, 6, '18\" Width', 201, 202),
(156, 6, '2 Ft Width', 203, 204),
(157, 6, '2.5 Ft Width', 205, 206),
(158, 6, '3 Ft Width', 207, 208),
(159, 6, '4 Ft Width', 209, 210),
(160, 6, '5 Ft Width', 211, 212),
(161, 6, '6 Ft Width', 213, 214),
(162, 6, '8 + Ft Width', 215, 216),
(163, 6, '1 Ft x 1 Ft', 217, 218),
(164, 6, '1 Ft x 2 Ft', 219, 220),
(180, 12, 'Distribution Directions', 413, 424),
(181, 180, 'Direct', 414, 415),
(182, 180, 'Indirect', 416, 417),
(183, 180, 'Direct/Indirect', 418, 419),
(184, 12, 'Distribution Type', 425, 466),
(185, 184, 'Narrow', 426, 427),
(186, 184, 'Medium', 428, 429),
(187, 184, 'Flood', 430, 431),
(188, 184, 'Wide Flood', 432, 433),
(189, 184, 'Asymmetric/Wash', 434, 435),
(190, 184, 'Batwing', 436, 437),
(191, 184, 'Grazing', 438, 439),
(192, 184, 'Area I', 440, 441),
(193, 184, 'Area II', 442, 443),
(194, 184, 'Area III', 444, 445),
(195, 184, 'Area IV', 446, 447),
(196, 184, 'Area V', 448, 449),
(197, 20, 'Integral', 777, 784),
(198, 20, 'Voltage', 785, 804),
(199, 20, 'EM', 805, 810),
(200, 20, 'Track', 811, 820),
(201, 197, 'Integral', 778, 779),
(202, 197, 'Remote', 780, 781),
(203, 198, 'Low Voltage', 786, 787),
(204, 198, 'UNV 120-277 V', 788, 789),
(205, 198, '120 V', 790, 791),
(206, 198, '277 V', 792, 793),
(207, 198, '347 V', 794, 795),
(208, 198, '480 V', 796, 797),
(209, 198, 'UNC 347-480 V', 798, 799),
(210, 199, 'EM Integral', 806, 807),
(211, 200, '1 Circuit Track', 812, 813),
(212, 200, '2 Circuits Track', 814, 815),
(213, 200, '3 Circuits Track', 816, 817),
(214, 200, '3+ Circuits Track', 818, 819),
(216, 21, 'Installation', 823, 852),
(218, 21, 'Housing Type', 853, 890),
(220, 216, 'Drywall', 824, 825),
(221, 216, 'Drywall Trimless', 826, 827),
(222, 216, 'T-Grid', 828, 829),
(223, 216, 'Tech Zone', 830, 831),
(224, 216, 'Wood', 832, 833),
(225, 218, 'New Construction', 854, 855),
(226, 218, 'New IC', 856, 857),
(227, 218, 'New Chicago Plenum', 858, 859),
(228, 218, 'Remodel', 860, 861),
(229, 218, 'Remodel IC', 862, 863),
(230, 218, 'Retrofit', 864, 865),
(231, 218, 'Junction Box', 866, 867),
(232, 218, 'Fixture', 868, 869),
(233, 218, 'Modular Through', 870, 871),
(234, 218, 'New Air Tight', 872, 873),
(235, 218, 'New IC Air Tight', 874, 875),
(236, 218, 'Remodel Air Tight', 876, 877),
(237, 218, 'Remodel IC Air Tight', 878, 879),
(238, 218, 'Remodel Chicago Plenum', 880, 881),
(239, 218, 'Air Return', 882, 883),
(240, 14, 'LM-80', 487, 498),
(241, 14, 'TM-21', 499, 506),
(243, 10, 'Amber (WildLife)', 355, 356),
(244, 10, '2400K or less', 357, 358),
(245, 10, '2700K', 359, 360),
(246, 10, '2700K Warm Dim', 361, 362),
(247, 10, '3000K', 363, 364),
(248, 10, '3000K Warm Dim', 365, 366),
(249, 10, '3500K', 367, 368),
(250, 10, '3500K Warm Dim', 369, 370),
(251, 10, '4000K', 371, 372),
(252, 10, '4500K', 373, 374),
(253, 10, '5000K', 375, 376),
(254, 10, '5500K', 377, 378),
(255, 10, '5700K', 379, 380),
(256, 10, '6000K', 381, 382),
(257, 10, 'RGB', 383, 384),
(258, 10, 'RGBW', 385, 386),
(259, 10, 'RGBA', 387, 388),
(260, 10, 'Blue', 389, 390),
(261, 19, 'Dimming Range', 669, 682),
(262, 19, 'Dimming Type', 683, 744),
(263, 261, 'Dimmable', 670, 671),
(264, 262, 'TRIAC/Forward/Leading', 684, 685),
(265, 262, 'ELV/Reverse/Trailing', 686, 687),
(266, 262, '0-10V', 688, 689),
(267, 262, '3-Wire Dimming', 690, 691),
(268, 262, 'Lutron Hi-Lume 3-wire/EcoSystem', 692, 693),
(269, 262, 'Lutron Hi-Lume 2-wire', 694, 695),
(270, 262, 'Lutron EcoSystem H', 696, 697),
(278, 9, '1 Light', 337, 338),
(279, 9, '2 Lights', 339, 340),
(280, 9, '3 Lights', 341, 342),
(281, 9, '4 Lights', 343, 344),
(282, 9, '5 Lights', 345, 346),
(283, 9, '6 Lights', 347, 348),
(284, 9, '7 Lights', 349, 350),
(285, 9, '8 or more Lights', 351, 352),
(311, 7, 'Configuration', 233, 256),
(313, 7, 'Length', 257, 286),
(314, 311, 'Continuous', 234, 235),
(315, 311, 'With Corners', 236, 237),
(317, 311, 'With Lit Corners', 238, 239),
(318, 313, 'Less than 1 Ft', 258, 259),
(319, 313, '1 Ft', 260, 261),
(320, 313, '2 Ft', 262, 263),
(321, 313, '3 Ft', 264, 265),
(322, 313, '4 Ft', 266, 267),
(323, 313, '5 Ft', 268, 269),
(324, 313, '6 Ft', 270, 271),
(325, 313, '7 Ft', 272, 273),
(326, 313, '8 Ft', 274, 275),
(327, 313, '9 Ft', 276, 277),
(328, 313, '10 Ft', 278, 279),
(329, 313, '11 Ft', 280, 281),
(330, 15, 'watt', 509, 548),
(331, 330, '3 or less W', 510, 511),
(332, 330, '5 W', 512, 513),
(333, 330, '10 W', 514, 515),
(334, 330, '15 W', 516, 517),
(335, 330, '20 W', 518, 519),
(336, 330, '30 W', 520, 521),
(337, 330, '30 - 50 W', 522, 523),
(338, 330, '50 - 75 W', 524, 525),
(339, 330, '75 - 100 W', 526, 527),
(340, 330, '100 - 150 W', 528, 529),
(341, 330, '150 - 250 W', 530, 531),
(342, 330, '250 -350 W', 532, 533),
(343, 15, 'watt_linear', 549, 568),
(344, 343, '1 W / Ft or less', 550, 551),
(345, 343, '1-2 W / Ft', 552, 553),
(346, 343, '2-3 W / Ft', 554, 555),
(347, 343, '3-5 W / Ft', 556, 557),
(348, 343, '5-7 W / Ft', 558, 559),
(349, 343, '7-10 W / Ft', 560, 561),
(350, 343, '10-15 W / Ft', 562, 563),
(351, 343, '15-25 W / Ft', 564, 565),
(356, 11, '60 or higher', 401, 402),
(357, 11, '70 or higher', 403, 404),
(358, 11, '80 or higher', 405, 406),
(360, 11, '90 or higher', 407, 408),
(361, 11, '95 or higher', 409, 410),
(362, 16, 'Lumens', 571, 628),
(363, 16, 'Lumens linear', 629, 652),
(364, 362, '100 Lm or less', 572, 573),
(365, 362, '200 Lm', 574, 575),
(366, 362, '300 Lm', 576, 577),
(367, 362, '500 Lm', 578, 579),
(368, 362, '750 Lm', 580, 581),
(369, 362, '1,000 Lm', 582, 583),
(370, 362, '1,500 Lm', 584, 585),
(371, 362, '2,000 Lm', 586, 587),
(372, 362, '2,500 Lm', 588, 589),
(373, 362, '3,000 Lm', 590, 591),
(374, 362, '4,000 Lm', 592, 593),
(375, 362, '5,000 Lm', 594, 595),
(376, 362, '6,000 Lm', 596, 597),
(377, 362, '8,000 Lm', 598, 599),
(378, 363, '100 Lm/Ft', 630, 631),
(379, 363, '200 Lm/Ft', 632, 633),
(380, 363, '300 Lm/Ft', 634, 635),
(381, 363, '400 Lm/Ft', 636, 637),
(382, 363, '500 Lm/Ft', 638, 639),
(383, 363, '750 Lm/Ft', 640, 641),
(384, 363, '1,000 Lm/Ft', 642, 643),
(385, 363, '1,500 Lm/Ft', 644, 645),
(386, 22, '1\" or less', 893, 894),
(387, 22, '2\" or less', 895, 896),
(388, 22, '3\" or less', 897, 898),
(389, 22, '4\" or less', 899, 900),
(390, 22, '5\" or less', 901, 902),
(391, 22, '6\" or less', 903, 904),
(392, 22, '7\" or less', 905, 906),
(393, 22, '8\" or less', 907, 908),
(394, 22, '10\" or less', 909, 910),
(395, 22, '12\" or less', 911, 912),
(396, 22, '16\" or less', 913, 914),
(397, 12, 'Night Sky', 467, 470),
(398, 397, 'Night Sky', 468, 469),
(399, 17, '30 Lm/Wt or higher', 655, 656),
(400, 17, '50 Lm/Wt or higher', 657, 658),
(401, 17, '70 Lm/Wt or higher', 659, 660),
(402, 17, '90 Lm/Wt or higher', 661, 662),
(403, 17, '120 Lm/Wt or higher', 663, 664),
(404, 17, '150 Lm/Wt or higher', 665, 666),
(405, 23, 'UL/ETL', 921, 928),
(406, 23, 'Energy', 929, 936),
(407, 23, 'ADA', 937, 944),
(408, 405, 'UL', 922, 923),
(409, 405, 'ETL', 924, 925),
(410, 405, 'CSA', 926, 927),
(411, 406, 'Energy Star**', 930, 931),
(412, 406, 'Title 24**', 932, 933),
(413, 406, 'DLC**', 934, 935),
(414, 407, 'ADA', 938, 939),
(415, 407, 'Made in USA', 940, 941),
(416, 407, 'IBEW', 942, 943),
(417, 240, '30,000 or more', 488, 489),
(418, 240, '50,000 or more', 490, 491),
(419, 240, '75,000 or more', 492, 493),
(420, 240, '100,000 or more', 494, 495),
(421, 240, '150,000 or more', 496, 497),
(423, 241, '25,000 or more TM21', 500, 501),
(424, 241, '35,000 or more TM21', 502, 503),
(425, 241, '60,000 TM21', 504, 505),
(426, 1, 'Manufacturers', 966, 1677),
(427, 426, '1', 967, 968),
(428, 426, '2', 969, 970),
(429, 426, '3', 971, 972),
(430, 426, '4', 973, 974),
(431, 426, '5', 975, 976),
(432, 426, '6', 977, 978),
(433, 426, '7', 979, 980),
(435, 426, '9', 981, 982),
(436, 426, '10', 983, 984),
(438, 426, '12', 985, 986),
(439, 426, '13', 987, 988),
(440, 426, '14', 989, 990),
(442, 1, 'Brands', 1678, 1717),
(443, 442, '4', 1679, 1680),
(444, 442, '2', 1681, 1682),
(446, 198, '208 V', 800, 801),
(448, 2, 'Low Bay', 59, 60),
(449, 2, 'Industrial/Utility', 61, 62),
(450, 4, 'Clean Room', 155, 156),
(451, 4, 'MRI', 157, 158),
(452, 5, 'Rectangular', 167, 168),
(453, 5, 'Linear', 169, 170),
(454, 5, 'Other', 171, 172),
(455, 6, '1 Ft x 4 Ft', 221, 222),
(457, 6, '2 Ft x 2 Ft', 223, 224),
(458, 311, 'Side Lit Continuous', 240, 241),
(459, 311, 'With Side Lit Corners', 242, 243),
(460, 311, 'Wall to Ceiling Lit', 244, 245),
(461, 311, 'Modular', 246, 247),
(462, 311, 'Quick Connect', 248, 249),
(463, 311, 'Daisy Chain', 250, 251),
(464, 313, '12 Ft', 282, 283),
(465, 313, 'more than 12 Ft', 284, 285),
(466, 8, 'Basket', 315, 316),
(467, 8, 'Decorative Diffuser', 317, 318),
(468, 8, 'Clear Lens', 319, 320),
(469, 8, 'Louvers', 321, 322),
(470, 8, 'Shielded', 323, 324),
(471, 10, 'Green', 391, 392),
(472, 10, 'Red', 393, 394),
(473, 10, 'Yellow/Amber', 395, 396),
(474, 180, 'Omni-Directional', 420, 421),
(475, 180, 'Pattern', 422, 423),
(477, 261, 'Dimmable to 1%', 672, 673),
(481, 197, 'Solar', 782, 783),
(482, 216, 'Wood Trimless', 834, 835),
(483, 216, 'Concrete', 836, 837),
(484, 216, 'Concrete Drive Over', 838, 839),
(485, 216, 'Concrete Trimless', 840, 841),
(486, 216, 'Trimless Drive Over', 842, 843),
(487, 216, 'Ground', 844, 845),
(488, 216, 'Masonry', 846, 847),
(489, 216, 'Masonry Trimless', 848, 849),
(490, 216, 'Masonry Drive Over', 850, 851),
(491, 218, 'Direct Burial', 884, 885),
(492, 218, 'Concrete Pour', 886, 887),
(493, 218, 'Drywall Thickness', 888, 889),
(494, 25, '2 Weeks or less', 961, 962),
(495, 25, '4 Weeks or less', 963, 964),
(496, 1, 'Light Source', 1718, 1741),
(497, 496, 'LED Fixture', 1719, 1720),
(498, 496, 'OLED Fixture', 1721, 1722),
(499, 496, 'LED PAR 20 - Bulb', 1723, 1724),
(500, 362, '10,000 Lm', 600, 601),
(501, 362, '15,000 Lm', 602, 603),
(502, 362, '20,000 Lm', 604, 605),
(503, 362, '25,000 Lm', 606, 607),
(504, 362, '30,000 Lm', 608, 609),
(505, 362, '40,000 Lm', 610, 611),
(506, 362, '50,000 Lm', 612, 613),
(507, 362, '75,000 Lm', 614, 615),
(508, 362, '100,000 Lm', 616, 617),
(509, 362, '125,000 Lm', 618, 619),
(510, 362, '150,000 Lm', 620, 621),
(511, 362, '200,000 Lm', 622, 623),
(512, 362, '300,000 Lm', 624, 625),
(513, 362, '500,000 Lm or more', 626, 627),
(514, 363, '2,000 Lm/Ft', 646, 647),
(515, 363, '2,500 Lm/Ft', 648, 649),
(516, 363, '3,000 or more Lm/Ft', 650, 651),
(517, 19, 'Controls', 745, 774),
(518, 517, 'Integral OC/Daylight', 746, 747),
(519, 517, 'Wireless', 748, 749),
(520, 426, '17', 991, 992),
(521, 426, '18', 993, 994),
(522, 426, '19', 995, 996),
(523, 8, 'Other', 325, 326),
(524, 184, 'Area 90°', 450, 451),
(525, 184, 'Petroleum', 452, 453),
(526, 184, 'Dealership', 454, 455),
(527, 184, 'General', 456, 457),
(528, 199, 'EM Remote', 808, 809),
(529, 6, '2 Ft x 4 Ft', 225, 226),
(530, 6, '4 Ft x 4 Ft', 227, 228),
(531, 22, '18\" or less', 915, 916),
(534, 496, 'LED PAR 30 - Bulb', 1725, 1726),
(535, 496, 'LED PAR 38 - Bulb', 1727, 1728),
(536, 496, 'LED AR - Bulb', 1729, 1730),
(537, 496, 'LED MR - Bulb', 1731, 1732),
(538, 496, 'LED A - Bulb', 1733, 1734),
(539, 184, 'Volumetric', 458, 459),
(540, 426, '20', 997, 998),
(541, 426, '21', 999, 1000),
(542, 426, '22', 1001, 1002),
(543, 2, 'Multiple Lighting', 63, 64),
(544, 13, 'Locking Adjustable', 481, 482),
(545, 13, 'Hot Aiming w/Locking', 483, 484),
(546, 198, '240 V', 802, 803),
(547, 8, 'Optical Accessories', 327, 328),
(548, 8, 'xx Flat Diffuser', 329, 330),
(549, 8, 'xx Micro Optics', 331, 332),
(550, 426, '23', 1003, 1004),
(552, 426, '25', 1005, 1006),
(553, 426, '26', 1007, 1008),
(554, 343, '25 W / Ft or more', 566, 567),
(555, 426, '27', 1009, 1010),
(557, 8, 'Curved/Sloped Diffuser', 333, 334),
(558, 426, '28', 1011, 1012),
(559, 184, 'Direct View', 460, 461),
(560, 330, '350 - 500 W', 534, 535),
(561, 426, '29', 1013, 1014),
(562, 426, '30', 1015, 1016),
(563, 517, 'Motion/Photocell', 750, 751),
(564, 426, '31', 1017, 1018),
(565, 426, '32', 1019, 1020),
(566, 442, '5', 1683, 1684),
(567, 517, 'Photocell', 752, 753),
(568, 330, '500 ‐ 750 W', 536, 537),
(569, 330, '750 ‐ 1000 W', 538, 539),
(570, 330, '1000 - 1500 W', 540, 541),
(571, 330, '1500 - 2000 W', 542, 543),
(572, 330, '2000 or more', 544, 545),
(573, 426, '33', 1021, 1022),
(574, 426, '34', 1023, 1024),
(575, 426, '35', 1025, 1026),
(576, 10, 'Tunable White', 397, 398),
(577, 2, 'Wall Wash Linear', 65, 66),
(578, 426, '36', 1027, 1028),
(579, 6, '18\"', 229, 230),
(580, 311, 'Side to Side', 252, 253),
(581, 426, '37', 1029, 1030),
(582, 426, '38', 1031, 1032),
(583, 184, 'Forward Throw', 462, 463),
(585, 426, '39', 1033, 1034),
(588, 442, '6', 1685, 1686),
(589, 22, '24\" or less. TEST', 917, 918),
(590, 426, '40', 1035, 1036),
(599, 517, 'Lumentalk™', 754, 755),
(600, 517, 'Fifth Light®', 756, 757),
(601, 517, 'Redwood®', 758, 759),
(602, 517, 'XPoint™ Wireless', 760, 761),
(603, 517, 'Lutron®', 762, 763),
(604, 517, 'Ethernet', 764, 765),
(605, 517, 'nLight®', 766, 767),
(608, 517, 'xxx Advanced Mark 10 LV', 768, 769),
(609, 517, 'Enlighted', 770, 771),
(611, 426, '41', 1037, 1038),
(612, 442, '7', 1687, 1688),
(613, 426, '42', 1039, 1040),
(614, 517, 'Daintree Networks', 772, 773),
(615, 442, '8', 1689, 1690),
(616, 426, '43', 1041, 1042),
(617, 261, 'Dimmable to 0.1%*', 674, 675),
(618, 261, 'Bi-Level Switching', 676, 677),
(619, 261, 'Step Dimming', 678, 679),
(620, 262, 'Lutron EcoSystem 5', 698, 699),
(621, 262, 'DALI', 700, 701),
(622, 262, 'DVI', 702, 703),
(623, 262, 'DMX', 704, 705),
(624, 262, 'Step Dimming', 706, 707),
(625, 262, 'Built-in dimmer', 708, 709),
(626, 262, 'Bi-Level Switching', 710, 711),
(627, 262, 'Hi/Low Switching', 712, 713),
(628, 262, 'Fifth Light DALI', 714, 715),
(629, 262, 'Hi-lume Premier 3-wire', 716, 717),
(630, 262, 'Hi-lume Premier EcoSystem', 718, 719),
(631, 262, 'eldoLED ECO 0-10V', 720, 721),
(632, 262, 'eldoLED SOLO 0-10V', 722, 723),
(633, 262, 'eldoLED SOLO DALI', 724, 725),
(634, 262, 'eldoLED POWE DMX/RDM', 726, 727),
(635, 262, 'Advanced Mark 10 LV', 728, 729),
(636, 262, 'Other LED dimming', 730, 731),
(637, 261, 'Non-Dimmable', 680, 681),
(638, 426, '44', 1043, 1044),
(639, 442, '9', 1691, 1692),
(640, 426, '45', 1045, 1046),
(641, 262, 'Ethernet', 732, 733),
(642, 311, 'Standalone', 254, 255),
(643, 426, '46', 1047, 1048),
(644, 442, '10', 1693, 1694),
(645, 426, '47', 1049, 1050),
(646, 426, '48', 1051, 1052),
(647, 184, 'Aisle', 464, 465),
(648, 426, '51', 1053, 1054),
(649, 2, 'Landscape & Path Light', 67, 68),
(650, 442, '11', 1695, 1696),
(651, 426, '52', 1055, 1056),
(652, 3, 'Track/Busway Recessed', 121, 122),
(653, 2, 'Luminous Surfaces', 69, 70),
(654, 2, 'Custom', 71, 72),
(655, 2, 'Theatrical', 73, 74),
(656, 1, 'LED Brand', 1742, 1755),
(657, 2, 'Track Lighting', 75, 76),
(658, 2, 'Accent', 77, 78),
(659, 2, 'Multiple', 79, 80),
(660, 2, 'In-grade', 81, 82),
(661, 426, '53', 1057, 1058),
(662, 262, 'Lutron EcoSystem', 734, 735),
(663, 426, '54', 1059, 1060),
(664, 3, 'Monorail', 123, 124),
(665, 4, 'Food Processing', 159, 160),
(666, 3, 'Wall Arm', 125, 126),
(667, 426, '55', 1061, 1062),
(668, 426, '56', 1063, 1064),
(669, 426, '57', 1065, 1066),
(670, 426, '58', 1067, 1068),
(671, 426, '59', 1069, 1070),
(672, 426, '60', 1071, 1072),
(673, 656, 'Xicato', 1743, 1744),
(674, 656, 'Bridgelux', 1745, 1746),
(675, 656, 'Cree', 1747, 1748),
(676, 656, 'Philips', 1749, 1750),
(677, 656, 'Samsung', 1751, 1752),
(678, 656, 'Osram', 1753, 1754),
(679, 426, '61', 1073, 1074),
(680, 262, 'EldoLED 0-10V', 736, 737),
(681, 262, 'EldoLED DALI', 738, 739),
(682, 262, 'EldoLED DMX/RDM', 740, 741),
(683, 262, 'Lutron Hi-Lume', 742, 743),
(684, 426, '62', 1075, 1076),
(685, 426, '63', 1077, 1078),
(686, 426, '64', 1079, 1080),
(687, 426, '65', 1081, 1082),
(688, 426, '66', 1083, 1084),
(689, 426, '67', 1085, 1086),
(690, 426, '68', 1087, 1088),
(691, 426, '69', 1089, 1090),
(692, 426, '70', 1091, 1092),
(693, 426, '71', 1093, 1094),
(694, 330, '25 W', 546, 547),
(695, 442, '12', 1697, 1698),
(696, 426, '72', 1095, 1096),
(697, 426, '73', 1097, 1098),
(698, 426, '74', 1099, 1100),
(699, 426, '75', 1101, 1102),
(700, 426, '76', 1103, 1104),
(701, 426, '77', 1105, 1106),
(702, 426, '78', 1107, 1108),
(703, 426, '79', 1109, 1110),
(704, 426, '80', 1111, 1112),
(705, 426, '81', 1113, 1114),
(706, 426, '82', 1115, 1116),
(707, 426, '83', 1117, 1118),
(708, 426, '84', 1119, 1120),
(709, 426, '88', 1121, 1122),
(710, 426, '89', 1123, 1124),
(711, 426, '90', 1125, 1126),
(712, 426, '91', 1127, 1128),
(713, 426, '92', 1129, 1130),
(714, 426, '93', 1131, 1132),
(715, 426, '94', 1133, 1134),
(716, 426, '95', 1135, 1136),
(717, 426, '96', 1137, 1138),
(718, 426, '97', 1139, 1140),
(719, 426, '98', 1141, 1142),
(720, 426, '99', 1143, 1144),
(721, 426, '100', 1145, 1146),
(722, 426, '101', 1147, 1148),
(723, 426, '102', 1149, 1150),
(724, 426, '103', 1151, 1152),
(725, 426, '104', 1153, 1154),
(726, 426, '105', 1155, 1156),
(727, 426, '106', 1157, 1158),
(729, 426, '108', 1159, 1160),
(730, 426, '110', 1161, 1162),
(731, 426, '111', 1163, 1164),
(732, 426, '112', 1165, 1166),
(733, 426, '113', 1167, 1168),
(734, 426, '114', 1169, 1170),
(735, 426, '115', 1171, 1172),
(736, 426, '116', 1173, 1174),
(737, 426, '117', 1175, 1176),
(738, 426, '118', 1177, 1178),
(739, 426, '119', 1179, 1180),
(740, 426, '120', 1181, 1182),
(741, 426, '121', 1183, 1184),
(742, 426, '122', 1185, 1186),
(743, 442, '13', 1699, 1700),
(744, 426, '123', 1187, 1188),
(745, 426, '124', 1189, 1190),
(746, 426, '125', 1191, 1192),
(747, 426, '126', 1193, 1194),
(748, 426, '127', 1195, 1196),
(749, 426, '128', 1197, 1198),
(750, 496, 'LED Bi-Pin Replacement Module', 1735, 1736),
(751, 496, 'GY6.35 LED bulb', 1737, 1738),
(752, 496, 'Vintage Edison', 1739, 1740),
(753, 426, '129', 1199, 1200),
(754, 426, '130', 1201, 1202),
(755, 426, '131', 1203, 1204),
(756, 426, '132', 1205, 1206),
(757, 426, '133', 1207, 1208),
(758, 426, '134', 1209, 1210),
(759, 426, '135', 1211, 1212),
(760, 426, '136', 1213, 1214),
(761, 426, '137', 1215, 1216),
(762, 426, '138', 1217, 1218),
(763, 426, '139', 1219, 1220),
(764, 426, '140', 1221, 1222),
(765, 426, '141', 1223, 1224),
(766, 426, '142', 1225, 1226),
(767, 426, '143', 1227, 1228),
(768, 426, '144', 1229, 1230),
(769, 426, '145', 1231, 1232),
(770, 426, '146', 1233, 1234),
(771, 426, '147', 1235, 1236),
(772, 426, '148', 1237, 1238),
(773, 426, '149', 1239, 1240),
(774, 426, '150', 1241, 1242),
(775, 426, '151', 1243, 1244),
(776, 426, '152', 1245, 1246),
(777, 426, '153', 1247, 1248),
(778, 426, '154', 1249, 1250),
(779, 426, '155', 1251, 1252),
(780, 426, '156', 1253, 1254),
(781, 426, '157', 1255, 1256),
(782, 426, '158', 1257, 1258),
(783, 426, '159', 1259, 1260),
(784, 426, '160', 1261, 1262),
(785, 442, '14', 1701, 1702),
(786, 426, '161', 1263, 1264),
(787, 426, '162', 1265, 1266),
(789, 426, '164', 1267, 1268),
(790, 426, '165', 1269, 1270),
(791, 426, '166', 1271, 1272),
(792, 426, '167', 1273, 1274),
(793, 426, '168', 1275, 1276),
(794, 426, '169', 1277, 1278),
(795, 426, '170', 1279, 1280),
(796, 426, '171', 1281, 1282),
(797, 426, '172', 1283, 1284),
(798, 426, '174', 1285, 1286),
(799, 426, '175', 1287, 1288),
(800, 426, '176', 1289, 1290),
(801, 426, '177', 1291, 1292),
(802, 442, '15', 1703, 1704),
(803, 426, '178', 1293, 1294),
(804, 426, '179', 1295, 1296),
(805, 426, '180', 1297, 1298),
(806, 426, '181', 1299, 1300),
(807, 426, '182', 1301, 1302),
(808, 426, '183', 1303, 1304),
(809, 442, '16', 1705, 1706),
(810, 426, '184', 1305, 1306),
(811, 426, '185', 1307, 1308),
(812, 426, '186', 1309, 1310),
(813, 426, '187', 1311, 1312),
(814, 426, '188', 1313, 1314),
(815, 426, '189', 1315, 1316),
(816, 426, '190', 1317, 1318),
(817, 426, '191', 1319, 1320),
(818, 426, '192', 1321, 1322),
(819, 426, '195', 1323, 1324),
(820, 426, '196', 1325, 1326),
(821, 426, '197', 1327, 1328),
(822, 426, '198', 1329, 1330),
(823, 426, '199', 1331, 1332),
(824, 426, '200', 1333, 1334),
(825, 426, '201', 1335, 1336),
(826, 426, '202', 1337, 1338),
(827, 426, '203', 1339, 1340),
(828, 426, '204', 1341, 1342),
(829, 426, '205', 1343, 1344),
(830, 426, '206', 1345, 1346),
(831, 426, '207', 1347, 1348),
(832, 426, '208', 1349, 1350),
(833, 426, '209', 1351, 1352),
(834, 426, '210', 1353, 1354),
(835, 426, '211', 1355, 1356),
(836, 426, '212', 1357, 1358),
(837, 426, '213', 1359, 1360),
(838, 426, '214', 1361, 1362),
(839, 426, '215', 1363, 1364),
(840, 426, '216', 1365, 1366),
(841, 426, '217', 1367, 1368),
(842, 426, '218', 1369, 1370),
(843, 442, '18', 1707, 1708),
(844, 426, '219', 1371, 1372),
(845, 426, '220', 1373, 1374),
(846, 426, '222', 1375, 1376),
(847, 426, '223', 1377, 1378),
(848, 426, '224', 1379, 1380),
(849, 426, '225', 1381, 1382),
(850, 426, '227', 1383, 1384),
(851, 426, '228', 1385, 1386),
(852, 426, '229', 1387, 1388),
(853, 442, '19', 1709, 1710),
(854, 426, '230', 1389, 1390),
(855, 426, '231', 1391, 1392),
(856, 426, '232', 1393, 1394),
(857, 426, '233', 1395, 1396),
(858, 426, '234', 1397, 1398),
(859, 426, '235', 1399, 1400),
(860, 426, '237', 1401, 1402),
(861, 426, '238', 1403, 1404),
(862, 426, '239', 1405, 1406),
(863, 426, '240', 1407, 1408),
(864, 426, '241', 1409, 1410),
(865, 426, '242', 1411, 1412),
(866, 426, '243', 1413, 1414),
(867, 426, '244', 1415, 1416),
(868, 426, '246', 1417, 1418),
(869, 426, '247', 1419, 1420),
(870, 426, '248', 1421, 1422),
(871, 426, '249', 1423, 1424),
(872, 426, '250', 1425, 1426),
(873, 426, '251', 1427, 1428),
(874, 426, '252', 1429, 1430),
(875, 426, '253', 1431, 1432),
(876, 426, '254', 1433, 1434),
(877, 426, '255', 1435, 1436),
(878, 426, '256', 1437, 1438),
(879, 426, '257', 1439, 1440),
(880, 426, '258', 1441, 1442),
(881, 426, '259', 1443, 1444),
(882, 426, '260', 1445, 1446),
(883, 426, '261', 1447, 1448),
(884, 426, '263', 1449, 1450),
(885, 426, '265', 1451, 1452),
(886, 426, '266', 1453, 1454),
(887, 426, '270', 1455, 1456),
(888, 426, '271', 1457, 1458),
(889, 442, '20', 1711, 1712),
(890, 426, '272', 1459, 1460),
(891, 426, '273', 1461, 1462),
(892, 442, '21', 1713, 1714),
(893, 426, '274', 1463, 1464),
(894, 426, '275', 1465, 1466),
(895, 426, '276', 1467, 1468),
(896, 426, '277', 1469, 1470),
(897, 426, '278', 1471, 1472),
(898, 426, '279', 1473, 1474),
(899, 426, '280', 1475, 1476),
(900, 426, '281', 1477, 1478),
(901, 426, '282', 1479, 1480),
(902, 426, '283', 1481, 1482),
(903, 426, '284', 1483, 1484),
(904, 426, '285', 1485, 1486),
(905, 426, '286', 1487, 1488),
(906, 426, '287', 1489, 1490),
(907, 426, '288', 1491, 1492),
(908, 426, '289', 1493, 1494),
(909, 426, '290', 1495, 1496),
(910, 426, '291', 1497, 1498),
(911, 426, '292', 1499, 1500),
(912, 426, '293', 1501, 1502),
(913, 426, '294', 1503, 1504),
(914, 426, '295', 1505, 1506),
(915, 426, '296', 1507, 1508),
(916, 426, '297', 1509, 1510),
(917, 426, '299', 1511, 1512),
(918, 426, '300', 1513, 1514),
(919, 426, '301', 1515, 1516),
(920, 426, '303', 1517, 1518),
(921, 426, '304', 1519, 1520),
(922, 426, '305', 1521, 1522),
(923, 426, '306', 1523, 1524),
(924, 426, '307', 1525, 1526),
(925, 426, '308', 1527, 1528),
(926, 426, '309', 1529, 1530),
(927, 426, '310', 1531, 1532),
(928, 426, '311', 1533, 1534),
(929, 426, '312', 1535, 1536),
(930, 426, '313', 1537, 1538),
(931, 426, '314', 1539, 1540),
(932, 426, '315', 1541, 1542),
(933, 426, '316', 1543, 1544),
(934, 426, '317', 1545, 1546),
(935, 426, '318', 1547, 1548),
(936, 426, '319', 1549, 1550),
(937, 426, '320', 1551, 1552),
(938, 426, '321', 1553, 1554),
(939, 426, '322', 1555, 1556),
(940, 426, '323', 1557, 1558),
(941, 426, '324', 1559, 1560),
(942, 426, '325', 1561, 1562),
(943, 426, '326', 1563, 1564),
(944, 426, '327', 1565, 1566),
(945, 426, '328', 1567, 1568),
(946, 442, '22', 1715, 1716),
(947, 426, '329', 1569, 1570),
(948, 426, '330', 1571, 1572),
(949, 426, '331', 1573, 1574),
(950, 426, '332', 1575, 1576),
(951, 426, '333', 1577, 1578),
(952, 426, '334', 1579, 1580),
(953, 426, '335', 1581, 1582),
(954, 426, '336', 1583, 1584),
(955, 426, '337', 1585, 1586),
(956, 426, '338', 1587, 1588),
(957, 426, '341', 1589, 1590),
(958, 426, '342', 1591, 1592),
(959, 426, '343', 1593, 1594),
(960, 426, '344', 1595, 1596),
(961, 426, '346', 1597, 1598),
(962, 426, '349', 1599, 1600),
(963, 426, '351', 1601, 1602),
(964, 426, '352', 1603, 1604),
(965, 426, '353', 1605, 1606),
(966, 426, '354', 1607, 1608),
(967, 426, '355', 1609, 1610),
(968, 426, '356', 1611, 1612),
(969, 426, '357', 1613, 1614),
(970, 426, '358', 1615, 1616),
(971, 426, '359', 1617, 1618),
(972, 426, '360', 1619, 1620),
(973, 426, '361', 1621, 1622),
(974, 426, '362', 1623, 1624),
(975, 426, '363', 1625, 1626),
(976, 426, '364', 1627, 1628),
(977, 426, '365', 1629, 1630),
(978, 426, '366', 1631, 1632),
(979, 426, '367', 1633, 1634),
(980, 426, '368', 1635, 1636),
(981, 426, '369', 1637, 1638),
(982, 426, '370', 1639, 1640),
(983, 426, '371', 1641, 1642),
(984, 426, '372', 1643, 1644),
(985, 426, '373', 1645, 1646),
(986, 426, '374', 1647, 1648),
(987, 426, '375', 1649, 1650),
(988, 426, '376', 1651, 1652),
(989, 426, '378', 1653, 1654),
(990, 426, '379', 1655, 1656),
(991, 426, '380', 1657, 1658),
(992, 426, '381', 1659, 1660),
(993, 426, '382', 1661, 1662),
(994, 426, '383', 1663, 1664),
(995, 426, '384', 1665, 1666),
(996, 426, '385', 1667, 1668),
(997, 426, '386', 1669, 1670),
(998, 426, '387', 1671, 1672),
(999, 426, '388', 1673, 1674),
(1000, 426, '389', 1675, 1676);

-- --------------------------------------------------------

--
-- Table structure for table `specs_list_test`
--

CREATE TABLE `specs_list_test` (
  `spec_id` smallint(5) UNSIGNED NOT NULL,
  `parent_id` smallint(5) UNSIGNED NOT NULL,
  `spec` varchar(32) NOT NULL,
  `lft` smallint(5) UNSIGNED NOT NULL,
  `rgt` smallint(10) UNSIGNED NOT NULL
) ENGINE=InnoDB DEFAULT CHARSET=utf8;

--
-- Dumping data for table `specs_list_test`
--

INSERT INTO `specs_list_test` (`spec_id`, `parent_id`, `spec`, `lft`, `rgt`) VALUES
(1, 0, 'Specifications', 1, 1168),
(2, 1, 'Fixture Type', 2, 67),
(3, 1, 'Mounting', 68, 105),
(4, 1, 'Environment', 106, 137),
(5, 1, 'Shape', 138, 149),
(6, 1, 'Size', 150, 207),
(7, 1, 'Linear Configuration', 208, 261),
(8, 1, 'Aperture Type', 262, 309),
(9, 1, 'Multiples', 310, 327),
(10, 1, 'CCT Color', 328, 373),
(11, 1, 'CRI', 374, 385),
(12, 1, 'Distribution', 386, 443),
(13, 1, 'Aiming', 444, 457),
(14, 1, 'Life Hours', 458, 479),
(15, 1, 'Watt', 480, 539),
(16, 1, 'Lumens Delivered', 540, 623),
(17, 1, 'Efficacy', 624, 637),
(19, 1, 'Controls', 638, 739),
(20, 1, 'Power', 740, 785),
(21, 1, 'Recessed Options', 786, 859),
(22, 1, 'Housing Depth', 860, 887),
(23, 1, 'Compliances', 888, 913),
(24, 1, 'Warranty', 914, 921),
(25, 1, 'Quick Ship', 922, 933),
(26, 2, 'Area and Site', 3, 4),
(27, 2, 'Area Decorative', 5, 6),
(28, 2, 'Facade Media', 7, 8),
(29, 2, 'Floodlight', 9, 10),
(30, 2, 'Floodlight Linear', 11, 12),
(31, 2, 'Façade Architectural', 13, 14),
(32, 2, 'Façade Utility', 15, 16),
(33, 2, 'Pathway/Steplight', 17, 18),
(34, 2, 'Parking Garage/Canopy', 19, 20),
(35, 2, 'Roadway', 21, 22),
(36, 2, 'Accent', 23, 24),
(37, 2, 'Accent Linear', 25, 26),
(38, 2, 'Downlight', 27, 28),
(39, 2, 'Wall Wash', 29, 30),
(40, 2, 'Other', 31, 32),
(41, 2, 'Perimiter/Grazer', 33, 34),
(42, 2, 'General Architectural', 35, 36),
(43, 2, 'Linear Architectural', 37, 38),
(44, 2, 'Decorative', 39, 40),
(45, 2, 'Troffer', 41, 42),
(46, 2, 'Teleconference', 43, 44),
(47, 2, 'Sports', 45, 46),
(48, 2, 'Combo System', 47, 48),
(49, 2, 'Cove Light', 49, 50),
(50, 2, 'Flexible Lighting', 51, 52),
(51, 2, 'Light Panels', 53, 54),
(52, 2, 'Task/Cabinet', 55, 56),
(53, 2, 'High Bay', 57, 58),
(54, 3, 'Pole/Mast Arm', 69, 70),
(55, 3, 'Pole/Post Top', 71, 72),
(56, 3, 'Bollard', 73, 74),
(57, 3, 'Spike/Stem', 75, 76),
(58, 3, 'Canopy Recessed', 77, 78),
(59, 3, 'In-grade', 79, 80),
(60, 3, 'Ceiling Recessed', 81, 82),
(61, 3, 'Ceiling Surface', 83, 84),
(62, 3, 'Millwork Recessed', 85, 86),
(63, 3, 'Monopoint', 87, 88),
(64, 3, 'Pendant', 89, 90),
(65, 3, 'Clamp', 91, 92),
(66, 3, 'Rail', 93, 94),
(67, 3, 'Retrofit', 95, 96),
(68, 3, 'Surface', 97, 98),
(69, 3, 'Track/Busway', 99, 100),
(70, 3, 'Wall Recessed', 101, 102),
(71, 3, 'Wall Surface', 103, 104),
(74, 4, 'Damp', 107, 108),
(75, 4, 'Shower', 109, 110),
(76, 4, 'Wet', 111, 112),
(77, 4, 'Wet IP65', 113, 114),
(78, 4, 'Wet IP66', 115, 116),
(79, 4, 'Wet IP67', 117, 118),
(80, 4, 'Submersible IP68', 119, 120),
(81, 4, 'Natatorium', 121, 122),
(82, 4, 'Hazardous', 123, 124),
(83, 4, 'Marine', 125, 126),
(84, 4, 'Vandal', 127, 128),
(85, 4, 'Refrigerator', 129, 130),
(86, 4, 'Vapor Proof', 131, 132),
(87, 5, 'Round', 139, 140),
(88, 5, 'Square', 141, 142),
(89, 8, 'Diodes', 263, 264),
(90, 8, 'Diodes with Optics', 265, 266),
(91, 8, 'Reflector', 267, 268),
(92, 8, 'Baffle', 269, 270),
(93, 8, 'Beveled', 271, 272),
(94, 8, 'Pinhole', 273, 274),
(95, 8, 'Lensed Reflector', 275, 276),
(96, 8, 'Regressed Diffuser', 277, 278),
(97, 8, 'Flush Diffuser', 279, 280),
(98, 8, 'Drop Diffuser', 281, 282),
(99, 8, 'Direct/Indiret Optics', 283, 284),
(100, 8, 'Light Wave Optics', 285, 286),
(101, 8, 'Parabolic Optics', 287, 288),
(105, 13, 'Adjustable', 445, 446),
(107, 13, 'Hot Aiming', 447, 448),
(108, 13, 'Pre Aimed', 449, 450),
(109, 13, 'Remote Aiming', 451, 452),
(110, 24, '1 Year at least', 915, 916),
(111, 24, '5 Years at least', 917, 918),
(112, 24, '10 Years at least', 919, 920),
(113, 25, 'Stock', 923, 924),
(114, 25, '5 days or less', 925, 926),
(115, 25, '10 days or less', 927, 928),
(141, 6, '0.5\" Width', 151, 152),
(142, 6, '1\" Width', 153, 154),
(143, 6, '2\" Width', 155, 156),
(144, 6, '3\" Width', 157, 158),
(146, 6, '4\" Width', 159, 160),
(147, 6, '5\" Width', 161, 162),
(148, 6, '6\" Width', 163, 164),
(149, 6, '7\" Width', 165, 166),
(150, 6, '8\" Width', 167, 168),
(151, 6, '9\" Width', 169, 170),
(152, 6, '10\" Width', 171, 172),
(153, 6, '12\" Width', 173, 174),
(154, 6, '15\" Width', 175, 176),
(155, 6, '18\" Width', 177, 178),
(156, 6, '2 Ft Width', 179, 180),
(157, 6, '2.5 Ft Width', 181, 182),
(158, 6, '3 Ft Width', 183, 184),
(159, 6, '4 Ft Width', 185, 186),
(160, 6, '5 Ft Width', 187, 188),
(161, 6, '6 Ft Width', 189, 190),
(162, 6, '8 + Ft Width', 191, 192),
(163, 6, '1 Ft x 1 Ft', 193, 194),
(164, 6, '1 Ft x 2 Ft', 195, 196),
(180, 12, 'Distribution Directions', 387, 398),
(181, 180, 'Direct', 388, 389),
(182, 180, 'Indirect', 390, 391),
(183, 180, 'Direct/Indirect', 392, 393),
(184, 12, 'Distribution Type', 399, 438),
(185, 184, 'Narrow', 400, 401),
(186, 184, 'Medium', 402, 403),
(187, 184, 'Flood', 404, 405),
(188, 184, 'Wide Flood', 406, 407),
(189, 184, 'Asymmetric/Wash', 408, 409),
(190, 184, 'Batwing', 410, 411),
(191, 184, 'Grazing', 412, 413),
(192, 184, 'Area I', 414, 415),
(193, 184, 'Area II', 416, 417),
(194, 184, 'Area III', 418, 419),
(195, 184, 'Area IV', 420, 421),
(196, 184, 'Area V', 422, 423),
(197, 20, 'Integral', 741, 748),
(198, 20, 'Voltage', 749, 768),
(199, 20, 'EM', 769, 774),
(200, 20, 'Track', 775, 784),
(201, 197, 'Integral', 742, 743),
(202, 197, 'Remote', 744, 745),
(203, 198, 'Low Voltage', 750, 751),
(204, 198, 'UNV 120-277 V', 752, 753),
(205, 198, '120 V', 754, 755),
(206, 198, '277 V', 756, 757),
(207, 198, '347 V', 758, 759),
(208, 198, '480 V', 760, 761),
(209, 198, 'UNC 347-480 V', 762, 763),
(210, 199, 'EM Integral', 770, 771),
(211, 200, '1 Circuit Track', 776, 777),
(212, 200, '2 Circuits Track', 778, 779),
(213, 200, '3 Circuits Track', 780, 781),
(214, 200, '3+ Circuits Track', 782, 783),
(216, 21, 'Installation', 787, 820),
(218, 21, 'Housing Type', 821, 858),
(220, 216, 'Drywall', 788, 789),
(221, 216, 'Drywall Trimless', 790, 791),
(222, 216, 'T-Grid', 792, 793),
(223, 216, 'Tech Zone', 794, 795),
(224, 216, 'Wood', 796, 797),
(225, 218, 'New Construction', 822, 823),
(226, 218, 'New IC', 824, 825),
(227, 218, 'New Chicago Plenum', 826, 827),
(228, 218, 'Remodel', 828, 829),
(229, 218, 'Remodel IC', 830, 831),
(230, 218, 'Retrofit', 832, 833),
(231, 218, 'Junction Box', 834, 835),
(232, 218, 'Fixture', 836, 837),
(233, 218, 'Modular Through', 838, 839),
(234, 218, 'New Air Tight', 840, 841),
(235, 218, 'New IC Air Tight', 842, 843),
(236, 218, 'Remodel Air Tight', 844, 845),
(237, 218, 'Remodel IC Air Tight', 846, 847),
(238, 218, 'Remodel Chicago Plenum', 848, 849),
(239, 218, 'Air Return', 850, 851),
(240, 14, 'LM-80', 459, 470),
(241, 14, 'TM-21', 471, 478),
(243, 10, 'Amber (WildLife)', 329, 330),
(244, 10, '2400K or less', 331, 332),
(245, 10, '2700K', 333, 334),
(246, 10, '2700K Warm Dim', 335, 336),
(247, 10, '3000K', 337, 338),
(248, 10, '3000K Warm Dim', 339, 340),
(249, 10, '3500K', 341, 342),
(250, 10, '3500K Warm Dim', 343, 344),
(251, 10, '4000K', 345, 346),
(252, 10, '4500K', 347, 348),
(253, 10, '5000K', 349, 350),
(254, 10, '5500K', 351, 352),
(255, 10, '5700K', 353, 354),
(256, 10, '6000K', 355, 356),
(257, 10, 'RGB', 357, 358),
(258, 10, 'RGBW', 359, 360),
(259, 10, 'RGBA', 361, 362),
(260, 10, 'Blue', 363, 364),
(261, 19, 'Dimming Range', 639, 644),
(262, 19, 'Dimming Type', 645, 708),
(263, 261, 'to 1%', 640, 641),
(264, 262, 'TRIAC/Forward/Leading', 646, 647),
(265, 262, 'ELV/Reverse/Trailing', 648, 649),
(266, 262, '0-10V', 650, 651),
(267, 262, '3-Wire Dimming', 652, 653),
(268, 262, 'Lutron Hi-Lume 3-wire/EcoSystem', 654, 655),
(269, 262, 'Lutron Hi-Lume 2-wire', 656, 657),
(270, 262, 'Lutron EcoSystem H', 658, 659),
(271, 262, 'DALI', 660, 661),
(272, 262, 'DVI', 662, 663),
(273, 262, 'DMX', 664, 665),
(274, 262, 'Step Dimming', 666, 667),
(275, 262, 'Built-in dimmer', 668, 669),
(276, 262, 'Bi-Level Switching', 670, 671),
(277, 262, 'Hi/Low Switching', 672, 673),
(278, 9, '1', 311, 312),
(279, 9, '2', 313, 314),
(280, 9, '3', 315, 316),
(281, 9, '4', 317, 318),
(282, 9, '5', 319, 320),
(283, 9, '6', 321, 322),
(284, 9, '7', 323, 324),
(285, 9, '8 or more', 325, 326),
(311, 7, 'Configuration', 209, 230),
(313, 7, 'Length', 231, 260),
(314, 311, 'Continuous', 210, 211),
(315, 311, 'With Corners', 212, 213),
(317, 311, 'With Lit Corners', 214, 215),
(318, 313, 'Less than 1 Ft', 232, 233),
(319, 313, '1 Ft', 234, 235),
(320, 313, '2 Ft', 236, 237),
(321, 313, '3 Ft', 238, 239),
(322, 313, '4 Ft', 240, 241),
(323, 313, '5 Ft', 242, 243),
(324, 313, '6 Ft', 244, 245),
(325, 313, '7 Ft', 246, 247),
(326, 313, '8 Ft', 248, 249),
(327, 313, '9 Ft', 250, 251),
(328, 313, '10 Ft', 252, 253),
(329, 313, '11 Ft', 254, 255),
(330, 15, 'watt', 481, 518),
(331, 330, '3 or less W', 482, 483),
(332, 330, '3 - 5 W', 484, 485),
(333, 330, '5 - 10 W', 486, 487),
(334, 330, '10 - 15 W', 488, 489),
(335, 330, '15 - 20 W', 490, 491),
(336, 330, '20 - 30 W', 492, 493),
(337, 330, '30 - 50 W', 494, 495),
(338, 330, '50 - 75 W', 496, 497),
(339, 330, '75 - 100 W', 498, 499),
(340, 330, '100 - 150 W', 500, 501),
(341, 330, '150 - 250 W', 502, 503),
(342, 330, '250 -350 W', 504, 505),
(343, 15, 'watt_linear', 519, 538),
(344, 343, '1 W / Ft or less', 520, 521),
(345, 343, '1-2 W / Ft', 522, 523),
(346, 343, '2-3 W / Ft', 524, 525),
(347, 343, '3-5 W / Ft', 526, 527),
(348, 343, '5-7 W / Ft', 528, 529),
(349, 343, '7-10 W / Ft', 530, 531),
(350, 343, '10-15 W / Ft', 532, 533),
(351, 343, '15-25 W / Ft', 534, 535),
(356, 11, '60 or higher', 375, 376),
(357, 11, '70 or higher', 377, 378),
(358, 11, '80 or higher', 379, 380),
(360, 11, '90 or higher', 381, 382),
(361, 11, '95 or higher', 383, 384),
(362, 16, 'Lumens', 541, 598),
(363, 16, 'Lumens linear', 599, 622),
(364, 362, '100 Lm or less', 542, 543),
(365, 362, '200 Lm', 544, 545),
(366, 362, '300 Lm', 546, 547),
(367, 362, '500 Lm', 548, 549),
(368, 362, '750 Lm', 550, 551),
(369, 362, '1,000 Lm', 552, 553),
(370, 362, '1,500 Lm', 554, 555),
(371, 362, '2,000 Lm', 556, 557),
(372, 362, '2,500 Lm', 558, 559),
(373, 362, '3,000 Lm', 560, 561),
(374, 362, '4,000 Lm', 562, 563),
(375, 362, '5,000 Lm', 564, 565),
(376, 362, '6,000 Lm', 566, 567),
(377, 362, '8,000 Lm', 568, 569),
(378, 363, '100 Lm/Ft', 600, 601),
(379, 363, '200 Lm/Ft', 602, 603),
(380, 363, '300 Lm/Ft', 604, 605),
(381, 363, '400 Lm/Ft', 606, 607),
(382, 363, '500 Lm/Ft', 608, 609),
(383, 363, '750 Lm/Ft', 610, 611),
(384, 363, '1,000 Lm/Ft', 612, 613),
(385, 363, '1,500 Lm/Ft', 614, 615),
(386, 22, '1\" or less', 861, 862),
(387, 22, '2\" or less', 863, 864),
(388, 22, '3\" or less', 865, 866),
(389, 22, '4\" or less', 867, 868),
(390, 22, '5\" or less', 869, 870),
(391, 22, '6\" or less', 871, 872),
(392, 22, '7\" or less', 873, 874),
(393, 22, '8\" or less', 875, 876),
(394, 22, '10\" or less', 877, 878),
(395, 22, '12\" or less', 879, 880),
(396, 22, '16\" or less', 881, 882),
(397, 12, 'Night Sky', 439, 442),
(398, 397, 'Night Sky', 440, 441),
(399, 17, '30 Lm/Wt or higher', 625, 626),
(400, 17, '50 Lm/Wt or higher', 627, 628),
(401, 17, '70 Lm/Wt or higher', 629, 630),
(402, 17, '90 Lm/Wt or higher', 631, 632),
(403, 17, '120 Lm/Wt or higher', 633, 634),
(404, 17, '150 Lm/Wt or higher', 635, 636),
(405, 23, 'UL/ETL', 889, 896),
(406, 23, 'Energy', 897, 904),
(407, 23, 'ADA', 905, 912),
(408, 405, 'UL', 890, 891),
(409, 405, 'ETL', 892, 893),
(410, 405, 'CSA', 894, 895),
(411, 406, 'Energy Star**', 898, 899),
(412, 406, 'Title 24**', 900, 901),
(413, 406, 'DLC**', 902, 903),
(414, 407, 'ADA', 906, 907),
(415, 407, 'Made in USA', 908, 909),
(416, 407, 'IBEW', 910, 911),
(417, 240, '30,000 or more', 460, 461),
(418, 240, '50,000 or more', 462, 463),
(419, 240, '75,000 or more', 464, 465),
(420, 240, '100,000 or more', 466, 467),
(421, 240, '150,000 or more', 468, 469),
(423, 241, '25,000 or more TM21', 472, 473),
(424, 241, '35,000 or more TM21', 474, 475),
(425, 241, '60,000 TM21', 476, 477),
(426, 1, 'Manufacturers', 934, 1135),
(427, 426, '1', 935, 936),
(428, 426, '2', 937, 938),
(429, 426, '3', 939, 940),
(430, 426, '4', 941, 942),
(431, 426, '5', 943, 944),
(432, 426, '6', 945, 946),
(433, 426, '7', 947, 948),
(435, 426, '9', 949, 950),
(436, 426, '10', 951, 952),
(438, 426, '12', 953, 954),
(439, 426, '13', 955, 956),
(440, 426, '14', 957, 958),
(442, 1, 'Brands', 1136, 1149),
(443, 442, '4', 1137, 1138),
(444, 442, '2', 1139, 1140),
(446, 198, '208 V', 764, 765),
(448, 2, 'Low Bay', 59, 60),
(449, 2, 'Industrial/Utility', 61, 62),
(450, 4, 'Clean Room', 133, 134),
(451, 4, 'MRI', 135, 136),
(452, 5, 'Rectangular', 143, 144),
(453, 5, 'Linear', 145, 146),
(454, 5, 'Other', 147, 148),
(455, 6, '1 Ft x 4 Ft', 197, 198),
(457, 6, '2 Ft x 2 Ft', 199, 200),
(458, 311, 'Side Lit Continuous', 216, 217),
(459, 311, 'With Side Lit Corners', 218, 219),
(460, 311, 'Wall to Ceiling Lit', 220, 221),
(461, 311, 'Modular', 222, 223),
(462, 311, 'Quick Connect', 224, 225),
(463, 311, 'Daisy Chain', 226, 227),
(464, 313, '12 Ft', 256, 257),
(465, 313, 'more than 12 Ft', 258, 259),
(466, 8, 'Basket', 289, 290),
(467, 8, 'Decorative Diffuser', 291, 292),
(468, 8, 'Clear Lens', 293, 294),
(469, 8, 'Louvers', 295, 296),
(470, 8, 'Shielded', 297, 298),
(471, 10, 'Green', 365, 366),
(472, 10, 'Red', 367, 368),
(473, 10, 'Yellow/Amber', 369, 370),
(474, 180, 'Omni-Directional', 394, 395),
(475, 180, 'Pattern', 396, 397),
(477, 261, 'to less than 1%', 642, 643),
(478, 262, 'Fifth Light DALI', 674, 675),
(479, 262, 'xxx Redwood', 676, 677),
(481, 197, 'Solar', 746, 747),
(482, 216, 'Wood Trimless', 798, 799),
(483, 216, 'Concrete', 800, 801),
(484, 216, 'Concrete Drive Over', 802, 803),
(485, 216, 'Concrete Trimless', 804, 805),
(486, 216, 'Trimless Drive Over', 806, 807),
(487, 216, 'Ground', 808, 809),
(488, 216, 'Masonry', 810, 811),
(489, 216, 'Masonry Trimless', 812, 813),
(490, 216, 'Masonry Drive Over', 814, 815),
(491, 218, 'Direct Burial', 852, 853),
(492, 218, 'Concrete Pour', 854, 855),
(493, 218, 'Drywall Thickness', 856, 857),
(494, 25, '2 Weeks or less', 929, 930),
(495, 25, '4 Weeks or less', 931, 932),
(496, 1, 'Source', 1150, 1167),
(497, 496, 'LED Fixture', 1151, 1152),
(498, 496, 'OLED Fixture', 1153, 1154),
(499, 496, 'LED PAR 20 - Bulb', 1155, 1156),
(500, 362, '10,000 Lm', 570, 571),
(501, 362, '15,000 Lm', 572, 573),
(502, 362, '20,000 Lm', 574, 575),
(503, 362, '25,000 Lm', 576, 577),
(504, 362, '30,000 Lm', 578, 579),
(505, 362, '40,000 Lm', 580, 581),
(506, 362, '50,000 Lm', 582, 583),
(507, 362, '75,000 Lm', 584, 585),
(508, 362, '100,000 Lm', 586, 587),
(509, 362, '125,000 Lm', 588, 589),
(510, 362, '150,000 Lm', 590, 591),
(511, 362, '200,000 Lm', 592, 593),
(512, 362, '300,000 Lm', 594, 595),
(513, 362, '500,000 Lm or more', 596, 597),
(514, 363, '2,000 Lm/Ft', 616, 617),
(515, 363, '2,500 Lm/Ft', 618, 619),
(516, 363, '3,000 or more Lm/Ft', 620, 621),
(517, 19, 'Controls', 709, 738),
(518, 517, 'Integral OC/Daylight', 710, 711),
(519, 517, 'Wireless', 712, 713),
(520, 426, '17', 959, 960),
(521, 426, '18', 961, 962),
(522, 426, '19', 963, 964),
(523, 8, 'Other', 299, 300),
(524, 184, 'Area 90°', 424, 425),
(525, 184, 'Petroleum', 426, 427),
(526, 184, 'Dealership', 428, 429),
(527, 184, 'General', 430, 431),
(528, 199, 'EM Remote', 772, 773),
(529, 6, '2 Ft x 4 Ft', 201, 202),
(530, 6, '4 Ft x 4 Ft', 203, 204),
(531, 22, '18\" or less', 883, 884),
(532, 262, 'xxx LumenTalk', 678, 679),
(533, 262, 'xxx Ethernet', 680, 681),
(534, 496, 'LED PAR 30 - Bulb', 1157, 1158),
(535, 496, 'LED PAR 38 - Bulb', 1159, 1160),
(536, 496, 'LED AR - Bulb', 1161, 1162),
(537, 496, 'LED MR - Bulb', 1163, 1164),
(538, 496, 'LED A - Bulb', 1165, 1166),
(539, 184, 'Volumetric', 432, 433),
(540, 426, '20', 965, 966),
(541, 426, '21', 967, 968),
(542, 426, '22', 969, 970),
(543, 2, 'Modular', 63, 64),
(544, 13, 'Locking Adjustable', 453, 454),
(545, 13, 'Hot Aiming w/Locking', 455, 456),
(546, 198, '240 V', 766, 767),
(547, 8, 'Optical Accessories', 301, 302),
(548, 8, 'xx Flat Diffuser', 303, 304),
(549, 8, 'xx Micro Optics', 305, 306),
(550, 426, '23', 971, 972),
(551, 426, '24', 973, 974),
(552, 426, '25', 975, 976),
(553, 426, '26', 977, 978),
(554, 343, '25 W / Ft or more', 536, 537),
(555, 426, '27', 979, 980),
(556, 262, 'Other LED dimming', 682, 683),
(557, 8, 'Curved/Sloped Diffuser', 307, 308),
(558, 426, '28', 981, 982),
(559, 184, 'Direct View', 434, 435),
(560, 330, '350 - 500 W', 506, 507),
(561, 426, '29', 983, 984),
(562, 426, '30', 985, 986),
(563, 517, 'Motion/Photocell', 714, 715),
(564, 426, '31', 987, 988),
(565, 426, '32', 989, 990),
(566, 442, '5', 1141, 1142),
(567, 517, 'Photocell', 716, 717),
(568, 330, '500 ‐ 750 W', 508, 509),
(569, 330, '750 ‐ 1000 W', 510, 511),
(570, 330, '1000 - 1500 W', 512, 513),
(571, 330, '1500 - 2000 W', 514, 515),
(572, 330, '2000 or more', 516, 517),
(573, 426, '33', 991, 992),
(574, 426, '34', 993, 994),
(575, 426, '35', 995, 996),
(576, 10, 'Tunable White', 371, 372),
(577, 2, 'Wall Wash Linear', 65, 66),
(578, 426, '36', 997, 998),
(579, 6, '18\"', 205, 206),
(580, 311, 'Side to Side', 228, 229),
(581, 426, '37', 999, 1000),
(582, 426, '38', 1001, 1002),
(583, 184, 'Forward Throw', 436, 437),
(584, 262, 'xxx Lutron Hi-Lume A', 684, 685),
(585, 426, '39', 1003, 1004),
(586, 262, 'xxxx eldoLED', 686, 687),
(587, 262, 'Lutron EcoSystem 5', 688, 689),
(588, 442, '6', 1143, 1144),
(589, 22, '24\" or less. TEST', 885, 886),
(590, 426, '40', 1005, 1006),
(591, 262, 'Hi-lume Premier 3-wire ', 690, 691),
(592, 262, 'Hi-lume Premier EcoSystem ', 692, 693),
(593, 262, 'eldoLED ECO 0-10V', 694, 695),
(594, 262, 'not used', 696, 697),
(595, 262, 'eldoLED SOLO 0-10V', 698, 699),
(596, 262, 'eldoLED SOLO DALI', 700, 701),
(597, 262, 'eldoLED POWE DMX/RDM', 702, 703),
(598, 262, 'xxx not used', 704, 705),
(599, 517, 'Lumentalk™', 718, 719),
(600, 517, 'Fifth Light®', 720, 721),
(601, 517, 'Redwood®', 722, 723),
(602, 517, 'XPoint™ Wireless', 724, 725),
(603, 517, 'Lutron®', 726, 727),
(604, 517, 'Ethernet', 728, 729),
(605, 517, 'nLight®', 730, 731),
(606, 216, 'Recessed Track', 816, 817),
(607, 216, 'Recessed Track Trimless', 818, 819),
(608, 517, 'xxx Advanced Mark 10 LV', 732, 733),
(609, 517, 'Enlighted', 734, 735),
(610, 262, 'Advanced Mark 10 LV', 706, 707),
(611, 426, '41', 1007, 1008),
(612, 442, '7', 1145, 1146),
(613, 426, '42', 1009, 1010),
(614, 517, 'Daintree Networks', 736, 737),
(615, 442, '8', 1147, 1148),
(616, 426, '43', 1011, 1012),
(617, 426, '44', 1013, 1014),
(619, 426, '45', 1015, 1016),
(620, 426, '46', 1017, 1018),
(621, 426, '47', 1019, 1020),
(622, 426, '48', 1021, 1022),
(623, 426, '49', 1023, 1024),
(624, 426, '50', 1025, 1026),
(625, 426, '51', 1027, 1028),
(626, 426, '52', 1029, 1030),
(627, 426, '53', 1031, 1032),
(628, 426, '54', 1033, 1034),
(629, 426, '55', 1035, 1036),
(630, 426, '56', 1037, 1038),
(631, 426, '57', 1039, 1040),
(632, 426, '58', 1041, 1042),
(633, 426, '59', 1043, 1044),
(634, 426, '60', 1045, 1046),
(635, 426, '61', 1047, 1048),
(636, 426, '62', 1049, 1050),
(637, 426, '63', 1051, 1052),
(638, 426, '64', 1053, 1054),
(639, 426, '65', 1055, 1056),
(640, 426, '66', 1057, 1058),
(641, 426, '67', 1059, 1060),
(642, 426, '68', 1061, 1062),
(643, 426, '69', 1063, 1064),
(644, 426, '70', 1065, 1066),
(645, 426, '71', 1067, 1068),
(646, 426, '72', 1069, 1070),
(647, 426, '73', 1071, 1072),
(648, 426, '74', 1073, 1074),
(649, 426, '75', 1075, 1076),
(650, 426, '76', 1077, 1078),
(651, 426, '77', 1079, 1080),
(652, 426, '78', 1081, 1082),
(653, 426, '79', 1083, 1084),
(654, 426, '80', 1085, 1086),
(655, 426, '81', 1087, 1088),
(656, 426, '82', 1089, 1090),
(657, 426, '83', 1091, 1092),
(658, 426, '84', 1093, 1094),
(659, 426, '85', 1095, 1096),
(660, 426, '86', 1097, 1098),
(661, 426, '87', 1099, 1100),
(662, 426, '88', 1101, 1102),
(663, 426, '89', 1103, 1104),
(664, 426, '90', 1105, 1106),
(665, 426, '91', 1107, 1108),
(666, 426, '92', 1109, 1110),
(667, 426, '93', 1111, 1112),
(668, 426, '94', 1113, 1114),
(669, 426, '95', 1115, 1116),
(670, 426, '96', 1117, 1118),
(671, 426, '97', 1119, 1120),
(672, 426, '98', 1121, 1122),
(673, 426, '99', 1123, 1124),
(674, 426, '100', 1125, 1126),
(675, 426, '101', 1127, 1128),
(676, 426, '102', 1129, 1130),
(677, 426, '103', 1131, 1132),
(678, 426, '104', 1133, 1134);

-- --------------------------------------------------------

--
-- Table structure for table `specs_ranges`
--

CREATE TABLE `specs_ranges` (
  `spec_id` smallint(6) NOT NULL,
  `parent_id` int(11) NOT NULL,
  `spec_min` int(11) DEFAULT NULL,
  `spec_max` int(11) DEFAULT NULL,
  `field_min` varchar(32) NOT NULL,
  `field_max` varchar(32) NOT NULL,
  `range_type` varchar(16) NOT NULL,
  `val_dd` int(10) UNSIGNED DEFAULT NULL,
  `val_dd_decimal` decimal(4,1) UNSIGNED DEFAULT NULL
) ENGINE=InnoDB DEFAULT CHARSET=utf8;

--
-- Dumping data for table `specs_ranges`
--

INSERT INTO `specs_ranges` (`spec_id`, `parent_id`, `spec_min`, `spec_max`, `field_min`, `field_max`, `range_type`, `val_dd`, `val_dd_decimal`) VALUES
(110, 24, NULL, 1, 'warranty', 'warranty', 'lte', 1, NULL),
(111, 24, NULL, 5, 'warranty', 'warranty', 'lte', 5, NULL),
(112, 24, NULL, 10, 'warranty', 'warranty', 'lte', 10, NULL),
(113, 25, 1, NULL, 'stock', 'stock', 'gte', 365, NULL),
(114, 25, 5, NULL, 'stock', 'stock', 'gte', 5, NULL),
(115, 25, 10, NULL, 'stock', 'stock', 'gte', 10, NULL),
(278, 9, 1, NULL, 'multiples_min', 'multiples_max', 'mm', 1, NULL),
(279, 9, 2, NULL, 'multiples_min', 'multiples_max', 'mm', 2, NULL),
(280, 9, 3, NULL, 'multiples_min', 'multiples_max', 'mm', 3, NULL),
(281, 9, 4, NULL, 'multiples_min', 'multiples_max', 'mm', 4, NULL),
(282, 9, 5, NULL, 'multiples_min', 'multiples_max', 'mm', 5, NULL),
(283, 9, 6, NULL, 'multiples_min', 'multiples_max', 'mm', 6, NULL),
(284, 9, 7, NULL, 'multiples_min', 'multiples_max', 'mm', 7, NULL),
(285, 9, 8, NULL, 'multiples_min', 'multiples_max', 'mm', 8, NULL),
(318, 313, NULL, 1, 'linear_2_min', 'linear_2_max', 'mm', NULL, '0.9'),
(319, 313, 1, NULL, 'linear_2_min', 'linear_2_max', 'mm', NULL, '1.0'),
(320, 313, 2, NULL, 'linear_2_min', 'linear_2_max', 'mm', NULL, '2.0'),
(321, 313, 3, NULL, 'linear_2_min', 'linear_2_max', 'mm', NULL, '3.0'),
(322, 313, 4, NULL, 'linear_2_min', 'linear_2_max', 'mm', NULL, '4.0'),
(323, 313, 5, NULL, 'linear_2_min', 'linear_2_max', 'mm', NULL, '5.0'),
(324, 313, 6, NULL, 'linear_2_min', 'linear_2_max', 'mm', NULL, '6.0'),
(325, 313, 7, NULL, 'linear_2_min', 'linear_2_max', 'mm', NULL, '7.0'),
(326, 313, 8, NULL, 'linear_2_min', 'linear_2_max', 'mm', NULL, '8.0'),
(327, 313, 9, NULL, 'linear_2_min', 'linear_2_max', 'mm', NULL, '9.0'),
(328, 313, 10, NULL, 'linear_2_min', 'linear_2_max', 'mm', NULL, '10.0'),
(329, 313, 11, NULL, 'linear_2_min', 'linear_2_max', 'mm', NULL, '11.0'),
(331, 330, NULL, 3, 'watt_min', 'watt_max', 'mmb', NULL, NULL),
(332, 330, 3, 5, 'watt_min', 'watt_max', 'mmb', NULL, NULL),
(333, 330, 5, 10, 'watt_min', 'watt_max', 'mmb', NULL, NULL),
(334, 330, 10, 15, 'watt_min', 'watt_max', 'mmb', NULL, NULL),
(335, 330, 15, 20, 'watt_min', 'watt_max', 'mmb', NULL, NULL),
(336, 330, 20, 30, 'watt_min', 'watt_max', 'mmb', NULL, NULL),
(337, 330, 30, 50, 'watt_min', 'watt_max', 'mmb', NULL, NULL),
(338, 330, 50, 75, 'watt_min', 'watt_max', 'mmb', NULL, NULL),
(339, 330, 75, 100, 'watt_min', 'watt_max', 'mmb', NULL, NULL),
(340, 330, 100, 150, 'watt_min', 'watt_max', 'mmb', NULL, NULL),
(341, 330, 150, 250, 'watt_min', 'watt_max', 'mmb', NULL, NULL),
(342, 330, 250, 350, 'watt_min', 'watt_max', 'mmb', NULL, NULL),
(344, 343, NULL, 1, 'watt_linear_min', 'watt_linear_max', 'mmb', NULL, NULL),
(345, 343, 1, 2, 'watt_linear_min', 'watt_linear_max', 'mmb', NULL, NULL),
(346, 343, 2, 3, 'watt_linear_min', 'watt_linear_max', 'mmb', NULL, NULL),
(347, 343, 3, 5, 'watt_linear_min', 'watt_linear_max', 'mmb', NULL, NULL),
(348, 343, 5, 7, 'watt_linear_min', 'watt_linear_max', 'mmb', NULL, NULL),
(349, 343, 7, 10, 'watt_linear_min', 'watt_linear_max', 'mmb', NULL, NULL),
(350, 343, 10, 15, 'watt_linear_min', 'watt_linear_max', 'mmb', NULL, NULL),
(351, 343, 15, 25, 'watt_linear_min', 'watt_linear_max', 'mmb', NULL, NULL),
(356, 11, NULL, 60, 'cri', 'cri', 'lte', NULL, NULL),
(357, 11, NULL, 70, 'cri', 'cri', 'lte', NULL, NULL),
(358, 11, NULL, 80, 'cri', 'cri', 'lte', NULL, NULL),
(360, 11, NULL, 90, 'cri', 'cri', 'lte', NULL, NULL),
(361, 11, NULL, 95, 'cri', 'cri', 'lte', NULL, NULL),
(364, 362, 1, 150, 'lumens_min', 'lumens_max', 'mmb', NULL, NULL),
(365, 362, 151, 250, 'lumens_min', 'lumens_max', 'mmb', NULL, NULL),
(366, 362, 251, 400, 'lumens_min', 'lumens_max', 'mmb', NULL, NULL),
(367, 362, 401, 650, 'lumens_min', 'lumens_max', 'mmb', NULL, NULL),
(368, 362, 651, 850, 'lumens_min', 'lumens_max', 'mmb', NULL, NULL),
(369, 362, 851, 1250, 'lumens_min', 'lumens_max', 'mmb', NULL, NULL),
(370, 362, 1251, 1750, 'lumens_min', 'lumens_max', 'mmb', NULL, NULL),
(371, 362, 1751, 2250, 'lumens_min', 'lumens_max', 'mmb', NULL, NULL),
(372, 362, 2251, 2750, 'lumens_min', 'lumens_max', 'mmb', NULL, NULL),
(373, 362, 2751, 3500, 'lumens_min', 'lumens_max', 'mmb', NULL, NULL),
(374, 362, 3501, 4500, 'lumens_min', 'lumens_max', 'mmb', NULL, NULL),
(375, 362, 4501, 5500, 'lumens_min', 'lumens_max', 'mmb', NULL, NULL),
(376, 362, 5501, 7000, 'lumens_min', 'lumens_max', 'mmb', NULL, NULL),
(377, 362, 7001, 9000, 'lumens_min', 'lumens_max', 'mmb', NULL, NULL),
(378, 363, 1, 150, 'lumens_linear_min', 'lumens_linear_max', 'mmb', NULL, NULL),
(379, 363, 150, 250, 'lumens_linear_min', 'lumens_linear_max', 'mmb', NULL, NULL),
(380, 363, 250, 350, 'lumens_linear_min', 'lumens_linear_max', 'mmb', NULL, NULL),
(381, 363, 350, 450, 'lumens_linear_min', 'lumens_linear_max', 'mmb', NULL, NULL),
(382, 363, 450, 600, 'lumens_linear_min', 'lumens_linear_max', 'mmb', NULL, NULL),
(383, 363, 600, 800, 'lumens_linear_min', 'lumens_linear_max', 'mmb', NULL, NULL),
(384, 363, 800, 1300, 'lumens_linear_min', 'lumens_linear_max', 'mmb', NULL, NULL),
(385, 363, 1300, 1750, 'lumens_linear_min', 'lumens_linear_max', 'mmb', NULL, NULL),
(386, 22, 1, NULL, 'depth', 'depth', 'gte', NULL, NULL),
(387, 22, 2, NULL, 'depth', 'depth', 'gte', NULL, NULL),
(388, 22, 3, NULL, 'depth', 'depth', 'gte', NULL, NULL),
(389, 22, 4, NULL, 'depth', 'depth', 'gte', NULL, NULL),
(390, 22, 5, NULL, 'depth', 'depth', 'gte', NULL, NULL),
(391, 22, 6, NULL, 'depth', 'depth', 'gte', NULL, NULL),
(392, 22, 7, NULL, 'depth', 'depth', 'gte', NULL, NULL),
(393, 22, 8, NULL, 'depth', 'depth', 'gte', NULL, NULL),
(394, 22, 10, NULL, 'depth', 'depth', 'gte', NULL, NULL),
(395, 22, 12, NULL, 'depth', 'depth', 'gte', NULL, NULL),
(396, 22, 16, NULL, 'depth', 'depth', 'gte', NULL, NULL),
(399, 17, NULL, 30, 'efficacy', 'efficacy', 'lte', NULL, NULL),
(400, 17, NULL, 50, 'efficacy', 'efficacy', 'lte', NULL, NULL),
(401, 17, NULL, 70, 'efficacy', 'efficacy', 'lte', NULL, NULL),
(402, 17, NULL, 90, 'efficacy', 'efficacy', 'lte', NULL, NULL),
(403, 17, NULL, 120, 'efficacy', 'efficacy', 'lte', NULL, NULL),
(404, 17, NULL, 150, 'efficacy', 'efficacy', 'lte', NULL, NULL),
(417, 240, NULL, 30000, 'hours_lm', 'hours_lm', 'lte', NULL, NULL),
(418, 240, NULL, 50000, 'hours_lm', 'hours_lm', 'lte', NULL, NULL),
(419, 240, NULL, 75000, 'hours_lm', 'hours_lm', 'lte', NULL, NULL),
(420, 240, NULL, 100000, 'hours_lm', 'hours_lm', 'lte', NULL, NULL),
(421, 240, NULL, 150000, 'hours_lm', 'hours_lm', 'lte', NULL, NULL),
(423, 241, NULL, 25000, 'hours_tm', 'hours_tm', 'lte', NULL, NULL),
(424, 241, NULL, 35000, 'hours_tm', 'hours_tm', 'lte', NULL, NULL),
(425, 241, NULL, 60000, 'hours_tm', 'hours_tm', 'lte', NULL, NULL),
(464, 313, 12, NULL, 'linear_2_min', 'linear_2_max', 'mm', NULL, '12.0'),
(465, 313, 12, 12, 'linear_2_min', 'linear_2_max', 'mm', NULL, '12.1'),
(494, 25, 14, NULL, 'stock', 'stock', 'gte', 14, NULL),
(495, 25, 28, NULL, 'stock', 'stock', 'gte', 28, NULL),
(500, 362, 9001, 12500, 'lumens_min', 'lumens_max', 'mmb', NULL, NULL),
(501, 362, 12501, 17500, 'lumens_min', 'lumens_max', 'mmb', NULL, NULL),
(502, 362, 17501, 22500, 'lumens_min', 'lumens_max', 'mmb', NULL, NULL),
(503, 362, 22501, 27500, 'lumens_min', 'lumens_max', 'mmb', NULL, NULL),
(504, 362, 27501, 35000, 'lumens_min', 'lumens_max', 'mmb', NULL, NULL),
(505, 362, 35001, 45000, 'lumens_min', 'lumens_max', 'mmb', NULL, NULL),
(506, 362, 45001, 62500, 'lumens_min', 'lumens_max', 'mmb', NULL, NULL),
(507, 362, 62501, 87500, 'lumens_min', 'lumens_max', 'mmb', NULL, NULL),
(508, 362, 87501, 112500, 'lumens_min', 'lumens_max', 'mmb', NULL, NULL),
(509, 362, 112501, 137500, 'lumens_min', 'lumens_max', 'mmb', NULL, NULL),
(510, 362, 137501, 175000, 'lumens_min', 'lumens_max', 'mmb', NULL, NULL),
(511, 362, 175001, 250000, 'lumens_min', 'lumens_max', 'mmb', NULL, NULL),
(512, 362, 250001, 400000, 'lumens_min', 'lumens_max', 'mmb', NULL, NULL),
(513, 362, 400001, NULL, 'lumens_min', 'lumens_max', 'mmb', NULL, NULL),
(514, 363, 1750, 2250, 'lumens_linear_min', 'lumens_linear_max', 'mmb', NULL, NULL),
(515, 363, 2250, 2750, 'lumens_linear_min', 'lumens_linear_max', 'mmb', NULL, NULL),
(516, 363, 3000, NULL, 'lumens_linear_min', 'lumens_linear_max', 'mmb', NULL, NULL),
(531, 22, 18, NULL, 'depth', 'depth', 'gte', NULL, NULL),
(554, 343, 25, NULL, 'watt_linear_min', 'watt_linear_max', 'mmb', NULL, NULL),
(560, 330, 350, 500, 'watt_min', 'watt_max', 'mmb', NULL, NULL),
(568, 330, 500, 750, 'watt_min', 'watt_max', 'mmb', NULL, NULL),
(569, 330, 750, 1000, 'watt_min', 'watt_max', 'mmb', NULL, NULL),
(570, 330, 1000, 1500, 'watt_min', 'watt_max', 'mmb', NULL, NULL),
(571, 330, 1500, 2000, 'watt_min', 'watt_max', 'mmb', NULL, NULL),
(572, 330, 2000, NULL, 'watt_min', 'watt_max', 'mmb', NULL, NULL);

-- --------------------------------------------------------

--
-- Table structure for table `stats_ip`
--

CREATE TABLE `stats_ip` (
  `id` int(10) UNSIGNED NOT NULL,
  `visitor_id` int(10) UNSIGNED NOT NULL,
  `ipn` varbinary(16) NOT NULL
) ENGINE=InnoDB DEFAULT CHARSET=utf8;

--
-- Dumping data for table `stats_ip`
--

INSERT INTO `stats_ip` (`id`, `visitor_id`, `ipn`) VALUES
(368, 1, 0x0cd853b2),
(1, 1, 0x2e2f750c),
(23, 1, 0xd057edc9),
(332, 2, 0x180c9a47),
(342, 3, 0x180c9a47),
(517, 3, 0xa6890857),
(549, 5, 0x500b9340),
(367, 6, 0x1825b662),
(572, 7, 0x180c9a47),
(1378, 7, 0x6b4d573a);

-- --------------------------------------------------------

--
-- Table structure for table `stats_page`
--

CREATE TABLE `stats_page` (
  `page_id` int(10) UNSIGNED NOT NULL,
  `page_url` text NOT NULL,
  `page_hash` binary(20) NOT NULL
) ENGINE=InnoDB DEFAULT CHARSET=utf8;

--
-- Dumping data for table `stats_page`
--

INSERT INTO `stats_page` (`page_id`, `page_url`, `page_hash`) VALUES
(1, 'http://www.ldlmlocal.com/?v=Test', 0xb4b86d3f44ae2fddf5961082d4dcbb4b7b6db9cb),
(2, 'http://www.ldlmlocal.com/', 0x3df52c643411e45a536a344949844db8c837f79d),
(3, 'http://www.ldlmlocal.com/led-luminaire-search', 0x40f87209db9ca08a52dff873eab51849a99fc778),
(4, 'http://www.ldlmlocal.com/statistics', 0xcf08307c86229f5e85fbbc0fe0998e39bfb8676c),
(5, 'http://www.ldlmlocal.com/surveys-polls', 0x26f5b379fb27ff9e03c01b7b89f461cbf7c37c9f),
(6, 'http://www.ldlmlocal.com/led-luminaire-details?f=ELM_E3R-F-F', 0xab1cd1a07b9eb758b33e3de5cd4898f48967f711),
(7, 'http://www.ldlmlocal.com/media-partners', 0x225f8e41ae4b958266085a9eefebe28f4c9d09d9),
(8, 'http://www.ldlmlocal.com/media-partner-detail?mp=LPS', 0x67ed618467ca0200f0e3b0e31d1cdb621c449930),
(9, 'http://www.ldlmlocal.com/led-industry-news', 0x035eba866c47d3cb1f76700c1edaf613a86c0694),
(10, 'http://www.ldlmlocal.com/led-project-submit', 0xecb79becebeedad9685703da79b20f96225cec5a),
(11, 'http://www.ldlmlocal.com/led-luminaire-manufacturers-browse', 0xc864a996d62d12ff70ada8986923ea256f490a60),
(12, 'http://www.ldlmlocal.com/led-lighting-events', 0x4f2191fc093dcf7ef95a3d0326f0894574b59f7d),
(13, 'http://www.ldlmlocal.com/led-luminaire-compare', 0x2cc664bece35f01fff2cee0b484da2872864829a),
(14, 'http://www.ldlmlocal.com/led-projects-gallery', 0x138ec72f54aac31cb403d86bfae26993124f50c9),
(15, 'http://www.ldlmlocal.com/led-product-news', 0x07d6630dcc580145624117afb0493c27031b1c60),
(16, 'http://www.ldlmlocal.com/led-lighting-standards', 0xa42dc9fa73e4e951fff495f44daeeb43ba6b13e3),
(17, 'http://www.ldlmlocal.com/led-luminaire-manufacturer/bega-us?m=25', 0xb41bdf83b5890e28dded6c36ad3098fd247a0c40),
(18, 'http://www.ldlmlocal.com/led-luminaire-details?f=RSA_C2', 0x9998c027a058f08f1ac6ff34d3559b619334edf3),
(19, 'http://www.ldlmlocal.com/led-luminaire-manufacturer/dasal-lighting?m=31', 0xe703a959a04fb014dfe9306ccc436cc47059e6e1),
(20, 'http://www.ldlmlocal.com/led-luminaire-details?f=FOP_FLC44D', 0x626bf213249eedd1859e1e10cea30db53bbd6803),
(21, 'http://www.ldlmlocal.com/led-luminaire-details?f=FOP_FNVL-22-AC', 0x5125051059e4d00780cba866c5b1da0c80333bd0),
(22, 'http://www.ldlmlocal.com/led-luminaire-details?f=FOP_FNVL-22-ACZ', 0x45a24c71493c5583ca39eeb9bacaa9dbbe3177c4),
(23, 'http://www.ldlmlocal.com/led-luminaire-details?f=FOP_FNVL-22-AX', 0x1aff43ea0d46106f8abfaf7ddb14724e022382aa),
(24, 'http://www.ldlmlocal.com/led-luminaire-details?f=FOP_FSM2LS-FL', 0x75e479e291147c08127da2f95aa54fcae4f493bf),
(25, 'http://www.ldlmlocal.com/led-luminaire-details?f=ELM_EBY-L-LO', 0x1767ee3ca595a99e67bdea52f80b415a478b1b41),
(26, 'http://www.ldlmlocal.com/led-luminaire-manufacturer/axis-lighting?m=18', 0x85e26c0a3f2c32be327a29b0dbb689b3e8e15689),
(27, 'http://www.ldlmlocal.com/led-luminaire-details?f=USA_3313', 0x77e1bfad723750eb9c971f13a1b7e08396242134),
(28, 'http://www.ldlmlocal.com/led-luminaire-manufacturer/element-lighting?m=22', 0xb862ab49f4f8481cb42976e905e14173a2f1951d),
(29, 'http://www.ldlmlocal.com/led-luminaire-details?f=USA_1011', 0x47357419da9a052d8298a1ac15b146e451d02fc3),
(30, 'http://www.ldlmlocal.com/my-projects', 0xf47883496378376551ec04f1bf69acf2a7336e49),
(31, 'http://www.ldlmlocal.com/my-projects-print?p=15', 0x7474d01bb2d2c1a16e594af228273fb708ee3e1a),
(32, 'http://www.ldlmlocal.com/my-projects-email?p=15', 0xed98b2fed9499d11204656e8cf4390a8814d8008),
(33, 'http://www.ldlmlocal.com/led-luminaire-details?f=ELM_E3R-L-B', 0xe51992a103204bc266cfbca4e14d4889a5bd1c14),
(34, 'http://www.ldlmlocal.com/led-luminaire-details?f=ELM_E3R-F-B', 0xfafda122849e4ac4c393b78339c8d234ad26d925),
(35, 'http://www.ldlmlocal.com/products_search_byname.php', 0xcf8d5403db2eb1118e8a0e59e28c408e1b1d6f48),
(36, 'http://www.ldlmlocal.com/led-luminaire-manufacturer/gotham-lighting?m=20', 0x9244c89e3f0d6659da8deca30b103f714ce5150a),
(37, 'http://www.ldlmlocal.com/led-luminaire-manufacturer/architectural-lighting-works?m=26', 0x08f685a0af1b531aff52acb22efc93599aae0870),
(38, 'http://www.ldlmlocal.com/led-luminaire-details?f=ELM_E3R-L-F', 0xe968964c76b1e2c7ae88ecce637ba83af6458af0),
(39, 'http://www.ldlmlocal.com/led-luminaire-details?f=DSL_MX1-TL-XIC', 0x84c25f2f131f24d26ea770e1b15b01799555b19f),
(40, 'http://www.ldlmlocal.com/led-luminaire-details?f=DSL_MX3-TL-XIC', 0xbf98a50634bac0d7565a61eb351becc5638126ad),
(41, 'http://www.ldlmlocal.com/led-luminaire-details?f=DSL_MX2-TL-XIC', 0xf176a3a12139333e354cf762dc406ed2ec9399ca),
(42, 'http://www.ldlmlocal.com/led-luminaire-manufacturer/focal-point?m=21', 0xb3075726bdb47085cdaffe489e21abc86ed05a88),
(43, 'http://www.ldlmlocal.com/led-luminaire-details?f=ALW_CLA', 0x59e5f66990658dad08b92edf2afaf56c6b42147e),
(44, 'http://www.ldlmlocal.com/led-luminaire-details?f=JNO_T257LED', 0x9f000ca017663281242edcf47e796537bfd84cc4),
(45, 'http://www.ldlmlocal.com/led-luminaire-details?f=AXS_DAY14', 0xfee7d6e9ce8532140a3b7c870b4b7c2e8f8af9c6),
(46, 'http://www.ldlmlocal.com/led-luminaire-manufacturer/rsa-lighting?m=36', 0xc2570098eb5654f4afb2f4382561907048e1da4c),
(47, 'http://www.ldlmlocal.com/led-luminaire-manufacturer/birchwood-lighting?m=27', 0x71fa296c9fbc637151ea4aa71c71f9f1d0eaf5f1),
(48, 'http://www.ldlmlocal.com/led-luminaire-details?f=BWD_KEL-LED', 0x304efc1b0029e88bec1f3efc00fa85a89a2ed19c),
(49, 'http://www.ldlmlocal.com/led-luminaire-details?f=AXS_DAY24', 0x3485804d75df67cd27c34de4ac1662d9435644ed),
(50, 'http://www.ldlmlocal.com/led-luminaire-search-by-name', 0x7a0d862f68128ecb1ecf2ab2273c27b6e91e3dc9),
(51, 'http://www.ldlmlocal.com/led-luminaire-details?f=LWX_NOVRS14', 0x675f9557c295c16148068cbd4a7c1bfce949d09a),
(52, 'http://www.ldlmlocal.com/?v=022016', 0x64081f4933754aa5a41347756175cb9f943b15da),
(53, 'http://www.ldlmlocal.com/media-partner-detail?mp=FORUM', 0xb1fe4e3f0407c30713f95c7a949b39a73cf9607f),
(54, 'http://www.ldlmlocal.com/?v=032016', 0x02a60b831eefa413d91885b872ce4cc14ef9f770),
(55, 'http://www.ldlmlocal.com/led-project-details/lutron-showroom?p=16', 0x08c0d17a13f5bd034df6149f4458e46e60bdb7e9),
(56, 'http://www.ldlmlocal.com/?v=2016', 0x17f6238ca950bbb6e6035789805ebbe22ff6a640),
(57, 'http://www.ldlmlocal.com/led-luminaire-details?f=PRF_LDA4A-4LAPIN', 0x804d5c74a2a1c77de830a2236e7d96c25ef20050),
(58, 'http://www.ldlmlocal.com/led-project-details/roka-akor?p=25', 0x2de2c5d033a107e93f9e50fc835201266feb6f45),
(59, 'http://www.ldlmlocal.com/led-luminaire-details?f=PRF_LDA4A-4L', 0x8ca435c72657febe746f01d1d4f406145da4f5af),
(60, 'http://www.ldlmlocal.com/manufacturer-membership', 0x493d46f60d8db55373817d3332bbdd742e15ac42),
(61, 'http://www.ldlmlocal.com/family.php?f=AXS_DAY14', 0xa71f259d9964574019b46e334d8195130bfe5b53),
(62, 'http://www.ldlmlocal.com/lighting-applications', 0x5c7a73ca813cbf3d38d90c3dff8855896a8f0964),
(63, 'http://www.ldlmlocal.com/disclaimer', 0x1f2e7c2d152b4422344fa0098d589e5f007904e2),
(64, 'http://www.ldlmlocal.com/faq', 0xd551cea09a6edf306d29fe362554da75ec712663),
(65, 'http://www.ldlmlocal.com/advertisement-opportunities', 0x69ca0694a5b09faeb16ac09084ed0105c87f38fa),
(66, 'http://www.ldlmlocal.com/about', 0xd227c20940d8b91561b14e84c5983d294283bb30),
(67, 'http://www.ldlmlocal.com/project_lib.php?p=24', 0xc5c6a44877d271947cc9996abce91f59fab2426c),
(68, 'http://www.ldlmlocal.com/led-project-details/banner-md-anderson-cancer-center?p=27', 0x484d282837fdfc50ed24ec0db178843ec353ce06),
(69, 'http://www.ldlmlocal.com/led-luminaire-manufacturer/usai-lighting?m=19', 0x7fed85d74fee06db334d00225ca644d81bac3632),
(70, 'http://www.ldlmlocal.com/led-industry-news-details?n=00008', 0xa594eb0d813f7e38bfa2c991c09d8bf7aa2f87ba),
(71, 'http://www.ldlmlocal.com/led-luminaire-details?f=RSA_CX', 0x20dcb909428bc00bf6d3ae42585520a80193bfd1),
(72, 'http://www.ldlmlocal.com/media-partner-detail?mp=ILUMT', 0x562ec3b66f634a5329c9a3868c5a29108d028cdd),
(73, 'http://www.ldlmlocal.com/led-luminaire-details?f=USA_1010', 0x91a8704bebbb5d327198e9f6ab9135ce17abbfcf),
(74, 'http://www.ldlmlocal.com/?v=012016', 0x790686340bff3e7625c6bbd0a9b4b5c68c965c4c),
(75, 'http://www.ldlmlocal.com/led-project-details/bc-place?p=29', 0x93d6485aa6ae52aeab7e8765d30e23e8e445cf13),
(76, 'http://www.ldlmlocal.com/led-product-details/soraa-ar111?g=6', 0x2793c62e69a3873043e8462ee5ed9c4821ba5e29),
(77, 'http://www.ldlmlocal.com/led-luminaire-search?q=JTdCJTIycXAlMjIlM0ElN0IlMjJlZmZpY2FjeSUyMiUzQSUyMm51bGwtNTAtbHRlJTIyJTJDJTIybHVtZW5zXzElMjIlM0ElMjI4NTEtMTI1MC1tbWIlMjIlMkMlMjJ3YXR0XzElMjIlM0ElMjIxNS0yMC1tbWIlMjIlMkMlMjJmaXh0dXJlJTIyJTNBJTIyMzYlMjIlMkMlMjJzb3VyY2UlMjIlM0ElMjI0OTclMjIlN0QlMkMlMjJxcElEUyUyMiUzQSU1QiUyMmI0MDAlMjIlMkMlMjJiMzY5JTIyJTJDJTIyYjMzNSUyMiUyQyUyMmIzNiUyMiUyQyUyMmI0OTclMjIlNUQlMkMlMjJwYWdlJTIyJTNBMCUyQyUyMnBlcl9wYWdlJTIyJTNBMCU3RA==', 0x078f03313a9e7c831d4a2d3f5ed50c4bbae1b81a),
(78, 'http://www.ldlmlocal.com/led-project-details/st--john-the-evangelist-church?p=30', 0x7494a5b2afff367cf0d69e006ead219bf7b1126a),
(79, 'http://www.ldlmlocal.com/led-project-details/the-casino-de-montreal?p=10', 0xb3e80a37220ead030bb93066057d7e08112ab6ed),
(80, 'http://www.ldlmlocal.com/led-industry-news-details?n=00010', 0x3a5233788bd026e48b0bd6782f490fc2f85fdb7f),
(81, 'http://www.ldlmlocal.com/led-lighting-event-details?e=FORM02', 0x3698be667d656174cbeca527759cfa67ea1c29e7),
(82, 'http://www.ldlmlocal.com/led-lighting-event-details?e=FORM01', 0x186f6d633310294d02cb857c31238555d06ceab4),
(83, 'http://www.ldlmlocal.com/led-lighting-event-details?e=LEDshw', 0x6eb6f6d0395b05b6f4de51b89505f144ebb5d3d7),
(84, 'http://www.ldlmlocal.com/media-partner-detail?mp=LEDCHI', 0x338befd833cbaa6532fc342bc48d6c0ee15addf0),
(85, 'http://www.ldlmlocal.com/led-luminaire-details?f=EDG_CC-D1', 0xac8224dc58e229cfde5ee317c1a467be40e6bb7a),
(86, 'http://www.ldlmlocal.com/led-luminaire-details?f=EDG_SS3-RGB', 0x7827b205e8e05c8506a7f03e4b51565695c328da),
(87, 'http://www.ldlmlocal.com/led-luminaire-details?f=BGA_3136LED', 0x19c0603bbcb69e6e04ac799ef66e4191136ffdd8),
(88, 'http://www.ldlmlocal.com/led-luminaire-details?f=BGA_8977LED', 0xb30251b2bbc1e241a2e0f432194f09d8d587c2bd),
(89, 'http://www.ldlmlocal.com/led-luminaire-details?f=BGA_3405LED-538', 0x2b777113b034e72b9474a0051f39aeb95fa8a174),
(90, 'http://www.ldlmlocal.com/led-luminaire-details?f=BGA_33405', 0xf98f427a5385874d831379ed53c4a920f5045a46),
(91, 'http://www.ldlmlocal.com/led-luminaire-details?f=BGA_33136', 0xf92ac12897031e61d7306735341dbb730a1c3b83),
(92, 'http://www.ldlmlocal.com/led-luminaire-details?f=BGA_88977', 0xc19f19943d474ac5b1c1677dba284e60c3d84274),
(93, 'http://www.ldlmlocal.com/led-luminaire-details?f=USA_3113', 0xd098b03f84039ca0aaf47d1ced068dd2a3e6c1f1),
(94, 'http://www.ldlmlocal.com/led-project-details/yale-new-haven-hospital-atrium?p=8', 0xab20bbad9bf2182f3bcab9f131b3c2fcc65809c1),
(95, 'http://www.ldlmlocal.com/led-lighting-event-details?e=CHI016', 0x2e7e730c555bf86139ecbcef0d34ac7511332cc0),
(96, 'http://www.ldlmlocal.com/led-luminaire-search?q=JTdCJTIycXAlMjIlM0ElN0IlMjJtYW5mX2lkcyUyMiUzQSUyMjU1MiUyMiUyQyUyMnBvd2VyXzIlMjIlM0ElMjIyMDUlMjIlMkMlMjJjb250cm9sc18yJTIyJTNBJTIyMjY2JTIyJTJDJTIyY3JpJTIyJTNBJTIybnVsbC04MC1sdGUlMjIlMkMlMjJjY3QlMjIlM0ElMjIyNTElMjIlMkMlMjJlbnZpcm9ubWVudCUyMiUzQSUyMjc2JTIyJTdEJTJDJTIycXBJRFMlMjIlM0ElNUIlMjJiNTUyJTIyJTJDJTIyYjIwNSUyMiUyQyUyMmIyNjYlMjIlMkMlMjJiMzU4JTIyJTJDJTIyYjI1MSUyMiUyQyUyMmI3NiUyMiU1RCUyQyUyMm9yZGVyJTIyJTNBJTIyYXNjJTIyJTJDJTIycGFnZSUyMiUzQTAlMkMlMjJwZXJfcGFnZSUyMiUzQTAlN0Q=', 0xba0b49f7739b6499934cb8b723216697f5fb1b9b),
(97, 'http://www.ldlmlocal.com/led-luminaire-search?q=JTdCJTIycXAlMjIlM0ElN0IlMjJtYW5mX2lkcyUyMiUzQSUyMjUyMiUyMiUyQyUyMnBvd2VyXzIlMjIlM0ElMjIyMDUlMjIlMkMlMjJjb250cm9sc18xJTIyJTNBJTIyNDc3JTIyJTJDJTIyY29udHJvbHNfMiUyMiUzQSUyMjU5NSUyMiUyQyUyMmFwZXJ0dXJlJTIyJTNBJTIyOTMlMjIlMkMlMjJkaXN0cmlidXRpb25fMiUyMiUzQSUyMjE4NyUyMiUyQyUyMmRlcHRoJTIyJTNBJTIyMy1udWxsLWd0ZSUyMiUyQyUyMmx1bWVuc18xJTIyJTNBJTIyMTI1MS0xNzUwLW1tYiUyMiUyQyUyMnJlY2Vzc2VkXzIlMjIlM0ElMjIyMjUlMjIlMkMlMjJjY3QlMjIlM0ElMjIyNDglMjIlMkMlMjJzaGFwZSUyMiUzQSUyMjg4JTIyJTdEJTJDJTIycXBJRFMlMjIlM0ElNUIlMjJiNTIyJTIyJTJDJTIyYjIwNSUyMiUyQyUyMmI0NzclMjIlMkMlMjJiNTk1JTIyJTJDJTIyYjkzJTIyJTJDJTIyYjE4NyUyMiUyQyUyMmIzODglMjIlMkMlMjJiMzcwJTIyJTJDJTIyYjIyNSUyMiUyQyUyMmIyNDglMjIlMkMlMjJiODglMjIlNUQlMkMlMjJwYWdlJTIyJTNBMCUyQyUyMnBlcl9wYWdlJTIyJTNBMCU3RA==', 0x692ed291fa9bf7dc423f058fdf9a2f17b28779d0),
(98, 'http://www.ldlmlocal.com/led-project-details/pacific-centre?p=9', 0xc361ed050bcdb000e0581c3df27dc64a55be7ab3),
(99, 'http://www.ldlmlocal.com/led-luminaire-details?f=KIM_ARX16', 0x7a51bf00a5610d437dac4968dc8dafc5d4dd6897),
(100, 'http://www.ldlmlocal.com/led-luminaire-details?f=LWX_VIA3PD', 0x4325519f904b8ebed86aa8c266aee81f545d6411),
(101, 'http://www.ldlmlocal.com/led-luminaire-details?f=DPL_SP613', 0x192a562d2a339bbe990e78f00e126d2baa899c4b),
(102, 'http://www.ldlmlocal.com/led-luminaire-details?f=LTL_DSXPG-LED', 0x05caea0a5c0115fc3fc8c6bc31364d04886da08c),
(103, 'http://www.ldlmlocal.com/led-luminaire-details?f=AMT_LC32-1', 0x8af482927455922f35fd3a8fa5464a8801a32541),
(104, 'http://www.ldlmlocal.com/led-luminaire-details?f=JNO_T254L', 0xeaa6e9d4385a36ba97369c3d5fe4d06bb024f7ad),
(105, 'http://www.ldlmlocal.com/led-luminaire-details?f=PRF_LDA4A-4LWW', 0xc27ebab95899764ac78dcc927c354300b2d834f7),
(106, 'http://www.ldlmlocal.com/led-luminaire-details?f=LMP_LOI', 0x2059b5b3dd4f494e668a79c4447e1e8a7e9426c0),
(107, 'http://www.ldlmlocal.com/led-luminaire-details?f=EDP_MM-XTS-OG', 0x8f3112dfb5e95e5f8cbafed9b1f88c5f6ab88ad8),
(108, 'http://www.ldlmlocal.com/led-luminaire-details?f=EDP_DL-LMD019-4WL', 0x17a6178f59818cab774ada21a334c3bca50fce77),
(109, 'http://www.ldlmlocal.com/led-luminaire-details?f=MTX_22CZ-LD4', 0x3cb208af3cb9e729376b34aa50d2c3d196b067e1),
(110, 'http://www.ldlmlocal.com/led-luminaire-search?q=JTdCJTIycXAlMjIlM0ElN0IlMjJtYW5mX2lkcyUyMiUzQSUyMjU1MiUyMiU3RCUyQyUyMnFwSURTJTIyJTNBJTVCJTIyYjU1MiUyMiU1RCUyQyUyMnF0cl9vJTIyJTNBJTIybWFuZiUyMiUyQyUyMnBhZ2UlMjIlM0EwJTJDJTIycGVyX3BhZ2UlMjIlM0EwJTdE', 0xf76cbe3c12f0397a509f933dc925e0c6110baff8),
(111, 'http://www.ldlmlocal.com/led-luminaire-search?q=JTdCJTIycXAlMjIlM0ElN0IlMjJtYW5mX2lkcyUyMiUzQSUyMjU1MiUyMiUyQyUyMmNjdCUyMiUzQSUyMjI1MSUyMiU3RCUyQyUyMnFwSURTJTIyJTNBJTVCJTIyYjU1MiUyMiUyQyUyMmIyNTElMjIlNUQlMkMlMjJwYWdlJTIyJTNBMCUyQyUyMnBlcl9wYWdlJTIyJTNBMCU3RA==', 0xb033f5c346c14591cd77ab731a2b96d3bb89b039),
(112, 'http://www.ldlmlocal.com/led-luminaire-search?q=JTdCJTIycXAlMjIlM0ElN0IlMjJtYW5mX2lkcyUyMiUzQSUyMjU1MiUyMiUyQyUyMmNjdCUyMiUzQSUyMjI1MSUyMiU3RCUyQyUyMnFwSURTJTIyJTNBJTVCJTIyYjU1MiUyMiUyQyUyMmIyNTElMjIlNUQlMkMlMjJwYWdlJTIyJTNBMCUyQyUyMnBlcl9wYWdlJTIyJTNBMCU', 0x7c171b2a79c8ce1b462e76f2e38b7a543772e714),
(113, 'http://www.ldlmlocal.com/led-luminaire-details?f=GEL_DS', 0xb21fa4602c8900012aec6ebd19a516fb322e9acc),
(114, 'http://www.ldlmlocal.com/led-luminaire-details?f=GEL_ET-24-A', 0x13056fd4b0b9ade8ea96bcc53fe5088a02e8dd22),
(115, 'http://www.ldlmlocal.com/led-luminaire-details?f=GEL_ET-22-A', 0x20aa2a1004413b7a66e7eb8693e74dcdb9ebb53d),
(116, 'http://www.ldlmlocal.com/led-luminaire-details?f=GEL_ET-14-A', 0x9c7d41485e9046be01acfc9d6a07797622f7ca69),
(117, 'http://www.ldlmlocal.com/led-industry-news-details?n=CHI', 0xab64f729c9c3fdd5da4e36bd565de3f29303ca7c),
(118, 'http://www.ldlmlocal.com/led-industry-news-details?n=CHI&post_id=1036658643087804_1049552745131727#_=_', 0x3c99e27144b550e5674242b87f581961e90426e7),
(119, 'http://www.ldlmlocal.com/led-lighting-event-details?e=CHI1', 0x8afcb1b0b431257d3a8cbba47ca0e060b3be8fd3),
(120, 'http://www.ldlmlocal.com/led-lighting-event-details?e=LPS02', 0xb35a8efdb16cbc351693c608f9c68346cc3570e3),
(121, 'http://www.ldlmlocal.com/led-industry-news-details?n=n1', 0xb816cefc5244d4827d013a2f3788494842c48257),
(122, 'http://www.ldlmlocal.com/led-industry-news-details?n=00011', 0xa00367bc0e6929a898d89238de5a71dabe5c2e91),
(123, 'http://www.ldlmlocal.com/led-industry-news-details?n=N4', 0x207cde4de47de35818ba6aca87ab8dce9ace103f),
(124, 'http://www.ldlmlocal.com/led-industry-news-details?n=00007', 0x90baabc1dfaed2e457d14b59c81cf2a1ff297240),
(125, 'http://www.ldlmlocal.com/led-project-details/230-park-avenue?p=31', 0x8cebea5f5bd6e9530670d66397a66425407074c7),
(126, 'http://www.ldlmlocal.com/led-product-details/ovili?g=2', 0xf79d5a8c91366d57e15eb9aad1b49a1b98f7fe7e),
(127, 'http://www.ldlmlocal.com/led-lighting-event-details?e=E16006', 0x002e152ae472cec689046bd903f2d8dd9379829a),
(128, 'http://www.ldlmlocal.com/led-luminaire-details?f=LWX_NOVRF22', 0x32e122a2c77fbe62e209663ea829cc195e3aacb9),
(129, 'http://www.ldlmlocal.com/led-industry-news-details?n=ilu002', 0xabca40d7daa958e5915d70c7a14bf9a502e0f6a8),
(130, 'http://www.ldlmlocal.com/led-lighting-event-details?e=E16009', 0xc4f7edd06615739900f34d0a98fd9ea39bbdb84c),
(131, 'http://www.ldlmlocal.com/led-lighting-event-details?e=E16007', 0x15b8061e41512d650d9840104ba85fd660e319fe),
(132, 'http://www.ldlmlocal.com/led-project-details/montreal-museum-of-contemporary-art?p=28', 0x2cb9c731787afcd529056dbe286d62bd994b744b),
(133, 'http://www.ldlmlocal.com/led-industry-news-details?n=00006', 0x75c3b1f106d138d74eb12634ec3d4acb33aa06b6),
(134, 'http://www.ldlmlocal.com/led-lighting-event-details?e=E16004', 0x4314f435671338fd299c647d46c8c18d5b0afda2),
(135, 'http://www.ldlmlocal.com/led-lighting-event-details?e=E16002', 0x595d3e1cb85a3351286dd3aa92d9b14ed4291212),
(136, 'http://www.ldlmlocal.com/my-projects-print?p=13', 0xec85291eaf4d782b56221faaad9da60fe10390a6),
(137, 'http://www.ldlmlocal.com/led-luminaire-details?f=GTM_ICO-CYL-2', 0x8b41084e581e1ff651c407ee6536ebf24054235b),
(138, 'http://www.ldlmlocal.com/my-projects-email?p=13', 0x0fbd0f59acdce0b5ed1bf801282e5b2a4714d091),
(139, 'http://www.ldlmlocal.com/led-luminaire-search?q=JTdCJTIycXAlMjIlM0ElN0IlMjJ3YXJyYW50eSUyMiUzQSUyMm51bGwtMTAtbHRlJTIyJTJDJTIyZWZmaWNhY3klMjIlM0ElMjJudWxsLTcwLWx0ZSUyMiU3RCUyQyUyMnFwSURTJTIyJTNBJTVCJTIyYjExMiUyMiUyQyUyMmI0MDElMjIlNUQlMkMlMjJwYWdlJTIyJTNBMCUyQyUyMnBlcl9wYWdlJTIyJTNBMCU3RA==', 0xf7d3ccc54452743af55cc472bf6e0f8c30efe3ee),
(140, 'http://www.ldlmlocal.com/led-project-details/pandora-jewelry?p=33', 0x28d71198ff3dffc6855099c89f54293611307905),
(141, 'http://www.ldlmlocal.com/led-lighting-event-details?e=E16003', 0x53e36cf29fe6e10c2b67f0c2ba016e0907a12ea7),
(142, 'http://www.ldlmlocal.com/led-luminaire-manufacturer/delta-light?m=29', 0xfeb60e1678e4b17b3e02730570bd43c12805d777),
(143, 'http://www.ldlmlocal.com/led-luminaire-manufacturer/edge-lighting?m=40', 0x00bc5052f5d57502b716f8f524e1ee297707c041),
(144, 'http://www.ldlmlocal.com/led-luminaire-manufacturer/ge-lighting?m=42', 0xf5fcbdfe9e2b230afba8686f52c64ec148a9d6a0),
(145, 'http://www.ldlmlocal.com/led-luminaire-details?f=MGE_GLEON-AE', 0xe2a298859585ae05f35e3039521b2030c0ca78ab),
(146, 'http://www.ldlmlocal.com/led-luminaire-details?f=KIM_ARX25', 0x1b660db48fc036898df7bb5b9dd8cba8d46f61e7);

-- --------------------------------------------------------

--
-- Table structure for table `stats_visitors`
--

CREATE TABLE `stats_visitors` (
  `id` int(11) NOT NULL,
  `visitor_id` int(10) UNSIGNED NOT NULL,
  `page_id` mediumint(8) UNSIGNED NOT NULL,
  `utc_d` int(11) NOT NULL,
  `pv` smallint(5) UNSIGNED NOT NULL
) ENGINE=InnoDB DEFAULT CHARSET=utf8;

--
-- Dumping data for table `stats_visitors`
--

INSERT INTO `stats_visitors` (`id`, `visitor_id`, `page_id`, `utc_d`, `pv`) VALUES
(1, 1, 1, 1459490400, 1),
(2, 1, 2, 1459490400, 13),
(3, 1, 3, 1459490400, 12),
(5, 1, 4, 1459490400, 3),
(6, 1, 5, 1459490400, 5),
(9, 1, 6, 1459490400, 2),
(10, 1, 7, 1459490400, 4),
(11, 1, 8, 1459490400, 1),
(13, 1, 9, 1459490400, 1),
(14, 1, 10, 1459490400, 3),
(25, 1, 11, 1459490400, 9),
(27, 1, 12, 1459490400, 5),
(32, 1, 13, 1459490400, 1),
(34, 1, 14, 1459490400, 1),
(35, 1, 15, 1459490400, 1),
(36, 1, 16, 1459490400, 1),
(39, 1, 17, 1459490400, 2),
(50, 1, 18, 1459490400, 1),
(67, 1, 2, 1459576800, 3),
(70, 1, 11, 1459576800, 5),
(71, 1, 19, 1459576800, 3),
(73, 1, 3, 1459576800, 3),
(81, 1, 2, 1459663200, 1),
(82, 1, 2, 1459749600, 4),
(84, 1, 3, 1459749600, 10),
(85, 1, 11, 1459749600, 6),
(86, 1, 14, 1459749600, 1),
(88, 1, 20, 1459749600, 1),
(90, 1, 21, 1459749600, 1),
(92, 1, 22, 1459749600, 1),
(94, 1, 23, 1459749600, 1),
(96, 1, 24, 1459749600, 1),
(98, 1, 6, 1459749600, 1),
(100, 1, 25, 1459749600, 1),
(106, 1, 26, 1459749600, 1),
(111, 1, 17, 1459749600, 1),
(112, 1, 2, 1459836000, 6),
(113, 1, 3, 1459836000, 8),
(114, 1, 6, 1459836000, 2),
(116, 1, 27, 1459836000, 1),
(121, 1, 11, 1459836000, 4),
(122, 1, 28, 1459836000, 2),
(133, 1, 5, 1459836000, 1),
(134, 1, 9, 1459836000, 1),
(137, 1, 14, 1459836000, 1),
(138, 1, 2, 1459922400, 4),
(140, 1, 3, 1459922400, 12),
(141, 1, 29, 1459922400, 2),
(146, 1, 30, 1459922400, 4),
(147, 1, 31, 1459922400, 1),
(149, 1, 32, 1459922400, 1),
(152, 1, 11, 1459922400, 2),
(153, 1, 17, 1459922400, 1),
(160, 1, 33, 1459922400, 1),
(162, 1, 34, 1459922400, 1),
(167, 1, 2, 1460008800, 5),
(168, 1, 3, 1460008800, 19),
(170, 1, 11, 1460008800, 29),
(171, 1, 35, 1460008800, 26),
(173, 1, 36, 1460008800, 3),
(183, 1, 19, 1460008800, 12),
(185, 1, 37, 1460008800, 3),
(189, 1, 38, 1460008800, 1),
(201, 1, 39, 1460008800, 7),
(204, 1, 40, 1460008800, 1),
(210, 1, 41, 1460008800, 2),
(225, 1, 42, 1460008800, 2),
(227, 1, 21, 1460008800, 1),
(236, 1, 43, 1460008800, 1),
(239, 1, 34, 1460008800, 2),
(241, 1, 13, 1460008800, 3),
(249, 1, 44, 1460008800, 2),
(252, 1, 28, 1460008800, 7),
(263, 1, 45, 1460008800, 3),
(269, 1, 46, 1460008800, 1),
(270, 1, 30, 1460008800, 1),
(272, 1, 47, 1460008800, 2),
(273, 1, 48, 1460008800, 1),
(278, 1, 26, 1460008800, 3),
(279, 1, 49, 1460008800, 2),
(289, 1, 14, 1460008800, 1),
(290, 1, 15, 1460008800, 1),
(295, 1, 50, 1460008800, 3),
(300, 1, 6, 1460008800, 3),
(307, 1, 51, 1460008800, 1),
(309, 1, 25, 1460008800, 1),
(316, 1, 2, 1460095200, 1),
(317, 1, 3, 1460095200, 1),
(318, 1, 11, 1460095200, 5),
(319, 1, 14, 1460095200, 1),
(321, 1, 10, 1460095200, 1),
(324, 1, 19, 1460095200, 1),
(326, 1, 2, 1460354400, 1),
(327, 1, 14, 1460354400, 1),
(328, 1, 3, 1460354400, 2),
(330, 1, 11, 1460354400, 1),
(331, 1, 19, 1460354400, 1),
(332, 2, 52, 1460354400, 1),
(333, 2, 3, 1460354400, 1),
(334, 2, 2, 1460354400, 1),
(335, 2, 2, 1460440800, 2),
(336, 2, 3, 1460440800, 2),
(337, 2, 14, 1460440800, 1),
(340, 2, 7, 1460440800, 1),
(341, 2, 53, 1460440800, 1),
(342, 3, 54, 1460440800, 1),
(343, 3, 2, 1460440800, 1),
(344, 3, 30, 1460440800, 2),
(345, 3, 3, 1460440800, 1),
(347, 3, 32, 1460440800, 1),
(348, 1, 2, 1460527200, 2),
(349, 1, 3, 1460527200, 2),
(350, 1, 11, 1460527200, 1),
(351, 1, 14, 1460527200, 2),
(352, 1, 55, 1460527200, 1),
(356, 3, 2, 1460527200, 3),
(357, 3, 11, 1460527200, 1),
(360, 3, 2, 1460959200, 2),
(361, 3, 3, 1460959200, 2),
(362, 3, 7, 1460959200, 1),
(363, 3, 5, 1460959200, 1),
(364, 3, 9, 1460959200, 1),
(367, 6, 56, 1461045600, 1),
(368, 1, 2, 1461045600, 2),
(369, 1, 3, 1461045600, 3),
(370, 1, 14, 1461045600, 2),
(371, 1, 9, 1461045600, 1),
(373, 1, 7, 1461045600, 1),
(374, 1, 11, 1461045600, 1),
(376, 1, 23, 1461045600, 1),
(379, 3, 2, 1461045600, 1),
(380, 3, 3, 1461045600, 2),
(381, 3, 14, 1461045600, 1),
(383, 3, 11, 1461045600, 1),
(384, 1, 3, 1461132000, 5),
(385, 1, 2, 1461132000, 4),
(389, 1, 57, 1461132000, 1),
(394, 3, 2, 1461132000, 1),
(395, 3, 3, 1461132000, 4),
(396, 3, 14, 1461132000, 2),
(399, 3, 58, 1461132000, 1),
(401, 3, 59, 1461132000, 1),
(403, 6, 56, 1461218400, 1),
(404, 6, 60, 1461218400, 1),
(405, 6, 15, 1461218400, 2),
(406, 6, 11, 1461218400, 1),
(407, 6, 2, 1461218400, 1),
(408, 6, 9, 1461218400, 2),
(411, 6, 7, 1461218400, 1),
(412, 6, 4, 1461218400, 1),
(413, 1, 2, 1461304800, 4),
(414, 1, 3, 1461304800, 4),
(418, 1, 61, 1461304800, 1),
(420, 1, 11, 1461304800, 1),
(422, 1, 4, 1461304800, 1),
(423, 1, 5, 1461304800, 1),
(424, 1, 15, 1461304800, 1),
(425, 1, 12, 1461304800, 1),
(426, 1, 16, 1461304800, 1),
(427, 1, 62, 1461304800, 1),
(428, 1, 14, 1461304800, 1),
(430, 3, 2, 1461304800, 1),
(431, 3, 3, 1461304800, 1),
(432, 1, 2, 1461391200, 10),
(433, 1, 3, 1461391200, 8),
(438, 1, 14, 1461391200, 1),
(439, 1, 15, 1461391200, 1),
(440, 1, 12, 1461391200, 1),
(441, 1, 63, 1461391200, 1),
(442, 1, 64, 1461391200, 1),
(443, 1, 60, 1461391200, 1),
(444, 1, 65, 1461391200, 1),
(445, 1, 66, 1461391200, 1),
(448, 1, 67, 1461391200, 1),
(459, 3, 2, 1461477600, 2),
(460, 3, 3, 1461477600, 4),
(465, 1, 2, 1461564000, 12),
(466, 1, 3, 1461564000, 12),
(477, 1, 11, 1461564000, 3),
(482, 1, 13, 1461564000, 1),
(484, 1, 68, 1461564000, 2),
(486, 1, 14, 1461564000, 2),
(490, 1, 69, 1461564000, 1),
(491, 1, 50, 1461564000, 1),
(494, 1, 15, 1461564000, 2),
(495, 1, 12, 1461564000, 1),
(496, 1, 9, 1461564000, 2),
(497, 1, 30, 1461564000, 1),
(499, 1, 62, 1461564000, 1),
(502, 1, 70, 1461564000, 1),
(507, 1, 29, 1461564000, 1),
(508, 3, 2, 1461564000, 4),
(510, 3, 3, 1461564000, 4),
(513, 3, 71, 1461564000, 1),
(517, 3, 2, 1461736800, 1),
(518, 3, 3, 1461736800, 1),
(519, 3, 7, 1461736800, 2),
(520, 3, 72, 1461736800, 1),
(522, 1, 2, 1462168800, 5),
(523, 1, 3, 1462168800, 6),
(524, 1, 14, 1462168800, 1),
(534, 3, 2, 1462168800, 3),
(535, 3, 3, 1462168800, 9),
(544, 3, 27, 1462168800, 1),
(546, 3, 73, 1462168800, 1),
(548, 2, 52, 1462168800, 1),
(549, 5, 74, 1462255200, 6),
(554, 5, 7, 1462255200, 5),
(555, 5, 53, 1462255200, 3),
(561, 5, 2, 1462255200, 2),
(565, 1, 61, 1462255200, 1),
(566, 1, 2, 1462255200, 6),
(567, 1, 3, 1462255200, 4),
(576, 1, 2, 1462341600, 7),
(577, 1, 3, 1462341600, 3),
(582, 1, 14, 1462341600, 2),
(583, 1, 75, 1462341600, 3),
(586, 1, 15, 1462341600, 1),
(587, 1, 76, 1462341600, 2),
(590, 1, 11, 1462341600, 1),
(591, 1, 69, 1462341600, 1),
(592, 1, 73, 1462341600, 2),
(597, 1, 77, 1462341600, 1),
(599, 2, 2, 1462341600, 3),
(600, 2, 3, 1462341600, 7),
(602, 2, 59, 1462341600, 2),
(606, 2, 14, 1462341600, 4),
(607, 2, 68, 1462341600, 1),
(609, 2, 78, 1462341600, 1),
(611, 2, 79, 1462341600, 1),
(612, 2, 9, 1462341600, 1),
(613, 2, 80, 1462341600, 2),
(616, 2, 16, 1462341600, 1),
(617, 2, 4, 1462341600, 1),
(619, 2, 7, 1462341600, 12),
(620, 2, 53, 1462341600, 17),
(621, 2, 12, 1462341600, 11),
(622, 2, 81, 1462341600, 4),
(631, 2, 82, 1462341600, 1),
(647, 2, 83, 1462341600, 2),
(657, 2, 72, 1462341600, 2),
(664, 2, 8, 1462341600, 1),
(666, 2, 84, 1462341600, 1),
(672, 2, 85, 1462341600, 3),
(677, 5, 7, 1462514400, 2),
(678, 5, 53, 1462514400, 2),
(679, 5, 12, 1462514400, 3),
(682, 5, 81, 1462514400, 2),
(686, 2, 2, 1462514400, 3),
(687, 2, 3, 1462514400, 2),
(691, 2, 2, 1462600800, 3),
(692, 2, 3, 1462600800, 17),
(697, 2, 86, 1462600800, 4),
(699, 2, 85, 1462600800, 4),
(711, 2, 6, 1462600800, 8),
(727, 1, 2, 1462773600, 2),
(728, 1, 3, 1462773600, 1),
(730, 2, 2, 1462773600, 1),
(731, 2, 3, 1462773600, 1),
(732, 1, 2, 1462860000, 3),
(733, 1, 3, 1462860000, 14),
(734, 1, 87, 1462860000, 1),
(736, 1, 88, 1462860000, 1),
(738, 1, 89, 1462860000, 1),
(741, 1, 90, 1462860000, 2),
(744, 1, 27, 1462860000, 1),
(749, 1, 91, 1462860000, 1),
(751, 1, 92, 1462860000, 1),
(755, 1, 93, 1462860000, 1),
(758, 1, 14, 1462860000, 1),
(759, 1, 2, 1463032800, 2),
(760, 1, 3, 1463032800, 4),
(761, 1, 23, 1463032800, 1),
(762, 1, 14, 1463032800, 1),
(763, 1, 94, 1463032800, 1),
(764, 1, 12, 1463032800, 1),
(765, 1, 95, 1463032800, 1),
(768, 1, 93, 1463032800, 1),
(771, 1, 2, 1463119200, 4),
(774, 1, 11, 1463119200, 2),
(775, 1, 50, 1463119200, 1),
(776, 1, 3, 1463119200, 6),
(779, 1, 90, 1463119200, 1),
(781, 1, 91, 1463119200, 2),
(787, 3, 54, 1463292000, 8),
(788, 3, 3, 1463292000, 5),
(800, 3, 96, 1463292000, 1),
(801, 2, 52, 1463292000, 1),
(802, 2, 96, 1463292000, 4),
(806, 2, 97, 1463292000, 1),
(807, 1, 2, 1463378400, 3),
(809, 1, 3, 1463378400, 6),
(810, 1, 98, 1463378400, 1),
(811, 1, 14, 1463378400, 1),
(812, 1, 15, 1463378400, 1),
(813, 1, 12, 1463378400, 1),
(814, 1, 9, 1463378400, 1),
(815, 1, 16, 1463378400, 1),
(816, 1, 62, 1463378400, 1),
(817, 1, 4, 1463378400, 1),
(818, 1, 5, 1463378400, 1),
(819, 1, 11, 1463378400, 1),
(821, 1, 13, 1463378400, 1),
(824, 1, 99, 1463378400, 1),
(826, 1, 100, 1463378400, 1),
(827, 1, 3, 1463464800, 3),
(828, 1, 2, 1463464800, 2),
(832, 1, 3, 1463637600, 7),
(833, 1, 14, 1463637600, 5),
(835, 1, 11, 1463637600, 1),
(845, 1, 3, 1463724000, 2),
(847, 1, 7, 1463724000, 1),
(848, 1, 14, 1463724000, 1),
(849, 7, 2, 1463896800, 1),
(850, 7, 3, 1463896800, 2),
(852, 1, 3, 1463983200, 6),
(856, 1, 2, 1463983200, 1),
(858, 1, 14, 1463983200, 1),
(860, 1, 3, 1464069600, 7),
(863, 1, 14, 1464069600, 2),
(864, 1, 11, 1464069600, 1),
(866, 1, 101, 1464069600, 1),
(871, 7, 2, 1464069600, 2),
(872, 7, 3, 1464069600, 27),
(873, 7, 102, 1464069600, 1),
(875, 7, 21, 1464069600, 1),
(877, 7, 49, 1464069600, 1),
(883, 7, 103, 1464069600, 2),
(890, 7, 104, 1464069600, 1),
(892, 7, 105, 1464069600, 1),
(896, 7, 106, 1464069600, 1),
(898, 7, 43, 1464069600, 1),
(900, 7, 14, 1464069600, 1),
(903, 7, 107, 1464069600, 3),
(909, 7, 108, 1464069600, 1),
(914, 1, 3, 1464156000, 5),
(915, 1, 59, 1464156000, 1),
(917, 1, 109, 1464156000, 1),
(919, 1, 2, 1464156000, 3),
(921, 1, 14, 1464156000, 1),
(925, 1, 3, 1464242400, 2),
(926, 1, 14, 1464242400, 1),
(928, 7, 2, 1464242400, 2),
(929, 7, 26, 1464242400, 1),
(930, 1, 2, 1464242400, 2),
(933, 1, 3, 1464328800, 1),
(934, 1, 14, 1464328800, 1),
(935, 1, 2, 1464328800, 1),
(936, 7, 2, 1464415200, 2),
(937, 7, 3, 1464415200, 2),
(938, 7, 110, 1464415200, 1),
(941, 7, 111, 1464415200, 1),
(942, 1, 110, 1464415200, 1),
(943, 1, 112, 1464415200, 1),
(944, 7, 2, 1464501600, 1),
(945, 7, 3, 1464501600, 9),
(948, 7, 113, 1464501600, 1),
(951, 7, 114, 1464501600, 3),
(953, 7, 115, 1464501600, 1),
(955, 7, 116, 1464501600, 1),
(960, 7, 2, 1464674400, 2),
(961, 7, 9, 1464674400, 4),
(962, 7, 117, 1464674400, 2),
(963, 7, 118, 1464674400, 1),
(964, 7, 7, 1464674400, 3),
(965, 7, 84, 1464674400, 2),
(966, 7, 12, 1464674400, 5),
(971, 7, 95, 1464674400, 2),
(973, 7, 119, 1464674400, 1),
(975, 7, 15, 1464674400, 1),
(983, 7, 3, 1464674400, 1),
(984, 1, 3, 1464760800, 3),
(985, 1, 2, 1464760800, 3),
(987, 1, 14, 1464760800, 1),
(988, 1, 5, 1464760800, 1),
(989, 1, 15, 1464760800, 1),
(990, 1, 9, 1464760800, 1),
(991, 1, 12, 1464760800, 1),
(992, 1, 16, 1464760800, 1),
(993, 1, 62, 1464760800, 1),
(994, 1, 11, 1464760800, 1),
(998, 7, 2, 1464760800, 1),
(999, 7, 9, 1464760800, 1),
(1000, 7, 7, 1464760800, 1),
(1001, 7, 84, 1464760800, 1),
(1002, 1, 3, 1464847200, 6),
(1003, 1, 2, 1464847200, 4),
(1004, 1, 9, 1464847200, 4),
(1005, 1, 12, 1464847200, 5),
(1006, 1, 7, 1464847200, 9),
(1007, 1, 84, 1464847200, 5),
(1009, 1, 15, 1464847200, 2),
(1019, 1, 72, 1464847200, 2),
(1021, 1, 8, 1464847200, 1),
(1029, 1, 14, 1464847200, 1),
(1031, 1, 117, 1464847200, 1),
(1035, 1, 120, 1464847200, 1),
(1043, 7, 2, 1464847200, 1),
(1044, 7, 3, 1464847200, 1),
(1045, 7, 2, 1464933600, 2),
(1046, 7, 3, 1464933600, 2),
(1049, 7, 2, 1465020000, 1),
(1050, 7, 3, 1465020000, 1),
(1051, 7, 9, 1465020000, 1),
(1052, 7, 12, 1465020000, 1),
(1053, 7, 7, 1465020000, 1),
(1054, 7, 84, 1465020000, 1),
(1055, 7, 4, 1465020000, 1),
(1056, 7, 5, 1465020000, 1),
(1057, 1, 3, 1465192800, 2),
(1058, 1, 7, 1465192800, 2),
(1059, 1, 84, 1465192800, 2),
(1060, 1, 12, 1465192800, 2),
(1062, 1, 2, 1465192800, 2),
(1063, 1, 59, 1465192800, 1),
(1066, 1, 15, 1465192800, 1),
(1069, 1, 3, 1465279200, 8),
(1071, 1, 12, 1465279200, 2),
(1072, 1, 7, 1465279200, 3),
(1073, 1, 84, 1465279200, 2),
(1075, 1, 2, 1465279200, 2),
(1077, 1, 9, 1465279200, 5),
(1078, 1, 121, 1465279200, 1),
(1080, 1, 122, 1465279200, 1),
(1082, 1, 123, 1465279200, 1),
(1084, 1, 124, 1465279200, 1),
(1087, 1, 14, 1465279200, 4),
(1092, 1, 13, 1465279200, 1),
(1093, 1, 25, 1465279200, 1),
(1095, 1, 10, 1465279200, 2),
(1097, 1, 125, 1465279200, 1),
(1104, 1, 62, 1465279200, 1),
(1105, 1, 16, 1465279200, 1),
(1106, 1, 66, 1465279200, 1),
(1107, 1, 65, 1465279200, 1),
(1108, 7, 2, 1465279200, 2),
(1109, 7, 3, 1465279200, 1),
(1111, 1, 3, 1465365600, 7),
(1112, 1, 12, 1465365600, 2),
(1113, 1, 11, 1465365600, 1),
(1114, 1, 15, 1465365600, 2),
(1115, 1, 126, 1465365600, 1),
(1117, 1, 14, 1465365600, 7),
(1120, 1, 127, 1465365600, 1),
(1121, 1, 2, 1465365600, 1),
(1122, 1, 16, 1465365600, 1),
(1124, 1, 128, 1465365600, 1),
(1126, 1, 75, 1465365600, 1),
(1131, 1, 68, 1465365600, 1),
(1133, 1, 125, 1465365600, 1),
(1138, 1, 9, 1465365600, 1),
(1139, 7, 12, 1465365600, 6),
(1140, 7, 7, 1465365600, 8),
(1141, 7, 53, 1465365600, 3),
(1148, 7, 9, 1465365600, 6),
(1149, 7, 2, 1465365600, 1),
(1150, 7, 3, 1465365600, 1),
(1154, 7, 72, 1465365600, 6),
(1164, 7, 129, 1465365600, 5),
(1172, 7, 15, 1465365600, 1),
(1176, 1, 3, 1465452000, 6),
(1177, 1, 15, 1465452000, 1),
(1178, 1, 12, 1465452000, 4),
(1179, 1, 9, 1465452000, 4),
(1180, 1, 129, 1465452000, 2),
(1187, 1, 14, 1465452000, 1),
(1188, 1, 2, 1465452000, 2),
(1189, 1, 7, 1465452000, 1),
(1190, 1, 72, 1465452000, 1),
(1192, 1, 130, 1465452000, 1),
(1199, 7, 129, 1465452000, 1),
(1200, 7, 15, 1465452000, 7),
(1201, 7, 9, 1465452000, 5),
(1202, 7, 12, 1465452000, 4),
(1204, 7, 7, 1465452000, 3),
(1205, 7, 8, 1465452000, 1),
(1211, 7, 131, 1465452000, 2),
(1214, 7, 81, 1465452000, 2),
(1216, 7, 2, 1465452000, 9),
(1217, 7, 3, 1465452000, 9),
(1222, 7, 11, 1465452000, 1),
(1223, 7, 26, 1465452000, 1),
(1225, 7, 84, 1465452000, 1),
(1236, 7, 14, 1465452000, 3),
(1240, 7, 132, 1465452000, 1),
(1244, 7, 66, 1465452000, 1),
(1245, 7, 16, 1465452000, 1),
(1246, 7, 62, 1465452000, 1),
(1252, 1, 3, 1465538400, 14),
(1254, 1, 2, 1465538400, 7),
(1255, 1, 14, 1465538400, 5),
(1256, 1, 9, 1465538400, 3),
(1257, 1, 12, 1465538400, 3),
(1258, 1, 7, 1465538400, 1),
(1259, 1, 84, 1465538400, 1),
(1260, 1, 62, 1465538400, 1),
(1264, 1, 11, 1465538400, 3),
(1266, 1, 5, 1465538400, 1),
(1268, 1, 4, 1465538400, 1),
(1269, 1, 16, 1465538400, 1),
(1271, 1, 133, 1465538400, 1),
(1276, 1, 59, 1465538400, 1),
(1295, 7, 7, 1465538400, 12),
(1296, 7, 84, 1465538400, 9),
(1298, 7, 12, 1465538400, 34),
(1300, 7, 2, 1465538400, 3),
(1301, 7, 3, 1465538400, 11),
(1302, 7, 14, 1465538400, 6),
(1305, 7, 15, 1465538400, 2),
(1307, 7, 9, 1465538400, 2),
(1308, 7, 4, 1465538400, 1),
(1310, 7, 72, 1465538400, 2),
(1315, 7, 8, 1465538400, 1),
(1316, 7, 62, 1465538400, 2),
(1317, 7, 11, 1465538400, 1),
(1318, 7, 5, 1465538400, 3),
(1366, 7, 129, 1465538400, 1),
(1375, 7, 134, 1465538400, 1),
(1377, 7, 120, 1465538400, 2),
(1383, 7, 135, 1465538400, 1),
(1386, 7, 81, 1465538400, 1),
(1389, 7, 53, 1465538400, 2),
(1392, 7, 2, 1465624800, 2),
(1394, 7, 2, 1465711200, 3),
(1397, 7, 3, 1465711200, 1),
(1398, 7, 30, 1465711200, 2),
(1400, 1, 3, 1465797600, 13),
(1401, 1, 2, 1465797600, 17),
(1403, 1, 7, 1465797600, 2),
(1404, 1, 84, 1465797600, 2),
(1405, 1, 4, 1465797600, 1),
(1406, 1, 11, 1465797600, 1),
(1426, 1, 109, 1465797600, 1),
(1428, 1, 30, 1465797600, 2),
(1439, 1, 3, 1465884000, 15),
(1441, 1, 2, 1465884000, 9),
(1452, 1, 7, 1465884000, 4),
(1453, 1, 30, 1465884000, 1),
(1455, 1, 84, 1465884000, 2),
(1467, 1, 14, 1465884000, 1),
(1468, 1, 15, 1465884000, 1),
(1472, 7, 2, 1465884000, 2),
(1474, 7, 7, 1465884000, 1),
(1475, 7, 84, 1465884000, 1),
(1476, 1, 3, 1465970400, 8),
(1477, 1, 2, 1465970400, 14),
(1496, 1, 7, 1465970400, 1),
(1497, 1, 84, 1465970400, 1),
(1500, 7, 2, 1465970400, 1),
(1501, 1, 3, 1466056800, 4),
(1502, 1, 2, 1466056800, 4),
(1503, 1, 7, 1466056800, 6),
(1504, 1, 84, 1466056800, 2),
(1506, 1, 14, 1466056800, 1),
(1507, 1, 15, 1466056800, 1),
(1508, 1, 12, 1466056800, 1),
(1519, 1, 8, 1466056800, 1),
(1521, 7, 2, 1466056800, 17),
(1522, 7, 3, 1466056800, 4),
(1523, 7, 12, 1466056800, 1),
(1524, 7, 16, 1466056800, 2),
(1526, 7, 30, 1466056800, 8),
(1527, 7, 31, 1466056800, 2),
(1533, 7, 32, 1466056800, 1),
(1534, 7, 66, 1466056800, 3),
(1535, 7, 65, 1466056800, 1),
(1536, 7, 60, 1466056800, 1),
(1555, 7, 7, 1466056800, 1),
(1556, 7, 84, 1466056800, 2),
(1564, 7, 2, 1466229600, 3),
(1565, 7, 66, 1466229600, 2),
(1569, 7, 65, 1466229600, 1),
(1570, 7, 2, 1466316000, 3),
(1571, 7, 30, 1466316000, 1),
(1572, 7, 136, 1466316000, 1),
(1575, 1, 3, 1466402400, 5),
(1576, 1, 2, 1466402400, 11),
(1577, 1, 65, 1466402400, 3),
(1578, 1, 66, 1466402400, 3),
(1589, 1, 12, 1466402400, 2),
(1591, 1, 7, 1466402400, 5),
(1592, 1, 84, 1466402400, 2),
(1594, 1, 53, 1466402400, 1),
(1595, 1, 8, 1466402400, 1),
(1597, 1, 72, 1466402400, 1),
(1599, 1, 5, 1466402400, 1),
(1600, 1, 4, 1466402400, 1),
(1602, 1, 11, 1466402400, 1),
(1604, 1, 64, 1466402400, 1),
(1605, 1, 60, 1466402400, 1),
(1608, 1, 30, 1466402400, 2),
(1609, 1, 13, 1466402400, 1),
(1610, 1, 137, 1466402400, 1),
(1618, 7, 2, 1466402400, 2),
(1620, 7, 12, 1466402400, 10),
(1629, 7, 15, 1466402400, 1),
(1630, 7, 9, 1466402400, 2),
(1633, 7, 7, 1466402400, 6),
(1634, 7, 8, 1466402400, 1),
(1636, 7, 72, 1466402400, 1),
(1638, 7, 53, 1466402400, 2),
(1641, 7, 84, 1466402400, 2),
(1645, 7, 65, 1466402400, 2),
(1647, 7, 30, 1466402400, 2),
(1648, 7, 136, 1466402400, 1),
(1650, 7, 138, 1466402400, 1),
(1651, 7, 66, 1466488800, 2),
(1652, 7, 65, 1466488800, 2),
(1653, 7, 60, 1466488800, 1),
(1654, 7, 2, 1466488800, 11),
(1656, 7, 3, 1466488800, 7),
(1657, 7, 13, 1466488800, 6),
(1658, 7, 115, 1466488800, 1),
(1668, 7, 64, 1466488800, 2),
(1670, 7, 139, 1466488800, 1),
(1671, 7, 11, 1466488800, 4),
(1672, 7, 50, 1466488800, 1),
(1673, 7, 30, 1466488800, 12),
(1674, 7, 136, 1466488800, 1),
(1676, 7, 138, 1466488800, 1),
(1677, 7, 7, 1466488800, 2),
(1678, 7, 84, 1466488800, 1),
(1680, 7, 5, 1466488800, 1),
(1681, 7, 4, 1466488800, 1),
(1682, 7, 14, 1466488800, 1),
(1683, 7, 140, 1466488800, 1),
(1684, 7, 15, 1466488800, 1),
(1685, 7, 12, 1466488800, 2),
(1686, 7, 141, 1466488800, 1),
(1688, 7, 9, 1466488800, 1),
(1689, 7, 62, 1466488800, 1),
(1696, 7, 142, 1466488800, 1),
(1698, 7, 143, 1466488800, 1),
(1700, 7, 144, 1466488800, 1),
(1704, 7, 145, 1466488800, 2),
(1706, 7, 146, 1466488800, 1),
(1711, 7, 58, 1466488800, 1),
(1722, 7, 10, 1466488800, 1),
(1723, 1, 3, 1466488800, 2),
(1724, 1, 2, 1466488800, 1),
(1725, 1, 66, 1466488800, 1),
(1726, 1, 65, 1466488800, 1),
(1728, 1, 60, 1466488800, 1),
(1729, 1, 64, 1466488800, 1);

-- --------------------------------------------------------

--
-- Table structure for table `users`
--

CREATE TABLE `users` (
  `user_id` int(10) UNSIGNED NOT NULL,
  `first_name` varchar(32) COLLATE utf8mb4_unicode_ci NOT NULL,
  `last_name` varchar(32) COLLATE utf8mb4_unicode_ci NOT NULL,
  `username` varchar(128) COLLATE utf8mb4_unicode_ci NOT NULL,
  `pwd` varchar(255) COLLATE utf8mb4_unicode_ci NOT NULL,
  `role` varchar(15) COLLATE utf8mb4_unicode_ci NOT NULL,
  `status` tinyint(3) UNSIGNED NOT NULL,
  `created` int(10) UNSIGNED NOT NULL,
  `last_login` int(10) UNSIGNED NOT NULL
) ENGINE=InnoDB DEFAULT CHARSET=utf8mb4 COLLATE=utf8mb4_unicode_ci;

--
-- Dumping data for table `users`
--

INSERT INTO `users` (`user_id`, `first_name`, `last_name`, `username`, `pwd`, `role`, `status`, `created`, `last_login`) VALUES
(1, 'Alex', '', 'alexsarkissov@gmail.com', '$2y$10$wuIg.2byw4hiSz7ITh4L/ugg6WrexHv0EbGZyVjD7YoCA1fU8I2yS', 'user', 1, 1518788932, 1539065803),
(2, 'Oleg Petr', '', 'oleg.p@ledelum.com', '$2y$10$rEdFjqKMdSN6L0EBU7PGnuA0QNHstZL7oq0zrcWxoWfdiBWWihKrW', 'user', 1, 1518788932, 0),
(3, 'Oleg Petruchenko', '', 'oleg@opdesign.us', '$2y$10$ruXwkTQN7Cqyk7VA3Fj0J.MqxRYqeRG0VaE/CTsYVZxLu2HOGyF4.', 'user', 1, 1518788932, 0),
(8, 'Vadim Katsman', '', 'vadimk@sctalt.com', '$2y$10$s.GKvFhOhZ5/4joYrbIeZeRuCSK0/eHtpkeRVIahqnfexorEGJo3S', 'user', 1, 1518788932, 0),
(9, 'Oleg Petryuchenko', '', 'petryuchenkoom@kjww.com', '$2y$10$kbRqcYmEPZhOwJFr2yY8h.weZPD3DNmTO6hrf9oV00Fu0NerPGUiO', 'user', 1, 1518788932, 1539046616),
(10, 'test', '', 'test@gmail.com', '$2y$10$RaHlz7xR1riqNq3DSTefWu0sRiPyz4t/bN6PS4uc3bbuyZAqnQX7y', 'user', 1, 1518788932, 0),
(11, 'LIGHT', '', 'ledelum@ledelum.com', '$2y$10$w0n3uKRUPBpDHs7I1f6V4.rP8PGJiB3TxtRA/sNHWgSbhyjwLW0hy', 'user', 1, 1518788932, 0),
(12, 'John Smith', '', 'JohnSmith@abcarchitects.com', '$2y$10$WWU8uN6r6kg6b92yKDPp1OHzogRsSXjNfufFC9TM7bxTBcgOeSP7K', 'user', 1, 1518788932, 0),
(13, 'Demo Account', '', 'demo@ledelum.com', '$2y$10$7k9YK1njQZnCL3DhiCTI/eP4cpzefwWVUFn6tvZm3BMvXOXZUb1V6', 'user', 1, 1518788932, 0),
(14, 'Oleg Petruchenko', '', 'oleg@oplightingdesign.com', '$2y$10$42SV3U5qX445POqqcNR/p.pWWGBfYLmIrI0Akf6PzCiHxDtu/1QSO', 'user', 1, 1518788932, 0),
(15, 'Abigail Sorensen', '', 'asorensen@generation-brands.com', '$2y$10$qqtopLrU62aPoPUoC8areOphZLk0x2lK.MIMB6ejR.avQFIQTpvY2', 'user', 1, 1518788933, 0),
(16, 'Kevin Brooks', '', 'kevin@krbcustomhomes.com', '$2y$10$4wMB4JCE/l1A.k1roZfCeOliy3gnavvDLBCnGR6jbg6bAI5zuy2Mm', 'user', 1, 1518788933, 0),
(17, 'Drew', '', 'drew@puredgelighting.com', '$2y$10$W0pUhFuT7EBBzALBJCnkbec1p0SPHA0donDJdzn3bt/qR4kOZd4P2', 'user', 1, 1518788933, 0),
(18, 'matienchi', '', 'matienchi@gmail.com', '$2y$10$5bcvwT3lASmlY1JUnt4iVOVeIS/8JFlD.XnuB0bor7zUkZS1NqgBO', 'user', 1, 1518788933, 0),
(19, 'Lars', '', 'Larsjarl@outlook.com', '$2y$10$dwsCps9cg80GqyAuQ0KuXervhak7uafWnF3jTOc5sSjLUXxSE7iIu', 'user', 1, 1518788933, 1538580723),
(20, 'Lars', '', 'ljc@ledelum.com', '$2y$10$d4F9Unpd180HcGjaKkmGBeT0XuvqYbQDiwl7ojgpMzUUJ0bG9Og8O', 'user', 1, 1518788933, 0),
(21, 'KAVITHA MARUDADU', '', 'Kmarudadu@dmacarch.com', '$2y$10$hKd9gyUOhvsOsoGe6zvV3.8AiP8g452goOSKoJ4Yv3mj.b2JDFSWG', 'user', 1, 1518788933, 0),
(22, 'derek', '', 'derek.deng@cioe.cn', '$2y$10$1CqC/JsT33oA1iQqh7HgBOC7UfFQykVk99YWZYt6fuzKio5kbV8RO', 'user', 1, 1518788933, 0),
(23, 'Caroline Roques', '', 'contact@lighting-days.com', '$2y$10$KfOV2Dubndho97VYvniqmuSyp22osOyIy5Ip3jSKO8l2W7Y3Gf/Yi', 'user', 1, 1518788933, 0),
(24, 'Cynthia Luckoski', '', 'CLUCKOSKI@COMCAST.NET', '$2y$10$CnOaT2/Sx7Da2Cj6zVMoke/WzLHuIvfcOtnNwA/wNvGfvhcQrdXgK', 'user', 1, 1518788934, 0),
(25, 'Giulio Pedota', '', 'gpedota@schulershook.com', '$2y$10$G4DpoZMpZni4EUJPamlHyeiRZT62O9BId22KVppIX3Eyjwghrg9ma', 'user', 1, 1518788934, 0),
(26, 'Hans Hansen', '', 'jubelidiotdk@gmail.com', '$2y$10$wrtya9cNy3I/p0EC1OJHT.Y8M/XeeZgGkTdgjsS2uXh4kQeQQPE0q', 'user', 1, 1518788934, 0),
(27, 'Julie Johnson', '', 'jules_4415@yahoo.com', '$2y$10$de43uaVmBD.sWHGU3Bbg..o4O8qr6Dbz0EvnF6LsGPfexKtpY1j4S', 'user', 1, 1518788934, 0),
(28, 'john allen', '', 'johnallen@duboisco.com', '$2y$10$BSXsPG7AVh2sUEloM34yp.eU3m57VBbV1lekGW64WNRLSaFAX0vN.', 'user', 1, 1518788934, 0),
(30, 'Natalia', '', 'shishovadiz@gmail.com', '$2y$10$H1pGBGX2JTKVvzM2Z2VuFOZmL/evqSbG19fGLNUaBFzbkT4v.IeM2', 'user', 1, 1518788934, 1521547938),
(31, 'Christian Flindt', '', 'creekridge1@gmail.com', '$2y$10$fX7H6dru.gxCg56uTYpuiuXh3qyvFV44W8xmS43h263UQwsuqi7D2', 'user', 1, 1518788934, 0),
(57, 'Kateryna Mezherytska', '', 'Kateryna.M@lightaz.com', '$2y$10$FdEYeeoJho.G9h5wDYb9i..jQbYvwS3yWBhyNyh5qu50fGiCZtRly', 'user', 1, 1519041374, 1521326514),
(58, 'Lars Christiansen', '', 'lars.c@lightAZ.com', '$2y$10$OkPKoFW09IwKCBoDIj/ZeOD3usuAQ4Kiv0Cu7oweraUzPe0Hw4S4.', 'user', 1, 1519313605, 1539032986),
(59, 'Oleg', '', 'oleg.p@lightaz.com', '$2y$10$C2skgyVtKSarOLh70sdYUeZKD1gHMDtFo1ITrbIU7xCLKDmYk5tia', 'user', 1, 1519415788, 1519415788),
(60, 'Css Test', '', 'sazuho@mailtrix.net', '$2y$10$WvZ3erwW9.jReMhi56NqKetyARhEbUe8dovU8DbTa8gddjXp6pnU.', 'user', 1, 1520459723, 1520459723),
(61, 'Michael Johnson', '', 'michael.j@lightaz.com', '$2y$10$vqARmXh77yDn7/zqtfFC2ePSYfl8l4cXfZkooSMbbxr.63j/9VwkG', 'user', 1, 1527783470, 1532468776),
(62, '', '', 'LMI_Luminii', '$2y$10$eaa/X77aCQF5/bMdpsxxmug5q.z7VU7UxJeNau25OxVBxKhchl8Ye', 'manufacturer', 1, 1538509969, 0);

-- --------------------------------------------------------

--
-- Table structure for table `users_addrbook`
--

CREATE TABLE `users_addrbook` (
  `addr_id` int(10) UNSIGNED NOT NULL,
  `uid` int(10) UNSIGNED NOT NULL,
  `company` varchar(255) NOT NULL,
  `contact_name` varchar(255) NOT NULL,
  `email` varchar(255) NOT NULL
) ENGINE=InnoDB DEFAULT CHARSET=utf8;

--
-- Dumping data for table `users_addrbook`
--

INSERT INTO `users_addrbook` (`addr_id`, `uid`, `company`, `contact_name`, `email`) VALUES
(33, 3, 'OP Design', 'Oleg', 'oleg@opdesign.us'),
(36, 1, 'AAA', 'Aaa Aaa 1', 'aaa@aaa.com'),
(37, 1, 'BBB', 'Bbbbb Bbbbbbbbb', 'bbb@bbb.com'),
(39, 3, '', '', 'olptr@comcast.net'),
(40, 3, '', '', 'oleg.p@ledelum.com'),
(42, 3, '', 'Vadim K', 'vadimK@sctalt.com'),
(43, 3, '', 'Igor P.', 'igsp335@gmail.com'),
(45, 1, '', '', 'porf@portfolio.com'),
(46, 1, '', '', 'email@usai.com'),
(47, 1, '', '', 'alexsarkissov@gmail.com'),
(48, 3, '', '', 'account@opdesign.us'),
(49, 3, '', '', 'ledelum@ledelum.com'),
(50, 3, '', '', 'info@opdesign.us'),
(51, 3, '', '', 'portfolio@ledelum.com'),
(52, 3, '', '', 'metalux@ledelum.com'),
(53, 3, '', '', 'focalpoint@ledelum.com'),
(54, 1, '', '', 'alex_sarkissov@gmail.com'),
(55, 3, '', '', 'alexsarkissov@gmail.com'),
(56, 3, '', '', 'igor@google.com'),
(57, 7, 'PG enlighten', 'Jim Sychta', 'Jim.Sychta@pg-enlighten.com'),
(58, 7, '', '', 'oleg.p@ledelum.com'),
(59, 7, '', '', 'petryuchenkoom@kjww.com'),
(60, 7, '', '', 'jimsychta@pg-enlighten.com'),
(61, 7, '', '', 'larsjarl@outlook.com'),
(62, 17, '', '', 'Larsjarl@outlook.com'),
(63, 17, '', '', 'Oleg.p@ledelum.com'),
(65, 17, '', '', 'Larschri630@aol.com'),
(66, 2, 'PG Enlighten', 'Jim', 'jimsychta@pg-enlighten.com'),
(67, 2, '', 'Lars', 'larsjarl@outlook.com'),
(68, 2, 'KSA', 'Jerry DeRousse', 'jderousse@ksalighting.com)'),
(69, 2, '', '', 'jwilliams@ksalighting.com'),
(70, 2, '', '', 'oleg.p@ledelum.com'),
(71, 1, '', '', 'alexsarkissov@yahoo.com'),
(72, 7, '', '', 'olptr@comcast.net'),
(73, 7, '', '', 'olptr2011@gmail.com'),
(74, 7, '', '', 'alexsarkissov@gmail.com'),
(75, 20, '', '', 'derek.deng@cioe.cn'),
(76, 18, '', '', 'ljc@ledelum.com'),
(77, 18, '', '', 'larsjarl@outlook.com'),
(78, 58, '', '', 'lars.c@lightaz.com'),
(79, 58, '', '', 'larsjarl@outlook.com');

-- --------------------------------------------------------

--
-- Table structure for table `users_auth`
--

CREATE TABLE `users_auth` (
  `id` binary(20) NOT NULL,
  `user_id` int(10) UNSIGNED NOT NULL,
  `validator` char(64) COLLATE utf8mb4_unicode_ci NOT NULL,
  `expires` int(10) UNSIGNED NOT NULL
) ENGINE=InnoDB DEFAULT CHARSET=utf8mb4 COLLATE=utf8mb4_unicode_ci;

--
-- Dumping data for table `users_auth`
--

INSERT INTO `users_auth` (`id`, `user_id`, `validator`, `expires`) VALUES
(0x019b5daecef87846e4ba23a6e6a9a8ab29d14194, 9, '6c0b526aa14f5b8a37957d8722371bff84e63e38c5986bec74b5fb08c6331626', 1678651584),
(0x031cece7739fefc0714ee572963d7167689f380b, 58, 'ba9af66d650e3653956fa07f7d1c04573e32fb969045500aa243de1f9c5921a2', 1677342496),
(0x04ffcde3315663a92340c47a9d1ac80d6c482abe, 61, '0a3386f70f1481fcf73504f2a7cb3a0efe968b0b9f0dfdcd52004fdccca652c3', 1689519965),
(0x24fdd15407311fba3173673e546a798af52afdb4, 58, '24de21c8fb151322f2606597c22dc8645709426ab165421069150280b8edfc60', 1539043007),
(0x25a8140230f7c4fa8f10e9a76ce757bf2cbc1853, 58, '5955b7358722ff9640ff9c879f6e934b043f23a2f5129e1c1cd84f731cb245d0', 1678677597),
(0x25d4601d7f109e5c769fc083b0f0af1dfa25cc51, 58, 'ab06020e04926f8ca4d0368c86228f5e4af8c63192ee2514dd49bb9b2e112bd2', 1691156968),
(0x2d9e88757921bda5f06e7e607130052ce3723b28, 59, 'eaae09e1b3226093a4743b6faa4f02f1fd63ebec0e50106edd27a89e0679c27f', 1519502188),
(0x2dd1026233572838102cb847c40a1c9a47907574, 9, '20d2dc4699547f3a576a9655fbea15770d193825d2f0ccdbb079267a9272f6f7', 1677355300),
(0x3245be6cd32931717b79acdf142019293264741c, 9, '96eeb4c68c77c0b18680ae0d03b24d21751793389f84e96d91f8d3bb5e0a712e', 1684762774),
(0x367811ee6dfe63e3e1660370f28e9261f6d9ffad, 61, 'dca71cef14ad92238ebd426fd7535f505cdca76c8b60cbaa7611e0fe31f68c58', 1532555176),
(0x4155bfd942584e5fc72e7833e85eb4a6ceb05b6e, 60, '9fb2e742b6ade1505740a6a8ff6368d054ab164a7cd00f7191f28c7051b46db8', 1520546123),
(0x463138d6378160fb52dd1693ce8b9ffdf499cbd4, 1, '69562fb5be7d1d2728f0eef3c7b933ffe43450a80657de03d53f2be6dea247cb', 1539152203),
(0x4e4770459278acc8352e20b442ff0f3618a2a8c9, 58, '2366695a87044bc2cb48fbae13d41182c733b6738a37d70e4012f620565f2364', 1694812074),
(0x5565d6b79c54a4c993f1944dc594195fb0fc8e04, 9, '46b396b52e578696ef733374714e78fca8d94fde0e244accfbe20db9ac254e6f', 1679158627),
(0x55c048803d19a533f0a88fc3aa876b5b87a500ec, 9, 'c43f874448fb2791462be708a78c208a749764ab91e383186b0abd119adbbd46', 1696689572),
(0x5e3923db836e388cb98f92fa2621734a426629ef, 58, 'ab5f6808922bc6d7ce756c92b713f9adc323a7afa3960829bf9a2841e644c02e', 1539117165),
(0x63de7a9066f46b26a90e905d4d524aa1a0bc8d79, 9, '7535925e8a5a909f087a28eeaec0acabc82eae60413f0f53f841ed4508efb659', 1539034320),
(0x9f88b2e62eb77ae6f01036ba8750cd8781e76d87, 9, '73e4728bf174bd3413dbc30d099db0834ae8e1c547b501a51a0f433035bf2a3e', 1679080484),
(0xa69ff73077da11aec2198d89eb1e6cd7dd259e65, 58, '3f7e9e908f71de7a37f49da49a1071f37c7d15fbe30addbb0d8a0ead51a0795e', 1678239101),
(0xab21c58d7d5396e7f1f3aa330ea0a05d173fd66e, 58, '1f4b0618c43f120a2bab77b3fa700fe3756abd56f5b2b6c609d18e0ef93dd8f0', 1696712986),
(0xaf229f3654ed74b4473a9e2c340c005dd7c63cbb, 58, '9d100d1e4a560f48414fe02182cd57d74d9e2ef4f35e96507ddb8e62e99dec39', 1692356032),
(0xcb9bdc594624dc4f81447c20e4c4e78f7df4d666, 30, '51fb0bf766db695fac10389c2cce3d8ef5363fb1275de7f8b1ecab605d9e6a4b', 1521630581),
(0xcd7a9712c60c3a965a83053636aa90de6952a6cd, 19, '20a9cedb4db5007a8f532a491b9077ca4a385d4520e884735b17229cbcf5ec4e', 1681508308),
(0xd0bf6abceba41262dad94db1b96fb467980ee875, 58, 'edbf1c478b04d8021d791989c73dc805a8dc38a6e8ac73095d7c8c504b57816e', 1691268406),
(0xd1b2ea6e7e4523c84d3b1a5a5538dd08f561d9b4, 9, '8543dba2fc401e317459f6e443c38964d73b60f2b2ea0347aa34807070104198', 1678804025),
(0xdf97ac09fb0e3ffcd2bb305c3b861ac8633ffd4a, 30, '4282b41f1c73cac2fccac0946dd96ffc7585e01e76df46b5ae66b17ca6a8a7c0', 1521634338),
(0xef181c9e1dbae8e478458de9d91b7946c977cb11, 58, '4d49ae0d4e69c150957c522081b3e862f92a51fbb19e7c3a77597ac8ca31267d', 1694517263),
(0xf05914141a96857c7ec8858f776b75b276abea45, 58, 'cebe4d21e808a805c1547ee00d8ac5891a0424f9e09f90448587b37b986d41e9', 1687351764),
(0xf2a9e2c15a3718311c48367f322248838bc7361c, 58, 'f67906cd8f02b6c4f7339537c304e3d54a8322574d26eb7a09cfc557df16cac8', 1677007400),
(0xf65456f9f529dc04f88278e60449009ff6aa695e, 57, 'a649b8fd30e57bb0cc2eaa70c46e805b95d2b41f5f38f3351a6c4fca97cecef7', 1521412914),
(0xf68e162bbd67a4cbb03e7db633a483571e2155d2, 58, 'dbc9ea085a0db98a8cf9b4d4e103037117a077efe99d96f25c1b5b284af71a35', 1677182146);

-- --------------------------------------------------------

--
-- Table structure for table `users_backup`
--

CREATE TABLE `users_backup` (
  `uid` int(10) UNSIGNED NOT NULL,
  `name` varchar(255) NOT NULL,
  `email` varchar(128) NOT NULL,
  `hashkey` binary(20) NOT NULL,
  `pwd` varbinary(32) NOT NULL
) ENGINE=InnoDB DEFAULT CHARSET=utf8;

--
-- Dumping data for table `users_backup`
--

INSERT INTO `users_backup` (`uid`, `name`, `email`, `hashkey`, `pwd`) VALUES
(1, 'Alex', 'alexsarkissov@gmail.com', 0xe36d12f533415adc56e9e4c77a8511c01de1a1fa, 0x5c7387c97dfdf6a29067a439ebdd7bee),
(2, 'Oleg Petr', 'oleg.p@ledelum.com', 0xaf9175cca3a39af4a4d9ecdb59ac874113fdfc30, 0xb82599dd349f8fb4d1efb07279c8bfd9),
(3, 'Oleg Petruchenko', 'oleg@opdesign.us', 0x135a1e6e8c46e4e1a2b32389760e5cc5d3ca9f1a, 0xae92e3a81f1aa29a5e1053b6249b3dbd),
(6, 'Vadim Katsman', 'vadimk@sctalt.com', 0x44adf21fe8b0443a48dca3dee281559899c645ff, 0x0ea0086385f4e663eefeb31eebfcd0ee),
(7, 'Oleg Petryuchenko', 'petryuchenkoom@kjww.com', 0x2fd1062dbbef0ea97b5b18797a0c5f9431177973, 0xb82599dd349f8fb4d1efb07279c8bfd9),
(8, 'test', 'test@gmail.com', 0xea97b75619f5cb2b9df9d184c4541aafe3b87484, 0x391cabb276e4d4d24caee1a897347547),
(9, 'LIGHT', 'ledelum@ledelum.com', 0xc7c301b2c162fc62dbc29cc57d923546fb5909b4, 0x5c7387c97dfdf6a29067a439ebdd7bee),
(10, 'John Smith', 'JohnSmith@abcarchitects.com', 0x6bf65663a5c4cff740e177f51b1c262b3353e34b, 0x5c7387c97dfdf6a29067a439ebdd7bee),
(11, 'Demo Account', 'demo@ledelum.com', 0xe8c5a1da500c8dc76e4723d74b0dd34839909d4a, 0xb82599dd349f8fb4d1efb07279c8bfd9),
(12, 'Oleg Petruchenko', 'oleg@oplightingdesign.com', 0x9cb8a2da5db80b599e0c33bc9891686f45598185, 0xae92e3a81f1aa29a5e1053b6249b3dbd),
(13, 'Abigail Sorensen', 'asorensen@generation-brands.com', 0xc9a1a5dc867540e7c07cf90ce09254e20373d836, 0x98ef1263e36172a01044b4db1b3dfd74),
(14, 'Kevin Brooks', 'kevin@krbcustomhomes.com', 0xf37fda283f3b513cb11436338767e76b748b393d, 0x9d1ac2ff2945c5522970dd7821399906),
(15, 'Drew', 'drew@puredgelighting.com', 0x8df546734c012a9db30838fa9588bea0a5697edf, 0xb91add60807bbfe1161c34bff1ddbf94),
(16, 'matienchi', 'matienchi@gmail.com', 0xd335ae35ba51695b1e3eae527bc8b716a5f67a5e, 0xff379b377daf10033f1d17d405ec5192),
(17, 'Lars', 'Larsjarl@outlook.com', 0xe7906e4729882830d8a60680700db5ed36bdeb8d, 0x3664cb4da57f4ee75b5dda263c594799),
(18, 'Lars', 'ljc@ledelum.com', 0x337ff24ade74651afbd08ce7e1c4237006ec0c5b, 0x3664cb4da57f4ee75b5dda263c594799),
(19, 'KAVITHA MARUDADU', 'Kmarudadu@dmacarch.com', 0x204f0aeeccd9b6b72ed17a9f688831be4aaa0228, 0xd073d428b0309c817ac074bbf765e12d),
(20, 'derek', 'derek.deng@cioe.cn', 0x9b7a7210de748aaf4b9f1d7d2b9370da9320ebb6, 0x61921525b78f452129c5264a57d3e35a),
(21, 'Caroline Roques', 'contact@lighting-days.com', 0x853d0cff053c4f8618b1adb6ff8e2dd5395f62ca, 0x2184aa8afaefd113d563b875521451a4),
(22, 'Cynthia Luckoski', 'CLUCKOSKI@COMCAST.NET', 0xe93085587081327544f4be076e7e16e0bb39ce48, 0x2e7f69595a2c8dbd5477c80c58626e50),
(23, 'Giulio Pedota', 'gpedota@schulershook.com', 0xfe921f63d7034e24f783cdbace961bdb2b54ee50, 0x1c0c8d2d51cb4af07ea0573b77d1d8ce),
(24, 'Hans Hansen', 'jubelidiotdk@gmail.com', 0x75bcc37a9f861ac5b7e0e83785d8f969d65f238f, 0x3cdd75411981aa5542836e1ec45c40ef),
(25, 'Julie Johnson', 'jules_4415@yahoo.com', 0x410f5f0b2ff99fe487ce86dc33e545483e45bd9f, 0x9c12f9db8f6dd4f880de049b118c0808),
(26, 'john allen', 'johnallen@duboisco.com', 0xd96401fec3e114ab17e76a7d7c9a7818906ae42f, 0x582e7b781b07cbc11a8bf6c2e9dc3e35),
(27, 'Lars Christiansen', 'larsjarl@outlook.com', 0xc2ce8d253ed0ad894895e20a6ccbb3cc6e372d38, 0x3664cb4da57f4ee75b5dda263c594799),
(28, 'Natalia', 'shishovadiz@gmail.com', 0xc7b9c4c5d751daeeb86457073e0daad44fe3ddfe, 0x3a3b9a558bf15cb78dccc64062f18983),
(29, 'Christian Flindt', 'creekridge1@gmail.com', 0x607e7f412ca4c354e3839ce899fb8faa2afbc446, 0x05167f0440aa3b10906d5d33ed197c7b),
(30, 'Jeffrey Leffeld Versakos', 'jeff@ledspin.com', 0x30119e1ad76e4e3c0aba0dad15f6358afafb00fd, 0x7c104b92a2559e4bbb97687ab1744963);

-- --------------------------------------------------------

--
-- Table structure for table `users_comptype`
--

CREATE TABLE `users_comptype` (
  `comptype_id` tinyint(3) UNSIGNED NOT NULL,
  `company_type` varchar(128) NOT NULL
) ENGINE=InnoDB DEFAULT CHARSET=utf8;

--
-- Dumping data for table `users_comptype`
--

INSERT INTO `users_comptype` (`comptype_id`, `company_type`) VALUES
(1, 'Architectural'),
(2, 'Engineering'),
(3, 'Lighting Design'),
(4, 'Interior Design'),
(5, 'Construction'),
(6, 'Management'),
(7, 'Government'),
(8, 'Landscape'),
(9, 'Lighting Reps'),
(10, 'Lighting Manufacturer'),
(11, 'Lighting Controls'),
(12, 'Other');

-- --------------------------------------------------------

--
-- Table structure for table `users_data`
--

CREATE TABLE `users_data` (
  `uid` int(10) UNSIGNED NOT NULL,
  `email_alt` varchar(255) NOT NULL,
  `signature` text NOT NULL,
  `company` varchar(255) NOT NULL,
  `logo` varchar(100) NOT NULL,
  `comptype_id` tinyint(3) UNSIGNED DEFAULT NULL,
  `position_id` tinyint(3) UNSIGNED DEFAULT NULL,
  `country_id` smallint(5) UNSIGNED NOT NULL,
  `region_id` smallint(5) UNSIGNED NOT NULL,
  `city_id` mediumint(8) UNSIGNED NOT NULL,
  `newsletter` tinyint(3) UNSIGNED NOT NULL
) ENGINE=InnoDB DEFAULT CHARSET=utf8;

--
-- Dumping data for table `users_data`
--

INSERT INTO `users_data` (`uid`, `email_alt`, `signature`, `company`, `logo`, `comptype_id`, `position_id`, `country_id`, `region_id`, `city_id`, `newsletter`) VALUES
(1, '', '<p style=\"font-size: 11pt; font-family: Calibri, sans-serif;\"><img src=\"logos/logos-1/1-tiger-1.jpg\" style=\"display: block; max-width: 50%; height: auto; max-height: 150px; margin: 10px 0;\">Alex&nbsp;<span style=\"font-size: 14px; font-weight: bold; text-decoration: underline; font-family: \'Courier New\'; color: rgb(204, 0, 0);\">Signature</span><span style=\"font-size: 14px; font-weight: bold; font-family: \'Courier New\'; color: rgb(204, 0, 0);\"> </span><span style=\"font-size: 14px; font-weight: bold; font-family: \'Courier New\'; color: rgb(0, 102, 255);\">bbb</span><span style=\"font-weight: bold;\"><font face=\"Tahoma\"></font></span></p><p style=\"font-size: 11pt; font-family: Calibri, sans-serif;\"><em><span style=\"font-weight: bold;\">Tel:</span>&nbsp;</em>00000000</p><p style=\"font-size: 11pt; font-family: Calibri, sans-serif;\"><br></p><p style=\"font-size: 11pt; font-family: Calibri, sans-serif;\"></p><p><br></p><p><font face=\"Georgia\">Company: AAA</font></p><p><font face=\"Georgia\"><a href=\"http://www.ledelum.com/\">www.ledelum.com</a></font></p><p><font face=\"Georgia\"><br></font></p><p><font color=\"green\" face=\"Georgia\"><span style=\"font-size: 20px;\">A. Sarkissov</span></font></p><div><font color=\"green\" face=\"Georgia\"><span style=\"font-size: 20px;\"><br></span></font></div>\n\n', 'Company name 1', 'logos/logos-1/1-tiger-1.jpg', 7, 2, 237, 2381, 70501, 1),
(2, '', '\n\n<p style=\"margin: 0px;\">\n\n\n\n\n\n<br></p><p style=\"margin: 0px;\"><a name=\"_MailAutoSig\"><b style=\"mso-bidi-font-weight:normal\"><span style=\"margin: 0px;\"><font face=\"Calibri\" size=\"3\">Oleg Petruchenko, LC</font></span></b></a></p><p style=\"margin: 0px;\">\n\n<br></p><p style=\"margin: 0px;\"><img style=\"display: block; max-width: 50%; height: auto; max-height: 150px; margin: 10px 0;\" src=\"logos/logos-1/2-ledelum-logo-email.jpg\"></p><p style=\"margin: 0px;\"><span style=\"margin: 0px;\"><b style=\"mso-bidi-font-weight:\nnormal\"><span style=\"margin: 0px; color: gray;\"><br></span></b></span></p><span style=\"margin: 0px;\"><p style=\"margin: 0px;\"><span style=\"margin: 0px;\"><b style=\"mso-bidi-font-weight:\nnormal\"><span style=\"margin: 0px; color: black;\"><br></span></b></span></p><p style=\"margin: 0px;\"><span style=\"margin: 0px;\"><span style=\"margin: 0px; color: gray;\"><font face=\"Calibri\" size=\"3\">NEW GENERATION OF LED LUMINAIRE FINDER AND PROFESSIONAL ONLINE CATALOG.</font></span></span></p><p style=\"margin: 0px;\"><br></p><p style=\"margin: 0px;\"><span style=\"margin: 0px;\"><i style=\"mso-bidi-font-style:\nnormal\"><span style=\"margin: 0px; color: rgb(237, 125, 49);\"><font face=\"Calibri\" size=\"3\">FINDING YOUR PRODUCT MADE EASY. </font></span></i></span></p><p style=\"margin: 0px;\"><span style=\"margin: 0px;\"><i style=\"mso-bidi-font-style:\nnormal\"><span style=\"margin: 0px; color: rgb(237, 125, 49);\"><font face=\"Calibri\" size=\"3\">IN THE OFFICE, AT THE MEETING OR ON THE GO.</font></span></i></span></p><p style=\"margin: 0px;\"><br></p></span>\n\n', 'Ledelum', 'logos/logos-1/2-ledelum-logo-email.jpg', 3, NULL, 237, 2394, 74338, 0);
INSERT INTO `users_data` (`uid`, `email_alt`, `signature`, `company`, `logo`, `comptype_id`, `position_id`, `country_id`, `region_id`, `city_id`, `newsletter`) VALUES
(3, '', '<style type=\"text/css\">\n<!--\np.MsoNormal {\nmargin:0in;\nmargin-bottom:.0001pt;\nfont-size:11.0pt;\nfont-family:\"Calibri\",sans-serif;\n}\n-->\n</style>\n<span style=\"color: gray; font-size: 10pt;\"><p class=\"MsoNormal\"><font color=\"#000000\" face=\"Times New Roman\" size=\"3\">\n\n<br></font></p><font color=\"#000000\" face=\"Times New Roman\" size=\"3\">\n </font><font color=\"#000000\" face=\"Times New Roman\" size=\"3\">\n  </font><font color=\"#000000\" face=\"Times New Roman\" size=\"3\">\n </font><font color=\"#000000\" face=\"Times New Roman\" size=\"3\">\n </font><font color=\"#000000\" face=\"Times New Roman\" size=\"3\">\n  </font><font color=\"#000000\" face=\"Times New Roman\" size=\"3\">\n </font><font color=\"#000000\" face=\"Times New Roman\" size=\"3\">\n </font><font color=\"#000000\" face=\"Times New Roman\" size=\"3\">\n  </font><table width=\"491\" style=\"width: 368.25pt; mso-cellspacing: 1.5pt; mso-yfti-tbllook: 1184; mso-padding-alt: 0in 0in 0in 0in;\" border=\"0\" cellpadding=\"0\"><tbody><tr style=\"mso-yfti-irow: 0; mso-yfti-firstrow: yes;\"><td width=\"45\" style=\"padding: 0.75pt; border: rgb(0, 0, 0); width: 33.75pt; background-color: transparent;\"><font color=\"#000000\" face=\"Times New Roman\" size=\"3\">\n  </font><p style=\"margin: 0in 0in 0pt;\"><br></p><font color=\"#000000\" face=\"Times New Roman\" size=\"3\"><p style=\"margin: 0in 0in 0pt;\">\n\n<br></p><table width=\"491\" style=\"width: 368.25pt; mso-cellspacing: 1.5pt; mso-yfti-tbllook: 1184; mso-padding-alt: 0in 0in 0in 0in;\" border=\"0\" cellpadding=\"0\">\n <tbody><tr style=\"mso-yfti-irow: 0; mso-yfti-firstrow: yes;\">\n  <td width=\"440\" style=\"padding: 0.75pt; border: rgb(0, 0, 0); width: 330pt; background-color: transparent;\">\n  <p style=\"margin: 0in 0in 0pt;\"><font face=\"Calibri\"><span><span style=\"color: rgb(29, 47, 139); font-family: &quot;Calibri&quot;,sans-serif; font-size: 11pt; mso-fareast-font-family: Calibri; mso-fareast-theme-font: minor-latin; mso-bidi-font-family: &quot;Times New Roman&quot;; mso-ansi-language: EN-US; mso-fareast-language: EN-US; mso-bidi-language: AR-SA;\"><br></span></span></font></p><p style=\"margin: 0in 0in 0pt;\"><font face=\"Calibri\"><span><span style=\"color: rgb(29, 47, 139); font-family: &quot;Calibri&quot;,sans-serif; font-size: 11pt; mso-fareast-font-family: Calibri; mso-fareast-theme-font: minor-latin; mso-bidi-font-family: &quot;Times New Roman&quot;; mso-ansi-language: EN-US; mso-fareast-language: EN-US; mso-bidi-language: AR-SA;\"></span><strong>Oleg\n  Petryuchenko, LC<br>\n  </strong>Lighting Designer</span></font></p>\n  </td>\n </tr>\n <tr style=\"mso-yfti-irow: 1;\">\n  <td style=\"padding: 0.75pt; border: rgb(0, 0, 0); background-color: transparent;\" colspan=\"2\">\n  <p style=\"margin: 0in 0in 0pt;\"><span style=\"color: rgb(29, 47, 139);\"><font face=\"Calibri\">231 South LaSalle, Suite 600 |\n  Chicago, IL 60604<br>\n  D 312.931.3748</font></span></p>\n  </td>\n </tr>\n <tr style=\"mso-yfti-irow: 2; mso-yfti-lastrow: yes;\">\n  <td style=\"padding: 0.75pt; border: rgb(0, 0, 0); background-color: transparent;\" colspan=\"2\">\n  <p style=\"margin: 0in 0in 0pt;\"><span style=\"color: rgb(29, 47, 139);\"><a href=\"http://www.kjww.com/\"><span style=\"color: rgb(29, 47, 139);\"><font face=\"Calibri\">web</font></span></a><font face=\"Calibri\"> | </font><a href=\"http://www.facebook.com/kjwwengineering\"><span style=\"color: rgb(29, 47, 139);\"><font face=\"Calibri\">Facebook</font></span></a><font face=\"Calibri\">\n  | </font><a href=\"http://twitter.com/kjww\"><span style=\"color: rgb(29, 47, 139);\"><font face=\"Calibri\">Twitter</font></span></a><font face=\"Calibri\">\n  | </font><a href=\"http://www.linkedin.com/company/kjww-engineering-consultants\"><span style=\"color: rgb(29, 47, 139);\"><font face=\"Calibri\">LinkedIn</font></span></a><font face=\"Calibri\"> </font></span></p>\n  </td>\n </tr>\n</tbody></table><p style=\"margin: 0in 0in 0pt;\">\n\n<br></p><p style=\"margin: 0in 0in 0pt;\"><span><span style=\"color: rgb(29, 47, 139); font-family: &quot;Calibri&quot;,sans-serif; font-size: 11pt; mso-fareast-font-family: Calibri; mso-fareast-theme-font: minor-latin; mso-bidi-font-family: &quot;Times New Roman&quot;; mso-ansi-language: EN-US; mso-fareast-language: EN-US; mso-bidi-language: AR-SA;\"><img width=\"40\" height=\"40\" alt=\"cid:image001.png@01CE0924.38506AB0\" src=\"data:image/png;base64,R0lGODlhKAAoAHcAMSH+GlNvZnR3YXJlOiBNaWNyb3NvZnQgT2ZmaWNlACH5BAEAAAAALAAAAAAoACgAhwAAAAAAAAAAMwAAZgAAmQAAzAAA/wAzAAAzMwAzZgAzmQAzzAAz/wBmAABmMwBmZgBmmQBmzABm/wCZAACZMwCZZgCZmQCZzACZ/wDMAADMMwDMZgDMmQDMzADM/wD/AAD/MwD/ZgD/mQD/zAD//zMAADMAMzMAZjMAmTMAzDMA/zMzADMzMzMzZjMzmTMzzDMz/zNmADNmMzNmZjNmmTNmzDNm/zOZADOZMzOZZjOZmTOZzDOZ/zPMADPMMzPMZjPMmTPMzDPM/zP/ADP/MzP/ZjP/mTP/zDP//2YAAGYAM2YAZmYAmWYAzGYA/2YzAGYzM2YzZmYzmWYzzGYz/2ZmAGZmM2ZmZmZmmWZmzGZm/2aZAGaZM2aZZmaZmWaZzGaZ/2bMAGbMM2bMZmbMmWbMzGbM/2b/AGb/M2b/Zmb/mWb/zGb//5kAAJkAM5kAZpkAmZkAzJkA/5kzAJkzM5kzZpkzmZkzzJkz/5lmAJlmM5lmZplmmZlmzJlm/5mZAJmZM5mZZpmZmZmZzJmZ/5nMAJnMM5nMZpnMmZnMzJnM/5n/AJn/M5n/Zpn/mZn/zJn//8wAAMwAM8wAZswAmcwAzMwA/8wzAMwzM8wzZswzmcwzzMwz/8xmAMxmM8xmZsxmmcxmzMxm/8yZAMyZM8yZZsyZmcyZzMyZ/8zMAMzMM8zMZszMmczMzMzM/8z/AMz/M8z/Zsz/mcz/zMz///8AAP8AM/8AZv8Amf8AzP8A//8zAP8zM/8zZv8zmf8zzP8z//9mAP9mM/9mZv9mmf9mzP9m//+ZAP+ZM/+ZZv+Zmf+ZzP+Z///MAP/MM//MZv/Mmf/MzP/M////AP//M///Zv//mf//zP///wECAwECAwECAwECAwECAwECAwECAwECAwECAwECAwECAwECAwECAwECAwECAwECAwECAwECAwECAwECAwECAwECAwECAwECAwECAwECAwECAwECAwECAwECAwECAwECAwECAwECAwECAwECAwECAwECAwECAwj/AF0IpOGCoMGCCAkKBADgoMOEEGnQSDCxIsWLFisyxMgxI8eCCgYKBClyYMiGI2mEjLhSoUqPLzsqmAhgJkWbMTPaTKhAQQKRPnseBBARYtCIFrMMaoVlYkhXg1w1pdiwI0YvUD0iVIAFG7ZEQr1ia+Vi5kKFCAcmoOW1bNqYWbx6mSl2kIIBFmtWxEkx0di9E7fS8OrKi9gvQkcyPOhWoAJX2Gi5NZgUslhsWHxm3BhTM8VWfz+qpIvNFejSmc2qdIGyYKtWiH2e7vnWZha2XlwY9pr5Jk2bXcdmzgK6FeCfBEknSqBgN7ZBZQkSVfj4slhXPxNa/AJ6kNPBkL1T/7VY0LrX5OTRSjwYUmJTha3LcsXyfmXJnD9953eB16bem/z5xF90+hX1EGOsoXSggQXBZNVmADyon1arpUWShfCp11JKGyZIU1WLJRDiYgyBaOKHKIpY4oostujiiy0epxNMVc0oU3op5VhSWvGpp2NtMuLE128yFjThTqNRBJJmS2a3WFnZJQlUlBVJhJGRVWZBVYQSaVmRC1hcmYWRZQ0SWWBmujKamdgEppdXXzAXnF2kDULRRF/w5pNYcyVA2EVcggbWAH79NQCbBGWnAFuJDBBcaRTJdZKRbPZ0WpsJFNcemmM1N9Z5g2HjZUPtnefCWOH5+dxFRgZHA2hYmJEZ61g8VgQZFnl695WrHE5EGGgD5GkaZi4AaqRfwxLUXWiBKcTmV5GKFeZCKHF12USWrUrZRc/a6cKlGHH22Z+6iZVos0K1kkgiVmKRSGHtnUTdIOtiEd270JkFEnlKBoaRf3wVG1OxAiOZ1oYVDgVRYwaFpFqDEjpIQ40RW4Xhjz6ylvHF9wkZpEf/5eSxfgEBADs=\" border=\"0\" v:shapes=\"Picture_x0020_2\"></span></span></p><p style=\"margin: 0in 0in 0pt;\"><span><span style=\"color: rgb(29, 47, 139); font-family: &quot;Calibri&quot;,sans-serif; font-size: 11pt; mso-fareast-font-family: Calibri; mso-fareast-theme-font: minor-latin; mso-bidi-font-family: &quot;Times New Roman&quot;; mso-ansi-language: EN-US; mso-fareast-language: EN-US; mso-bidi-language: AR-SA;\"><span style=\"font-family: &quot;Calibri&quot;,sans-serif; font-size: 11pt; mso-fareast-font-family: &quot;Times New Roman&quot;; mso-fareast-theme-font: minor-fareast; mso-no-proof: yes; mso-bidi-font-family: &quot;Times New Roman&quot;; mso-ansi-language: EN-US; mso-fareast-language: EN-US; mso-bidi-language: AR-SA; mso-ascii-theme-font: minor-latin; mso-hansi-theme-font: minor-latin; mso-bidi-theme-font: minor-bidi;\"><img width=\"141\" height=\"57\" alt=\"kjww-ttg\" src=\"data:image/png;base64,[encoded data, 14560 characters]\" border=\"0\" v:shapes=\"Picture_x0020_2\"></span></span></span></p></font><p style=\"margin: 0in 0in 0pt;\"><br></p><font color=\"#000000\" face=\"Times New Roman\" size=\"3\">\n  </font></td></tr><tr style=\"mso-yfti-irow: 1;\"><td style=\"padding: 0.75pt; border: rgb(0, 0, 0); background-color: transparent;\" colspan=\"2\"><font color=\"#000000\" face=\"Times New Roman\" size=\"3\">\n  </font><p style=\"margin: 0in 0in 0pt;\"><span style=\"color: rgb(29, 47, 139);\">231 South LaSalle, Suite 600 |\n  Chicago, IL 60604<br>\n  D 312.931.3748</span></p><font color=\"#000000\" face=\"Times New Roman\" size=\"3\">\n  </font></td></tr><tr style=\"mso-yfti-irow: 2; mso-yfti-lastrow: yes;\"><td style=\"padding: 0.75pt; border: rgb(0, 0, 0); background-color: transparent;\" colspan=\"2\"><font color=\"#000000\" face=\"Times New Roman\" size=\"3\">\n  </font><p style=\"margin: 0in 0in 0pt;\"><span style=\"color: rgb(29, 47, 139);\"><a href=\"http://www.kjww.com/\"><span style=\"color: rgb(29, 47, 139);\">web</span></a> | <a href=\"http://www.facebook.com/kjwwengineering\"><span style=\"color: rgb(29, 47, 139);\">Facebook</span></a>\n  | <a href=\"http://twitter.com/kjww\"><span style=\"color: rgb(29, 47, 139);\">Twitter</span></a>\n  | <a href=\"http://www.linkedin.com/company/kjww-engineering-consultants\"><span style=\"color: rgb(29, 47, 139);\">LinkedIn</span></a> </span></p><p style=\"margin: 0in 0in 0pt;\"><span style=\"color: rgb(29, 47, 139);\"><br></span></p><p style=\"margin: 0in 0in 0pt;\"><span style=\"color: rgb(29, 47, 139);\"><br></span></p><p style=\"margin: 0in 0in 0pt;\"><br></p><span style=\"color: rgb(29, 47, 139);\"><p style=\"margin: 0in 0in 0pt;\"><font color=\"#000000\" face=\"Times New Roman\" size=\"3\">\n\n<br></font></p><p style=\"margin: 0in 0in 0pt; mso-margin-top-alt: auto; mso-margin-bottom-alt: auto;\"><b><span style=\"color: rgb(170, 0, 0); text-transform: uppercase; font-family: &quot;Arial&quot;,sans-serif; font-size: 10pt;\">JULIE m. COOK </span></b><span style=\"color: rgb(170, 0, 0); font-family: &quot;Arial&quot;,sans-serif; font-size: 9pt;\">AIA, LEED AP </span><span style=\"color: black; font-family: &quot;Arial&quot;,sans-serif; font-size: 9pt;\">Associate\nPrincipal</span><span style=\"color: rgb(31, 73, 125); font-family: &quot;Arial&quot;,sans-serif; font-size: 9pt;\"><br>\n</span><span style=\"color: black; font-family: &quot;Arial&quot;,sans-serif; font-size: 9pt;\">ARCHITECT</span><span style=\"color: rgb(31, 73, 125); font-family: &quot;Arial&quot;,sans-serif; font-size: 9pt;\"> </span></p><p style=\"margin: 0in 0in 0pt;\"><font color=\"#000000\" face=\"Times New Roman\" size=\"3\">\n\n<br></font></p><p style=\"margin: 0in 0in 0pt; mso-margin-top-alt: auto;\"><span style=\"color: black; font-family: &quot;Palatino Linotype&quot;,serif; font-size: 15pt;\">M</span><span style=\"color: black; font-family: &quot;Palatino Linotype&quot;,serif; font-size: 13pt;\">OODY•</span><span style=\"color: black; font-family: &quot;Palatino Linotype&quot;,serif; font-size: 15pt;\">N</span><span style=\"color: black; font-family: &quot;Palatino Linotype&quot;,serif; font-size: 13pt;\">OLAN</span><span style=\"color: black; font-family: &quot;Palatino Linotype&quot;,serif;\"><font size=\"3\"> </font></span></p><p style=\"margin: 0in 0in 0pt;\"><font color=\"#000000\" face=\"Times New Roman\" size=\"3\">\n\n<br></font></p><p style=\"margin: 0in 0in 0pt; mso-margin-bottom-alt: auto;\"><span style=\"color: black; font-family: &quot;Arial&quot;,sans-serif; font-size: 8pt;\">300 Spruce St.<br>\nSuite 300<br>\nColumbus, OH 43215<br>\n</span><b><span style=\"color: rgb(170, 0, 0); font-family: &quot;Arial&quot;,sans-serif; font-size: 8pt;\">t </span></b><span style=\"color: black; font-family: &quot;Arial&quot;,sans-serif; font-size: 8pt;\">614.461.4664&nbsp;&nbsp;&nbsp;</span><b><span style=\"color: rgb(170, 0, 0); font-family: &quot;Arial&quot;,sans-serif; font-size: 8pt;\">f </span></b><span style=\"color: black; font-family: &quot;Arial&quot;,sans-serif; font-size: 8pt;\">614.280.8881\n</span></p><p><br></p><p><br></p><font color=\"#000000\"><p><font face=\"Times New Roman\" size=\"3\">\n\n<br></font></p><p style=\"margin: 0in 0in 0pt;\"><span style=\"color: rgb(31, 73, 125);\"><font face=\"Calibri\" size=\"3\">David Kelley</font></span></p><p><font face=\"Times New Roman\" size=\"3\">\n\n<br></font></p><p style=\"margin: 0in 0in 0pt;\"><span style=\"color: rgb(89, 89, 89); font-family: &quot;Arial&quot;,sans-serif;\"><font size=\"3\">Specification\nSales Representative</font></span></p><p><font face=\"Times New Roman\" size=\"3\">\n\n<br></font></p><p style=\"margin: 0in 0in 0pt;\"><span style=\"color: rgb(89, 89, 89); font-family: &quot;Arial&quot;,sans-serif;\"><font size=\"3\">Philips\nLighting</font></span></p><p><font face=\"Times New Roman\" size=\"3\">\n\n<br></font></p><p style=\"margin: 0in 0in 0pt;\"><span style=\"color: rgb(89, 89, 89); font-family: &quot;Arial&quot;,sans-serif;\"><font size=\"3\">10275\nWest Higgins Road</font></span></p><p><font face=\"Times New Roman\" size=\"3\">\n\n<br></font></p><p style=\"margin: 0in 0in 0pt;\"><span style=\"color: rgb(89, 89, 89); font-family: &quot;Arial&quot;,sans-serif;\"><font size=\"3\">Suite\n800</font></span></p><p><font face=\"Times New Roman\" size=\"3\">\n\n<br></font></p><p style=\"margin: 0in 0in 0pt;\"><span style=\"color: rgb(89, 89, 89); font-family: &quot;Arial&quot;,sans-serif;\"><font size=\"3\">Rosemont\nIL, 60018</font></span></p><p><font face=\"Times New Roman\" size=\"3\">\n\n<br></font></p><p style=\"margin: 0in 0in 0pt;\"><span style=\"color: rgb(89, 89, 89); font-family: &quot;Arial&quot;,sans-serif;\"><font size=\"3\">Cell:\n224-565-7673</font></span></p><p><font face=\"Times New Roman\" size=\"3\">\n\n<br></font></p><p style=\"margin: 0in 0in 0pt;\"><u><span style=\"color: blue; font-family: &quot;Arial&quot;,sans-serif;\"><a href=\"mailto:David.A.Kelley@philips.com\"><font color=\"#0000ff\" size=\"3\">David.A.Kelley@philips.com</font></a></span></u></p><p style=\"margin: 0in 0in 0pt;\"><span style=\"color: blue; font-family: &quot;Arial&quot;,sans-serif;\"><br></span></p><p style=\"margin: 0in 0in 0pt;\"><br></p><span style=\"color: blue; font-family: &quot;Arial&quot;,sans-serif;\"><p style=\"margin: 0in 0in 0pt;\"><font color=\"#000000\" face=\"Times New Roman\" size=\"3\">\n\n<br></font></p><p style=\"margin: 0in 0in 0pt;\"><b><span style=\"color: black; font-family: &quot;Arial&quot;,sans-serif; font-size: 9pt;\">COLIN O’DONOGHUE, AIA, LEED AP BD+C</span></b><span style=\"color: black; font-family: &quot;Arial&quot;,sans-serif; font-size: 9pt;\"><br>\nT. 312.896.1242 | </span><a href=\"http://www.scb.com/\"><span style=\"color: black; font-family: &quot;Arial&quot;,sans-serif; font-size: 9pt;\">www.scb.com</span></a><span style=\"color: black; font-family: &quot;Arial&quot;,sans-serif; font-size: 9pt;\"><br>\n<img width=\"174\" height=\"35\" alt=\"Description: Description: C:UserscodonoAppDataRoamingMicrosoftSignaturesimagesscblogoemail_space.gif\" src=\"data:image/png;base64,R0lGODlhrgAjAHcAMSH/C0dBTU1BTk9XMS4wBGNbAwAAIf8LTVNPRkZJQ0U5LjAVAAAACXBIWXMAAA7EAAAOxAGVKw4bACH+GlNvZnR3YXJlOiBNaWNyb3NvZnQgT2ZmaWNlACwAAAAArgAjAIcAAAABAQECAgIDAwMEBAQFBQUGBgYHBwcICAgJCQkKCgoLCwsMDAwNDQ0ODg4PDw8QEBARERESEhITExMUFBQVFRUWFhYXFxcYGBgZGRkaGhobGxscHBwdHR0eHh4fHx8gICAhISEiIiIjIyMkJCQlJSUmJiYnJycoKCgpKSkqKiorKyssLCwtLS0uLi4vLy8wMDAxMTEyMjIzMzM0NDQ1NTU2NjY3Nzc4ODg5OTk6Ojo7Ozs8PDw9PT0+Pj4/Pz9AQEBBQUFCQkJDQ0NERERFRUVGRkZHR0dISEhJSUlKSkpLS0tMTExNTU1OTk5PT09QUFBRUVFSUlJTU1NUVFRVVVVWVlZXV1dYWFhZWVlaWlpbW1tcXFxdXV1eXl5fX19gYGBhYWFiYmJjY2NkZGRlZWVmZmZnZ2doaGhpaWlqampra2tsbGxtbW1ubm5vb29wcHBxcXFycnJzc3N0dHR1dXV2dnZ3d3d4eHh5eXl6enp7e3t8fHx9fX1+fn5/f3+AgICBgYGCgoKDg4OEhISFhYWGhoaHh4eIiIiJiYmKioqLi4uMjIyNjY2Ojo6Pj4+QkJCRkZGSkpKTk5OUlJSVlZWWlpaXl5eYmJiZmZmampqbm5ucnJydnZ2enp6fn5+goKChoaGioqKjo6OkpKSlpaWmpqanp6eoqKipqamqqqqrq6usrKytra2urq6vr6+wsLCxsbGysrKzs7O0tLS1tbW2tra3t7e4uLi5ubm6urq7u7u8vLy9vb2+vr6/v7/AwMDBwcHCwsLDw8PExMTFxcXGxsbHx8fIyMjJycnKysrLy8vMzMzNzc3Ozs7Pz8/Q0NDR0dHS0tLT09PU1NTV1dXW1tbX19fY2NjZ2dna2trb29vc3Nzd3d3e3t7f39/g4ODh4eHi4uLj4+Pk5OTl5eXm5ubn5+fo6Ojp6enq6urr6+vs7Ozt7e3u7u7v7+/w8PDx8fHy8vLz8/P09PT19fX29vb39/f4+Pj5+fn6+vr7+/v8/Pz9/f3+/v7///8I/wD/CRxIsKDBgwgTKlzIsKHDhxAjSpxIsaLFixgzatzIsaPHjyBDihxJsqTJkyhTqlzJsqXLlzBjypxJU+M9duzq1dzJs6CxOz46QHigAccbXj2TxtwFBIDTp1BprFJKNSW/NlCzZs0ir6pXkfeOaB37VIa6r2g7OiHLFgCNe2njXjzUti0auXglhjNQt22yvIAbuunblkngwwjrWSDMtoA4xJAHBmPcdlTkyJEos51zGXIezWS1dEY8B/RYKqMPCxq7gQLUBiIQABjwIEKEAU7JFMxnEB9DfP4cwn04fKDvhMEL9ku4HGPyjaWyNnglz96sAwAAzeMXbw2GdfHmhf/7AgDRwHZWHnDYs+/frxoLNJj/h+YKwWhCGFSoo+8fJhm+CATFD7zdAsMCHUQikBs/zPPPLDKwM9AqKSgAQiL/LLPDAhf4EdwjMHjggRXl9ONECh7QIMo/oJj1zycopPMPKTDQswYLInrwziJDDLTPDowUtIsMInxAxDXWyCDNP/DIYMs6MpAg4hf80CCHQGuA8U8UIIAAgwuhDNSNAFCN8Q8LMrghwBv/rBEDIF508E8WJ7CSDwDADAQHALX8MQY/ygCQAydrAIDHPzqQMNA3DpSQiR4A2McHAHJaAkAE/QwDgBCckAGAIf8wAQAULAJgjkCzALAEJ1F04U0CL2j/QgcAZfxTBgCMDIIAEv8ocMMiUQCQCTgArMgDAJ/8MwMK/6QwgieeYGIPGAkMpA8AahQ0CgCalGJBD4ES8w87AIBSDgBrQCtLPAQg+48PLfzzSiajjACAuAPlAFUQ/xCTRgIAnKMKVCn8swkg1wzCwHH/4AFAH84ItMQEyXmqjxIvDBQHAO0IlAjHhzCAABYWgLDBP0J4MFAVBvhDhQMAWJILAOgIJEMJBIWBgD0COVzPGxUIRIQG/zCgh0BUHHAmFO8gQIES9gCwyT8xwKCKKs38I0bQAu3DQBwFnQKAKbOQ0Ac0ABzzTzsAlGIOAHdcDc88EVQAADda2DCQ2KwU/2RKVjCQwk46JJijCcH/7IJKMKZQQtA+gNg9xD0v0DDQ4fM4kbFAT0QwEDB3DzLCwE5AwsA/IBAxkCIA8LMEEJQAsAUCNf9jgWED8RDCQK/Q3McAKKgAgSf+fC0Q6/1MEgEdI6SigB8GdMzDARlkUCsZXP/j9ZUEDZzBBg0YYgwAEc9T7DmXVv9LPwI8ooQIOvggECwAKKjcDE+xQAUAJvyzBCD/yAECmNCE3dUAADMwCDfA8Y/oOAMR9/qHPHD0DyPEYCCZAIAqtJcEBOhjDxP4BxvEMQmlYSVi7QjBCioog39YAQAOqB0XBGCNf4QjGY4AwC3+cY8dQKAfcWDAIf8O0IN/8GMBdfgHOTwQL3LwxQ7/wEAASPUPFSyBIGKwgI+Q6DcAvOMfogBAKgDgOE3dghwAyMV5YmaPCKjqH8YowNEOMg3sAMAJ83iHO5wBgQLMgkn/IMTJ4pEOCRWEDQgkgQXUcQ8dAEAFDFBAMVAGABKQgAf5eCEK7DYVNQBgIHsAwD7cAQMArAABEXjGP2ggJ3uUwFQCIccrVwCAF8xjCQBIQQQIsEMtBOAfuACAI/yxgAKMIAAboIZAegAAZvxjDACYShUBcIITmOAdaagkCWBAjl1aslb/2FYITrAAE7hjCgBAAQBcgA9qAKAC1STDPQDwh34J6h92U0EJSGDnmYK04ikPOMIR+OIUGkRBnQaAgQxgsIvnCAQfsnhDH77RtVCg4RCP+UctHCEIQTxCIK1QQx9q+I9hYGIgyqBEe+7RCTQs4hwCcUUpBLINSNBjIPKYxBkicZZ/nCINgeCGQHpx0nBegh+hUMQgSBGPgQzjEAKxxiB08g9WMKKjgrCHMR7R0UTAYxSK6OgpBKINSBBCEJ3o2D46oQZIwOMf64CEITpqCn9Awpny2uAmzNpRZRzEFQygTJBSk5pqFKEvNjAGYRf7j1gsYQFaMUAQSOFQxqaGHLNgRB3mgAhXeMOyoA0tYwMCADs=\" border=\"0\" v:shapes=\"Picture_x0020_1\"></span></p><p style=\"margin: 0in 0in 0pt;\"><font color=\"#000000\" face=\"Times New Roman\" size=\"3\">\n\n<br></font></p><p style=\"margin: 0in 0in 0pt;\"><font color=\"#000000\" face=\"Calibri\" size=\"3\">&nbsp;<img src=\"data:image/png;base64,[encoded data, 33596 characters]', 'op', '', 2, NULL, 237, 2394, 74338, 0);
INSERT INTO `users_data` (`uid`, `email_alt`, `signature`, `company`, `logo`, `comptype_id`, `position_id`, `country_id`, `region_id`, `city_id`, `newsletter`) VALUES
(6, '', '', '', '', NULL, 2, 237, 2394, 74281, 0),
(7, '', '<font face=\"Times New Roman\" size=\"3\">\n\n</font><p style=\"margin: 0in 0in 0pt;\"><a name=\"_MailAutoSig\"><b><span style=\'color: rgb(29, 47, 139); font-size: 12pt; mso-fareast-font-family: \"Times New Roman\"; mso-fareast-theme-font: minor-fareast; mso-no-proof: yes;\'><font face=\"Calibri\">Oleg Petryuchenko, LC<br>\n</font></span></b></a><span style=\"mso-bookmark: _MailAutoSig;\"><span style=\'color: rgb(29, 47, 139); mso-fareast-font-family: \"Times New Roman\"; mso-fareast-theme-font: minor-fareast; mso-no-proof: yes;\'><font size=\"3\"><font face=\"Calibri\">Lighting Designer<b style=\"mso-bidi-font-weight: normal;\"> </b></font></font></span></span></p><font face=\"Times New Roman\" size=\"3\">\n\n</font><p style=\"margin: 0in 0in 0pt;\"><span style=\"mso-bookmark: _MailAutoSig;\"><b style=\"mso-bidi-font-weight: normal;\"><span style=\'color: rgb(29, 47, 139); mso-fareast-font-family: \"Times New Roman\"; mso-fareast-theme-font: minor-fareast; mso-no-proof: yes;\'><font face=\"Calibri\" size=\"3\">KJWW Engineering Consultants</font></span></b></span></p><font face=\"Times New Roman\" size=\"3\">\n\n</font><p style=\"margin: 0in 0in 0pt;\"><span style=\"mso-bookmark: _MailAutoSig;\"><i style=\"mso-bidi-font-style: normal;\"><span style=\'color: rgb(29, 47, 139); mso-fareast-font-family: \"Times New Roman\"; mso-fareast-theme-font: minor-fareast; mso-no-proof: yes;\'><font face=\"Calibri\" size=\"3\">An IMEG Company</font></span></i></span></p><font face=\"Times New Roman\" size=\"3\">\n\n</font><p style=\"margin: 0in 0in 0pt;\"><span style=\"mso-bookmark: _MailAutoSig;\"><span style=\'color: rgb(29, 47, 139); mso-fareast-font-family: \"Times New Roman\"; mso-fareast-theme-font: minor-fareast; mso-no-proof: yes;\'><font face=\"Calibri\"><font size=\"3\">D: 312.931.3748<span style=\"mso-spacerun: yes;\">&nbsp;\n</span></font><font size=\"3\">E: </font></font></span></span><a href=\"mailto:petryuchenkoom@kjww.com\"><span style=\"mso-bookmark: _MailAutoSig;\"><span style=\'color: blue; mso-fareast-font-family: \"Times New Roman\"; mso-fareast-theme-font: minor-fareast; mso-no-proof: yes;\'><font face=\"Calibri\" size=\"3\">petryuchenkoom@kjww.com</font></span></span></a></p><font face=\"Times New Roman\" size=\"3\">\n\n</font><p style=\"margin: 0in 0in 0pt;\"><a href=\"http://www.kjww.com/\"><span style=\"mso-bookmark: _MailAutoSig;\"><span style=\'color: rgb(174, 107, 50); mso-fareast-font-family: \"Times New Roman\"; mso-fareast-theme-font: minor-fareast; mso-no-proof: yes;\'><font face=\"Calibri\" size=\"3\">web</font></span></span></a><span style=\"mso-bookmark: _MailAutoSig;\"><span style=\'color: rgb(174, 107, 50); mso-fareast-font-family: \"Times New Roman\"; mso-fareast-theme-font: minor-fareast; mso-no-proof: yes;\'><font face=\"Calibri\" size=\"3\"> | </font></span></span><a href=\"http://www.facebook.com/kjwwengineering\"><span style=\"mso-bookmark: _MailAutoSig;\"><span style=\'color: rgb(174, 107, 50); mso-fareast-font-family: \"Times New Roman\"; mso-fareast-theme-font: minor-fareast; mso-no-proof: yes;\'><font face=\"Calibri\" size=\"3\">Facebook</font></span></span></a><span style=\"mso-bookmark: _MailAutoSig;\"><span style=\'color: rgb(174, 107, 50); mso-fareast-font-family: \"Times New Roman\"; mso-fareast-theme-font: minor-fareast; mso-no-proof: yes;\'><font face=\"Calibri\" size=\"3\"> | </font></span></span><a href=\"http://twitter.com/kjww\"><span style=\"mso-bookmark: _MailAutoSig;\"><span style=\'color: rgb(174, 107, 50); mso-fareast-font-family: \"Times New Roman\"; mso-fareast-theme-font: minor-fareast; mso-no-proof: yes;\'><font face=\"Calibri\" size=\"3\">Twitter</font></span></span></a><span style=\"mso-bookmark: _MailAutoSig;\"><span style=\'color: rgb(174, 107, 50); mso-fareast-font-family: \"Times New Roman\"; mso-fareast-theme-font: minor-fareast; mso-no-proof: yes;\'><font face=\"Calibri\" size=\"3\"> | </font></span></span><a href=\"https://www.linkedin.com/company/kjww-engineering-consultants?trk=ppro_cprof\"><span style=\"mso-bookmark: _MailAutoSig;\"><span style=\'color: rgb(174, 107, 50); mso-fareast-font-family: \"Times New Roman\"; mso-fareast-theme-font: minor-fareast; mso-no-proof: yes;\'><font face=\"Calibri\" size=\"3\">LinkedIn</font></span></span></a><font size=\"3\"><font face=\"Calibri\"><span style=\"mso-bookmark: _MailAutoSig;\"><span style=\'color: rgb(174, 107, 50); mso-fareast-font-family: \"Times New Roman\"; mso-fareast-theme-font: minor-fareast; mso-no-proof: yes;\'> </span></span><span style=\"mso-bookmark: _MailAutoSig;\"><span style=\'mso-fareast-font-family: \"Times New Roman\"; mso-fareast-theme-font: minor-fareast; mso-no-proof: yes;\'><span style=\"mso-spacerun: yes;\">&nbsp;</span></span></span></font></font></p><font face=\"Times New Roman\" size=\"3\">\n\n</font><p style=\"margin: 0in 0in 0pt;\"><span style=\"mso-bookmark: _MailAutoSig;\"><span style=\'mso-fareast-font-family: \"Times New Roman\"; mso-fareast-theme-font: minor-fareast; mso-no-proof: yes;\'><font face=\"Calibri\" size=\"3\">&nbsp;</font></span></span></p><font face=\"Times New Roman\" size=\"3\">\n\n</font><p style=\"margin: 0in 0in 0pt;\"><span style=\"mso-bookmark: _MailAutoSig;\"><span style=\'mso-fareast-font-family: \"Times New Roman\"; mso-fareast-theme-font: minor-fareast; mso-no-proof: yes;\'><font face=\"Times New Roman\" size=\"3\"><img width=\"141\" height=\"57\" alt=\"kjww-ttg\" src=\"data:image/png;base64,[encoded data, 14560 characters]\" border=\"0\" v:shapes=\"Picture_x0020_2\"></font></span></span></p><font face=\"Times New Roman\" size=\"3\">\n\n</font><p style=\"margin: 0in 0in 0pt;\"><span style=\"mso-bookmark: _MailAutoSig;\"><b style=\"mso-bidi-font-weight: normal;\"><span style=\'color: rgb(89, 89, 89); mso-fareast-font-family: \"Times New Roman\"; mso-fareast-theme-font: minor-fareast; mso-no-proof: yes;\'><font face=\"Calibri\" size=\"3\">KJWW and TTG have merged </font></span></b></span></p><font face=\"Times New Roman\" size=\"3\">\n\n</font><p style=\"margin: 0in 0in 0pt;\"><span style=\"mso-bookmark: _MailAutoSig;\"><span style=\'color: rgb(89, 89, 89); mso-fareast-font-family: \"Times New Roman\"; mso-fareast-theme-font: minor-fareast; mso-no-proof: yes;\'><font face=\"Calibri\" size=\"3\">114 years combined experience</font></span></span></p><font face=\"Times New Roman\" size=\"3\">\n\n</font><p style=\"margin: 0in 0in 0pt;\"><span style=\"mso-bookmark: _MailAutoSig;\"><span style=\'color: rgb(89, 89, 89); mso-fareast-font-family: \"Times New Roman\"; mso-fareast-theme-font: minor-fareast; mso-no-proof: yes;\'><font face=\"Calibri\" size=\"3\">and 900 professionals. </font></span></span><a href=\"http://www.kjww.com/news-events/kjww-and-ttg-merge\"><span style=\"mso-bookmark: _MailAutoSig;\"><b style=\"mso-bidi-font-weight: normal;\"><span style=\'color: rgb(89, 89, 89); mso-fareast-font-family: \"Times New Roman\"; mso-fareast-theme-font: minor-fareast; mso-no-proof: yes;\'><font face=\"Calibri\" size=\"3\">Learn more</font></span></b></span></a><span style=\"mso-bookmark: _MailAutoSig;\"><b style=\"mso-bidi-font-weight: normal;\"><span style=\'color: rgb(89, 89, 89); mso-fareast-font-family: \"Times New Roman\"; mso-fareast-theme-font: minor-fareast; mso-no-proof: yes;\'><font face=\"Calibri\" size=\"3\">.</font></span></b></span></p><font face=\"Times New Roman\" size=\"3\">\n\n</font>', 'KJWW', '', 2, 1, 237, 2394, 74338, 0),
(8, '', '<div dir=\"ltr\"><div><strong>oleg</strong> </div><div><br></div><div><a href=\"http:///\" target=\"_blank\"><img width=\"343\" height=\"213\" style=\"width: 174px; height: 103px;\" src=\"https://ci6.googleusercontent.com/proxy/i9_EbKQKso4qsC8GbILyZ2qzNq-C6mfYbzR-ms-JiXW9xn0b4U4sD1a6BzepeEyhiZEufimJNVvSAI1KfEHCyhfW0QLPpXr1fQWXCJFh37CBUrMsdKr4ofpjrqgemCWLZ7dloVK0mBk0oC2M4VXc8aCyJnBiOWe33ELj-sRxD2cBdvDAt_fIr6t-1EqkwqDOStZjhhzF9GFNEIQ=s0-d-e1-ft#https://docs.google.com/uc?export=download&amp;id=0B5t_gbubuw58eHhGSzVNWWhLeDQ&amp;revid=0B5t_gbubuw58b0o2SCtSeFRxRFVrN2Z2R3UvckhSbEV0Z1FnPQ\"></a></div><div><br></div><div><font color=\"#f6b26b\"><a href=\"http://www.google.com/\" target=\"_blank\">TESTING GOOGLE SIGNATURE</a></font></div></div>', '', '', 1, NULL, 237, 2394, 74192, 0),
(9, '', '', 'LIGHT', '', 10, NULL, 237, 2394, 74338, 0),
(10, '', '<div>John Smith, AIA<div><span style=\"color: rgb(51, 102, 255);\"><br></span></div><div><span style=\"color: rgb(51, 102, 255);\"><img src=\"logos/logos-1/10-abc-logo.jpg\" style=\"display: block; max-width: 50%; height: auto; max-height: 150px; margin: 10px 0;\"><br></span></div><div><span style=\"color: rgb(51, 102, 255);\"><br></span></div><div><span style=\"font-weight: bold; font-family: Georgia; color: rgb(51, 102, 255);\">ABC Architects, LLC</span></div><div><span style=\"font-weight: bold; font-family: Georgia; color: rgb(51, 102, 255);\">123 Road Lane, Suite 300</span></div><div><span style=\"font-weight: bold; font-family: Georgia; color: rgb(51, 102, 255);\">Bolingbrook, IL</span></div><div><span style=\"font-weight: bold; font-family: Georgia; color: rgb(51, 102, 255);\"><br></span></div><div><span style=\"font-weight: bold; font-family: Georgia; color: rgb(51, 102, 255);\"><br></span></div></div>', 'ABC Architects', 'logos/logos-1/10-abc-logo.jpg', 1, NULL, 237, 2394, 74254, 0),
(11, '', '', '', '', 1, NULL, 237, 2394, 74338, 0),
(12, '', '', 'OPDesign', '', 3, NULL, 237, 2394, 74281, 1),
(13, '', '', 'Generation Brands', '', 10, NULL, 237, 2394, 75001, 1),
(14, '', '', 'KRB Custom Homes, Inc.', '', 5, NULL, 237, 2394, 74338, 0),
(15, '', '', 'PureEdge Lighting', '', 10, 1, 237, 2394, 74338, 1),
(16, '', '', 'Mayikang Corp.', '', 10, 1, 40, 292, 10896, 1),
(17, '', '', '', '', 10, NULL, 237, 2394, 74794, 0),
(18, 'ljc@ledelum.com', '', '', '', 12, NULL, 237, 2394, 74794, 0),
(19, '', '', 'DMAC', '', 1, 1, 237, 2394, 74338, 1),
(20, '', '', 'China International Optoelectronic Exposition (CIOE)', '', 12, NULL, 46, 326, 12497, 0),
(21, '', '', 'Cdo Events', '', 12, 1, 76, 606, 30865, 0),
(22, '', '', 'cl design', '', 4, 1, 237, 2390, 73353, 0),
(23, '', '', 'Schuler Shook', '', 3, NULL, 237, 2394, 74338, 1),
(24, '', '', 'Test', '', 12, 1, 237, 2418, 85499, 0),
(25, '', '', 'personal', '', 3, 1, 237, 2390, 73130, 0),
(26, '', '', 'Dubois Construction Companies inc', '', 5, 1, 237, 2401, 78315, 0),
(27, '', '', '', '', 6, NULL, 237, 2394, 74794, 0),
(28, '', '', 'imba', '', 12, 1, 234, 2361, 66797, 0),
(29, '', '', 'Creek Ridge Design Concepts', '', 4, 1, 237, 2390, 73030, 0),
(30, '', '', 'LEDspin, LLC', '', 3, 2, 237, 2413, 83298, 1),
(57, '', '', 'LightAZ,Inc.', '', 3, NULL, 237, 2394, 74338, 0),
(58, '', '', 'LightAZ', '', 12, 1, 237, 2394, 74338, 0),
(59, '', '', 'LightAZ', '', 3, NULL, 237, 2394, 74338, 0),
(60, '', '', '', '', 1, NULL, 237, 2393, 74059, 0),
(61, '', '', 'LightAZ', '', 12, 8, 237, 2394, 74794, 0);

-- --------------------------------------------------------

--
-- Table structure for table `users_positions`
--

CREATE TABLE `users_positions` (
  `position_id` tinyint(3) UNSIGNED NOT NULL,
  `position` varchar(128) NOT NULL
) ENGINE=InnoDB DEFAULT CHARSET=utf8;

--
-- Dumping data for table `users_positions`
--

INSERT INTO `users_positions` (`position_id`, `position`) VALUES
(1, 'Architect'),
(2, 'Lighting Designer'),
(3, 'Landscape Architect'),
(4, 'Interior Designer'),
(5, 'Electrical Engineer'),
(6, 'Product Designer'),
(7, 'Contractor'),
(8, 'Manager'),
(9, 'Media'),
(10, 'Student'),
(11, 'Representative Agent'),
(12, 'Distributor');

-- --------------------------------------------------------

--
-- Table structure for table `user_notes`
--

CREATE TABLE `user_notes` (
  `note_id` int(10) UNSIGNED NOT NULL,
  `user_id` int(10) UNSIGNED NOT NULL,
  `note` varchar(255) COLLATE utf8mb4_unicode_ci NOT NULL
) ENGINE=InnoDB DEFAULT CHARSET=utf8mb4 COLLATE=utf8mb4_unicode_ci;

--
-- Dumping data for table `user_notes`
--

INSERT INTO `user_notes` (`note_id`, `user_id`, `note`) VALUES
(6, 1, 'afsdf adf adf'),
(8, 1, 'qqq'),
(9, 58, 'akljdfalksjdfklajskldfj'),
(10, 58, 'akljdfalksjdfklajskldfj\na,mdflkjasdlfj');

-- --------------------------------------------------------

--
-- Table structure for table `visitors`
--

CREATE TABLE `visitors` (
  `visitor_id` int(10) UNSIGNED NOT NULL,
  `visitor` varchar(128) NOT NULL,
  `code` varchar(10) NOT NULL
) ENGINE=InnoDB DEFAULT CHARSET=utf8;

--
-- Dumping data for table `visitors`
--

INSERT INTO `visitors` (`visitor_id`, `visitor`, `code`) VALUES
(1, 'Test', 'Test'),
(2, 'USAI Lighting', '022016'),
(3, 'Focal Point', '032016'),
(4, 'Element', '042016'),
(5, 'CDO Events', '012016'),
(6, 'Jason Broadhurst', '2016'),
(7, 'Bega', '1052016'),
(8, 'Acuity', '052016');

--
-- Indexes for dumped tables
--

--
-- Indexes for table `brands`
--
ALTER TABLE `brands`
  ADD PRIMARY KEY (`brand_id`),
  ADD UNIQUE KEY `brand` (`brand`);

--
-- Indexes for table `cities`
--
ALTER TABLE `cities`
  ADD PRIMARY KEY (`city_id`),
  ADD KEY `country_id` (`country_id`),
  ADD KEY `region_id` (`region_id`);

--
-- Indexes for table `countries`
--
ALTER TABLE `countries`
  ADD PRIMARY KEY (`country_id`);

--
-- Indexes for table `events`
--
ALTER TABLE `events`
  ADD PRIMARY KEY (`event_id`),
  ADD UNIQUE KEY `sku` (`sku`),
  ADD KEY `sku_media` (`sku_media`);

--
-- Indexes for table `events_images`
--
ALTER TABLE `events_images`
  ADD PRIMARY KEY (`image_id`),
  ADD KEY `event_id` (`event_id`);

--
-- Indexes for table `families`
--
ALTER TABLE `families`
  ADD PRIMARY KEY (`family_id`),
  ADD UNIQUE KEY `family_code` (`family_code`),
  ADD KEY `manf_id` (`manf_id`),
  ADD KEY `family_group` (`family_group`);

--
-- Indexes for table `families_preview`
--
ALTER TABLE `families_preview`
  ADD UNIQUE KEY `family_code` (`family_code`);

--
-- Indexes for table `family_images`
--
ALTER TABLE `family_images`
  ADD PRIMARY KEY (`image_id`),
  ADD KEY `family_id` (`family_id`);

--
-- Indexes for table `favorites`
--
ALTER TABLE `favorites`
  ADD UNIQUE KEY `user_id` (`user_id`);

--
-- Indexes for table `guides`
--
ALTER TABLE `guides`
  ADD PRIMARY KEY (`guide_id`),
  ADD UNIQUE KEY `sku` (`sku`);

--
-- Indexes for table `guides_categories`
--
ALTER TABLE `guides_categories`
  ADD PRIMARY KEY (`spec_id`),
  ADD UNIQUE KEY `parent_feature` (`parent_id`,`spec`),
  ADD KEY `parent_id` (`parent_id`);

--
-- Indexes for table `guides_classification`
--
ALTER TABLE `guides_classification`
  ADD UNIQUE KEY `guide_id` (`guide_id`);

--
-- Indexes for table `guides_classification_backup`
--
ALTER TABLE `guides_classification_backup`
  ADD PRIMARY KEY (`id`),
  ADD KEY `guide_id` (`guide_id`);

--
-- Indexes for table `guides_images`
--
ALTER TABLE `guides_images`
  ADD PRIMARY KEY (`image_id`),
  ADD KEY `guide_id` (`guide_id`);

--
-- Indexes for table `hs_groups`
--
ALTER TABLE `hs_groups`
  ADD PRIMARY KEY (`hs_group_id`),
  ADD KEY `parent_id` (`parent_id`),
  ADD KEY `spec_id` (`spec_id`);

--
-- Indexes for table `manufacturers`
--
ALTER TABLE `manufacturers`
  ADD PRIMARY KEY (`manf_id`),
  ADD UNIQUE KEY `manf_name` (`manf_name`),
  ADD UNIQUE KEY `code` (`code`),
  ADD KEY `brand_id` (`brand_id`);

--
-- Indexes for table `manufacturers_data`
--
ALTER TABLE `manufacturers_data`
  ADD UNIQUE KEY `manufacturer_id` (`manf_id`),
  ADD UNIQUE KEY `user_id` (`user_id`);

--
-- Indexes for table `manufacturers_test`
--
ALTER TABLE `manufacturers_test`
  ADD PRIMARY KEY (`manf_id`),
  ADD UNIQUE KEY `manf_name` (`manf_name`),
  ADD UNIQUE KEY `code` (`code`),
  ADD KEY `brand_id` (`brand_id`);

--
-- Indexes for table `manufacturer_reps`
--
ALTER TABLE `manufacturer_reps`
  ADD PRIMARY KEY (`manfrep_id`),
  ADD UNIQUE KEY `manf_id_2` (`manf_id`,`rep_id`,`country_id`,`region_id`,`city_id`),
  ADD KEY `manf_id` (`manf_id`),
  ADD KEY `rep_id` (`rep_id`),
  ADD KEY `country_id` (`country_id`),
  ADD KEY `region_id` (`region_id`),
  ADD KEY `city_id` (`city_id`);

--
-- Indexes for table `media_partners`
--
ALTER TABLE `media_partners`
  ADD PRIMARY KEY (`media_id`),
  ADD UNIQUE KEY `sku` (`sku`);

--
-- Indexes for table `messages`
--
ALTER TABLE `messages`
  ADD UNIQUE KEY `pf_id` (`pf_id`);

--
-- Indexes for table `news`
--
ALTER TABLE `news`
  ADD PRIMARY KEY (`news_id`),
  ADD UNIQUE KEY `sku` (`sku`),
  ADD KEY `sku_media` (`sku_media`);

--
-- Indexes for table `news_images`
--
ALTER TABLE `news_images`
  ADD PRIMARY KEY (`image_id`),
  ADD KEY `guide_id` (`news_id`);

--
-- Indexes for table `pages_html`
--
ALTER TABLE `pages_html`
  ADD PRIMARY KEY (`page_id`);

--
-- Indexes for table `products`
--
ALTER TABLE `products`
  ADD PRIMARY KEY (`product_id`),
  ADD KEY `manf_id` (`manf_id`),
  ADD KEY `brand_id` (`brand_id`),
  ADD KEY `manf_spec_id` (`manf_spec_id`),
  ADD KEY `brand_spec_id` (`brand_spec_id`),
  ADD KEY `family_id` (`family_id`),
  ADD KEY `fixture_1` (`fixture_1`,`family_id`),
  ADD KEY `fixture_2` (`fixture_2`,`family_id`),
  ADD KEY `fixture_3` (`fixture_3`,`family_id`),
  ADD KEY `fixture_4` (`fixture_4`,`family_id`),
  ADD KEY `mounting_1` (`mounting_1`,`family_id`),
  ADD KEY `mounting_2` (`mounting_2`,`family_id`),
  ADD KEY `mounting_3` (`mounting_3`,`family_id`),
  ADD KEY `mounting_4` (`mounting_4`,`family_id`),
  ADD KEY `environment_1` (`environment_1`,`family_id`),
  ADD KEY `environment_2` (`environment_2`,`family_id`),
  ADD KEY `environment_3` (`environment_3`,`family_id`),
  ADD KEY `environment_4` (`environment_4`,`family_id`),
  ADD KEY `environment_5` (`environment_5`,`family_id`),
  ADD KEY `lumens_min` (`lumens_min`),
  ADD KEY `lumens_max` (`lumens_max`);

--
-- Indexes for table `products_1`
--
ALTER TABLE `products_1`
  ADD PRIMARY KEY (`product_id`),
  ADD KEY `family_id` (`family_id`),
  ADD KEY `light_source` (`light_source`),
  ADD KEY `fixture_type_1` (`fixture_type_1`),
  ADD KEY `fixture_type_2` (`fixture_type_2`),
  ADD KEY `family_code` (`family_code`);

--
-- Indexes for table `products_1_data`
--
ALTER TABLE `products_1_data`
  ADD UNIQUE KEY `product_id` (`product_id`);

--
-- Indexes for table `product_news`
--
ALTER TABLE `product_news`
  ADD PRIMARY KEY (`prod_news_id`),
  ADD UNIQUE KEY `sku` (`sku`);

--
-- Indexes for table `product_news_cats`
--
ALTER TABLE `product_news_cats`
  ADD PRIMARY KEY (`node_id`),
  ADD UNIQUE KEY `parent_feature` (`parent_id`,`name`),
  ADD KEY `parent_id` (`parent_id`);

--
-- Indexes for table `product_news_images`
--
ALTER TABLE `product_news_images`
  ADD PRIMARY KEY (`image_id`),
  ADD KEY `guide_id` (`prod_news_id`);

--
-- Indexes for table `product_news_mapping`
--
ALTER TABLE `product_news_mapping`
  ADD UNIQUE KEY `prod_news_id` (`prod_news_id`,`node_id`),
  ADD KEY `node_id` (`node_id`),
  ADD KEY `active` (`active`);

--
-- Indexes for table `projects`
--
ALTER TABLE `projects`
  ADD PRIMARY KEY (`project_id`),
  ADD KEY `uid` (`uid`),
  ADD KEY `region_id` (`region_id`),
  ADD KEY `city_id` (`city_id`);

--
-- Indexes for table `projectslib`
--
ALTER TABLE `projectslib`
  ADD PRIMARY KEY (`projectslib_id`),
  ADD UNIQUE KEY `sku` (`sku`);

--
-- Indexes for table `projectslib_categories`
--
ALTER TABLE `projectslib_categories`
  ADD PRIMARY KEY (`spec_id`),
  ADD UNIQUE KEY `parent_feature` (`parent_id`,`spec`),
  ADD KEY `parent_id` (`parent_id`);

--
-- Indexes for table `projectslib_classification`
--
ALTER TABLE `projectslib_classification`
  ADD PRIMARY KEY (`projectslib_id`);

--
-- Indexes for table `projectslib_families`
--
ALTER TABLE `projectslib_families`
  ADD PRIMARY KEY (`id`),
  ADD UNIQUE KEY `projectslib_id_2` (`projectslib_id`,`family_code`),
  ADD KEY `projectslib_id` (`projectslib_id`),
  ADD KEY `family_code` (`family_code`);

--
-- Indexes for table `projectslib_images`
--
ALTER TABLE `projectslib_images`
  ADD PRIMARY KEY (`image_id`),
  ADD KEY `projectslib_id` (`projectslib_id`);

--
-- Indexes for table `projects_families`
--
ALTER TABLE `projects_families`
  ADD PRIMARY KEY (`pf_id`),
  ADD KEY `project_id` (`project_id`),
  ADD KEY `uid` (`uid`);

--
-- Indexes for table `projects_inspirations`
--
ALTER TABLE `projects_inspirations`
  ADD PRIMARY KEY (`insp_id`),
  ADD UNIQUE KEY `project_id_2` (`project_id`,`projectslib_id`),
  ADD KEY `project_id` (`project_id`),
  ADD KEY `uid` (`uid`),
  ADD KEY `projectslib_id` (`projectslib_id`),
  ADD KEY `guide_id` (`guide_id`);

--
-- Indexes for table `project_gallery`
--
ALTER TABLE `project_gallery`
  ADD PRIMARY KEY (`pr_gallery_id`),
  ADD UNIQUE KEY `sku` (`sku`);

--
-- Indexes for table `project_gallery_cats`
--
ALTER TABLE `project_gallery_cats`
  ADD PRIMARY KEY (`node_id`),
  ADD UNIQUE KEY `parent_feature` (`parent_id`,`name`),
  ADD KEY `parent_id` (`parent_id`);

--
-- Indexes for table `project_gallery_families`
--
ALTER TABLE `project_gallery_families`
  ADD PRIMARY KEY (`id`),
  ADD KEY `family_code` (`family_code`),
  ADD KEY `pr_gallery_id` (`pr_gallery_id`);

--
-- Indexes for table `project_gallery_images`
--
ALTER TABLE `project_gallery_images`
  ADD PRIMARY KEY (`image_id`),
  ADD KEY `pr_gallery_id` (`pr_gallery_id`);

--
-- Indexes for table `project_gallery_mapping`
--
ALTER TABLE `project_gallery_mapping`
  ADD UNIQUE KEY `pr_gallery_id` (`pr_gallery_id`,`node_id`),
  ADD KEY `node_id` (`node_id`,`active`);

--
-- Indexes for table `regions`
--
ALTER TABLE `regions`
  ADD PRIMARY KEY (`region_id`),
  ADD KEY `country_id` (`country_id`);

--
-- Indexes for table `reps`
--
ALTER TABLE `reps`
  ADD PRIMARY KEY (`rep_id`),
  ADD UNIQUE KEY `rep_name` (`rep_name`),
  ADD UNIQUE KEY `code` (`code`),
  ADD KEY `country_id` (`country_id`),
  ADD KEY `region_id` (`region_id`),
  ADD KEY `city_id` (`city_id`);

--
-- Indexes for table `search_options`
--
ALTER TABLE `search_options`
  ADD PRIMARY KEY (`node_id`),
  ADD UNIQUE KEY `parent_feature` (`parent_id`,`name`),
  ADD KEY `parent_id` (`parent_id`),
  ADD KEY `lft` (`lft`,`rgt`),
  ADD KEY `lft_2` (`lft`);

--
-- Indexes for table `search_options_range`
--
ALTER TABLE `search_options_range`
  ADD PRIMARY KEY (`node_id`);

--
-- Indexes for table `settings`
--
ALTER TABLE `settings`
  ADD PRIMARY KEY (`id`);

--
-- Indexes for table `sku_charmask`
--
ALTER TABLE `sku_charmask`
  ADD UNIQUE KEY `manf_code` (`manf_code`);

--
-- Indexes for table `sliders`
--
ALTER TABLE `sliders`
  ADD PRIMARY KEY (`slider_id`),
  ADD UNIQUE KEY `sku` (`sku`);

--
-- Indexes for table `sliders_images`
--
ALTER TABLE `sliders_images`
  ADD PRIMARY KEY (`image_id`),
  ADD KEY `event_id` (`slider_id`);

--
-- Indexes for table `sliders_pages`
--
ALTER TABLE `sliders_pages`
  ADD PRIMARY KEY (`page_id`);

--
-- Indexes for table `specs_images`
--
ALTER TABLE `specs_images`
  ADD UNIQUE KEY `spec_id` (`spec_id`);

--
-- Indexes for table `specs_list`
--
ALTER TABLE `specs_list`
  ADD PRIMARY KEY (`spec_id`),
  ADD UNIQUE KEY `parent_feature` (`parent_id`,`spec`),
  ADD KEY `parent_id` (`parent_id`),
  ADD KEY `lft` (`lft`,`rgt`),
  ADD KEY `lft_2` (`lft`);

--
-- Indexes for table `specs_list_test`
--
ALTER TABLE `specs_list_test`
  ADD PRIMARY KEY (`spec_id`),
  ADD UNIQUE KEY `parent_feature` (`parent_id`,`spec`),
  ADD KEY `parent_id` (`parent_id`),
  ADD KEY `lft` (`lft`,`rgt`),
  ADD KEY `lft_2` (`lft`);

--
-- Indexes for table `specs_ranges`
--
ALTER TABLE `specs_ranges`
  ADD PRIMARY KEY (`spec_id`);

--
-- Indexes for table `stats_ip`
--
ALTER TABLE `stats_ip`
  ADD PRIMARY KEY (`id`),
  ADD UNIQUE KEY `visitor_id` (`visitor_id`,`ipn`);

--
-- Indexes for table `stats_page`
--
ALTER TABLE `stats_page`
  ADD PRIMARY KEY (`page_id`),
  ADD UNIQUE KEY `page_hash` (`page_hash`);

--
-- Indexes for table `stats_visitors`
--
ALTER TABLE `stats_visitors`
  ADD PRIMARY KEY (`id`),
  ADD UNIQUE KEY `visitor_id` (`visitor_id`,`page_id`,`utc_d`),
  ADD KEY `utc_d` (`utc_d`),
  ADD KEY `visitor_id_2` (`visitor_id`),
  ADD KEY `page_id` (`page_id`);

--
-- Indexes for table `users`
--
ALTER TABLE `users`
  ADD PRIMARY KEY (`user_id`),
  ADD UNIQUE KEY `username` (`username`);

--
-- Indexes for table `users_addrbook`
--
ALTER TABLE `users_addrbook`
  ADD PRIMARY KEY (`addr_id`),
  ADD UNIQUE KEY `uid` (`uid`,`email`);

--
-- Indexes for table `users_auth`
--
ALTER TABLE `users_auth`
  ADD PRIMARY KEY (`id`),
  ADD KEY `uid` (`user_id`) USING BTREE;

--
-- Indexes for table `users_backup`
--
ALTER TABLE `users_backup`
  ADD PRIMARY KEY (`uid`),
  ADD UNIQUE KEY `hashkey` (`hashkey`,`pwd`);

--
-- Indexes for table `users_comptype`
--
ALTER TABLE `users_comptype`
  ADD PRIMARY KEY (`comptype_id`);

--
-- Indexes for table `users_data`
--
ALTER TABLE `users_data`
  ADD PRIMARY KEY (`uid`),
  ADD KEY `position_id` (`position_id`),
  ADD KEY `comptype_id` (`comptype_id`);

--
-- Indexes for table `users_positions`
--
ALTER TABLE `users_positions`
  ADD PRIMARY KEY (`position_id`);

--
-- Indexes for table `user_notes`
--
ALTER TABLE `user_notes`
  ADD PRIMARY KEY (`note_id`);

--
-- Indexes for table `visitors`
--
ALTER TABLE `visitors`
  ADD PRIMARY KEY (`visitor_id`),
  ADD UNIQUE KEY `trackcode` (`code`),
  ADD UNIQUE KEY `visitor` (`visitor`);

--
-- AUTO_INCREMENT for dumped tables
--

--
-- AUTO_INCREMENT for table `brands`
--
ALTER TABLE `brands`
  MODIFY `brand_id` tinyint(3) UNSIGNED NOT NULL AUTO_INCREMENT, AUTO_INCREMENT=24;

--
-- AUTO_INCREMENT for table `cities`
--
ALTER TABLE `cities`
  MODIFY `city_id` mediumint(8) UNSIGNED NOT NULL AUTO_INCREMENT, AUTO_INCREMENT=91777;

--
-- AUTO_INCREMENT for table `countries`
--
ALTER TABLE `countries`
  MODIFY `country_id` smallint(6) UNSIGNED NOT NULL AUTO_INCREMENT, AUTO_INCREMENT=248;

--
-- AUTO_INCREMENT for table `events`
--
ALTER TABLE `events`
  MODIFY `event_id` int(10) UNSIGNED NOT NULL AUTO_INCREMENT, AUTO_INCREMENT=61;

--
-- AUTO_INCREMENT for table `events_images`
--
ALTER TABLE `events_images`
  MODIFY `image_id` int(10) UNSIGNED NOT NULL AUTO_INCREMENT, AUTO_INCREMENT=11;

--
-- AUTO_INCREMENT for table `families`
--
ALTER TABLE `families`
  MODIFY `family_id` int(10) UNSIGNED NOT NULL AUTO_INCREMENT, AUTO_INCREMENT=5891;

--
-- AUTO_INCREMENT for table `family_images`
--
ALTER TABLE `family_images`
  MODIFY `image_id` int(10) UNSIGNED NOT NULL AUTO_INCREMENT, AUTO_INCREMENT=12290;

--
-- AUTO_INCREMENT for table `guides`
--
ALTER TABLE `guides`
  MODIFY `guide_id` mediumint(8) UNSIGNED NOT NULL AUTO_INCREMENT, AUTO_INCREMENT=187;

--
-- AUTO_INCREMENT for table `guides_categories`
--
ALTER TABLE `guides_categories`
  MODIFY `spec_id` smallint(5) UNSIGNED NOT NULL AUTO_INCREMENT, AUTO_INCREMENT=117;

--
-- AUTO_INCREMENT for table `guides_classification_backup`
--
ALTER TABLE `guides_classification_backup`
  MODIFY `id` int(10) UNSIGNED NOT NULL AUTO_INCREMENT, AUTO_INCREMENT=551;

--
-- AUTO_INCREMENT for table `guides_images`
--
ALTER TABLE `guides_images`
  MODIFY `image_id` int(10) UNSIGNED NOT NULL AUTO_INCREMENT, AUTO_INCREMENT=800;

--
-- AUTO_INCREMENT for table `hs_groups`
--
ALTER TABLE `hs_groups`
  MODIFY `hs_group_id` smallint(5) UNSIGNED NOT NULL AUTO_INCREMENT, AUTO_INCREMENT=124;

--
-- AUTO_INCREMENT for table `manufacturers`
--
ALTER TABLE `manufacturers`
  MODIFY `manf_id` int(10) UNSIGNED NOT NULL AUTO_INCREMENT, AUTO_INCREMENT=397;

--
-- AUTO_INCREMENT for table `manufacturers_test`
--
ALTER TABLE `manufacturers_test`
  MODIFY `manf_id` tinyint(3) UNSIGNED NOT NULL AUTO_INCREMENT, AUTO_INCREMENT=105;

--
-- AUTO_INCREMENT for table `manufacturer_reps`
--
ALTER TABLE `manufacturer_reps`
  MODIFY `manfrep_id` smallint(5) UNSIGNED NOT NULL AUTO_INCREMENT, AUTO_INCREMENT=96;

--
-- AUTO_INCREMENT for table `media_partners`
--
ALTER TABLE `media_partners`
  MODIFY `media_id` int(11) NOT NULL AUTO_INCREMENT, AUTO_INCREMENT=12;

--
-- AUTO_INCREMENT for table `news`
--
ALTER TABLE `news`
  MODIFY `news_id` int(10) UNSIGNED NOT NULL AUTO_INCREMENT, AUTO_INCREMENT=28;

--
-- AUTO_INCREMENT for table `news_images`
--
ALTER TABLE `news_images`
  MODIFY `image_id` int(10) UNSIGNED NOT NULL AUTO_INCREMENT, AUTO_INCREMENT=31;

--
-- AUTO_INCREMENT for table `pages_html`
--
ALTER TABLE `pages_html`
  MODIFY `page_id` tinyint(3) UNSIGNED NOT NULL AUTO_INCREMENT, AUTO_INCREMENT=13;

--
-- AUTO_INCREMENT for table `products`
--
ALTER TABLE `products`
  MODIFY `product_id` int(11) NOT NULL AUTO_INCREMENT, AUTO_INCREMENT=32834;

--
-- AUTO_INCREMENT for table `products_1`
--
ALTER TABLE `products_1`
  MODIFY `product_id` int(10) UNSIGNED NOT NULL AUTO_INCREMENT, AUTO_INCREMENT=197630;

--
-- AUTO_INCREMENT for table `product_news`
--
ALTER TABLE `product_news`
  MODIFY `prod_news_id` int(10) UNSIGNED NOT NULL AUTO_INCREMENT, AUTO_INCREMENT=162;

--
-- AUTO_INCREMENT for table `product_news_cats`
--
ALTER TABLE `product_news_cats`
  MODIFY `node_id` smallint(5) UNSIGNED NOT NULL AUTO_INCREMENT, AUTO_INCREMENT=113;

--
-- AUTO_INCREMENT for table `product_news_images`
--
ALTER TABLE `product_news_images`
  MODIFY `image_id` int(10) UNSIGNED NOT NULL AUTO_INCREMENT, AUTO_INCREMENT=1013;

--
-- AUTO_INCREMENT for table `projects`
--
ALTER TABLE `projects`
  MODIFY `project_id` int(11) UNSIGNED NOT NULL AUTO_INCREMENT, AUTO_INCREMENT=50;

--
-- AUTO_INCREMENT for table `projectslib`
--
ALTER TABLE `projectslib`
  MODIFY `projectslib_id` mediumint(8) UNSIGNED NOT NULL AUTO_INCREMENT, AUTO_INCREMENT=218;

--
-- AUTO_INCREMENT for table `projectslib_categories`
--
ALTER TABLE `projectslib_categories`
  MODIFY `spec_id` smallint(5) UNSIGNED NOT NULL AUTO_INCREMENT, AUTO_INCREMENT=135;

--
-- AUTO_INCREMENT for table `projectslib_families`
--
ALTER TABLE `projectslib_families`
  MODIFY `id` int(10) UNSIGNED NOT NULL AUTO_INCREMENT, AUTO_INCREMENT=211;

--
-- AUTO_INCREMENT for table `projectslib_images`
--
ALTER TABLE `projectslib_images`
  MODIFY `image_id` int(10) UNSIGNED NOT NULL AUTO_INCREMENT, AUTO_INCREMENT=1253;

--
-- AUTO_INCREMENT for table `projects_families`
--
ALTER TABLE `projects_families`
  MODIFY `pf_id` int(11) UNSIGNED NOT NULL AUTO_INCREMENT, AUTO_INCREMENT=298;

--
-- AUTO_INCREMENT for table `projects_inspirations`
--
ALTER TABLE `projects_inspirations`
  MODIFY `insp_id` int(10) UNSIGNED NOT NULL AUTO_INCREMENT, AUTO_INCREMENT=85;

--
-- AUTO_INCREMENT for table `project_gallery`
--
ALTER TABLE `project_gallery`
  MODIFY `pr_gallery_id` int(10) UNSIGNED NOT NULL AUTO_INCREMENT, AUTO_INCREMENT=122;

--
-- AUTO_INCREMENT for table `project_gallery_cats`
--
ALTER TABLE `project_gallery_cats`
  MODIFY `node_id` smallint(5) UNSIGNED NOT NULL AUTO_INCREMENT, AUTO_INCREMENT=101;

--
-- AUTO_INCREMENT for table `project_gallery_families`
--
ALTER TABLE `project_gallery_families`
  MODIFY `id` int(10) UNSIGNED NOT NULL AUTO_INCREMENT, AUTO_INCREMENT=562;

--
-- AUTO_INCREMENT for table `project_gallery_images`
--
ALTER TABLE `project_gallery_images`
  MODIFY `image_id` int(10) UNSIGNED NOT NULL AUTO_INCREMENT, AUTO_INCREMENT=1789;

--
-- AUTO_INCREMENT for table `regions`
--
ALTER TABLE `regions`
  MODIFY `region_id` smallint(5) UNSIGNED NOT NULL AUTO_INCREMENT, AUTO_INCREMENT=2541;

--
-- AUTO_INCREMENT for table `reps`
--
ALTER TABLE `reps`
  MODIFY `rep_id` smallint(5) UNSIGNED NOT NULL AUTO_INCREMENT, AUTO_INCREMENT=12;

--
-- AUTO_INCREMENT for table `search_options`
--
ALTER TABLE `search_options`
  MODIFY `node_id` smallint(5) UNSIGNED NOT NULL AUTO_INCREMENT, AUTO_INCREMENT=1420;

--
-- AUTO_INCREMENT for table `settings`
--
ALTER TABLE `settings`
  MODIFY `id` tinyint(4) NOT NULL AUTO_INCREMENT, AUTO_INCREMENT=2;

--
-- AUTO_INCREMENT for table `sliders`
--
ALTER TABLE `sliders`
  MODIFY `slider_id` int(11) UNSIGNED NOT NULL AUTO_INCREMENT, AUTO_INCREMENT=8;

--
-- AUTO_INCREMENT for table `sliders_images`
--
ALTER TABLE `sliders_images`
  MODIFY `image_id` int(10) UNSIGNED NOT NULL AUTO_INCREMENT, AUTO_INCREMENT=702;

--
-- AUTO_INCREMENT for table `sliders_pages`
--
ALTER TABLE `sliders_pages`
  MODIFY `page_id` int(11) NOT NULL AUTO_INCREMENT, AUTO_INCREMENT=21;

--
-- AUTO_INCREMENT for table `specs_list`
--
ALTER TABLE `specs_list`
  MODIFY `spec_id` smallint(5) UNSIGNED NOT NULL AUTO_INCREMENT, AUTO_INCREMENT=1001;

--
-- AUTO_INCREMENT for table `specs_list_test`
--
ALTER TABLE `specs_list_test`
  MODIFY `spec_id` smallint(5) UNSIGNED NOT NULL AUTO_INCREMENT, AUTO_INCREMENT=679;

--
-- AUTO_INCREMENT for table `stats_ip`
--
ALTER TABLE `stats_ip`
  MODIFY `id` int(10) UNSIGNED NOT NULL AUTO_INCREMENT, AUTO_INCREMENT=1379;

--
-- AUTO_INCREMENT for table `stats_page`
--
ALTER TABLE `stats_page`
  MODIFY `page_id` int(10) UNSIGNED NOT NULL AUTO_INCREMENT, AUTO_INCREMENT=147;

--
-- AUTO_INCREMENT for table `stats_visitors`
--
ALTER TABLE `stats_visitors`
  MODIFY `id` int(11) NOT NULL AUTO_INCREMENT, AUTO_INCREMENT=1730;

--
-- AUTO_INCREMENT for table `users`
--
ALTER TABLE `users`
  MODIFY `user_id` int(10) UNSIGNED NOT NULL AUTO_INCREMENT, AUTO_INCREMENT=63;

--
-- AUTO_INCREMENT for table `users_addrbook`
--
ALTER TABLE `users_addrbook`
  MODIFY `addr_id` int(10) UNSIGNED NOT NULL AUTO_INCREMENT, AUTO_INCREMENT=80;

--
-- AUTO_INCREMENT for table `users_backup`
--
ALTER TABLE `users_backup`
  MODIFY `uid` int(10) UNSIGNED NOT NULL AUTO_INCREMENT, AUTO_INCREMENT=31;

--
-- AUTO_INCREMENT for table `users_comptype`
--
ALTER TABLE `users_comptype`
  MODIFY `comptype_id` tinyint(3) UNSIGNED NOT NULL AUTO_INCREMENT, AUTO_INCREMENT=13;

--
-- AUTO_INCREMENT for table `users_positions`
--
ALTER TABLE `users_positions`
  MODIFY `position_id` tinyint(3) UNSIGNED NOT NULL AUTO_INCREMENT, AUTO_INCREMENT=13;

--
-- AUTO_INCREMENT for table `user_notes`
--
ALTER TABLE `user_notes`
  MODIFY `note_id` int(10) UNSIGNED NOT NULL AUTO_INCREMENT, AUTO_INCREMENT=11;

--
-- AUTO_INCREMENT for table `visitors`
--
ALTER TABLE `visitors`
  MODIFY `visitor_id` int(10) UNSIGNED NOT NULL AUTO_INCREMENT, AUTO_INCREMENT=9;

--
-- Constraints for dumped tables
--

--
-- Constraints for table `events_images`
--
ALTER TABLE `events_images`
  ADD CONSTRAINT `events_images_ibfk_1` FOREIGN KEY (`event_id`) REFERENCES `events` (`event_id`) ON DELETE CASCADE ON UPDATE CASCADE;

--
-- Constraints for table `families`
--
ALTER TABLE `families`
  ADD CONSTRAINT `families_ibfk_1` FOREIGN KEY (`manf_id`) REFERENCES `manufacturers` (`manf_id`) ON DELETE CASCADE ON UPDATE CASCADE;

--
-- Constraints for table `families_preview`
--
ALTER TABLE `families_preview`
  ADD CONSTRAINT `families_preview_ibfk_1` FOREIGN KEY (`family_code`) REFERENCES `families` (`family_code`) ON DELETE CASCADE ON UPDATE CASCADE;

--
-- Constraints for table `manufacturers_data`
--
ALTER TABLE `manufacturers_data`
  ADD CONSTRAINT `manufacturers_data_ibfk_1` FOREIGN KEY (`manf_id`) REFERENCES `manufacturers` (`manf_id`) ON DELETE CASCADE ON UPDATE CASCADE,
  ADD CONSTRAINT `manufacturers_data_ibfk_2` FOREIGN KEY (`user_id`) REFERENCES `users` (`user_id`) ON DELETE CASCADE ON UPDATE CASCADE;

--
-- Constraints for table `manufacturer_reps`
--
ALTER TABLE `manufacturer_reps`
  ADD CONSTRAINT `manufacturer_reps_ibfk_2` FOREIGN KEY (`rep_id`) REFERENCES `reps` (`rep_id`) ON DELETE CASCADE ON UPDATE CASCADE,
  ADD CONSTRAINT `manufacturer_reps_ibfk_3` FOREIGN KEY (`manf_id`) REFERENCES `manufacturers` (`manf_id`) ON DELETE CASCADE ON UPDATE CASCADE;

--
-- Constraints for table `news_images`
--
ALTER TABLE `news_images`
  ADD CONSTRAINT `news_images_ibfk_1` FOREIGN KEY (`news_id`) REFERENCES `news` (`news_id`) ON DELETE CASCADE ON UPDATE CASCADE;

--
-- Constraints for table `products`
--
ALTER TABLE `products`
  ADD CONSTRAINT `products_ibfk_1` FOREIGN KEY (`manf_id`) REFERENCES `manufacturers` (`manf_id`) ON DELETE CASCADE ON UPDATE CASCADE;

--
-- Constraints for table `product_news_images`
--
ALTER TABLE `product_news_images`
  ADD CONSTRAINT `product_news_images_ibfk_1` FOREIGN KEY (`prod_news_id`) REFERENCES `product_news` (`prod_news_id`) ON DELETE CASCADE ON UPDATE CASCADE;

--
-- Constraints for table `product_news_mapping`
--
ALTER TABLE `product_news_mapping`
  ADD CONSTRAINT `product_news_mapping_ibfk_1` FOREIGN KEY (`node_id`) REFERENCES `product_news_cats` (`node_id`) ON DELETE CASCADE ON UPDATE CASCADE,
  ADD CONSTRAINT `product_news_mapping_ibfk_2` FOREIGN KEY (`prod_news_id`) REFERENCES `product_news` (`prod_news_id`) ON DELETE CASCADE ON UPDATE CASCADE;

--
-- Constraints for table `projects`
--
ALTER TABLE `projects`
  ADD CONSTRAINT `projects_ibfk_1` FOREIGN KEY (`uid`) REFERENCES `users` (`user_id`) ON DELETE CASCADE ON UPDATE CASCADE;

--
-- Constraints for table `projectslib_images`
--
ALTER TABLE `projectslib_images`
  ADD CONSTRAINT `projectslib_images_ibfk_1` FOREIGN KEY (`projectslib_id`) REFERENCES `projectslib` (`projectslib_id`) ON DELETE CASCADE ON UPDATE CASCADE;

--
-- Constraints for table `projects_families`
--
ALTER TABLE `projects_families`
  ADD CONSTRAINT `projects_families_ibfk_1` FOREIGN KEY (`project_id`) REFERENCES `projects` (`project_id`) ON DELETE CASCADE ON UPDATE CASCADE,
  ADD CONSTRAINT `projects_families_ibfk_2` FOREIGN KEY (`uid`) REFERENCES `users` (`user_id`) ON DELETE CASCADE ON UPDATE CASCADE;

--
-- Constraints for table `projects_inspirations`
--
ALTER TABLE `projects_inspirations`
  ADD CONSTRAINT `projects_inspirations_ibfk_1` FOREIGN KEY (`project_id`) REFERENCES `projects` (`project_id`) ON DELETE CASCADE ON UPDATE CASCADE,
  ADD CONSTRAINT `projects_inspirations_ibfk_3` FOREIGN KEY (`projectslib_id`) REFERENCES `projectslib` (`projectslib_id`) ON DELETE CASCADE ON UPDATE CASCADE,
  ADD CONSTRAINT `projects_inspirations_ibfk_4` FOREIGN KEY (`guide_id`) REFERENCES `guides` (`guide_id`) ON DELETE CASCADE ON UPDATE CASCADE,
  ADD CONSTRAINT `projects_inspirations_ibfk_5` FOREIGN KEY (`uid`) REFERENCES `users` (`user_id`) ON DELETE CASCADE ON UPDATE CASCADE;

--
-- Constraints for table `project_gallery_families`
--
ALTER TABLE `project_gallery_families`
  ADD CONSTRAINT `project_gallery_families_ibfk_1` FOREIGN KEY (`pr_gallery_id`) REFERENCES `project_gallery` (`pr_gallery_id`) ON DELETE CASCADE ON UPDATE CASCADE;

--
-- Constraints for table `project_gallery_images`
--
ALTER TABLE `project_gallery_images`
  ADD CONSTRAINT `project_gallery_images_ibfk_1` FOREIGN KEY (`pr_gallery_id`) REFERENCES `project_gallery` (`pr_gallery_id`) ON DELETE CASCADE ON UPDATE CASCADE;

--
-- Constraints for table `project_gallery_mapping`
--
ALTER TABLE `project_gallery_mapping`
  ADD CONSTRAINT `project_gallery_mapping_ibfk_1` FOREIGN KEY (`node_id`) REFERENCES `project_gallery_cats` (`node_id`) ON DELETE CASCADE ON UPDATE CASCADE,
  ADD CONSTRAINT `project_gallery_mapping_ibfk_2` FOREIGN KEY (`pr_gallery_id`) REFERENCES `project_gallery` (`pr_gallery_id`) ON DELETE CASCADE ON UPDATE CASCADE;

--
-- Constraints for table `regions`
--
ALTER TABLE `regions`
  ADD CONSTRAINT `regions_ibfk_1` FOREIGN KEY (`country_id`) REFERENCES `countries` (`country_id`) ON DELETE CASCADE ON UPDATE CASCADE;

--
-- Constraints for table `search_options_range`
--
ALTER TABLE `search_options_range`
  ADD CONSTRAINT `search_options_range_ibfk_1` FOREIGN KEY (`node_id`) REFERENCES `search_options` (`node_id`) ON DELETE CASCADE ON UPDATE CASCADE;

--
-- Constraints for table `sku_charmask`
--
ALTER TABLE `sku_charmask`
  ADD CONSTRAINT `sku_charmask_ibfk_1` FOREIGN KEY (`manf_code`) REFERENCES `manufacturers` (`code`) ON DELETE CASCADE ON UPDATE CASCADE;

--
-- Constraints for table `sliders_images`
--
ALTER TABLE `sliders_images`
  ADD CONSTRAINT `sliders_images_ibfk_1` FOREIGN KEY (`slider_id`) REFERENCES `sliders` (`slider_id`) ON DELETE CASCADE ON UPDATE CASCADE;

--
-- Constraints for table `users_data`
--
ALTER TABLE `users_data`
  ADD CONSTRAINT `users_data_ibfk_2` FOREIGN KEY (`position_id`) REFERENCES `users_positions` (`position_id`),
  ADD CONSTRAINT `users_data_ibfk_3` FOREIGN KEY (`comptype_id`) REFERENCES `users_comptype` (`comptype_id`);
COMMIT;

