-- Table structure for table `projectslib_categories`
--

CREATE TABLE `projectslib_categories` (
  `spec_id` smallint(5) UNSIGNED NOT NULL,
  `parent_id` smallint(5) UNSIGNED NOT NULL,
  `spec` varchar(32) NOT NULL,
  `lft` smallint(5) UNSIGNED NOT NULL,
  `rgt` smallint(10) UNSIGNED NOT NULL
) ENGINE=InnoDB DEFAULT CHARSET=utf8;

--
-- RELATIONSHIPS FOR TABLE `projectslib_categories`:
--

--
-- Dumping data for table `projectslib_categories`
--

INSERT INTO `projectslib_categories` (`spec_id`, `parent_id`, `spec`, `lft`, `rgt`) VALUES
(1, 0, 'Classification', 1, 174),
(2, 1, 'Location', 2, 21),
(3, 1, 'Light Source', 22, 39),
(4, 1, 'Luminaire Type', 40, 57),
(5, 1, 'Project Type', 58, 103),
(6, 1, 'Manufacturers', 104, 173),
(7, 2, 'North America', 3, 4),
(8, 2, 'Europe', 5, 6),
(9, 2, 'Asia', 7, 8),
(10, 2, 'USA', 9, 10),
(11, 2, 'Australia', 11, 12),
(14, 4, 'Flood lighting', 41, 42),
(16, 4, 'General Lighting', 43, 44),
(17, 4, 'Accent Lighting', 45, 46),
(18, 5, 'Commercial', 59, 60),
(19, 5, 'Hospitality', 61, 62),
(20, 5, 'Roadways', 63, 64),
(21, 5, 'Residential', 65, 66),
(22, 5, 'Industrial', 67, 68),
(23, 5, 'Transportation', 69, 70),
(24, 5, 'Healthcare', 71, 72),
(25, 5, 'Landscape', 73, 74),
(26, 5, 'Water features', 75, 76),
(27, 6, 'Traxon Technologies', 105, 106),
(28, 6, 'Lumenpulse', 107, 108),
(29, 2, 'South America', 13, 14),
(30, 2, 'Africa', 15, 16),
(33, 5, 'Museums', 77, 78),
(34, 5, 'Retail', 79, 80),
(35, 4, 'Media Display', 47, 48),
(37, 5, 'Public', 81, 82),
(38, 5, 'Sports', 83, 84),
(39, 5, 'Religious', 85, 86),
(40, 6, 'BEGA', 109, 110),
(41, 4, 'Area Lighting', 49, 50),
(42, 5, 'Administrative', 87, 88),
(44, 6, 'Edge Lighting', 111, 112),
(45, 6, 'Focal Point Lights', 113, 114),
(46, 6, 'Element Lighting', 115, 116),
(47, 3, 'LED White', 23, 24),
(48, 3, 'LED Dinamic White', 25, 26),
(49, 3, 'LED RGB', 27, 28),
(50, 3, 'OLED', 29, 30),
(51, 5, 'Parking Lighting', 89, 90),
(52, 5, 'Facade', 91, 92),
(53, 5, 'Art Installations', 93, 94),
(54, 5, 'Monuments', 95, 96),
(55, 2, 'Canada', 17, 18),
(56, 3, 'Fluorescent', 31, 32),
(57, 3, 'HID', 33, 34),
(58, 3, 'Incandescent', 35, 36),
(59, 3, 'Induction', 37, 38),
(60, 4, 'Decorative', 51, 52),
(62, 6, 'ERCO', 117, 118),
(63, 4, 'Wallwasher', 53, 54),
(64, 6, 'Delta Light', 119, 120),
(65, 6, 'iGuzzini', 121, 122),
(66, 6, 'Targetti', 123, 124),
(67, 6, 'USAI Lighting', 125, 126),
(68, 6, 'We-ef Lighting', 127, 128),
(69, 6, 'Precision Lighting', 129, 130),
(70, 6, 'Hacel', 131, 132),
(74, 6, 'Fagerhult', 133, 134),
(76, 6, 'ateljé Lyktan', 135, 136),
(77, 6, 'ADO Lights', 137, 138),
(78, 6, 'ROXO Lighting', 139, 140),
(79, 6, 'Swarovski', 141, 142),
(80, 6, 'Buzzi Space', 143, 144),
(81, 6, 'Artemide', 145, 146),
(82, 5, 'Culture', 97, 98),
(83, 6, 'Axolight', 147, 148),
(84, 6, 'Hoffmeister', 149, 150),
(85, 6, 'Davide Groppi', 151, 152),
(86, 6, 'Intra Lighting', 153, 154),
(87, 5, 'Office', 99, 100),
(88, 4, 'Inground', 55, 56),
(89, 5, 'Education', 101, 102),
(90, 6, 'Wayson Lighting', 155, 156),
(91, 6, 'acdc', 157, 158),
(92, 6, 'Philips', 159, 160),
(93, 2, 'New Zealand', 19, 20),
(94, 6, 'Zumtobel', 161, 162),
(95, 6, 'Reggiani', 163, 164),
(96, 6, 'BUZZI & BUZZI', 165, 166),
(97, 6, 'Sattler', 167, 168),
(98, 6, 'Louis Poulsen', 169, 170),
(99, 6, 'Waldmann', 171, 172);

-- --------------------------------------------------------

--
-- Table structure for table `projectslib_classification`
--

CREATE TABLE `projectslib_classification` (
  `projectslib_id` mediumint(8) UNSIGNED NOT NULL,
  `active` tinyint(3) UNSIGNED NOT NULL,
  `location` smallint(5) UNSIGNED NOT NULL,
  `category` smallint(5) UNSIGNED NOT NULL,
  `luminaire_type` smallint(5) UNSIGNED NOT NULL,
  `project_type` smallint(5) UNSIGNED NOT NULL,
  `manufacturer` smallint(5) UNSIGNED NOT NULL
) ENGINE=InnoDB DEFAULT CHARSET=utf8;

--
-- RELATIONSHIPS FOR TABLE `projectslib_classification`:
--   `projectslib_id`
--       `projectslib` -> `projectslib_id`
--

--
-- Dumping data for table `projectslib_classification`
--

INSERT INTO `projectslib_classification` (`projectslib_id`, `active`, `location`, `category`, `luminaire_type`, `project_type`, `manufacturer`) VALUES
(7, 1, 8, 49, 35, 34, 27),
(8, 1, 10, 47, 17, 24, 28),
(9, 1, 55, 49, 14, 52, 28),
(10, 1, 55, 47, 16, 19, 28),
(11, 1, 10, 47, 16, 33, 28),
(12, 1, 10, 49, 35, 19, 27),
(13, 1, 8, 47, 17, 34, 27),
(14, 1, 29, 49, 17, 52, 27),
(15, 1, 8, 49, 17, 53, 27),
(16, 1, 10, 49, 17, 18, 27),
(17, 1, 8, 49, 17, 34, 27),
(18, 1, 7, 49, 17, 19, 27),
(19, 1, 8, 49, 35, 18, 27),
(20, 1, 29, 49, 17, 23, 27),
(21, 1, 8, 49, 17, 53, 27),
(22, 1, 9, 49, 35, 34, 27),
(23, 1, 8, 49, 17, 34, 27),
(24, 1, 8, 49, 17, 53, 27),
(25, 1, 10, 49, 17, 19, 27),
(26, 1, 29, 49, 14, 54, 27),
(27, 1, 10, 49, 17, 24, 28),
(28, 1, 55, 49, 14, 33, 28),
(29, 1, 55, 49, 14, 38, 28),
(30, 1, 10, 47, 14, 39, 28),
(31, 1, 10, 49, 14, 52, 28),
(32, 1, 55, 49, 17, 52, 28),
(33, 1, 8, 47, 16, 34, 28),
(34, 1, 10, 47, 14, 52, 28),
(36, 0, 10, 47, 41, 51, 40),
(37, 1, 10, 49, 17, 21, 44),
(38, 1, 10, 49, 17, 34, 44),
(39, 1, 10, 47, 16, 18, 44),
(40, 1, 10, 47, 16, 18, 44),
(41, 1, 10, 47, 16, 18, 45),
(42, 1, 10, 47, 16, 18, 45),
(43, 1, 10, 47, 16, 34, 46),
(44, 1, 10, 47, 16, 21, 46),
(45, 1, 10, 47, 16, 18, 46),
(47, 1, 10, 49, 17, 24, 27),
(48, 0, 7, 47, 16, 18, 40),
(51, 1, 55, 48, 17, 23, 28),
(52, 1, 8, 48, 14, 38, 28),
(53, 1, 10, 48, 17, 53, 28),
(54, 0, 55, 49, 16, 37, 28),
(55, 1, 55, 47, 16, 34, 28),
(56, 1, 8, 47, 17, 34, 27),
(57, 0, 8, 47, 16, 34, 28),
(58, 0, 55, 47, 16, 34, 28),
(59, 0, 8, 47, 17, 34, 28),
(60, 0, 55, 47, 17, 18, 28),
(61, 0, 8, 47, 63, 53, 62),
(62, 0, 8, 47, 63, 53, 62),
(63, 1, 10, 47, 17, 34, 64),
(64, 1, 8, 47, 17, 21, 64),
(65, 1, 10, 49, 60, 34, 27),
(66, 1, 8, 49, 60, 19, 27),
(67, 0, 8, 49, 60, 19, 27),
(68, 1, 8, 49, 60, 52, 65),
(69, 1, 8, 48, 17, 39, 65),
(70, 1, 8, 47, 16, 39, 65),
(71, 1, 8, 47, 16, 34, 65),
(72, 1, 10, 49, 17, 18, 66),
(73, 1, 9, 49, 17, 19, 66),
(74, 1, 10, 49, 17, 34, 66),
(75, 1, 10, 47, 17, 53, 67),
(76, 1, 10, 47, 17, 37, 67),
(77, 1, 10, 47, 17, 18, 67),
(78, 1, 8, 47, 41, 21, 68),
(79, 1, 11, 47, 41, 37, 68),
(80, 1, 8, 47, 17, 18, 68),
(81, 1, 11, 47, 41, 18, 68),
(82, 1, 8, 47, 17, 33, 69),
(83, 1, 8, 47, 17, 34, 62),
(84, 1, 8, 47, 17, 18, 62),
(85, 1, 8, 47, 16, 33, 76),
(86, 1, 8, 47, 17, 42, 78),
(87, 1, 8, 47, 16, 18, 80),
(88, 1, 8, 47, 16, 82, 81),
(89, 1, 8, 47, 16, 19, 81),
(90, 1, 8, 47, 16, 19, 83),
(91, 1, 8, 47, 16, 42, 84),
(92, 1, 8, 47, 17, 19, 85),
(93, 1, 10, 47, 60, 21, 85),
(94, 1, 8, 47, 16, 33, 65),
(95, 1, 8, 47, 16, 18, 65),
(96, 1, 8, 47, 41, 82, 65),
(97, 1, 8, 47, 16, 87, 86),
(98, 1, 8, 47, 88, 52, 86),
(99, 1, 11, 47, 41, 89, 68),
(100, 1, 9, 47, 16, 23, 90),
(101, 1, 8, 47, 17, 52, 91),
(102, 1, 8, 47, 16, 39, 91),
(103, 1, 55, 47, 14, 42, 28),
(104, 1, 93, 49, 17, 26, 92),
(105, 1, 8, 48, 16, 21, 92),
(106, 1, 8, 47, 16, 82, 94),
(107, 1, 8, 47, 16, 89, 94),
(108, 1, 8, 47, 16, 19, 95),
(109, 1, 8, 47, 16, 37, 95),
(110, 1, 8, 47, 16, 19, 96),
(111, 1, 8, 47, 16, 87, 97),
(112, 1, 8, 47, 16, 37, 98),
(113, 1, 8, 47, 16, 19, 98),
(114, 1, 8, 47, 16, 87, 99),
(115, 1, 8, 47, 16, 87, 99);

-- --------------------------------------------------------

--
-- Table structure for table `projectslib_families`
--

CREATE TABLE `projectslib_families` (
  `id` int(10) UNSIGNED NOT NULL,
  `projectslib_id` mediumint(8) UNSIGNED NOT NULL,
  `family_code` varchar(64) NOT NULL
) ENGINE=InnoDB DEFAULT CHARSET=utf8;

--
-- RELATIONSHIPS FOR TABLE `projectslib_families`:
--   `projectslib_id`
--       `projectslib` -> `projectslib_id`
--   `family_code`
--       `families` -> `family_code`
--

--
-- Dumping data for table `projectslib_families`
--

INSERT INTO `projectslib_families` (`id`, `projectslib_id`, `family_code`) VALUES
(67, 29, 'LMP_LBX'),
(127, 36, 'BGA_88977'),
(51, 37, 'EDG_SS3-RGB'),
(52, 38, 'EDG_SS3-RGB'),
(42, 39, 'EDG_jbox'),
(43, 40, 'EDG_jbox'),
(59, 41, 'FOP_FSM2LS-FL'),
(60, 42, 'FOP_FLC44D'),
(61, 43, 'ELM_E3R-F-B'),
(62, 43, 'ELM_E3R-F-F'),
(63, 43, 'ELM_E3R-L-B'),
(53, 44, 'ELM_E3R-F-B'),
(54, 44, 'ELM_E3R-F-F'),
(55, 44, 'ELM_E3R-L-B'),
(56, 45, 'ELM_E3R-F-B'),
(57, 45, 'ELM_E3R-F-F'),
(58, 45, 'ELM_E3R-L-B'),
(65, 47, 'TRX_16PXL'),
(73, 51, 'LMP_LBX-DWH'),
(74, 52, 'LMP_LBX-DWH'),
(94, 53, 'LMP_LBX-DWH'),
(134, 54, 'LMP_LBLP-CC'),
(78, 55, 'LMP_LAMC3'),
(85, 56, 'LMP_LAMC1'),
(84, 56, 'LMP_LAMC3'),
(129, 57, 'LMP_LAMC3'),
(131, 58, 'LMP_LAMC1'),
(130, 58, 'LMP_LAMC3'),
(93, 59, 'LMP_LAMC1'),
(92, 60, 'LMP_LAMC1'),
(128, 61, 'ERC_Pantrac-5733'),
(132, 62, 'ERC_Pantrac-5733'),
(122, 63, 'DLT_6274882515ADED1'),
(124, 63, 'DLT_6274882515ADED8'),
(123, 63, 'DLT_6274883224ADED8'),
(114, 64, 'DLT_6274882515ADED1'),
(116, 64, 'DLT_6274882515ADED8'),
(115, 64, 'DLT_6274883224ADED8'),
(125, 65, 'TRX_16PXL'),
(126, 66, 'TRX_16PXL'),
(135, 67, 'TRX_16PXL'),
(136, 68, 'IGZ_SB-16'),
(137, 68, 'IGZ_TB-16'),
(139, 69, 'IGZ_I-MQ/I-MU'),
(138, 69, 'IGZ_I-MXJ0'),
(140, 69, 'IGZ_LB'),
(142, 71, 'IGZ_I-ADR'),
(147, 72, 'TRG_CCM-A'),
(146, 72, 'TRG_CCM-F'),
(145, 72, 'TRG_CCM-F-II'),
(148, 72, 'TRG_CCM-I'),
(144, 72, 'TRG_DL'),
(143, 72, 'TRG_DL-ES'),
(153, 73, 'TRG_CCM-A'),
(152, 73, 'TRG_CCM-F'),
(151, 73, 'TRG_CCM-F-II'),
(154, 73, 'TRG_CCM-I'),
(150, 73, 'TRG_DL'),
(149, 73, 'TRG_DL-ES'),
(159, 74, 'TRG_CCM-A'),
(158, 74, 'TRG_CCM-F'),
(157, 74, 'TRG_CCM-F-II'),
(160, 74, 'TRG_CCM-I'),
(156, 74, 'TRG_DL'),
(155, 74, 'TRG_DL-ES'),
(161, 74, 'TRG_DRL'),
(175, 75, 'USA_LRLA3'),
(174, 75, 'USA_LRTD4-2-1'),
(176, 75, 'WEF_111-0188'),
(167, 76, 'USA_LN10RA'),
(166, 76, 'USA_LN10RD'),
(165, 76, 'USA_LRTD4'),
(164, 76, 'USA_LRTD4-2-1'),
(170, 77, 'USA_LMRTA4-2'),
(169, 77, 'USA_LRLA3'),
(168, 77, 'USA_LRTD4-2-1'),
(172, 78, 'WEF_105-0076'),
(171, 78, 'WEF_115-0172'),
(173, 78, 'WEF_185-2658'),
(177, 79, 'WEF_108-1500'),
(178, 79, 'WEF_108-1552'),
(179, 81, 'WEF_111-0188'),
(180, 81, 'WEF_111-0403'),
(182, 94, 'IGZ_I-MR98'),
(181, 94, 'IGZ_I-MXJ0');

-- --------------------------------------------------------

--
-- Table structure for table `projectslib_images`
--

CREATE TABLE `projectslib_images` (
  `image_id` int(10) UNSIGNED NOT NULL,
  `projectslib_id` mediumint(8) UNSIGNED NOT NULL,
  `img_src` varchar(255) NOT NULL,
  `alt_name` varchar(255) NOT NULL,
  `img_subtitle` varchar(255) NOT NULL
) ENGINE=InnoDB DEFAULT CHARSET=utf8;

--
-- RELATIONSHIPS FOR TABLE `projectslib_images`:
--   `projectslib_id`
--       `projectslib` -> `projectslib_id`
--

--
-- Dumping data for table `projectslib_images`
--

INSERT INTO `projectslib_images` (`image_id`, `projectslib_id`, `img_src`, `alt_name`, `img_subtitle`) VALUES
(476, 39, 'Edge_Lighting_merch_mart_11.jpg', 'Cirrus Channel D1 installation.', 'Cirrus Channel D1 installation.'),
(477, 40, 'Edge_Lighting_cirrus_channel_d1_install_08.jpg', 'Cirrus Channel D1 installation.', 'Cirrus Channel D1 installation.'),
(483, 37, 'Edge_Lighting_ss3_soft_strip_rgb_install_07.jpg', 'SS3 soft strip. cove lighting', 'SS3 soft strip. cove lighting'),
(484, 38, 'Edge_Lighting_soft_strip_3w_12v_install2.jpg', 'SS3 RGB Installation', 'SS3 RGB Installation'),
(485, 44, 'Element_Lighting_CherryWoodKitchen1.jpg', 'Adjustable LED downlight installation.', 'Adjustable LED downlight installation.'),
(486, 45, 'Element_Lighting_EmpireStateOffice1.jpg', 'Adjustable LED downlight installation.', 'Adjustable LED downlight installation.'),
(487, 41, 'Focal_Point_FSM2LS_criteo_01.jpg', 'Seem 2 LED Suspended', 'Seem 2 LED Suspended'),
(488, 42, 'Focal_Point_FLC44_salesforce.jpg', 'Salesforce, San Francisco, California', 'Salesforce, San Francisco, California'),
(513, 7, 'TRX001_Kamppi_Shopping_Mall_01.jpg', 'Kamppi Shopping Mall', 'Kamppi Shopping Mall'),
(514, 7, 'TRX001_Kamppi_Shopping_Mall_02.jpg', 'Kamppi Shopping Mall', 'Kamppi Shopping Mall'),
(515, 7, 'TRX001_Mirror_64PXL.jpg', 'Mirror 64PXL Wash panels', 'Mirror 64PXL Wash panels'),
(516, 7, 'TRX001_Mirror_64PXL_m.jpg', 'Mirror 64PXL Wash panels', 'Mirror 64PXL Wash panels'),
(517, 12, 'TRX002_David_H_Koch_Theater_Lincoln_Center_01.jpg', 'David H. Koch Theater. Lincoln Center', 'David H. Koch Theater. Lincoln Center'),
(518, 12, 'TRX002_David_H_Koch_Theater_Lincoln_Center_02.jpg', 'David H. Koch Theater. Lincoln Center', 'David H. Koch Theater. Lincoln Center'),
(519, 12, 'TRX002_1PXL.jpg', '', ''),
(520, 13, 'TRX003_Nova_Eventis_Shopping_Mall_01.jpg', 'Nova Eventis Shopping Mall', 'Nova Eventis Shopping Mall'),
(521, 13, 'TRX003_Nova_Eventis_Shopping_Mall_02.jpg', 'Nova Eventis Shopping Mall', 'Nova Eventis Shopping Mall'),
(522, 14, 'TRX004_Cronos_01.jpg', 'Cronos', 'Cronos'),
(523, 15, 'TRX005_Cube_Chandelier-Zwolle_01.jpg', 'Cube Chandelier-Zwolle', 'Cube Chandelier-Zwolle'),
(524, 16, 'TRX006_Lutron_Showroom_01.jpg', 'Lutron Showroom', 'Lutron Showroom'),
(525, 17, 'TRX007_ESPRIT_Flagship_Store_01.jpg', 'ESPRIT Flagship Store', 'ESPRIT Flagship Store'),
(527, 18, 'TRX008_CRUSH_Teen_Club_at_Atlantis_01.jpg', 'CRUSH Teen Club at Atlantis', 'CRUSH Teen Club at Atlantis'),
(528, 19, 'TRX009_Euratechnologies_01.jpg', 'Euratechnologies', 'Euratechnologies'),
(529, 19, 'TRX009_Euratechnologies_02.jpg', 'Euratechnologies', 'Euratechnologies'),
(530, 20, 'TRX010_Los_Libertadores_Bridge_01.jpg', 'Los Libertadores Bridge', 'Los Libertadores Bridge'),
(531, 21, 'TRX011_Project_Hope_01.jpg', 'Project Hope', 'Project Hope'),
(532, 22, 'TRX012_Sephora_Qianmen_Flagship_Store_01.jpg', 'Sephora Qianmen Flagship Store', 'Sephora Qianmen Flagship Store'),
(533, 23, 'TRX013_La_Geode_Entrance_01.jpg', 'La Geode Entrance', 'La Geode Entrance'),
(534, 24, 'TRX014_OVO_01.jpg', 'OVO', 'OVO'),
(535, 24, 'TRX014_OVO_02.jpg', 'OVO', 'OVO'),
(536, 25, 'TRX015_Roka_Akor_01.jpg', 'Roka Akor', 'Roka Akor'),
(537, 25, 'TRX015_Roka_Akor_02.jpg', 'Roka Akor', 'Roka Akor'),
(538, 26, 'TRX016_Christ_the_Redeemer_Monument_01.jpg', 'Christ the Redeemer Monument', 'Christ the Redeemer Monument'),
(539, 26, 'TRX016_Christ_the_Redeemer_Monument_02.jpg', 'Christ the Redeemer Monument', 'Christ the Redeemer Monument'),
(542, 43, 'Element_Lighting_element_square_sl_hires.jpg', 'Element Lighting Applications', 'Element Lighting Applications'),
(545, 47, 'Nemours_Children_Hospital.jpg', 'Nemours Children’s Hospital - Orlando, FL', 'Nemours Children’s Hospital - Orlando, FL'),
(548, 10, 'LMP007_The_Casino_de_Montreal_01.jpg', 'The Casino de Montreal', 'The Casino de Montreal'),
(551, 31, 'LMP009_230_Park_Avenue_01.jpg', '230 Park Avenue', '230 Park Avenue'),
(552, 31, 'LMP009_230_Park_Avenue_02.jpg', '230 Park Avenue', '230 Park Avenue'),
(553, 8, 'LMP002_Yale-New_Haven_Hospital_Atrium_01.jpg', 'Yale-New Haven Hospital Atrium', 'Yale-New Haven Hospital Atrium'),
(554, 28, 'LMP003_Montreal_Museum_of_Contemporary_Art_01.jpg', 'Montreal Museum of Contemporary Art', 'Montreal Museum of Contemporary Art'),
(555, 28, 'LMP003_Montreal_Museum_of_Contemporary_Art_02.jpg', 'Montreal Museum of Contemporary Art', 'Montreal Museum of Contemporary Art'),
(556, 29, 'LMP004_BC_Place_01.jpg', 'BC Place', 'BC Place'),
(557, 29, 'LMP004_BC_Place_01.jpg', 'BC Place', 'BC Place'),
(558, 30, 'LMP005_St_John_the_Evangelist_Church_01.jpg', 'St. John the Evangelist Church', 'St. John the Evangelist Church'),
(559, 9, 'LMP006_Pacific_Centre_01.jpg', 'Pacific Centre', 'Pacific Centre'),
(560, 33, 'LMP011_Pandora_Jewelry_01.jpg', 'Pandora Jewelry', 'Pandora Jewelry'),
(561, 33, 'LMP011_Pandora_Jewelry_02.jpg', 'Pandora Jewelry', 'Pandora Jewelry'),
(562, 34, 'LMP012_Latham_Hotel_01.jpg', 'Latham Hotel', 'Latham Hotel'),
(563, 34, 'LMP012_Latham_Hotel_01.jpg', 'Latham Hotel', 'Latham Hotel'),
(564, 32, 'LMP010_Telus_World_of_Science_01.jpg', 'Telus World of Science', 'Telus World of Science'),
(565, 11, 'LMP008_Saint_Louis_Art_Museum_01.jpg', 'Saint Louis Art Museum', 'Saint Louis Art Museum'),
(566, 11, 'LMP008_Saint_Louis_Art_Museum_02.jpg', 'Saint Louis Art Museum', 'Saint Louis Art Museum'),
(567, 27, 'LMP001_Banner_MD_Anderson_Cancer_Center_01.jpg', 'Banner MD Anderson Cancer Center', 'Banner MD Anderson Cancer Center'),
(572, 51, 'LMP_Jacques_Cartier_Bridge_Lumenbeam_LBX_DWH_01.jpg', 'Lumenpulse.Jacques-Cartier Bridge.Lumenbeam LBX DWH', 'Lumenpulse.Jacques-Cartier Bridge.Lumenbeam LBX DWH'),
(573, 51, 'LMP_Jacques_Cartier_Bridge_Lumenbeam_LBX_DWH_02.jpg', 'Lumenpulse.Jacques-Cartier Bridge.Lumenbeam LBX DWH', 'Lumenpulse.Jacques-Cartier Bridge.Lumenbeam LBX DWH'),
(574, 51, 'LMP_Jacques_Cartier_Bridge_Lumenbeam_LBX_DWH_03.jpg', 'Lumenpulse.Jacques-Cartier Bridge.Lumenbeam LBX DWH', 'Lumenpulse.Jacques-Cartier Bridge.Lumenbeam LBX DWH'),
(575, 52, 'LMP_Are_Ski_Resort_Lumenbeam_LBX_DWH_01.jpg', 'Lumenpulse.Åre Ski Resort.Lumenbeam LBX DWH', 'Lumenpulse.Åre Ski Resort.Lumenbeam LBX DWH'),
(576, 52, 'LMP_Are_Ski_Resort_Lumenbeam_LBX_DWH_02.jpg', 'Lumenpulse.Åre Ski Resort.Lumenbeam LBX DWH', 'Lumenpulse.Åre Ski Resort.Lumenbeam LBX DWH'),
(577, 52, 'LMP_Are_Ski_Resort_Lumenbeam_LBX_DWH_03.jpg', 'Lumenpulse.Åre Ski Resort.Lumenbeam LBX DWH', 'Lumenpulse.Åre Ski Resort.Lumenbeam LBX DWH'),
(583, 55, 'LMP_Duty_Free_Boutiques_LAMC3_01.jpg', 'Lumenpulse.Duty-Free Boutiques.LAMC3', 'Lumenpulse.Duty-Free Boutiques.LAMC3'),
(584, 55, 'LMP_Duty_Free_Boutiques_LAMC3_02.jpg', 'Lumenpulse.Duty-Free Boutiques.LAMC3', 'Lumenpulse.Duty-Free Boutiques.LAMC3'),
(585, 55, 'LMP_Duty_Free_Boutiques_LAMC3_03.jpg', 'Lumenpulse.Duty-Free Boutiques.LAMC3', 'Lumenpulse.Duty-Free Boutiques.LAMC3'),
(599, 56, 'LMP_BMW_Rome_LAMC3_01.jpg', 'Lumenpulse.BMW Rome.LAMC3', 'Lumenpulse.BMW Rome.LAMC3'),
(600, 56, 'LMP_BMW_Rome_LAMC3_02.jpg', 'Lumenpulse.BMW Rome.LAMC3', 'Lumenpulse.BMW Rome.LAMC3'),
(609, 60, 'LMP_BMO_Capital_Markets_LAMC1_01.jpg', 'Lumenpulse.BMO Capital Markets.LAMC1', 'Lumenpulse.BMO Capital Markets.LAMC1'),
(610, 60, 'LMP_BMO_Capital_Markets_LAMC1_02.jpg', 'Lumenpulse.BMO Capital Markets.LAMC1', 'Lumenpulse.BMO Capital Markets.LAMC1'),
(611, 59, 'LMP_Jollys_House_Fraser_LAMC1_01.jpg', 'Lumenpulse.Jolly\'s House of Fraser.LAMC1', 'Lumenpulse.Jolly\'s House of Fraser.LAMC1'),
(612, 59, 'LMP_Jollys_House_Fraser_LAMC1_02.jpg', 'Lumenpulse.Jolly\'s House of Fraser.LAMC1', 'Lumenpulse.Jolly\'s House of Fraser.LAMC1'),
(613, 59, 'LMP_Jollys_House_Fraser_LAMC1_03.jpg', 'Lumenpulse.Jolly\'s House of Fraser.LAMC1', 'Lumenpulse.Jolly\'s House of Fraser.LAMC1'),
(614, 59, 'LMP_Jollys_House_Fraser_LAMC1_04.jpg', 'Lumenpulse.Jolly\'s House of Fraser.LAMC1', 'Lumenpulse.Jolly\'s House of Fraser.LAMC1'),
(615, 53, 'LMP_Space_Shuttle_Atlantis_Lumenbeam_LBX_DWH_01.jpg', 'Lumenpulse.Space Shuttle Atlantis.Lumenbeam LBX DWH', 'Lumenpulse.Space Shuttle Atlantis.Lumenbeam LBX DWH'),
(616, 53, 'LMP_Space_Shuttle_Atlantis_Lumenbeam_LBX_DWH_02.jpg', 'Lumenpulse.Space Shuttle Atlantis.Lumenbeam LBX DWH', 'Lumenpulse.Space Shuttle Atlantis.Lumenbeam LBX DWH'),
(617, 53, 'LMP_Space_Shuttle_Atlantis_Lumenbeam_LBX_DWH_03.jpg', 'Lumenpulse.Space Shuttle Atlantis.Lumenbeam LBX DWH', 'Lumenpulse.Space Shuttle Atlantis.Lumenbeam LBX DWH'),
(640, 64, 'Delta-Light-Designspace_01.jpg', 'Designspace ', 'Designspace '),
(641, 64, 'Delta-Light-Designspace_02.jpg', 'Designspace ', 'Designspace '),
(651, 63, 'Delta-Light-Other-Criteria_01.jpg', 'Other Criteria', 'Other Criteria'),
(652, 63, 'Delta-Light-Other-Criteria_03.jpg', 'Other Criteria', 'Other Criteria'),
(653, 65, 'Traxon-Chevy-Chase-Pavilion_01.jpg', 'Chevy Chase Pavilion', 'Chevy Chase Pavilion'),
(654, 65, 'Traxon-Chevy-Chase-Pavilion_02.jpg', 'Chevy Chase Pavilion', 'Chevy Chase Pavilion'),
(655, 65, 'Traxon-Chevy-Chase-Pavilion_03.jpg', 'Chevy Chase Pavilion', 'Chevy Chase Pavilion'),
(656, 66, 'Traxon-Norwegian-Cruise-Line_01.jpg', 'Norwegian Cruise Line', 'Norwegian Cruise Line'),
(657, 66, 'Traxon-Norwegian-Cruise-Line_02.jpg', 'Norwegian Cruise Line', 'Norwegian Cruise Line'),
(658, 36, 'Bega_Chandler_lg_02.png', 'Chandler City Hall', 'Bega. Chandler City Hall'),
(659, 57, 'LMP_Next_Rugby_LAMC_01.jpg', 'Lumenpulse.Next,Rugby.LAMC3', 'Lumenpulse.Next,Rugby.LAMC3'),
(660, 57, 'LMP_Next_Rugby_LAMC_02.jpg', 'Lumenpulse.Next,Rugby.LAMC3', 'Lumenpulse.Next,Rugby.LAMC3'),
(661, 57, 'LMP_Next_Rugby_LAMC_03.jpg', 'Lumenpulse.Next,Rugby.LAMC3', 'Lumenpulse.Next,Rugby.LAMC3'),
(662, 58, 'LMP_Birks_Laval_LAMC3_01.jpg', 'Lumenpulse.Birks Laval.LAMC3', 'Lumenpulse.Birks Laval.LAMC3'),
(663, 58, 'LMP_Birks_Laval_LAMC3_02.jpg', 'Lumenpulse.Birks Laval.LAMC3', 'Lumenpulse.Birks Laval.LAMC3'),
(665, 54, 'LMP_College_Montmorency_Lumenbeam_LBLP_Color_Changing_01.jpg', 'Lumenpulse.College Montmorency.Lumenbeam LP Color Changing', 'Lumenpulse.College Montmorency.Lumenbeam LP Color Changing'),
(666, 67, 'Traxon-PCK-refinery_01.jpg', 'PCK refinery', 'PCK refinery'),
(667, 67, 'Traxon-PCK-refinery_02.jpg', 'PCK refinery', 'PCK refinery'),
(668, 67, 'Traxon-PCK-refinery_03.jpg', 'PCK refinery', 'PCK refinery'),
(681, 70, 'iGuzzini-St-Pierre-Cathedral_01.jpg', 'iGuzzini. St. Pierre Cathedral', 'iGuzzini. St. Pierre Cathedral'),
(682, 70, 'iGuzzini-St-Pierre-Cathedral_02.jpg', 'iGuzzini. St. Pierre Cathedral', 'iGuzzini. St. Pierre Cathedral'),
(683, 70, 'iGuzzini-St-Pierre-Cathedral_03.jpg', 'iGuzzini. St. Pierre Cathedral', 'iGuzzini. St. Pierre Cathedral'),
(686, 68, 'iGuzzini-Castellana-77_01.jpg', 'iGuzzini Castellana 77', 'iGuzzini Castellana 77'),
(687, 68, 'iGuzzini-Castellana-77_02.jpg', 'iGuzzini Castellana 77', 'iGuzzini Castellana 77'),
(688, 68, 'iGuzzini-Castellana-77_03.jpg', 'iGuzzini Castellana 77', 'iGuzzini Castellana 77'),
(689, 69, 'iGuzzini-The-Scrovegni-Chapel_01.jpg', 'iGuzzini. The Scrovegni Chapel', 'iGuzzini. The Scrovegni Chapel'),
(690, 69, 'iGuzzini-The-Scrovegni-Chapel_02.jpg', 'iGuzzini. The Scrovegni Chapel', 'iGuzzini. The Scrovegni Chapel'),
(691, 69, 'iGuzzini-The-Scrovegni-Chapel_03.jpg', 'iGuzzini. The Scrovegni Chapel', 'iGuzzini. The Scrovegni Chapel'),
(694, 71, 'iGuzzini-Iso-Omena-shopping-centre_01.jpg', 'iGuzzini. The Iso Omena shopping centre', 'iGuzzini. The Iso Omena shopping centre'),
(695, 71, 'iGuzzini-Iso-Omena-shopping-centre_02.jpg', 'iGuzzini. The Iso Omena shopping centre', 'iGuzzini. The Iso Omena shopping centre'),
(696, 72, 'Targetti-Boston-Consulting-Group_01.jpg', 'Targetti Boston Consulting Group', 'Targetti Boston Consulting Group'),
(697, 72, 'Targetti-Boston-Consulting-Group_02.jpg', 'Targetti Boston Consulting Group', 'Targetti Boston Consulting Group'),
(698, 72, 'Targetti-Boston-Consulting-Group_03.jpg', 'Targetti Boston Consulting Group', 'Targetti Boston Consulting Group'),
(699, 73, 'Targetti-Wynn-Palace-Resort-Hotel_01.jpg', 'Targetti Wynn Palace Resort Hotel', 'Targetti Wynn Palace Resort Hotel'),
(700, 73, 'Targetti-Wynn-Palace-Resort-Hotel_02.jpg', 'Targetti Wynn Palace Resort Hotel', 'Targetti Wynn Palace Resort Hotel'),
(701, 73, 'Targetti-Wynn-Palace-Resort-Hotel_03.jpg', 'Targetti Wynn Palace Resort Hotel', 'Targetti Wynn Palace Resort Hotel'),
(702, 74, 'Targetti-Lugano-Diamond-Project_01.jpg', 'Targetti Lugano Diamond Retail Salon', 'Targetti Lugano Diamond Retail Salon'),
(703, 74, 'Targetti-Lugano-Diamond-Project_02.jpg', 'Targetti Lugano Diamond Retail Salon', 'Targetti Lugano Diamond Retail Salon'),
(704, 74, 'Targetti-Lugano-Diamond-Project_03.jpg', 'Targetti Lugano Diamond Retail Salon', 'Targetti Lugano Diamond Retail Salon'),
(708, 76, 'USAI-Museum-of-the-Bible_01.jpg', 'USAI. Museum of the Bible', 'USAI. Museum of the Bible'),
(709, 77, 'USAI-The-Bridge-at-Cornell-Tech_01.jpg', 'USAI. The Bridge at Cornell Tech', 'USAI. The Bridge at Cornell Tech'),
(710, 77, 'USAI-The-Bridge-at-Cornell-Tech_02.jpg', 'USAI. The Bridge at Cornell Tech', 'USAI. The Bridge at Cornell Tech'),
(711, 78, 'We-ef-Valentine-Place_01.jpg', 'We-ef Lighting Valentine Place', 'We-ef Lighting Valentine Place'),
(712, 78, 'We-ef-Valentine-Place_02.jpg', 'We-ef Lighting Valentine Place', 'We-ef Lighting Valentine Place'),
(713, 75, 'USAI-National-Museum-of-African-American-History-&-Culture_01.jpg', 'USAI. National Museum of African American History & Culture', 'USAI. National Museum of African American History & Culture'),
(714, 75, 'USAI-National-Museum-of-African-American-History-&-Culture_02.jpg', 'USAI. National Museum of African American History & Culture', 'USAI. National Museum of African American History & Culture'),
(715, 75, 'USAI-National-Museum-of-African-American-History-&-Culture_03.jpg', 'USAI. National Museum of African American History & Culture', 'USAI. National Museum of African American History & Culture'),
(718, 80, 'We-ef-The-Piece-Hall_01.jpg', 'We-ef Lighting The Piece Hall', 'We-ef Lighting The Piece Hall'),
(719, 80, 'We-ef-The-Piece-Hall_02.jpg', 'We-ef Lighting The Piece Hall', 'We-ef Lighting The Piece Hall'),
(720, 79, 'We-ef-Ringwood-Station_01.jpg', 'We-ef Lighting Ringwood Station', 'We-ef Lighting Ringwood Station'),
(721, 79, 'We-ef-Ringwood-Station_02.jpg', 'We-ef Lighting Ringwood Station', 'We-ef Lighting Ringwood Station'),
(724, 81, 'We-ef-Chadstone-Shopping-Centre_01.jpg', 'We-ef Lighting Chadstone Shopping Centre', 'We-ef Lighting Chadstone Shopping Centre'),
(725, 81, 'We-ef-Chadstone-Shopping-Centre_02.jpg', 'We-ef Lighting Chadstone Shopping Centre', 'We-ef Lighting Chadstone Shopping Centre'),
(726, 82, 'Precision-Lighting-Natural-History-Museum-Hintze-Hall_01.jpg', 'Precision Lighting Natural History Museum - Hintze Hall', 'Precision Lighting Natural History Museum - Hintze Hall'),
(727, 82, 'Precision-Lighting-Natural-History-Museum-Hintze-Hall_02.jpg', 'Precision Lighting Natural History Museum - Hintze Hall', 'Precision Lighting Natural History Museum - Hintze Hall'),
(729, 83, 'ERCO-Volvo-Retail-Experience-showroom_01.jpg', 'ERCO the Volvo Retail Experience in the Luleå showroom', 'ERCO the Volvo Retail Experience in the Luleå showroom'),
(731, 84, 'ERCO-Faerber-Architekten_01.jpg', 'ERCO Faerber Architekten, Mainz', 'ERCO Faerber Architekten, Mainz'),
(732, 84, 'ERCO-Faerber-Architekten_02.jpg', 'ERCO Faerber Architekten, Mainz', 'ERCO Faerber Architekten, Mainz'),
(733, 84, 'ERCO-Faerber-Architekten_03.jpg', 'ERCO Faerber Architekten, Mainz', 'ERCO Faerber Architekten, Mainz'),
(734, 84, 'ERCO-Faerber-Architekten_04.jpg', 'ERCO Faerber Architekten, Mainz', 'ERCO Faerber Architekten, Mainz'),
(735, 85, 'ateljé-Lyktan-the-Word_01.jpg', 'ateljé Lyktan The Word', 'ateljé Lyktan The Word'),
(736, 85, 'ateljé-Lyktan-the-Word_02.jpg', 'ateljé Lyktan The Word', 'ateljé Lyktan The Word'),
(737, 85, 'ateljé-Lyktan-the-Word_03.jpg', 'ateljé Lyktan The Word', 'ateljé Lyktan The Word'),
(738, 86, 'ROXO-Lighting-ANTWERP-PORT-AUTHORITY_01.jpg', 'ROXO Lighting ANTWERP PORT AUTHORITY', 'ROXO Lighting ANTWERP PORT AUTHORITY'),
(739, 86, 'ROXO-Lighting-ANTWERP-PORT-AUTHORITY_02.jpg', 'ROXO Lighting ANTWERP PORT AUTHORITY', 'ROXO Lighting ANTWERP PORT AUTHORITY'),
(740, 86, 'ROXO-Lighting-ANTWERP-PORT-AUTHORITY_03.jpg', 'ROXO Lighting ANTWERP PORT AUTHORITY', 'ROXO Lighting ANTWERP PORT AUTHORITY'),
(744, 87, 'Buzzi-Space-Kienbaum-Consultants-International-office_01.jpg', 'Buzzi Space Kienbaum Consultants International office', 'Buzzi Space Kienbaum Consultants International office'),
(745, 87, 'Buzzi-Space-Kienbaum-Consultants-International-office_02.jpg', 'Buzzi Space Kienbaum Consultants International office', 'Buzzi Space Kienbaum Consultants International office'),
(746, 87, 'Buzzi-Space-Kienbaum-Consultants-International-office_03.jpg', 'Buzzi Space Kienbaum Consultants International office', 'Buzzi Space Kienbaum Consultants International office'),
(747, 88, 'Artemide-Auditorium-SACMI_01.jpg', 'Artemide Auditorium SACMI', 'Artemide Auditorium SACMI'),
(748, 88, 'Artemide-Auditorium-SACMI_02.jpg', 'Artemide Auditorium SACMI', 'Artemide Auditorium SACMI'),
(749, 88, 'Artemide-Auditorium-SACMI_03.jpg', 'Artemide Auditorium SACMI', 'Artemide Auditorium SACMI'),
(750, 89, 'Artemide-Hotel-Il-Castelfalfi_01.jpg', 'Artemide Hotel Il Castelfalfi', 'Artemide Hotel Il Castelfalfi'),
(751, 89, 'Artemide-Hotel-Il-Castelfalfi_02.jpg', 'Artemide Hotel Il Castelfalfi', 'Artemide Hotel Il Castelfalfi'),
(752, 89, 'Artemide-Hotel-Il-Castelfalfi_03.jpg', 'Artemide Hotel Il Castelfalfi', 'Artemide Hotel Il Castelfalfi'),
(753, 90, 'Axolight-Radisson-Blue-Hotel_01.jpg', 'Axolight Radisson Blue Hotel', 'Axolight Radisson Blue Hotel'),
(754, 90, 'Axolight-Radisson-Blue-Hotel_02.jpg', 'Axolight Radisson Blue Hotel', 'Axolight Radisson Blue Hotel'),
(755, 90, 'Axolight-Radisson-Blue-Hotel_03.jpg', 'Axolight Radisson Blue Hotel', 'Axolight Radisson Blue Hotel'),
(756, 91, 'Hoffmeister-NRW-state-parliament_01.jpg', 'Hoffmeister NRW state parliament ', 'Hoffmeister NRW state parliament '),
(757, 91, 'Hoffmeister-NRW-state-parliament_02.jpg', 'Hoffmeister NRW state parliament ', 'Hoffmeister NRW state parliament '),
(758, 91, 'Hoffmeister-NRW-state-parliament_03.jpg', 'Hoffmeister NRW state parliament ', 'Hoffmeister NRW state parliament '),
(759, 92, 'Davide-Groppi-Enigma_01.jpg', 'Davide Groppi Enigma restaurant', 'Davide Groppi Enigma restaurant'),
(760, 92, 'Davide-Groppi-Enigma_02.jpg', 'Davide Groppi Enigma restaurant', 'Davide Groppi Enigma restaurant'),
(761, 92, 'Davide-Groppi-Enigma_03.jpg', 'Davide Groppi Enigma restaurant', 'Davide Groppi Enigma restaurant'),
(762, 93, 'Davide-Groppi-Model-Apartment_01.jpg', 'Davide Groppi Zaha Hadid Model Apartment', 'Davide Groppi Zaha Hadid Model Apartment'),
(763, 93, 'Davide-Groppi-Model-Apartment_02.jpg', 'Davide Groppi Zaha Hadid Model Apartment', 'Davide Groppi Zaha Hadid Model Apartment'),
(764, 93, 'Davide-Groppi-Model-Apartment_03.jpg', 'Davide Groppi Zaha Hadid Model Apartment', 'Davide Groppi Zaha Hadid Model Apartment'),
(765, 94, 'iGuzzini-The-Museum-of-the-Second-World-War_01.jpg', 'iGuzzini The Museum of the Second World War', 'iGuzzini The Museum of the Second World War'),
(766, 94, 'iGuzzini-The-Museum-of-the-Second-World-War_02.jpg', 'iGuzzini The Museum of the Second World War', 'iGuzzini The Museum of the Second World War'),
(767, 94, 'iGuzzini-The-Museum-of-the-Second-World-War_03.jpg', 'iGuzzini The Museum of the Second World War', 'iGuzzini The Museum of the Second World War'),
(768, 95, 'iGuzzini-Station-F_01.jpg', 'iGuzzini Station F', 'iGuzzini Station F'),
(769, 95, 'iGuzzini-Station-F_02.jpg', 'iGuzzini Station F', 'iGuzzini Station F'),
(770, 95, 'iGuzzini-Station-F_03.jpg', 'iGuzzini Station F', 'iGuzzini Station F'),
(771, 96, 'iGuzzini-The-Ancient-Theatre-of-Taormina_01.jpg', 'iGuzzini The Ancient Theatre of Taormina', 'iGuzzini The Ancient Theatre of Taormina'),
(772, 96, 'iGuzzini-The-Ancient-Theatre-of-Taormina_02.jpg', 'iGuzzini The Ancient Theatre of Taormina', 'iGuzzini The Ancient Theatre of Taormina'),
(773, 96, 'iGuzzini-The-Ancient-Theatre-of-Taormina_03.jpg', 'iGuzzini The Ancient Theatre of Taormina', 'iGuzzini The Ancient Theatre of Taormina'),
(778, 97, 'Intra-Lighting-NautaDutilh_01.jpg', 'Intra Lighting NautaDutilh', 'Intra Lighting NautaDutilh'),
(779, 97, 'Intra-Lighting-NautaDutilh_02.jpg', 'Intra Lighting NautaDutilh', 'Intra Lighting NautaDutilh'),
(780, 97, 'Intra-Lighting-NautaDutilh_03.jpg', 'Intra Lighting NautaDutilh', 'Intra Lighting NautaDutilh'),
(781, 97, 'Intra-Lighting-NautaDutilh_04.jpg', 'Intra Lighting NautaDutilh', 'Intra Lighting NautaDutilh'),
(788, 98, 'We-ef-Neues-Rathaus_01.jpg', 'We-ef Lighting Neues Rathaus', 'We-ef Lighting Neues Rathaus'),
(789, 98, 'We-ef-Neues-Rathaus_02.jpg', 'We-ef Lighting Neues Rathaus', 'We-ef Lighting Neues Rathaus'),
(790, 98, 'We-ef-Neues-Rathaus_03.jpg', 'We-ef Lighting Neues Rathaus', 'We-ef Lighting Neues Rathaus'),
(794, 99, 'We-ef-Monash-University-Caulfield-campus_01.jpg', 'We-ef Lighting Monash University\'s Caulfield campus', 'We-ef Lighting Monash University\'s Caulfield campus'),
(795, 99, 'We-ef-Monash-University-Caulfield-campus_02.jpg', 'We-ef Lighting Monash University\'s Caulfield campus', 'We-ef Lighting Monash University\'s Caulfield campus'),
(796, 99, 'We-ef-Monash-University-Caulfield-campus_03.jpg', 'We-ef Lighting Monash University\'s Caulfield campus', 'We-ef Lighting Monash University\'s Caulfield campus'),
(800, 100, 'Wayson-Lighting-Ashgabat-International-Airport-Main-Terminal_01.jpg', 'Wayson Lighting Ashgabat International Airport Main Terminal', 'Wayson Lighting Ashgabat International Airport Main Terminal'),
(801, 100, 'Wayson-Lighting-Ashgabat-International-Airport-Main-Terminal_02.jpg', 'Wayson Lighting Ashgabat International Airport Main Terminal', 'Wayson Lighting Ashgabat International Airport Main Terminal'),
(802, 100, 'Wayson-Lighting-Ashgabat-International-Airport-Main-Terminal_03.jpg', 'Wayson Lighting Ashgabat International Airport Main Terminal', 'Wayson Lighting Ashgabat International Airport Main Terminal'),
(803, 101, 'acdc-Oxford-Street_01.jpg', 'acdc Oxford Street', 'acdc Oxford Street'),
(804, 101, 'acdc-Oxford-Street_02.jpg', 'acdc Oxford Street', 'acdc Oxford Street'),
(805, 101, 'acdc-Oxford-Street_03.jpg', 'acdc Oxford Street', 'acdc Oxford Street'),
(806, 102, 'acdc-Troia-Cathedral_01.jpg', 'acdc Troia Cathedral', 'acdc Troia Cathedral'),
(807, 102, 'acdc-Troia-Cathedral_02.jpg', 'acdc Troia Cathedral', 'acdc Troia Cathedral'),
(808, 102, 'acdc-Troia-Cathedral_03.jpg', 'acdc Troia Cathedral', 'acdc Troia Cathedral'),
(809, 103, 'Lumenpulse-180-Wellington_01.jpg', 'Lumenpulse 180 Wellington', 'Lumenpulse 180 Wellington'),
(810, 103, 'Lumenpulse-180-Wellington_02.jpg', 'Lumenpulse 180 Wellington', 'Lumenpulse 180 Wellington'),
(811, 103, 'Lumenpulse-180-Wellington_03.jpg', 'Lumenpulse 180 Wellington', 'Lumenpulse 180 Wellington'),
(818, 105, 'Philips-OVO-Wrocław-Apartments_01.jpg', 'Philips OVO Wrocław Apartments', 'Philips OVO Wrocław Apartments'),
(819, 105, 'Philips-OVO-Wrocław-Apartments_02.jpg', 'Philips OVO Wrocław Apartments', 'Philips OVO Wrocław Apartments'),
(820, 105, 'Philips-OVO-Wrocław-Apartments_03.jpg', 'Philips OVO Wrocław Apartments', 'Philips OVO Wrocław Apartments'),
(821, 104, 'Philips-Viaduct-Harbour_01.jpg', 'Philips Viaduct Harbour', 'Philips Viaduct Harbour'),
(822, 104, 'Philips-Viaduct-Harbour_02.jpg', 'Philips Viaduct Harbour', 'Philips Viaduct Harbour'),
(823, 104, 'Philips-Viaduct-Harbour_03.jpg', 'Philips Viaduct Harbour', 'Philips Viaduct Harbour'),
(824, 106, 'Zumtobel-ELBE-PHILHARMONIC-HALL_01.jpg', 'Zumtobel ELBE PHILHARMONIC HALL', 'Zumtobel ELBE PHILHARMONIC HALL'),
(825, 106, 'Zumtobel-ELBE-PHILHARMONIC-HALL_02.jpg', 'Zumtobel ELBE PHILHARMONIC HALL', 'Zumtobel ELBE PHILHARMONIC HALL'),
(826, 106, 'Zumtobel-ELBE-PHILHARMONIC-HALL_03.jpg', 'Zumtobel ELBE PHILHARMONIC HALL', 'Zumtobel ELBE PHILHARMONIC HALL'),
(827, 107, 'Zumtobel-Civil-Engineering-Faculty-Osijek_01.jpg', 'Zumtobel Faculty of Civil Engineering', 'Zumtobel Faculty of Civil Engineering'),
(828, 107, 'Zumtobel-Civil-Engineering-Faculty-Osijek_02.jpg', 'Zumtobel Faculty of Civil Engineering', 'Zumtobel Faculty of Civil Engineering'),
(829, 107, 'Zumtobel-Civil-Engineering-Faculty-Osijek_03.jpg', 'Zumtobel Faculty of Civil Engineering', 'Zumtobel Faculty of Civil Engineering'),
(830, 108, 'Reggiani-GASTRO-BOUTIQUE-BALFEGÒ_01.jpg', 'Reggiani GASTRO BOUTIQUE BALFEGÒ', 'Reggiani GASTRO BOUTIQUE BALFEGÒ'),
(831, 108, 'Reggiani-GASTRO-BOUTIQUE-BALFEGÒ_02.jpg', 'Reggiani GASTRO BOUTIQUE BALFEGÒ', 'Reggiani GASTRO BOUTIQUE BALFEGÒ'),
(832, 108, 'Reggiani-GASTRO-BOUTIQUE-BALFEGÒ_03.jpg', 'Reggiani GASTRO BOUTIQUE BALFEGÒ', 'Reggiani GASTRO BOUTIQUE BALFEGÒ'),
(833, 109, 'Reggiani-THAMES-TOWER_01.jpg', 'Reggiani THAMES TOWER', 'Reggiani THAMES TOWER'),
(834, 109, 'Reggiani-THAMES-TOWER_02.jpg', 'Reggiani THAMES TOWER', 'Reggiani THAMES TOWER'),
(835, 109, 'Reggiani-THAMES-TOWER_03.jpg', 'Reggiani THAMES TOWER', 'Reggiani THAMES TOWER'),
(836, 110, 'Buzzi-Buzzi-AB-IL-LUSSO-DELLA-SEMPLICITÀ_01.jpg', 'BUZZI & BUZZI AB: IL LUSSO DELLA SEMPLICITÀ', 'BUZZI & BUZZI AB: IL LUSSO DELLA SEMPLICITÀ'),
(837, 110, 'Buzzi-Buzzi-AB-IL-LUSSO-DELLA-SEMPLICITÀ_02.jpg', 'BUZZI & BUZZI AB: IL LUSSO DELLA SEMPLICITÀ', 'BUZZI & BUZZI AB: IL LUSSO DELLA SEMPLICITÀ'),
(838, 110, 'Buzzi-Buzzi-AB-IL-LUSSO-DELLA-SEMPLICITÀ_03.jpg', 'BUZZI & BUZZI AB: IL LUSSO DELLA SEMPLICITÀ', 'BUZZI & BUZZI AB: IL LUSSO DELLA SEMPLICITÀ'),
(839, 111, 'Sattler-INFINITY_01.jpg', 'Sattler INFINITY', 'Sattler INFINITY'),
(840, 111, 'Sattler-INFINITY_02.jpg', 'Sattler INFINITY', 'Sattler INFINITY'),
(841, 111, 'Sattler-INFINITY_03.jpg', 'Sattler INFINITY', 'Sattler INFINITY'),
(842, 112, 'Louis-Poulsen-Tirpitz-Museum_01.jpg', 'Louis Poulsen Tirpitz Museum', 'Louis Poulsen Tirpitz Museum'),
(843, 112, 'Louis-Poulsen-Tirpitz-Museum_02.jpg', 'Louis Poulsen Tirpitz Museum', 'Louis Poulsen Tirpitz Museum'),
(844, 112, 'Louis-Poulsen-Tirpitz-Museum_03.jpg', 'Louis Poulsen Tirpitz Museum', 'Louis Poulsen Tirpitz Museum'),
(845, 113, 'Louis-Poulsen-The-Qvest_01.jpg', 'Louis Poulsen The Qvest', 'Louis Poulsen The Qvest'),
(846, 113, 'Louis-Poulsen-The-Qvest_02.jpg', 'Louis Poulsen The Qvest', 'Louis Poulsen The Qvest'),
(847, 113, 'Louis-Poulsen-The-Qvest_03.jpg', 'Louis Poulsen The Qvest', 'Louis Poulsen The Qvest'),
(848, 113, 'Louis-Poulsen-The-Qvest_04.jpg', 'Louis Poulsen The Qvest', 'Louis Poulsen The Qvest'),
(849, 114, 'Waldmann-Bayer_01.jpg', 'Waldmann Bayer Consumer Care AG', 'Waldmann Bayer Consumer Care AG'),
(850, 114, 'Waldmann-Bayer_02.jpg', 'Waldmann Bayer Consumer Care AG', 'Waldmann Bayer Consumer Care AG'),
(851, 114, 'Waldmann-Bayer_03.jpg', 'Waldmann Bayer Consumer Care AG', 'Waldmann Bayer Consumer Care AG'),
(852, 115, 'Waldmann-Pressehaus-Stuttgart_01.jpg', 'Waldmann Pressehaus Stuttgart', 'Waldmann Pressehaus Stuttgart'),
(853, 115, 'Waldmann-Pressehaus-Stuttgart_02.jpg', 'Waldmann Pressehaus Stuttgart', 'Waldmann Pressehaus Stuttgart'),
(854, 115, 'Waldmann-Pressehaus-Stuttgart_03.jpg', 'Waldmann Pressehaus Stuttgart', 'Waldmann Pressehaus Stuttgart');

-- --------------------------------------------------------

--
-- Table structure for table `project_gallery`
--

CREATE TABLE `project_gallery` (
  `pr_gallery_id` int(10) UNSIGNED NOT NULL,
  `sku` varchar(32) NOT NULL,
  `active` tinyint(3) UNSIGNED NOT NULL,
  `manufacturer` smallint(5) UNSIGNED NOT NULL,
  `title` varchar(255) NOT NULL,
  `subtitle` varchar(255) NOT NULL,
  `description` text NOT NULL,
  `url` varchar(255) NOT NULL,
  `thumbnail` varchar(255) NOT NULL,
  `thumbnail_alt` varchar(255) NOT NULL,
  `tag_title` varchar(255) NOT NULL,
  `tag_description` text NOT NULL,
  `dt` datetime NOT NULL
) ENGINE=InnoDB DEFAULT CHARSET=utf8;


INSERT INTO `project_gallery` (`pr_gallery_id`, `sku`, `active`, `manufacturer`, `title`, `subtitle`, `description`, `url`, `thumbnail`, `thumbnail_alt`, `tag_title`, `tag_description`, `dt`) VALUES
(32, 'LMP010', 0, 28, 'Telus World of Science', 'Vancouver, British Columbia, Canada', 'For over 25 years, Telus World of Science has welcomed over a half-million visitors annually to view the displays and exhibits that has made the facility one of the world’s outstanding centers to present science topics to a broad age range. Its current harborside location occupies 113,022 sq ft (10,500 sqm) plus a 400-seat Omnimax Theater.\r\n\r\nSince its opening in the 80s, the Buckminster Fuller inspired dome has been a landmark on Vancouver’s evening cityscape, augmented by flashing strobe lights. In 2009, Science World management opted to update the dome and replace the points of light (originally fitted with A lamps and then later with CFLs) by installing sustainable LEDs. “They also specified that the new system contain opportunities for visitor interaction as do the exhibits in the science museum,” says Lightworks principal, Darren Luce, who supplied the equipment and managed the project. To meet the performance criteria, Lumenpulse created 291 customized Lumendome fixtures incorporating a 15-watt RGB LED light engine within an IP66 housing with sealed diffusing optics.\r\n\r\nEquipment specified\r\n291 x Lumendome Medium Color Changing\r\n\r\n\r\nEngineer & Lighting Design: Nemetz (S/A) & Associates Ltd. \r\nLighting Design: EOS Lightmedia \r\nClient: Telus World of Science', 'http://www.lumenpulse.com/projects/9/telus-world-of-science', 'LMP010_Telus_World_of_Science_small.jpg', 'Telus World of Science', 'LEDELUM. PROJECTS LIBRARY. Telus World of Science', 'Project Telus World of Science with Color Changing LED installation is located in Vancouver, British Columbia, Canada. Discover lighting design solutions and luminaires types specified in the project.', '2015-11-28 00:00:00'),
(33, 'LMP011', 0, 28, 'Pandora Jewelry', 'Hereford, United Kingdom', 'To help the BREEAM (Building Research Establishment Environmental Assessment Methodology) score at their Hereford, UK, store, Pandora Jewelry needed to implement a more energy-efficient lighting scheme. But how do you do that while still bringing out the best in the chain’s famed jewelry?\r\n\r\nPandora chose to replace the store’s Ceramic Metal Halide (CDM) lamps with Lumenalpha Multi Downlights in 3000K. The swap reduced wattage per lamp from 20W to 11.7W, resulting in a 47% decrease in energy consumption. The Multi Downlights also last roughly four times as long as traditional CDM lamps, eliminating costly and labor-intensive annual relamping and maintenance – all while ensuring a consistently high quality of light over its lifetime.\r\n\r\nInstalled in linear lines across the ceiling, the luminaires provide bright general lighting with exceptional color rendering (CRI of 80+), creating a warm, luxurious ambiance and giving Pandora’s merchandise the sparkle it deserves.  \r\n\r\nEquipment specified:\r\n\r\n33 x Lumenalpha Multi 3 (3000k, CRI 80+)\r\n 1 x Lumenalpha Multi 1 (3000k, CRI 80+)\r\n\r\n\r\nClient: Pandora Jewelry \r\nPhotographer: Ian Robinson', 'http://www.lumenpulse.com/projects/139/pandora-jewelry', 'LMP011_Pandora_Jewelry_small.jpg', 'Pandora Jewelry', 'LEDELUM. PROJECTS LIBRARY. Pandora Jewelry', 'Project Pandora Jewelry with General Lighting LED installation is located in Hereford, United Kingdom . Discover lighting design solutions and luminaires types specified in the project.', '2015-11-28 00:00:00'),
(34, 'LMP012', 0, 28, 'Latham Hotel', 'Philadelphia, Pennsylvania, United States', 'Built in 1907, the Latham Hotel is near many of Philadelphia’s most popular sites like the Liberty Bell, the Independence Mall and Rittenhouse Square. As part of overall renovations to update the historic hotel’s image, the 150-watt metal halide fixtures used to light the building’s exterior were replaced with Lumenfacade Stand Alone fixtures, while the canopy is lit with Lumenfacade Remote luminaires.\r\n\r\nOn the second and third floors, 10° x 60° optics graze the building’s textured facade in a warm 3000K glow, accentuating the Art Nouveau stone carvings. The 2-foot fixtures fit perfectly between the windows, with no light leaking into the guest rooms. The canopy, where the Lumenfacade Remote fixtures are installed, provides a comfortable, abundant expanse of light at the entrance.\r\n\r\nThe retrofit project went smoothly and the owner, Ocean Properties, Ltd., appreciates the fixtures’ slim design and strong light quality. Because the Lumenfacade fixtures have an L70 lifetime of 120,000 hours, the Latham Hotel staff are also pleased with not having to change the lamps frequently, a problem they faced with the previous luminaires.\r\n\r\nEquipment Specified\r\n\r\nExterior Facade:\r\n 14 x Lumenfacade Stand Alone (2’, 3000K, 10° x 60°)\r\n\r\nCanopy:\r\n 6 x Lumenfacade Remote (4’, 3000K, 30° x 60°)\r\n 2 x Lumenfacade Remote (3’, 3000K, 30° x 60°)\r\n 2 x Lumenfacade Remote (2’, 3000K, 30° x 60°)\r\n\r\n\r\n\r\nClient: Ocean Properties, Ltd. \r\nPhotographer: Barry Halkin', 'http://www.lumenpulse.com/projects/65/latham-hotel', 'LMP012_Latham_Hotel_small.jpg', 'Latham Hotel', 'LEDELUM. PROJECTS LIBRARY. Latham Hotel', 'Project Latham Hotel with Flood lighting LED installation is located in Philadelphia, Pennsylvania, United States. Discover lighting design solutions and luminaires types specified in the project.', '2015-11-28 00:00:00'),
(36, 'BGA001', 0, 40, 'Chandler City Hall', 'Chandler, AZ', 'This five-story building, featuring a modern façade, unusual angles, colorful night lighting, fountains and landscaped courtyard, has been open for less than a year but continues to draw rave reviews from residents and visitors alike.\r\nThe location, designed to house the city\'s offices, has become a favorite for local photographers. \"I\'m amazed at how many great shots there are in this complex. The lighting is phenomenal,\" said city spokesman Craig Younger, an amateur photographer.\r\nAmong the favorite spots is beneath a five-story \"Turbulent Shade\" that covers the building\'s west side. Created by California artist Ned Kahn, the illuminated work is made of 1,000 rectangles of perforated stainless-steel that undulate with the breeze above the \"Chandler City Hall\" letters.\r\nThe new city hall\'s popularity is not by happenstance. SmithGroup designed this elegant building for the community to create a sense of place and identity to encourage activity and interaction between visitors. The multi-purpose complex reflects the surrounding terrain and consists of council chambers, administrative offices, a public television studio and a 330-space parking structure.\r\nIt is estimated that pedestrians can reach any location on the Historic Downtown square, as well as the Community Center, Senior Center, Library, and Transportation and Development buildings in an easy walk of five minutes or less.\r\nBEGA\'s versatile light building elements and rectangular bollards provide the perfect lighting solution for this spectacular setting.', 'http://www.bega-us.com/projects_chandler.aspx?l=-635px', 'Bega_Chandler_lg_02_small.jpg', 'Bega. Chandler City Hall', 'Chandler City Hall', 'Among the favorite spots is beneath a five-story', '2016-09-19 00:00:00'),
(37, 'EDG001', 0, 44, 'Residence.', 'USA', 'LED Soft Strip SS3 RGB. Accent and ambient color changing lighting.', 'http://www.edgelighting.com/products/soft_strip_rgb-3w-24v.php', 'Edge_Lighting_ss3_soft_strip_rgb_install_07_small.jpg', 'SS3 soft strip. cove lighting', 'LED Strip. Accent and ambient color changing lighting.', 'LED Strip. Accent and ambient color changing lighting.', '2016-09-19 00:00:00'),
(38, 'EDG002', 0, 44, 'Showroom.', 'USA', 'LED Soft Strip SS3 RGB. Accent and ambient color changing lighting.', 'http://www.edgelighting.com/products/soft_strip_rgb-3w-24v.php', 'Edge_Lighting_soft_strip_3w_12v_install2_small.jpg', 'SS3 RGB Installation', 'SS3 RGB Installation', 'LED Strip. Accent and ambient color changing lighting.', '2016-09-19 00:00:00'),
(39, 'EDG003', 0, 44, 'Origami Risk Office', 'USA', 'Cirrus Channel D1 installation.', 'http://www.edgelighting.com/products/cirrus_channel_60d.php', 'Edge_Lighting_merch_mart_11_small.jpg', 'Cirrus Channel D1 installation.', 'Origami Risk Office', 'Cirrus Channel D1 installation.', '2016-09-19 00:00:00'),
(40, 'EDG004', 0, 44, 'Lobby', 'USA', 'Cirrus Channel D1 installation.', 'http://www.edgelighting.com/products/cirrus_channel_60d.php', 'Edge_Lighting_cirrus_channel_d1_install_08_small.jpg', 'Cirrus Channel D1 installation.', 'Cirrus Channel D1 installation.', 'Cirrus Channel D1 installation.', '2016-09-19 00:00:00'),
(41, 'FOP001', 0, 45, 'Office', 'Criteo, Boston, Massachusetts', 'Architect: Dyer Brown Architects\r\nPhotography: Nick Rezendes Photography', 'http://www.focalpointlights.com/products/linear/seem-2-fsm2ls#overlay=modal-overlay/571%3Fslide%3D0', 'Focal_Point_FSM2LS_criteo_01_small.jpg', 'Seem 2 LED Suspended', 'Seem 2 LED Suspended', 'Seem 2 LED Suspended', '2016-09-19 00:00:00'),
(42, 'FOP002', 0, 45, 'Office', 'Salesforce, San Francisco, California', 'Architect: Gensler\r\nPhotography: Jasper Sanidad Photography', 'http://www.focalpointlights.com/products/downlight/id-45-x-45-downlight-flc44d-lc44#overlay=modal-overlay/3419%3Fslide%3D1', 'Focal_Point_FLC44_salesforce_small.jpg', 'Salesforce, San Francisco, California', 'Salesforce, San Francisco, California', 'Salesforce, San Francisco, California', '2016-09-19 00:00:00'),
(43, 'ELM001', 0, 46, 'Store', 'USA', 'Element Lighting. Adjustable LED downlight installation.', 'http://www.element-lighting.com/Gallery', 'Element_Lighting_element_square_sl_hires_small.jpg', 'Element Lighting Applications', 'Element Lighting Applications', 'Element Lighting Applications', '2016-09-19 00:00:00'),
(44, 'ELM002', 0, 46, 'Residence', 'USA', 'Element Lighting. Adjustable LED downlight installation.', 'http://www.element-lighting.com/Gallery?sid=54&sname=3in%20LED%20Adjustable%20Downlight', 'Element_Lighting_CherryWoodKitchen1_small.jpg', 'Adjustable LED downlight installation.', 'Element Lighting. Adjustable LED downlight installation.', 'Element Lighting. Adjustable LED downlight installation.', '2016-09-19 00:00:00'),
(45, 'ELM003', 0, 46, 'Office', 'New-York, USA', 'Element Lighting. Adjustable LED downlight installation.', 'http://www.element-lighting.com/Gallery?sid=54&sname=3in%20LED%20Adjustable%20Downlight', 'Element_Lighting_EmpireStateOffice1_small.jpg', 'Adjustable LED downlight installation.', 'Element Lighting. Adjustable LED downlight installation.', 'Element Lighting. Adjustable LED downlight installation.', '2016-09-19 00:00:00'),
(47, 'TRX017', 0, 27, 'Nemours Children’s Hospital', 'Orlando, FL, USA', 'Nemours Children’s Hospital, a state-of-the-art pediatric healthcare facility, now features vibrant, interactive lighting throughout its 60-acre campus, a concept developed by architect-of-record Stanley Beaman & Sears (SBS), associate architect Perkins+Will, and lighting designer Anjan Sarkar of CD+M. The motor court of the Orlando, Florida children’s hospital, the only LEED® Gold Certified hospital in Central Florida, features a set of concentric arcs, illuminated by Traxon String RGB installed under the wall caps. Upon entering the main lobby, the focal point is a dynamic and inspirational digital artwork lighting installation, conceived as a folding pane, which begins at the wall and blends into the ceiling. Developed in partnership by the Design Team, with programming and installation by idesign, Traxon 16PXL Boards create the wall application and 1PXL Boards are installed in the ceiling, all wrapped in 3Form Chroma Diffusion, displaying preprogrammed video and animation clips, such as images of the sky, fields, and landscapes. The installation, also integrated by idesign, offers color-changing options and is controlled by e:cue’s Lighting Control Engine. Just past the media wall, Traxon String RGB is installed in the reception desk and overhead drum, and over 1,600 linear feet of Traxon Cove Light AC Dim in warm white provide ambient lighting throughout the hospital’s hallways and elevator lobby. In the patient rooms, 1PXL Cove Light XR RGB fixtures are installed over the beds in a ceiling canopy, washing the walls with dynamic color, which is controlled by each patient through interactive television. The Cove Lights in the patient rooms also provide colorful exterior lighting for the building façade, which was designed by SBS and Perkins+Will to resemble a Rubik‘s Cube. In addition to providing engagement and distraction for patients and visitors, the innovative lighting display adds inspirational content that supports Nemours’ mission to create a healthcare facility 100 percent focused on the needs of children and their families.\r\n\r\n\r\nLighting Designer :Anjan Sarkar, CD+M\r\nClient :Nemours Children’s Hospital	 	\r\nArchitect :Stanley Beaman Sears\r\nM&E Contractor/General Contractor: Skanska\r\nVAP/System Integrator: idesign\r\nLighting Programmer: idesign', 'http://www3.traxontechnologies.com/us/showcase/showcase_details/14229/Nemours%20Children%E2%80%99s%20Hospital%20-%20Orlando,%20FL,%20USA', 'Nemours_Children_Hospital_small.jpg', 'Nemours Children’s Hospital - Orlando, FL', 'Nemours Children’s Hospital', 'Nemours Children’s Hospital, a state-of-the-art pediatric healthcare facility, now features vibrant, interactive lighting', '2016-11-19 00:00:00'),
(48, 'LAW100', 0, 40, 'X office', 'go figure installation', 'test', 'test', 'go figure installation.jpg', 'go figure installation', 'go figure installation', 'go figure installation', '2018-01-26 00:00:00'),
(51, 'LMP013', 0, 28, 'Jacques-Cartier Bridge', 'Montreal, Quebec, Canada', 'Client: The Jacques Cartier and Champlain Bridges Incorporated\r\nLighting Concept: Moment Factory\r\nLighting Consultants: Ambiances Design Productions, ATOMIC3, Éclairage Public/Ombrages, Lucion Média, Réalisations, UDO Design\r\nEngineer: Consortium WSP–AECOM\r\nProject Management: The Jacques Cartier and Champlain Bridges Incorporated\r\nInstallation: Pomerleau\r\nPhotographer: The Jacques Cartier and Champlain Bridges Incorporated', 'https://www.lumenpulse.com/en/projects/241/jacques-cartier-bridge', 'LMP_Jacques_Cartier_Bridge_Lumenbeam_LBX_DWH_small.jpg', 'Lumenpulse.Jacques-Cartier Bridge.Lumenbeam LBX DWH', 'Jacques-Cartier Bridge', 'Jacques-Cartier Bridge, Montreal, Quebec, Canada', '2018-02-04 00:00:00'),
(52, 'LMP014', 0, 28, 'Åre Ski Resort', 'Åre, Sweden', 'Equipment Specified\r\n66 x Lumenbeam LBX (custom static blue and 4000K white, narrow flood 20˚ optics)\r\n61 x Lumenbeam LBX (custom static blue and 4000K white, narrow spot 10˚ optics)\r\n3 x Lumenbeam LBX (RGB, very narrow 6˚ optics)\r\n2 x Lumenbeam LBX (RGB, flood 40˚ optics)\r\n8 x Lumenbeam Large (RGB, narrow flood 20˚ optics)\r\n2 x Lumenbeam Large (RGB, narrow spot 10˚ optics)\r\n2 x Lumenbeam Large (3000K, narrow spot 10˚ optics)\r\n90 x Lumenbeam Medium (3000K, narrow spot 10˚ optics)\r\n6 x Lumenbeam Medium (RGB, narrow spot 10˚ optics)\r\n1 x Lumenbeam Medium (RGB, flood 40˚ optics)\r\n\r\nLighting Design: Ljusarkitektur\r\nPhotographer: Mikael Silkeberg\r\nPartner: Stockholm Lighting', 'https://www.lumenpulse.com/en/projects/12/are-ski-resort', 'LMP_Are_Ski_Resort_Lumenbeam_LBX_DWH_small.jpg', 'Lumenpulse.Åre Ski Resort.Lumenbeam LBX DWH', 'Åre Ski Resort', 'Åre Ski Resort, Åre, Sweden', '2018-02-04 00:00:00'),
(53, 'LMP015', 0, 28, 'Space Shuttle Atlantis', 'Cape Canaveral, Florida, United States', 'Fisher Marantz Stone design team:\r\nCharles Stone, President\r\nZack Zanolli, Design Principal\r\nPaula Martinez-Nobles, Project Manager\r\n\r\nEquipment Specified\r\n2 x Lumenbeam XLarge DWH (40°)\r\n27 x Lumenbeam XLarge DWH (20°)\r\n11 x Lumenbeam XLarge DWH (10°)\r\n1 x Lumembeam XLarge (4000K, 6°)\r\n48 x Lumenbeam Large DWH (20°)\r\n10 x Lumenbeam Large DWH (10°)\r\n5 x Lumenbeam Large DWH (6°)\r\n48 x Lumenbeam Large (4000k, 10°)\r\n13 x Lumenbeam Large (4000K, 6°)\r\n43 x Lumenbeam Medium (4000K, 6°) \r\n25 x Lumenbeam Medium DWH (6°)\r\n66 x Lumenbeam Medium (4000K, 20°)\r\n18 x Lumenbeam Medium (4000K, 10°)\r\n68 x Lumenfacade Interior (4\', 4000K, 30 x 60)\r\n10 x Lumenfacade Interior (1\', 4000K, 30 x 60)\r\n62 x Lumenfacade (4\', 4000K, 10 x 60)\r\n2 x Lumenfacade Interior RGB (1\', 30 x 60)\r\n14 x Lumenfacade Interior RGB (2\', 30 X 60)\r\n1 x Lumenfacade Interior RGB (3\', 30 X 60)\r\n87 x Lumenfacade Interior RGB (4\', 30 X 60)\r\n40 x Lumenfacade Interior DWH (1\', 10 x 60)\r\n\r\nArchitect: PGAV Destinations\r\nPhotographer: Ben Cooper', 'https://www.lumenpulse.com/en/projects/92/space-shuttle-atlantis', 'LMP_Space_Shuttle_Atlantis_Lumenbeam_LBX_DWH_small.jpg', 'Lumenpulse.Space Shuttle Atlantis.Lumenbeam LBX DWH', 'Space Shuttle Atlantis', 'Space Shuttle Atlantis, Cape Canaveral, Florida, United States', '2018-02-04 00:00:00'),
(54, 'LMP016', 0, 28, 'College Montmorency', 'Laval, Quebec, Canada', 'The corridors of College Montmorency in Laval, Quebec are illuminated with Lumenbeam Large Pendants in a warm and comfortable colour temperature. A narrow 10-degree optic was chosen to provide distinctive accents of light on the floor, while a wider optic was used to provide a more general ambient light. The pendants were fitted with snoots to shield against any glare.\r\n\r\nEquipment specified\r\n\r\n7 x Lumenbeam Large Pendant (3000K, narrow spot 10° optic, 4\' stem, with snoot)\r\n13 x Lumenbeam Large Pendant (3000K, flood 40° optic, 4\' stem, with snoot)\r\n\r\nArchitect: Vincent Leclerc et Associés\r\nEngineer: Dessau', 'https://www.lumenpulse.com/en/projects/35/college-montmorency', 'LMP_College_Montmorency_Lumenbeam_LBLP_Color_Changing_small.jpg', 'Lumenpulse.College Montmorency.Lumenbeam LP Color Changing', 'College Montmorency', 'College Montmorency, Laval, Quebec, Canada', '2018-02-04 00:00:00'),
(55, 'LMP017', 0, 28, 'Duty-Free Boutiques - Montréal–Pierre Elliott Trudeau International Airport', 'Montreal, Quebec, Canada', 'The colour temperature (3500K) of all luminaires was easily matched to the temperature of other fixtures throughout the terminal. Different optics were used, depending on the luminaires\' task; the Multi3 spotlight retail displays, the Lumenline fixtures offer general lighting. while the Lumencove fixtures graze display backdrops.\r\n\r\nEQUIPMENT SPECIFIED \r\nDownlight Multi 3, 700lm, 3500K, 40° medium beam\r\nDownlight Multi 3, 2000lm, 3500K, 40° medium beam\r\nDownlight Multi 3, 1300lm, 3000K, Narrow 10° spot\r\nSpot Small, 2000lm, 3500K, 40° medium beam\r\nLumenline Recessed Direct\r\nLumenline Pendant Direct\r\n\r\nArchitect: PROVENCHER_ROY\r\nEngineer: Pageau Morel\r\nProject Management: AerRianta International (North America) Inc.\r\nPhotographer: Stéphane Brugger', 'http://www.lumenpulse.com/en/projects/198/duty-free-boutiques-montreal-pierre-elliott-trudeau-international-airport', 'LMP_Duty_Free_Boutiques_LAMC3_small.jpg', 'Lumenpulse.Duty-Free Boutiques.LAMC3', 'Duty-Free Boutiques - Montréal–Pierre Elliott Trudeau International Airport', 'Duty-Free Boutiques - Montréal–Pierre Elliott Trudeau International Airport, Montreal, Quebec, Canada', '2018-02-04 00:00:00'),
(56, 'LMP018', 0, 27, 'BMW Rome', 'Rome, Italy', 'Lighting designer Piero Comparotto was brought in to develop a new, sustainable lighting scheme, which would reduce day-to-day operational costs and ensure a consistent level of performance.\r\nOpting for a warm 3000K colour temperature, Comparotto mounted the luminaires in linear lines throughout the showroom. A combination of different beam angles, sometimes within the same multi-head downlight, was then selected to create display contrasts and focal points. This multiple beam angle option also allowed the same style of luminaires to be used in all areas of the space, including the showroom and sales offices, maintaining a unified aesthetic.\r\n\r\nThe result is a high-performance, energy-efficient lighting design that is easy to operate and every bit as elegant as the BMW brand itself.\r\n\r\nEquipment specified:\r\n\r\n16 x Multi 1 (3000K, 80CRI, 40°)\r\n12 x Multi 1 (3000K, 80CRI, 60°)\r\n64 x Multi 2 (3000K, 80CRI, 40°)\r\n36 x Multi 2 (3000K, 80CRI, 60°)\r\n27 x Multi 3 (3000K, 80CRI, 60°)\r\n179 x Multi 3 (3000K, 80CRI, 40°/60°/40°)\r\n20 x Multi 3 (3000K, 80CRI, 20°/40°/20°)\r\n48 x Multi 4 (3000K, 80CRI, 40°)\r\n16 x Multi 4 (3000K, 80CRI, 60°)\r\n43 x Multi 4 (3000K, 80CRI, 40°)', 'http://www.lumenpulse.com/en/projects/117/bmw-rome', 'LMP_BMW_Rome_LAMC3_small.jpg', 'Lumenpulse.BMW Rome.LAMC3', 'BMW Rome', 'BMW Rome, Rome, Italy', '2018-02-04 00:00:00'),
(57, 'LMP019', 0, 28, 'Next, Rugby', 'Rugby, Warwickshire, United Kingdom', 'In an ongoing effort to improve efficiency and the customer experience, UK fashion retailers Next have turned their store in Rugby, Warwickshire, into a test bed for new lighting applications and technology. To accomplish this, the chain turned to Lumenpulse and Lumentalk technology.\r\n\r\n\"Next had been looking for ways to reduce energy consumption across its stores, and so the goal at the outlet in Rugby was to increase flexibility, allowing them to test and measure the effect of different dimming and control scenarios,\" said Simon Morrison Senior Vice-President Global Business EMEA at Lumenpulse.\r\n\r\nWith Lumentalk, Next, Rugby can individually dim and control over 500 Lumenpulse AlphaLED downlights and spotlights via DMX, over existing power lines.\r\n\r\nThis ability to test, and then fine-tune, different control strategies may end up having a transformative effect on the operation and appearance of the chain\'s stores across the UK, and this has not gone unnoticed: Next, Rugby has been named the Lux AwardsControls Project of the Year for 2015.\r\nEquipment Specified:\r\n\r\nLumentalk\r\nMulti 3 Downlight\r\nMulti 4 Downlight\r\nTrack Spot Large\r\n\r\nPhotographer: Ian Robinson', 'http://www.lumenpulse.com/en/projects/144/next-rugby', 'LMP_Next_Rugby_LAMC_small.jpg', 'Lumenpulse.Next,Rugby.LAMC3', 'Next, Rugby', 'Next, Rugby, Rugby, Warwickshire, United Kingdom', '2018-02-04 00:00:00'),
(58, 'LMP020', 0, 28, 'Birks Laval', 'Laval, Quebec, Canada', 'Birks is Canada\'s first jewellery chain in Canada, with the opening of its Square Philips flagship store in 1879. In order to better illuminate the jewels from its Carrefour Laval store, the Canadian company partnered with the design and architect firm Ædifica, which then collaborated with Lumenpulse, with whom it has been working for years.\r\n\r\n\'\'The main lighting challenges consisted in using judiciously the lighting sources and the light colours to illuminate the jewels at their best, and also to insure an optimal positioning of the lighting (angles, distance, etc.) to favour the products\' shimmering effects,\'\' says Boutin.\r\n\r\nTo achieve this, the firm chose a mix of Multi 1, Multi 2 and Multi 3 Downlights in 3000K and 3500K. Installed on the ceiling throughout the store, the luminaires illuminate displays case, while also providing bright general lighting. Spot Small luminaires were then installed in the black niche above the centre of the boutique. Fully adjustable, the luminaires increases the store\'s flexibility, allowing it to change or enhance display lighting, as needed.\r\n\r\nEquipment specified:\r\n\r\n46 x Spot Small (3000K, CRI 80+)\r\n11 x Lumencove Nano (1\', 3000K, CRI 80+)\r\n4 x Lumencove Nano (4\', 3000K, CRI 80+)\r\n46 x Downlight Multi 1 (3000K, CRI 80+)\r\n1 x Downlight Multi 1 (3500K, CRI 80+)\r\n36 x Downlight Multi 2 (3000K, CRI 80+)\r\n2 x Downlight Multi 2 (3500K, CRI 80+)\r\n6 x Downlight Multi 3 (3000K, CRI 80+)\r\n1 x Downlight Clear Small (3500K, CRI 80+)\r\n\r\nLighting Design: Ædifica\r\nPhotographer: Sebastien Racicot', 'http://www.lumenpulse.com/en/projects/163/birks-laval', 'LMP_Birks_Laval_LAMC3_small.jpg', 'Lumenpulse.Birks Laval.LAMC3', 'Birks Laval', 'Birks Laval, Laval, Quebec, Canada', '2018-02-04 00:00:00'),
(59, 'LMP021', 0, 28, 'XXXXX Jolly\'s House of Fraser', 'Bath, United Kingdom', 'HoF used downlights at 3000K, illuminating the central walkways and displays with warm white light. The luminaires use a high colour rendering option of 98 to bring out the vibrancy and colours of the makeup counters, ensuring customers get an accurate (and flattering) perspective. The luminaires also provide an additional benefit: they use significantly less energy, reducing the overall cost of operation.\r\n\r\nEquipment specified:\r\n\r\n67 x Multi 1 Downlight (3000K, 98CRI, 40°)', 'http://www.lumenpulse.com/en/projects/119/jollys-house-of-fraser', 'LMP_Jollys_House_Fraser_LAMC1_small.jpg', 'Lumenpulse.Jolly\'s House of Fraser.LAMC1', 'Jolly\'s House of Fraser', 'Jolly\'s House of Fraser, Bath, United Kingdom', '2018-02-06 00:00:00'),
(60, 'LMP022', 0, 28, 'XXXXX BMO Capital Markets', 'Montreal, Quebec, Canada', 'Equipment Specified:\r\n\r\n1 x Lumenline Recessed (12\', 3500K)\r\n6 x Lumenline Recessed (3500K)\r\n6 x Lumenline Recessed TBAR (14\', 3500K)\r\n25 x Lumenline Recessed TBAR (4\', 3500K)\r\n2 x Lumenline Recessed (6\', 3500K)\r\n1 x Lumenline Recessed (8\', 3500K)\r\n2 x Lumenline Recessed (12\', 3500K)\r\n3 x Lumenline Pendant (16\', 3500K) \r\n2 x Lumenline Pendant (20\', 3500K)\r\n2 x Lumenline Pendant (9\', 3500K)\r\n2 x Lumenline Pendant (23\', 3500K)\r\n7 x Multi 1 Downlight (60, 3500K)\r\n25 x Lumencove 2.0 (4\', 3500k)', 'http://www.lumenpulse.com/en/projects/149/bmo-capital-markets', 'LMP_BMO_Capital_Markets_LAMC1_small.JPG', 'Lumenpulse.BMO Capital Markets.LAMC1', 'BMO Capital Markets', 'BMO Capital Markets, Montreal, Quebec, Canada', '2018-02-06 00:00:00'),
(61, 'ERC001', 0, 62, 'Danubiana Meulensteen Art Museum', 'Bratislava, Slovakia', 'Architecture: Jan Kukula with Atelier 008, Bratislava. Photographer: Dirk Vogel, Dortmund.', 'http://www.erco.com/products/indoor/swf-3circuit/pantrac-5733/en_us/', '', '', 'LEDELUM. PROJECTS LIBRARY. Danubiana Meulensteen Art Museum', 'Project Danubiana Meulensteen Art Museum is located in Bratislava, Slovakia.', '2018-02-22 00:00:00'),
(62, 'ERC002', 0, 62, 'City Hall', 'Florence, Italy', 'City Hall, Florence. Photographer: Dirk Vogel, Dortmund.', 'http://www.erco.com/products/indoor/swf-3circuit/pantrac-5733/en_us/', '', '', 'LEDELUM. PROJECTS LIBRARY. City Hall', 'Project City Hallis located in Florence, Italy. discover lighting design solutions and luminaires types specified in the project.', '2018-02-22 00:00:00'),
(63, 'DLT001', 0, 64, 'Other Criteria', 'New York (US)', 'Other Criteria, the arts-based publishing company founded by Damien Hirst, announced the opening of its first retail location in the United States on May 6th 2014. Located at 458 Broome Street in New York’s SoHo, the store will carry the full array of products found in the brand’s stores in the United Kingdom, including original prints, editions, books, jewelry, and artist designed items, including rugs, wallpaper and vases.\r\n\r\nDelta Light’s Supernova – a range of large size luminaires – were used for general lighting and an eye catcher on the ground floor level of the store. Working around ducts and services, an intricate pattern of suspended dimmable track lights was used throughout the store. Delta Light’s circular Supernova XS was used for general lighting and Ultra Twin point source luminaires for a directed light effect. These high-efficient LED luminaires offer maximum flexibility in movement; enabling the store management to adapt the lighting at any time to match the changing needs of the use of the store. \r\n\r\nArchitect\r\nMichel Schranz Design & Architecture Ltd.\r\n\r\n\r\nContractor\r\nTeamCIS', 'https://www.deltalight.us/en/inspiration/all-projects/project/other-criteria-new-york-us-2726', 'Delta-Light-Other-Criteria_small.jpg', 'Other Criteria', 'LEDELUM. PROJECTS LIBRARY. Other Criteria', 'Project Other Criteria is located in New York, USA. Discover lighting design solutions and luminaires types specified in the project.', '2018-02-25 00:00:00'),
(64, 'DLT002', 0, 64, 'Designspace', 'London, GB', 'This showroom is a dramatic 4000 sq ft space in which DesignSpace London have created fifteen realistic living spaces, showcasing inspirational kitchen, bathroom and living concepts. The displays feature many new products never seen before in the UK including the latest in ‘technical’ materials and developments.\r\n\r\nDelta Light worked closely with the showroom designers to create a subtle lighting system that showcases their products to their best. We used a selection of lighting products including our Supernova XS Pivot, Boxy, Spy and B-Liner suspended profile. In the main room sets we used a track lighting system with You Turn Opto 360° rotating system to fully accommodate the demands of a changing showroom.', 'https://www.deltalight.us/en/inspiration/all-projects/project/designspace-london-gb-2917', 'Delta-Light-Designspace_small.jpg', 'Designspace', 'LEDELUM. PROJECTS LIBRARY. Designspace', 'Project Designspace is located in London, GB. Discover lighting design solutions and luminaires types specified in the project.', '2018-02-25 00:00:00'),
(65, 'TRX018', 0, 27, 'Chevy Chase Pavilion', 'Washington, D.C., USA', 'Located in the Friendship Heights neighborhood of Washington D.C., the newly renovated Chevy Chase Pavilion features a large, attention-grabbing media wall in the atrium of the upscale shopping mall. The investor representing ownership, Clarion Partners, recently embarked on a $32 million repositioning plan with the architectural firm Streetsense to rejuvenate the mall, attract high-end retailers and position it as the go-to retail and dining destination in the region. Comprised of Traxon 16PXL Boards and 4PXL add-on Boards behind 3Form material, the three-story media wall not only displays color-changing effects, but tells a narrative through videobased content, imagery, and abstract effects. The installation became three dimensional through the addition of 16PXL Boards to the sides of the main escalators situated directly in front of the wall. Opposite of the escalators and wall is a staircase where the edge of each stair riser is smoothly illuminated by Traxon’s 1PXL Strip. The floor edges of the atrium are lined with 1PXL Strip RGB designed to encircle customers and draw attention to the main wall by creating coordinated linear effects. Controlled by e:cue’s Butler, Video Micro Converter, Lighting Control Engine (LCE), and LCE-fx, the wall and escalators work in tandem, tying together the entire atrium space. Traxon worked closely with the architect, Streetsense, and programmer/installer, idesign, to overcome the challenges of designing and installing a large-scale project of this nature. The result is an exciting, lively and modern shopping and dining environment that sets the Chevy Chase Pavilion apart from other shopping malls.\r\n\r\nProgrammer: idesign, LLC\r\nGeneral Contractor: Hitt Construction\r\nLighting Designer: MCLA Architectural Lighting Design\r\nClient: Clarion Partners	 	\r\nArchitect: Streetsense', 'http://www3.traxontechnologies.com/us/showcase/showcase_details/14236/Chevy%20Chase%20Pavilion%20%E2%80%93%20Washington,%20D.C.,%20USA', 'Traxon-Chevy-Chase-Pavilion_small.jpg', 'Chevy Chase Pavilion', 'LEDELUM. PROJECTS LIBRARY. Chevy Chase Pavilion', 'Project Chevy Chase Pavilion is located in Washington, D.C., USA. Discover lighting design solutions and luminaires types specified in the project.', '2018-02-25 00:00:00'),
(66, 'TRX019', 0, 27, 'Norwegian Cruise Line', 'Papenburg, Germany', 'Lighting on a cruise ship calls for something striking, elegant, and luxurious, yet at the same time robust and energy-efficient. With the help of OSRAM‘s energy efficient LED technology, two of Norwegian Cruise Line (NCL)’s newest ships – “Getaway” and the award-winning “Breakaway” – are able to achieve the design vision, while reducing ship operators’ energy costs by up to 18%. With this target in mind, the Meyer Werft shipbuilders installed about 17 kilometers of flexible LED modules and other luminaires, ranging between 60,000 and 80,000 lights per ship, from simple spotlights to chandeliers and disco lighting. OSRAM worked closely with shipbuilders to offer a wide range of energy-efficient lighting solutions—from lamps and ballasts to flexible LED systems and LED luminaires, down to intelligent dynamic lighting and control solutions from our subsidiary Traxon Technologies and its control brand, e:cue. Additionally, the solution needed to meet the high standards required when it comes to fire safety and the saltwater resistance of the luminaires, without compromising the design intent. After successfully tackling the complex task of constructing a cross between luxury hotel and ocean liner, OSRAM is working alongside Meyer Werft with other partners on further projects.\r\n\r\nLighting Design General Illumination: Project International, London\r\nLighting Design Entertainment Area: FUNA\r\nHead of OSRAM Marine Lighting: Andreas Bär\r\nProject Manager Getaway: Stephan Schmees', 'http://www3.traxontechnologies.com/us/showcase/showcase_details/14255/Norwegian%20Cruise%20Line%20%E2%80%93%20Papenburg,%20Germany', 'Traxon-Norwegian-Cruise-Line_small.jpg', 'Norwegian Cruise Line', 'LEDELUM. PROJECTS LIBRARY. Norwegian Cruise Line', 'Project Norwegian Cruise Line is located in Papenburg, Germany. Discover lighting design and luminaires types specified in the project.', '2018-02-25 00:00:00'),
(67, 'TRX020', 0, 27, 'PCK refinery', 'Schwedt, Germany', 'The new control center at the PCK refinery in Schwedt is housed in an explosion-proof and therefore windowless building. In cooperation with the Fraunhofer Institute for Industrial Engineering (IAO), Lichtvision Design and LightLife, the company responsible for design planning and implementation, a lighting concept was developed that creates a pleasant working atmosphere for the employees even without daylight. Innovative LED modules and lighting control from Traxon and e:cue play a major part.\r\n\r\nTogether with the Fraunhofer Institute the values were matched to one another according to the latest scientific findings to ensure optimum conditions for a 24-hour shift operation. In addition to cloudy skies, there are airplanes and birds flying across the light ceiling every now and then, and shift changes are accompanied by colorful mood lighting.\r\n \r\nThe 108 square meter video light ceiling comprises a total of 1,724 Traxon 16 PXL Board RGB LED modules. Eight e:cue Video Micro Converters (VMCs) convert the digital video signals to e:pix control signals.\r\n\r\nLighting Designer: Lichtvision Design\r\nInstaller: LightLife', 'http://www3.traxontechnologies.com/us/showcase/showcase_details/14361/PCK%20refinery%20-%20Schwedt,%20Germany', 'Traxon-PCK-refinery_small.jpg', 'PCK refinery', 'LEDELUM. PROJECTS LIBRARY. PCK refinery', 'Project PCK refinery is located in Schwedt, Germany. Discover ligting design solutions and luminaires types specified in the project.', '2018-02-25 00:00:00'),
(68, 'IGZ001', 0, 65, 'Castellana 77', 'Madrid, Spain', 'Azca is Madrid’s business district, and for almost forty years, the tower that stands at number 77 Paseo de La Castellana has marked its centre. Built in the 1970s, the tower was originally known as the Ederra Tower or the Saint Gobain building. For years, then, it has stood contemplating the passing of time and being marked by time in a process that gradually aged its facade, depriving it of the kind of interaction with its urban context that every building should enjoy.\r\n\r\nNow, its recent acquisition by the Gmp property group and the refurbishment carried out by the Luis Vidal + Arquitectos studio has made the tower a new Azca icon, thanks mainly to the management of its energy impact that is so efficient the complex has even been awarded prestigious LEED Gold certification.\r\n\r\nLight and identity are the two main concepts on which the design is based, as the architectural studio is firmly convinced that only a powerful identity can make what is visible invisible. The first goal defined was that of taming sunlight and exploiting it to create an image that would express a clear identity during both the day and night. Light is a source of both energy and heat. The issue of heat has been resolved by adding a series of ETFE blade-like strips to the facade, which allow light to pass, but not heat. The strips were positioned after careful research into the exposure of different kinds of facade to sunlight. The result is a series of waves with specific curves and consequently specific areas of shade, in order to guarantee protection, energy savings and visual comfort.\r\n\r\nKilometres of RGB Underscore InOut light lines, using DALI protocol, have been installed along these ETFE strips to create changes in colour, tone and movement that light up the building and turn it into a landmark on the nocturnal skyline. So, it has become a building that literally changes through light.\r\n\r\nClient:\r\nGmp Group\r\nArchitectural project:\r\nVidal y asociados\r\nEngineering:\r\nVectoria', 'https://www.iguzzini.com/us/projects/project-gallery/castellana-77/', 'iGuzzini-Castellana-77_small.jpg', 'iGuzzini Castellana 77', 'Castellana 77, Madrid, Spain', 'Project Castellana 77 is located in Madrid, Spain. Discover lighting design and luminaires types specified in the project.', '2018-03-13 00:00:00'),
(69, 'IGZ002', 0, 65, 'The Scrovegni Chapel', 'Padua, Italy', 'The Scrovegni Chapel in Padua is an absolute masterpiece of medieval art. Currently a candidate for a place in the UNESCO List of World Heritage sites, the chapel’s interiors host Giotto’s most complete cycle of frescoes. \r\n\r\nThe desire to improve both the visitor’s experience of Giotto’s masterpiece and the management of the previous lighting system has encouraged the ISCR (Higher Institute of Conservation and Restoration) and iGuzzini to develop an innovative lighting system and implement a groundbreaking application of smart lighting to art heritage. The project, conducted in close collaboration with the Photometry Division of the Higher Institute of Conservation and Restoration and supervised by the Interdisciplinary Scientific Commission for the Conservation and Management of the Scrovegni Chapel, has generated a continuous relationship with the Chapel. iGuzzini has also committed to suggesting eventual improvements in the years to come as advances in technology bring about new solutions.\r\n\r\nThe new IoT lighting system is a “restoration of perception” project that combines LED luminaires, environment sensors and internet protocol software to light the fourteenth century fresco cycle. The installation of Palco COB and Laser Blade luminaires offer a high colour rendering index and a design that blends perfectly with the chapel’s architectural features, as well as immediately guaranteeing a better perception of the frescoes’ colours, especially in terms of the warm tones (yellow-orange-red), which enhance the gold leaf used in the haloes and other features. The system also brings immediate improvements to the already optimal conservation conditions of the painting cycles by zeroing UV and IR emissions to avoid any risk of damage, and achieves energy savings that are 60% more than the previous system. Using products with Tunable White technology that enables white light tones to be adjusted dynamically as the intensity of natural light varies, means that in a second phase, visitors will be able to see these frescoes more clearly no matter what time of day it is. In an initial phase, sensors designed specifically for the Chapel will measure the variations in natural light. Then, once this data has been processed, a dynamic smart lighting system will be installed that will use a specific and highly advanced algorithm to adapt the artificial light to any changes in environmental conditions. This will benefit both the visual experience and the conservation of the paintings, as the artificial light will interact dynamically with the natural light and automatically adjust the colour temperature and intensity to constantly achieve values that offer the best possible viewing conditions.\r\n\r\nThe system operates on an internet protocol developed for sensor nodes and compatible with the worldwide web. So, each sensor node can be reached remotely to view the data measured or to change the settings for a more emotional, true and immersive experience of the magical colours of Giotto’s art.\r\n\r\nClient:\r\nMunicipality of Padua\r\nLighting project:\r\nISCR, with the technical collaboration of iGuzzini\r\nScientific commission:\r\nInterdisciplinary Scientific Commission for the Conservation and Management of the Scrovegni Chapel\r\nPhotographer:\r\nCristian Fattinnanzi', 'https://www.iguzzini.com/us/projects/project-gallery/the-scrovegni-chapel/', 'iGuzzini-The-Scrovegni-Chapel_small.jpg', 'iGuzzini. The Scrovegni Chapel', 'The Scrovegni Chapel, Padua, Italy', 'Project The Scrovegni Chapel is located in Padua, Italy. Discover lighting design and luminaires types specified in the project.', '2018-03-13 00:00:00'),
(70, 'IGZ003', 0, 65, 'St. Pierre Cathedral', 'Geneva, Switzerland', 'With its imposing Gothic-Romanesque style and Neoclassic façade added in 1750, the St. Pierre Cathedral, in the historic centre of Geneva, is one of the symbols of the Protestant Reformation. \r\n\r\nIn 2010, the Clefs St. Pierre Foundation entrusted the Ruffieux Chehab Associes studio and Piero Castiglioni with the design of a new indoor and outdoor lighting system for the cathedral. The definitive design was installed in 2017 and its integration with the cathedral’s architecture was conducted in collaboration with the architect, Tiziano Borghini, and his Geneva-based studio, GM Architectes Associés, that was responsible for the cathedral’s restoration.\r\n\r\nHaving been stripped of all decoration during the Reformation, the cathedral’s interior is bare, austere and distinguished mainly by the bold rhythm of its pillars. During the day, sunlight filters in through high, stained-glass windows that create a soft, even, diffuse light that is naturally dynamic and changes colour and quality according to the time of day and year. The artificial lighting respects the building’s architecture and atmosphere by using low level, high contrast lighting with a colour temperature of 3000 K. The form of the large circular chandeliers that previously hung midway between the ceiling and floor in the central nave and side aisles was also kept. This old-fashioned style of lighting was maintained for its aesthetics, but the materials and lamps were updated and are now operated by a modern control system.\r\n\r\nIn line with a design by Piero Castiglioni, iGuzzini created a special, wheel-shaped Cestello luminaire in three different diameters: 3 metres for the large version, 2 metres for the medium version and 1.5 metres for the small one. At night, these pendant fixtures generate the same kind of diffuse, homogeneous illumination the building enjoys during the daytime. The direct emission of these special luminaires is also combined with indirect lighting from linear, 15 and 18 mm-width Underscore luminaires, mounted on profiles and tilted by means of a small bracket made specifically by iGuzzini for this project.\r\n\r\nThis fitting allowed the Underscore light lines to be installed in a slightly set-back position at the same height as the upper string-course that indicates the structure of the vaulting. This meant that the luminaires did not have to be mounted directly on the string-course, which is extremely fragile and could have been damaged during installation. To illuminate certain important areas in the cathedral, like the altar and parts of the apse, accent lighting was created using wall-mounted Cestello luminaires and small version iPro spotlights, sometimes grouped into units of 3, 4 or 6. The mounting brackets for these spotlights were also specially designed, this time to minimize the number of drill holes in the stone.\r\n\r\nClient:\r\nClefs St. Pierre Foundation\r\nArchitectural project:\r\nGM Architectes Associes - Tiziano Borghini\r\nLighting project:\r\nRuffieux – Chehab Architectes & Piero Castiglioni\r\nPhotographer:\r\nDaniele Lupini', 'https://www.iguzzini.com/us/projects/project-gallery/st-pierre-cathedral/', 'iGuzzini-St-Pierre-Cathedral_small.jpg', 'iGuzzini. St. Pierre Cathedral', 'St. Pierre Cathedral, Geneva, Switzerland', 'Project St. Pierre Cathedral is located in Geneva, Switzerland. Discover lighting design and luminaires types specified in the project.', '2018-03-14 00:00:00'),
(71, 'IGZ004', 0, 65, 'The Iso Omena shopping centre', 'Espoo, Finland', 'Iso Omena (Finnish for “big apple”) is a pleasant shopping centre full of services and more than 180 stores focused on fashion, leisure and wellness, as well as the classic supermarket. The centre is part of the Citycon group, which builds and manages urban shopping centres in Northern Europe and the Baltic. It is the market leader in Finland, and amongst the market leaders in Norway, Sweden and Estonia. Citycon shopping centres are located in strategic points, with good connections to public transport, healthcare facilities and municipal services. The same Iso Omena is rapidly becoming the centre of the city and home to social and healthcare offices on the third floor. Functional and enjoyable, the design of the centre features white as the dominant colour and glass walls that maintain a constant relationship with outside, especially through the large skylight in the central area, above the square which is the meeting and relaxation point.\r\n\r\nThe artificial lighting is based on two luminaires: Laser Blade, positioned at irregular intervals in the false ceilings along the corridors that the shops open onto to create a feeling of movement and the pole top system Albero, which stands out in the central square, installed in the benches area, almost recalling the idea of a pleasant stop in the open air.\r\n\r\nClient:\r\nCitycon Oyj\r\nArchitectural project:\r\nHKP Arkkitehti Tolmisto\r\nLighting Designer:\r\nGranlund Oyj\r\nPhotographer:\r\nMikael Linden', 'https://www.iguzzini.com/projects/project-gallery/the-iso-omena-shopping-centre/', 'iGuzzini-Iso-Omena-shopping-centre_small.jpg', 'iGuzzini. The Iso Omena shopping centre', 'The Iso Omena shopping centre, Espoo, Finland', 'Project The Iso Omena shopping centre is located in Espoo, Finland. Discover lighting design and luminaires types specified in the project.', '2018-03-14 00:00:00'),
(72, 'TRG001', 0, 66, 'Boston Consulting Group', 'Los Angeles, CA', 'The lighting design for this business consulting firm was awarded an Lumen Award of Excellence for Interior Lighting Design.  Oculus Light Studio’s core beliefs of “partnership and transformation by integrating lighting within the architecture to transform it into a sustainable, enjoyable, and open environment” helped to secure this award of distinction from the IESNA.\r\n\r\n“The concept combines architectural lighting in the form of recessed linears, downlights and pendants, together with large decorative luminaires that support the scale of the space, all on individual controls with special daylight sensors. ” – Oculus Light Studio.\r\n\r\nArchitectural elements such as the RGB programmable skylight and stairways with concealed LED strip-lights are striking focal features that were provided by Targetti – DuraTape RGB product.\r\n\r\nProject Details\r\nLighting Design Oculus Light Studio – Designer: Carol Prendergast\r\nArchitect: Shubin & Donaldson\r\nPhotos: ©Benny Chan/Fotoworks\r\nAwards: 2017 Lumen West – Award of Excellence – Interior Design', 'http://targettiusa.net/project/boston-consulting-group/', 'Targetti-Boston-Consulting-Group_small.jpg', 'Targetti Boston Consulting Group', 'Boston Consulting Group, Los Angeles, CA', 'Project Boston Consulting Group is located in Los Angeles, CA. Discover lighting design and luminaires types specified in the project.', '2018-03-20 00:00:00');
INSERT INTO `project_gallery` (`pr_gallery_id`, `sku`, `active`, `manufacturer`, `title`, `subtitle`, `description`, `url`, `thumbnail`, `thumbnail_alt`, `tag_title`, `tag_description`, `dt`) VALUES
(73, 'TRG002', 0, 66, 'Wynn Palace Resort Hotel', 'Cotai, Macau', 'The Wynn Palace is a magnificent, floral-themed luxury hotel and casino resort located in Cotai, Macau and has been honored as the “Best Luxury Hotel” in Macau by the Annual China Travel Awards. The resort is Steve Wynn’s latest masterpiece and is set in a commanding position in Cotai, Macau’s bustling new tourist hub. The vision and aspiration of Mr. Wynn was to create a new masterpiece that would help launch a new era of prosperity for Macau and attract more international tourists to the city. Wynn Palace is cited by Steve Wynn himself as “arguably the most beautiful hotel in the world.”\r\n\r\nThe USD $4.2 billion resort took six and a half years to design and build and offers 1,706 exquisitely furnished rooms, suites and villas with numerous personal touches overseen by Steve Wynn. The spa is the largest in Macau and features 22 treatment rooms and the resort’s pool and pool-side restaurant overlook the Performance Lake. The Wynn Palace Esplanade is 18,580 square meters of luxury shopping and is home to more than 50 of the most renowned names in retail.\r\n\r\nTargetti worked closely with Wynn Design & Development to provide the ideal accent lighting solutions they needed in the resort restaurants, spa, main casino, junkets, and in a variety of the guest accommodations. The lighting design team focused on utilizing the custom color capabilities and flexibility of Targetti and Duralamp’s multiple LED solutions to deliver, not only consistent lighting and color temperatures throughout each setting, but to also accommodate unique custom lighting that the opulent resort setting required.\r\n\r\nProject Details\r\nWynn Design & Development\r\n\r\nPhotos: Roger Davis, Barbara Kraft', 'http://targettiusa.net/project/wynn-palace-resort-hotel/', 'Targetti-Wynn-Palace-Resort-Hotel_small.jpg', 'Targetti Wynn Palace Resort Hotel', 'Wynn Palace Resort Hotel, Cotai, Macau', 'Project Wynn Palace Resort Hotel is located in Cotai, Macau. Discover lighting design and luminaires types specified in the project.', '2018-03-20 00:00:00'),
(74, 'TRG003', 0, 66, 'Lugano Diamond Retail Salon', 'Aspen, Colorado', 'The Newport Beach based, LuganoDiamonds has opened its third fine jewelry store, adjacent to one of the world’s most celebrated boutique hotels—The Little Nell in Aspen, Colo. The retailer opened this sleek, thoughtfully designed atelier, the Lugano Diamonds Salon, at The Residences at The Little Nell resort in June. 2017.\r\n\r\nThe welcoming space features muted blue-gray colors, polished wood floors, nods to Aspen’s luxe mountain culture—including a stylized mannequin holding a set of white skis.  Lighting throughout the salon was crafted by First Circle Design and features extensive use of CCTLed Architectural Mini Series and DuraTape cove lighting for accents throughout the space.  The shop offers a bevy of big-ticket gemstone jewelry, created by Lugano Diamonds, for affluent Aspen locals and tourists.\r\n\r\nProject Details\r\nLighting Design First Circle Design\r\n\r\nLocation: Aspen, Colorado\r\n\r\nPhotos: ©Michael Hefferon', 'http://targettiusa.net/project/lugano-diamond-project-aspen/', 'Targetti-Lugano-Diamond-Project_small.jpg', 'Targetti Lugano Diamond Retail Salon', 'Lugano Diamond Retail Salon, Aspen, Colorado', 'Project Lugano Diamond Retail Salon is located in Aspen, Colorado. Discover lighting design and luminaires types specified in the project.', '2018-03-20 00:00:00'),
(75, 'USA001', 0, 67, 'National Museum of African American History & Culture', 'Washington, D.C., USA', 'The National Museum of African American History and Culture is the only national museum devoted exclusively to the documentation of African American life, history, and culture. It was established by Act of Congress in 2003, following decades of efforts to promote and highlight the contributions of African Americans. To date, the Museum has collected more than 36,000 artifacts and nearly 100,000 individuals have become members. The Museum opened to the public as the 19th and newest museum of the Smithsonian Institution.\r\n\r\nProducts Used:\r\n\r\nBeveLED 2.1 Classic\r\nBeveLED Mini Classic\r\n\r\nLighting Designer: Fisher Marantz Stone\r\nPhotographer: Alan Karchmer/NMAAHC', 'http://www.usailighting.com/national-museum-of-african-american-history-culture-led-downlights', 'USAI-National-Museum-of-African-American-History-&-Culture_small.jpg', 'USAI. National Museum of African American History & Culture', 'National Museum of African American History & Culture, Washington, D.C., USA', 'Project National Museum of African American History & Culture is located in Washington, D.C., USA. Discover lighting design and luminaires types specified in the project.', '2018-03-21 00:00:00'),
(76, 'USA002', 0, 67, 'Museum of the Bible', 'Washington, D.C., USA', 'Museum of the Bible aims to be among the most technologically advanced and engaging museums in the world. Showcasing rare artifacts spanning 3,500 years of history, the museum offers visitors an immersive and personalized experience with the Bible, and its ongoing impact on the world around us.\r\n\r\nDedicated to one of the world’s oldest texts, the 8-level, 430,000-square-foot new museum in Southwest Washington, D.C. is resolutely modern, incorporating striking architectural forms and cutting-edge technologies. The finished project is a built equivalent of a manuscript that bears traces of several versions of text added and erased over time.\r\n\r\nArchitect: SmithGroupJJR \r\nPhotograph: Alex Fradkin Photography\r\n\r\nProducts used:\r\n\r\nBeveLED 2.1 Classic\r\nBeveLED Basic\r\nBeveLED Mini Classic\r\nNanoLED NXT Classic', 'http://www.usailighting.com/museum-of-the-bible-recessed-led-ceiling-lights', 'USAI-Museum-of-the-Bible_small.jpg', 'USAI. Museum of the Bible', 'Museum of the Bible, Washington, D.C., USA', 'Project Museum of the Bible is located in Washington, D.C., USA. Discover lighting design and luminaires types specified in the project.', '2018-03-21 00:00:00'),
(77, 'USA003', 0, 67, 'The Bridge at Cornell Tech', 'New York (US)', 'The Bridge is designed to leverage the resources of a major university with the world\'s leading technology-focused companies. The seven-story building, developed by Forest City New York, supports Cornell Tech\'s efforts to fuse entrepreneurial and academic ambitions on its new Roosevelt Island campus in New York City.\r\n\r\nOne-third of the 235,000-square-foot building hosts Cornell Tech studios, labs, classrooms, and event spaces, while the upper levels are dedicated to a mix of technology-focused companies and start-ups. All of the occupants share central, light-filled circulation spaces with panoramic skyline views and lounges that encourage social interaction and collaboration. The building\'s cantilevered southwest and northeast wings shelter outdoor social spaces that animate the ground floor retail spaces and entry terrace. \r\n\r\nLighting Designer: Renfro Design Group\r\nArchitect: Weiss | Manfredi\r\nPhotograph: © Albert Vecerka / Esto\r\n\r\nProducts Used:\r\n\r\nBeveLED 2.1 Classic\r\nBeveLED 2.1 Double Classic\r\nBeveLED Mini Classic', 'http://www.usailighting.com/the-bridge-at-cornell-tech-beveled-downlights', 'USAI-The-Bridge-at-Cornell-Tech_small.jpg', 'USAI. The Bridge at Cornell Tech', 'The Bridge at Cornell Tech, New York, USA', 'Project The Bridge at Cornell Tech is located in New York, USA. Discover lighting design and luminaires types specified in the project.', '2018-03-21 00:00:00'),
(78, 'WEF001', 0, 68, 'Valentine Place', 'London, UK', 'Outdoor lighting enhances ambience at Valentine Place\r\nThe location is perfect – in the heart of London, just a few minutes from Waterloo station and equally close to South Bank, the cultural district on the south bank of the Thames. This is where property developer Crest Nicholson realised the high-quality Valentine Place residential project. \r\n\r\nBehind the thoroughly renovated facades of an Edwardian flour mill and bakery are residential units in completely different formats. They range from apartments to penthouses and mews houses – a type of house from the 18th and 19th century that originally combined stables on the ground floor with servants’ quarters above them, and have now been transposed to modern living.\r\n\r\nA further reference to urban planning in historic London can also be found at Valentine Place. Similar to the terraced houses that were built in the West End from the 18th century onwards around the typical London squares, the residential units at Valentine Place are built around an open space. The design incorporates a park with lawns, trees, hedges, small terraces, benches and paved walkways.\r\n\r\nNumerous luminaires from WE-EF create a quiet and relaxed atmosphere in this hidden green oasis. Street and area lighting luminaires, bollards, wall luminaires and inground luminaires provide balanced general lighting, create good visibility and safety on the paths and emphasise features. CTY150 LED-FT bollards line the walkways through the residential development. The CAD-optimised, indirect optics of these luminaires, which are at least a metre in height, direct the light precisely to the circulation areas and reliably protect pedestrians from unnecessary glare. A CFT540 street and area lighting luminaire, which has been installed in the middle of the courtyard, is the 42 W version with 36 LEDs and 4,842 lumen. The lens type selected for this project [R] produces rectangular distribution befitting the layout of the park, and provides appropriate basic lighting for the whole area.\r\n\r\nETC130-GB inground luminaires installed in selected places are an additional design feature. The gimbal-mounted ETC130 versions are precisely directed at special trees and plants in the courtyard.  \r\n\r\nThe Valentine Place apartments feature high-quality technology and exquisite design. Residents will also find a high-class ambience outside their homes. This applies both to the attractive landscaping and the luminaires designed by WE-EF – they harmonise extremely well with the architecture of the residential units, which is also in keeping with the style of the historic bakery and the old warehouses along the River Thames.', 'http://www.we-ef.com/#!/int/project/valentine-place-uk', 'We-ef-Valentine-Place_small.jpg', 'We-ef Lighting Valentine Place', 'Valentine Place, London, UK', 'Project Valentine Place is located in London, UK. Discover lighting design and luminaires types specified in the project.', '2018-03-22 00:00:00'),
(79, 'WEF002', 0, 68, 'Ringwood Station', 'Australia', 'Lighting key to new-look Ringwood transport interchange\r\nWE-EF products have played a vital role in delivering a modern and vibrant redevelopment of the railway station and bus interchange in the Ringwood suburb of Melbourne, Victoria. \r\n\r\nLocated 23 km east of Melbourne\'s central business district, Ringwood is undergoing a transformation. Aside from the multi-million dollar expansion of the Eastland Shopping Centre, new community facilities coming to the area, including  new council library and cultural centre. The new rail/bus interchange links to the Town Square for easier commutes and the new shopping centre is expected to attract shoppers from across the region, encouraging growth and further investment.\r\n\r\nIn January Vic Roads, on behalf of Public Transport Victoria, completed the redevelopment of Ringwood train station, featuring a seamless bus interchange with new and improved facilities. Arup (Melbourne office) was the appointed consultant and design engineering firm in the A$ 66 million upgrade.\r\n\r\nThe WE-EF VFL500 LED street and area luminaire series was selected by the engineers to illuminate the station’s public activity areas, and was supplied by WE-EF sales partner Buckford Illumination Group.\r\n\r\nThe small VFL520, 12 W with [S60] \'side throw\' distribution, has been used to provide illumination for general pedestrian movement. The VFL530 has been cleverly used in different wattages and beam distributions – from an [A60] \'forward throw\' lens to the [S70] \'side throw\' lens – to achieve the recommended lighting levels over ramps and other connecting elements in the space. The larger version in the series, the VFL540, 84 W, has been used with the [S70] \'side throw\' distribution to illuminate the street footpath along the Maroondah Highway. The engineers chose the WE-EF VFL500 LED luminaire series because it offers a wide range of options that allow the designer to combine different lumen packages with a flexible optical system that ensures precision light distribution and uniform illuminance in every outdoor lighting application. In additional, the full cut-off design of the VFL500 luminaire provides critical glare-controlled illumination for pedestrians and especially for motorists along the road.\r\n\r\nDarren Bucknall, Director at Buckford Illumination Group, WE-EF\'s partner, said: “WE-EF products are well-known in the industry for their quality, durability and excellent performance”. He explained that the integration of LED technology into most of the WE-EF product range, and the development of new optics to improve lighting management, have produced more efficient and effective lighting tools to cater to the needs of lighting designers and engineers. “The VFL500 is a good example,” he noted. “The all-rounder outdoor luminaire features different light distributions – from a forward to a side throw beam distribution – and a series of lumen packages to suit a broad range of outdoor lighting applications.”\r\n\r\nOverall, WE-EF\'s expertise in exterior lighting has been integral in creating a safer, more accessible and visually attractive environment for the 5,000 customers that use the station on any given weekday.', 'http://www.we-ef.com/#!/int/project/we-ef-project-201707-ringwood-aus', 'We-ef-Ringwood-Station_small.jpg', 'We-ef Lighting Ringwood Station', 'Ringwood Station, Australia', 'Project Ringwood Station is located in Australia. Discover lighting design and luminaires types specified in the project.', '2018-03-22 00:00:00'),
(80, 'WEF003', 0, 68, 'The Piece Hall', 'Halifax, West Yorkshire, England', 'The Piece Hall in Halifax, West Yorkshire, England, is the only remaining example of an eighteenth century northern cloth hall, a prestigious building where trading of woollen cloth  “pieces” produced by handloom weavers took place. It was intended to create a more competitive and efficient market, discourage fraudsters as well as make a statement of the wealth of Halifax and the importance of the cloth trade during that time.  The building combined commercial and cultural values of the surrounding community by creating this vast and highly prominent building, and those values continue in its use today.\r\n\r\nThis important, Grade I listed building has been through a £19 million conservation programme, with funding from the Calderdale Council and the Heritage Lottery Fund. The project adapted the building into a new cultural and commercial centre for all to enjoy. Piece Hall now houses restaurants, shops, cafes and conference facilities. The objective of the project was to treat this unique property with the upmost of care. For such a sensitive project, the need for a high quality and expert finish in all aspects was required to ensure that this piece of history can be enjoyed for many years to come.  \r\n\r\nWE-EF was chosen to provide the luminaires that provided the high specification and reliability that this sensitive project required. \r\n\r\nThe ETC130-GB inground uplight luminaire was chosen to illuminate all of the structure’s pillars to highlight the stunning architecture of this influential building. WE-EF’s ETC140-GB inground luminaires were also used to light up the grand entrance arches and highly-decorated doors.\r\n\r\nIn addition to highlighting the building’s architectural features, WE-EF RAIL66 with FLC121 luminaires were installed in the corners of the square to add ambient illumination that prevents them from appearing as dark spaces. \r\n\r\nThe project was completed in July 2017 by Graham Contractors and the complex was reopened in August 2017. It is now operated by a new independent body, The Piece Hall Trust.', 'http://www.we-ef.com/#!/int/project/piece-hall-halifax', 'We-ef-The-Piece-Hall_small.jpg', 'We-ef Lighting The Piece Hall', 'The Piece Hall, Halifax, West Yorkshire, England', 'Project The Piece Hall is located in Halifax, West Yorkshire, England. Discover lighting design and luminaires types specified in the project.', '2018-03-22 00:00:00'),
(81, 'WEF004', 0, 68, 'Chadstone Shopping Centre', 'Melbourne, Australia', 'Chadstone Shopping Centre transport hub light for 1 million passengers every year\r\nAs part of a massive redevelopment in the heart of Chadstone, located south-east of Melbourne CBD, a new bus interchange and taxi rank offer the latest in smart bus technology, visual appeal and commuter comfort.\r\n\r\nWE-EF\'s LED technology was the engineers\' first choice for the lighting scheme due to its quality and performance as well as its ability to contribute to the project\'s sustainable design philosophy.\r\n\r\nThe construction of this new infrastructure is part of Chadstone\'s A$ 600 million redevelopment, which will also include a 10-level office tower, new retail and dining precincts, and two new carpark areas.\r\n\r\nSimpson Kotzman engineers have provided the building services design from the centre\'s initial concept stages and throughout the construction development. The firm developed a lighting scheme for the transport hub, and with the help of WE-EF sales partner in Victoria, Buckford Illumination Group, was able to implement a solution that was both elegant and functional for Public Transport Victoria.\r\n\r\nThe completion of the project marked the end of the first stage of the centre\'s mega redevelopment, and it is expected to make Australia\'s biggest shopping mall more accessible to the community. At least 1 million passengers are expected to use the bus interchange every year, which will also provide shoppers with a central access point to the mall through a network of 14 bus lines that connect with the suburban train network to Melbourne\'s east and south.\r\n\r\nThe design of the interchange includes a multipurpose roof canopy that will capture rain to be reused via a rainwater tank for toilet flushing, gardens and landscaping irrigation. The canopy also provides a weather-protected zone with heating, CCTV and real-time electronic signage as well as sufficient seating benches for the commuters. The project\'s lighting was carefully integrated with the architectural streetscape in order to provide accent and orientation illumination where required.\r\n\r\n\"WE-EF FLD131 LED 24 W projectors with a medium beam distribution and linear lens are used to uplight the white canopies. The indirect uplighting provides adequate illumination for safety and pedestrian circulation, while creating an architectural focal point in the space,\" according to Buckford Illumination Group.\r\n\r\nIn addition, Buckford Illumination Group pointed out that the \"catenary RFS540 LED luminaires were selected for illuminating the bus lanes and minimising any visual intrusion that could have been created with the use of light poles. The suspended luminaires blend beautifully with the architecture, creating sufficient light to comply with the requirements stated by Australian standards.\"\r\n\r\nThe project also features a series of 144W VFL540-SE mounted on 8.5-metre poles to illuminate the rooftop of the new car park building. The side-entry luminaire is also used in a triple configuration to light the intersection and merging point with the bus interchange via Dandenong Road.', 'http://www.we-ef.com/#!/int/project/chadstone-shopping-centre-melbourne', 'We-ef-Chadstone-Shopping-Centre_small.jpg', 'We-ef Lighting Chadstone Shopping Centre', 'Chadstone Shopping Centre, Melbourne, Australia', 'Project Chadstone Shopping Centre is located in Melbourne, Australia. Discover lighting design and luminaires types specified in the project.', '2018-03-22 00:00:00'),
(82, 'PRE001', 0, 69, 'Natural History Museum - Hintze Hall', 'London, UK', 'Precision Lightings LED range has been used extensively throughout the newly transformed Hintze Hall at the Natural History Museum in London. The treasured Hintze Hall has been transformed with its new addition ‘Hope’; the female blue whale skeleton which has taken the place of ‘Dippy’ the beloved Diplodocus. Measuring at 25.2 metres long, she is a spectacular sight to behold that celebrates the relationship between humanity and a sustainable future. \r\n\r\nHope is not the only addition to the exhibit; she is accompanied by hundreds of other new specimens, including an American Mastodon. The huge Ice-age mammoth is illuminated by Precision’s Evo X16s on a custom curved basis track from above, finished in an unique anodic brown to fit the traditional and historic surrounding architecture. \r\n\r\nThroughout Hintze Hall, there are 10 ‘Wonder Bays’ (the ground-floor alcoves along either side of the hall) that are filled with the other new specimens, all of which are lit using Evo X11s that along with their Evo X16 counterparts, are finished in antique bronze effect paint. The Evo X family was perfect for lighting these fantastic historical pieces due to their beautifully minimal aesthetic and high CRI, meaning these specimens can be seen in their true glory.\r\n\r\nWorking closely with the Lighting Designer - DHA Designs, we produced bespoke curved track that integrated seamlessly into the historic grade 1 listed building. Rubbed bronze and antique effect finishes were used extensively to complement the existing interior.\r\n\r\nLighting Designer: DHA Designs\r\nLocation: London, United Kingdom', 'http://www.precisionlighting.co.uk/~precli/index.php/projects/item/nhm-hintze-hall', 'Precision-Lighting-Natural-History-Museum-Hintze-Hall_small.jpg', 'Precision Lighting Natural History Museum - Hintze Hall', 'Natural History Museum - Hintze Hall, London, UK', 'Project Natural History Museum - Hintze Hall is located in London, UK. Discover lighting design and luminaires types specified in the project.', '2018-03-23 00:00:00'),
(83, 'ERC003', 0, 62, 'Volvo Retail Experience in the Luleå showroom', 'Luleå, Sweden', 'The new retail design concept of the Swedish automotive brand Volvo is based on contrasts – soft and hard, warm and cold, tranquillity and dynamism as well as light and shadows. Accent light from ERCO Light Board spotlights brings out the best of the products and their features and creates the right atmosphere. \r\nWe got together with Erik Stigmar, Senior Manager for Retail Experience at Volvo Cars from Göteborg, the location of the newly designed Volvo showroom at Luleå. As the responsible brand architect, he talks about the concept behind the \"Volvo Retail Experience\" and the importance of perception-orientated lighting for compellingly presenting merchandise.\r\n\r\nContrasts emphasised with light\r\n\"Volvo is a brand targeted to its users – the various zones in the showroom should also relate to the different needs and preferences of our target groups,\" said Erik Stigmar. The two central areas are supplemented with an open reception, small glazed offices and a workshop. All spaces are bright and transparent and can be viewed without obstruction. \r\nThe dualism of the communicative lounge zone and the product zone is supported with a perception-orientated lighting concept. Light Board spotlights from ERCO bathe the lounge area in diffuse, warm white light with 3000K, whilst LED spotlights from the same luminaire range emphasise the fast, fresh atmosphere of the \"street\" with 4000K neutral white light similar to daylight. The formality of the unobtrusive track spotlights achieves a subtle bridge between the two zones.\r\n\r\n﻿\r\n[alt]\r\nA focus via contrasts and depth from wallwashing\r\nThe perception-orientated lighting concept is an inherent part of Volvo\'s new retail design. Despite the high ceilings, hard accent lighting serves to focus the visitors’ attention on the vehicles whilst the circulation zones between the products recede into the background as darker areas. Using the sense of contrast as a stylistic device intensifies the brand experience for visitors in the Volvo dealerships, and the differences in brightness levels create a sense of tension and an impression of speed in the street zone. The crisp light beams also create an individual backdrop for each of the vehicles – \"what we\'re actually doing is washing the cars with light,\" explained Erik Stigmar. \"We also use additional highlights to display the striking contours, high quality of the materials and important details such as door handles.\"\r\nIn addition to the rhythmic accent light some of the walls are washed uniformly with light, giving the spaces a wide, open impression in keeping with the Scandinavian mood and identity. ERCO wallwashers also define the lines of the gently curved paint samples and surfaces of the refined, natural-coloured upholstery patterns in the vertical plane. A touch screen recessed into the wall, used for configuring individual vehicle models, is illuminated completely without glare.\r\n\"This lighting concept focusing on perception really achieves the ideal product presentation for us,\" confirmed Erik Stigmar. Volvo also places high importance on sustainability. \"We also save quite a lot in energy overheads because we\'re only illuminating the target plane.\"\r\n\r\n\r\nLighting design: Anne Eklund, Lighting Designer\r\nWSP Sverige AB | WSP Ljusdesign, Stockholm / Sweden\r\nwww.wspgroup.se\r\nPhotography: Johan Elm, Stockholm / Sweden\r\nSpecial Thanks to:\r\nTomas Lejon, CEO\r\nNordiska Bil AB, Luleå\r\nwww.nordiskabil.se\r\nPlace: Luleå\r\nCountry: Sweden', 'http://www.erco.com/projects/retail/volvo-retail-experience-in-the-lule-showroom-6457/en/', 'ERCO-Volvo-Retail-Experience-showroom_small.jpg', 'ERCO the Volvo Retail Experience in the Luleå showroom', 'Volvo Retail Experience in the Luleå showroom', 'Project Volvo Retail Experience is located in Luleå, Sweden. Discover lighting design and luminaires types specified in the project.', '2018-03-28 00:00:00'),
(84, 'ERC004', 0, 62, 'Faerber Architekten, Mainz', 'Faerber Architekten office in Mainz', 'The new office construction of Faerber Architekten in Mainz, Germany demonstrates the extent to which good light contributes to a sophisticated, appealing and ergonomic work environment. Contemporary office lighting with ERCO LED lighting tools creates maximum visual comfort, supports concentration and communication at the place of work and also brings out the very best of high quality interior design.\r\n\r\nFaerber Architekten in Mainz, founded in 1991, employs more than 20 urban planners, architects and interior designers for projects throughout the whole Rhein-Main region. As a consequence of its continuous expansion, the company decided in 2016 to construct a new building close to their established location in the old city area of Mainz. The site selected was a plot in a narrow street next to the attractive church of Saint Stephen and includes an existing building in the rear courtyard. The team from Faerber Architekten moved into the office spaces in May 2017 consisting of prestigious reception and conference rooms as well as state-of-the-art office spaces on around 450 square metres across five floors – and perfectly illuminated with cutting-edge ERCO LED lighting technology. Working closely together with ERCO, Faerber Architekten developed a perception-oriented lighting concept. The illumination of room zones featuring high visual comfort and general lighting with good glare control using the new, linear Compar downlights was a priority. Individually illuminating the various workstations was also important for the lighting designers. All prestigious areas with client contact, e.g. the entrance area, reception, library and conference rooms are illuminated with warm white light (3000K) and all work areas with neutral white light (4000K).', 'http://www.erco.com/projects/work/faerber-architekten-mainz-6788/en/', 'ERCO-Faerber-Architekten_small.jpg', 'ERCO Faerber Architekten, Mainz', 'Faerber Architekten, Mainz', 'Project Faerber Architekten is located in Mainz, Germany. Discover lighting design and luminaires types specified in the project.', '2018-03-28 00:00:00'),
(85, 'ALY001', 0, 76, 'The Word', 'The Word, National Centre for the Written Word, South Shields, UK', 'Located on a prominent gateway site linking South Shields’ riverside area with the town centre, The Word is one of the first projects for the redevelopment of the area, and as such the scheme needed to be successful to provide a striking new focal point in the North East town’s marketplace, in which its community can take great pride, and from which the wider regeneration will develop.\r\n\r\nBecause of this, the design and construction team created a shining example of an attractive, efficient civic building, encompassing design features that reflect the town’s industrial and manufacturing heritage, enhanced by a complementary, bespoke lighting scheme, developed by Desco, to attract and engage visitors.\r\n\r\nAt the heart of the development is a bespoke, 6.5-metre wide LED luminaire, designed by Desco and FaulknerBrowns in collaboration with Atelje Lyktan. The chandelier – the largest single fitting ever manufactured by Atelje Lyktan, was custom-made to fit an architectural ceiling recess with the depth of the fitting dictated by the architect’s vision. The installation is comprised of 84 ‘drums’ mounted to a bespoke frame. As the chandelier is literally bolted to the soffit, all cables were hidden within the bespoke mounting frame of the luminaire installation, with the cabling cast within the concrete before the installation design had been completed.\r\n\r\nThe chandelier was incorporated with tuneable white LEDs, allowing for the atmosphere and mood of the building to be altered depending on the time of day, as Davison explained: “The colour temperature of the fitting is designed to simulate daylight; a warm 2700k light in the morning gradually changes to a colour temperature of 6500k as the sun peaks, then turning back to 2700k tones at sunset.\r\n\r\nThe winner of four awards at the 2017 RICS Awards including overall ‘Project of the Year’. Since opening in October last year, The Word has been a truly inspiring and interactive community-led centre with a 21st century library. A varied calendar of exhibitions, workshops and events has encouraged new visitors to the town.\r\n\r\nLocation: The Word Library, South shields\r\nClient: South shields\r\nArchitect: Faulkner Browns\r\nElectrical consultant: Desco\r\nElectrician: Imtech\r\nLuminaire: Custom made centre-piece luminaire made up of 82 circular colour changing light drums measuring 6.5 m in diameter', 'http://www.atelje-lyktan.se/en/projekt/south-shields', 'ateljé-Lyktan-the-Word_small.jpg', 'ateljé Lyktan The Word', 'The Word, National Centre for the Written Word, South Shields, UK', 'Project The Word is located in South Shields, UK. Discover lighting design and luminaires types specified in the project.', '2018-03-30 00:00:00'),
(86, 'ROX001', 0, 78, 'ANTWERP PORT AUTHORITY', 'Antwerpen, Belgium', 'The renowned Zaha Hadid Architects brought together the old and new into the renovation of the Antwerp Port Authority (Belgium), which resulted into a stunning building, where several products from Indelague Group were specified.', 'http://www.indelague.com/en/whatsnew/index/75-antwerp-port-authority', 'ROXO-Lighting-ANTWERP-PORT-AUTHORITY_small.jpg', 'ROXO Lighting ANTWERP PORT AUTHORITY', 'ANTWERP PORT AUTHORITY, Antwerpen, Belgium', 'Project ANTWERP PORT AUTHORITY is located in Antwerpen, Belgium. Discover lighting design and luminaires types specified in the project.', '2018-03-31 00:00:00'),
(87, 'BUZ001', 0, 80, 'Kienbaum Consultants International office', 'Cologne, Germany', 'For the Cologne office of HR consultancy Kienbaum Consultants International, Sam and Plankton Architects were tasked with subdividing the new open-plan office into flexible zones without detracting from the spaciousness of the room. In order to create work islands that are not only visually appealing but also functional, the interior designers opted for products from Buzzispace. \r\n \r\nAs a contrast to the desks, seating areas have been created in cheerful colors, offering flexible use tailored to the requirements of different tasks: One-on-one meetings are given the necessary discretion thanks to the “BuzziMe” wingback chairs, while the volume of team meetings is kept down in the “BuzziHub” along with additional noise filtering provided by the “BuzziShade” lampshade. To assist employees with the need for exercise, the presentation area is equipped with several models of the “BuzziBalance”, a pouf which has a carved wooden wobble-board, and the “BuzziBalance Board”, enabling the user to wobble back and forth, thus activating the muscles. The pouf also functions as an acoustic element.', 'http://buzzi.space/blog/project-spotlight-kienbaum-deu/', 'Buzzi-Space-Kienbaum-Consultants-International-office_small.jpg', 'Buzzi Space Kienbaum Consultants International office', 'Cologne office of HR consultancy Kienbaum Consultants International', 'Project Office of Kienbaum Consultants International is located in Cologne, Germany. Discover lighting design and luminaires types specified in the project.', '2018-04-19 00:00:00'),
(88, 'ART001', 0, 81, 'Auditorium SACMI', 'Imola, Italy', 'Year: 2017\r\nProject: Auditorium SACMI\r\nCategory: Culture\r\nLocation: Imola, Italy\r\nAuthor: A2 studio Gasparri e Ricci Bitti Architetti associati\r\nPhoto: Michele Nastasi', 'https://www.artemide.com/en/projects#4653912/auditorium-sacmi', 'Artemide-Auditorium-SACMI_small.jpg', 'Artemide Auditorium SACMI', 'Auditorium SACMI, Imola, Italy', 'Project Auditorium SACMI is located in Imola, Italy. Discover lighting design and luminaires types specified in the project.', '2018-04-19 00:00:00'),
(89, 'ART002', 0, 81, 'Hotel Il Castelfalfi', 'Castelfalfi, Italy', 'Year: 2017\r\nProject: Hotel Il Castelfalfi\r\nCategory: Hospitality\r\nLocation: Castelfalfi, Italy\r\nAuthor: Arch. Burresi\r\nPhoto: Toscana Resort Castelfalfi', 'https://www.artemide.com/en/projects/4653877/hotel-il-castelfalfi', 'Artemide-Hotel-Il-Castelfalfi_small.jpg', 'Artemide Hotel Il Castelfalfi', 'Hotel Il Castelfalfi, Italy', 'Project Hotel Il  is located in Castelfalfi, Italy. Discover lighting design and luminaires types specified in the project.', '2018-04-19 00:00:00'),
(90, 'AXO001', 0, 83, 'Radisson Blue Hotel', 'Yerevan, Armenia', 'Beautifully positioned by Victory Park and Areni Lake, the Radisson Blue Hotel, Yerevan offers 5-star accommodation on the upscale Azatutyan Avenue. This magnificent hilltop setting provides awesome views of the city center against a backdrop of biblical Mount Ararat.\r\n\r\nIn addition to a breathtaking location, the hotel features 142 immaculate rooms and suites housed in an eye-catching stone and glass façade. Out Skirt suspended lamps are installed in the main entrance of the hotel. These custom-made lights are an example of bespoke design, as Axolight’s pay-off reveals. In fact the lampshade is extra-sized to illuminate the high lobby of the hotel. \r\n\r\n\r\nPhotos by: Radisson Blue Hotel \r\n\r\nProject by: Ara Design and Andre Avedian', 'http://www.axolight.it/europe/en_GB/projects/bespoke/radisson-blue-hotel-yerevan-armenia', 'Axolight-Radisson-Blue-Hotel_small.jpg', 'Axolight Radisson Blue Hotel', 'Radisson Blue Hotel, Yerevan, Armenia', 'Project Radisson Blue Hotel is located in Yerevan, Armenia. Discover lighting design and luminaires types specified in the project.', '2018-04-19 00:00:00'),
(91, 'HOF001', 0, 84, 'NRW state parliament', 'Düsseldorf, Germany', 'NRW state parliament making savings with LED illumination\r\n\r\nThe entire lighting system of the plenary hall in the Düsseldorf state parliament was extensively renewed during the summer break. The original lighting with high-output metal halide lamps has been replaced by recessed LED lights from Hoffmeister. The President of the State Parliament, Eckhard Uhlenberg, believes that the annual energy costs will fall from currently EUR 50,000 to EUR 5,000 as a result. In order to achieve this target, the DL170 un.limited LED downlights used have been equipped with dimmable controls which allow for their regulation according to the level of natural light. The components used are compatible with television recordings. The drivers and LEDs ensure flicker-free operation when on full power and when dimmed, especially in the frequency range critical to television recordings. The illumination was planned by the renowned lighting designer “Peter Andres – Beratende Ingenieure für Lichtplanung, Hamburg”. The recessed luminaires are equipped with highly efficient 2000 lm LED modules with a power consumption of only 36W. As the luminaires are positioned at a great height, maintenance intervals play a big role when considering their efficiency. The luminaires can only be reached using elaborate scaffolding. LED lights such as the DL170 un.limited have a clear advantage in this regard. With an average life cycle of 50,000 hours, they don´t need any maintenance for many years. The downlights are equipped with passive flow.tec thermal management. Without active, moving elements, without additional energy consumption and without wear, the flow.tec system maximises heat dissipation away from the LED surface in the DL 170 un.limited. Low temperatures are a prerequisite for low-impact operation of these luminaires to ensure maximum luminous power and a long life cycle. The elimination of solid cooling elements reduces the inherent weight of the light. Thanks to this weight-optimised design, the overall eco-balance of the DL170 LED luminaires is also significantly better than that of luminaires with electrically operated active cooling systems or solid aluminium cooling elements. Besides the expected energy savings, the overall look of the plenary hall has also been enhanced. The luminaires pick up the rounding of the distinctive ceiling design, pleasantly complementing the overall impression. Although visually recessed themselves, their light effect still contributes significantly to the interior design.\r\n\r\nBuilding owner: Land Nordrhein-Westfalen \r\nLighting designer: Peter Andres, Consultant engineer for light planning, Hamburg', 'http://www.hoffmeister.de/en/projects/?tx_dreipchoffmeistercatalog_catalog%5BprojectId%5D=%7Bprocat%3A%28groups.BaseGroup%3A%28%5B%40IMID%3ANode%3Agroup5684817300754%5D%29%29%7D&cHash=a994b52f08ed55cfb7928b27f83a75e2', 'Hoffmeister-NRW-state-parliament_small.jpg', 'Hoffmeister NRW state parliament', 'NRW state parliament, Düsseldorf, Germany', 'Project NRW state parliament is located in Düsseldorf, Germany. Discover lighting design and luminaires types specified in the project.', '2018-04-20 00:00:00'),
(92, 'DGR001', 0, 85, 'Enigma restaurant', 'Barcelona, Spain', 'Project: RCR Arquitectos (Rafael Aranda, Carme Pigem, Ramón Vilalta) and Pau Llimona.\r\nLight project: Artec3 Studio\r\nCustomer: Albert Adrià\r\nBarcelona 2017\r\n\r\nEnigma started as an idea by the famous Catalan chef, Albert Adria’. He wanted to create a “mysterious restaurant” that would reflect his cuisine and his career.\r\nStudio RCR Arquitectes, winner of the Pritzker Prize 2017, helped Adria’ to put his idea onto paper by coming up with a watercolour rendition of what they thought he wanted. The result was so inspiring that they decided to go ahead with the project.\r\nAlbert Adria’ is famous for his experimental cuisine and surprising menus. His vision for a restaurant was an place in which each guest would be totally immersed in his world, and where the experience of eating would be unforgettable.\r\nHow one cooks and a chef’s menu have always been strongly influenced by its surroundings. This is how RCR Arquitectes came up with the idea for this particular space, an intriguing ambience filled with curves and tight corridors, where David Groppi’s NULLA lamp leads the way, but overall where NULLA makes every table “unique and magic”.', 'http://davidegroppi.com/en/progetto/ristorante-enigma/', 'Davide-Groppi-Enigma_small.jpg', 'Davide Groppi Enigma restaurant', 'Enigma restaurant, Barcelona, Spain', 'Project Enigma  is located in Barcelona, Spain. Discover lighting design and luminaires types specified in the project.', '2018-04-20 00:00:00'),
(93, 'DGR002', 0, 85, 'Zaha Hadid Model Apartment', 'NEW YORK CITY', 'Project: West Chin Architects & Interior Designers\r\n\r\nLight project: west | nyc home and west | out east showrooms\r\nNEW YORK CITY	2017\r\n\r\nDavide Groppi’s lamps for the model apartment project in the new Zaha Hadid building. \r\nDesigned by WCA, the model apartment in the new Zaha Hadid building features a selection of furnishings \r\nfrom the west | nyc home and west | out east showrooms that enhances the design of this dynamic, \r\nmodern residential building. \r\nThe building is a new iconic fixture of the New York City skyline and the newly developed High Line area. 520 West 28th St.\r\n\r\nLamps\r\nSAMPEI\r\nNEURO\r\nARIA', 'http://davidegroppi.com/en/progetto/zaha-hadid-model-apartment/', 'Davide-Groppi-Model-Apartment_small.jpg', 'Davide Groppi Zaha Hadid Model Apartment', 'Zaha Hadid Model Apartment, New York, USA', 'Project Zaha Hadid Model Apartment is located in New York, USA. Discover lighting design and luminaires types specified in the project.', '2018-04-23 00:00:00'),
(94, 'IGZ005', 0, 65, 'The Museum of the Second World War', 'Gdansk, Poland', 'The Museum of the Second World War stands on a plot of land in the Władysław Bartoszewski Square near the city centre. It is a symbolic location with an important past, as it is just 3 kilometres from the Westerplatte peninsula and 200 metres from the historic Polish post office that were the first places the Nazi army attacked in September 1939 when they invaded Poland and sparked the start of the Second World War. The 1,700 square metre plot on which the museum is built reaches as far as the Radunia canal to the west and the Motława river to the south. Today, this suburban area lies just outside Old Gdansk, but it will soon be right at the heart of the city when the regeneration project designed to transform the historic local shipyard into Gdansk’s new modern centre has been completed.\r\n\r\nSettlements have existed in this area since ancient times and it was first fortified in the year thousand. In the mid-seventeenth century the area underwent a significant transformation and its first regular urban plan was laid down at the beginning of the eighteenth century.\r\n\r\nThe architectural design for the Second World War Museum was decided through an international architectural competition and the jury proclaimed the winner on September 1st 2010.\r\n\r\nThe competition notice asked not only for design ideas for the museum, but also for the rearrangement of the entire area, and the contest was decided by a jury, presided over by Daniel Libeskind, who judged the winner to be the project presented by the Kwadrat studio on account of its comprehensive consideration of all the various urban, architectural, functional and aesthetic criteria.\r\n\r\nThe building covers a surface area of about 23,000 square metres, of which 5,000 are dedicated to the permanent exhibition that uses cutting-edge display systems to tell the story of the Second World War, with a focus on the lives of ordinary people as well as the policies of the Great Powers. The international community of architects applauded the museum’s design which divides the museum area into three areas symbolizing the relationship between the past, the present and the future of war. The past is located on the museum’s underground floors, the present is represented by the open space around the building and the future is the part that rises up from the ground. The lighting design is based on Palco luminaires that are track-mounted in the exhibition spaces as well as in the transit areas. Both spot and wall washer versions of the projector have been track-installed to offer maximum versatility, and its notable power and efficiency succeeds in illuminating the building effectively, despite its extremely high ceilings. Outside, Underscore InOut luminaires have been installed under the handrails on the walkways.\r\n\r\nYear:\r\n2017\r\nClient:\r\nMinistry for Cultural Affairs\r\nArchitectural project:\r\nKwadrat / Loft\r\nLighting project:\r\nLoft / Praxis\r\nPhotographer:\r\nTomasz Kurek', 'https://www.iguzzini.com/us/projects/project-gallery/the-museum-of-the-second-world-war/', 'iGuzzini-The-Museum-of-the-Second-World-War_small.jpg', 'iGuzzini The Museum of the Second World War', 'The Museum of the Second World War, Gdansk, Poland', 'Project The Museum of the Second World War is located in Gdansk, Poland. Discover lighting design and luminaires types specified in the project.', '2018-04-23 00:00:00');
INSERT INTO `project_gallery` (`pr_gallery_id`, `sku`, `active`, `manufacturer`, `title`, `subtitle`, `description`, `url`, `thumbnail`, `thumbnail_alt`, `tag_title`, `tag_description`, `dt`) VALUES
(95, 'IGZ006', 0, 65, 'Station F', 'Paris, France', 'Formally opened in 2017, Station F is the biggest startup campus in the world. Located in the centre of Paris, it is the brainchild of the internet and mobile phone entrepreneur Xavier Niel who has always been interested in the world of startups. Niel has succeeded in attracting investments from a number of corporate giants, such as  Facebook, who invested in the “Startup Garage” programme for data handling companies, Microsoft, that runs the artificial intelligence sector and Vente Privée, the French e-commerce colossus.\r\n\r\nThe facility is housed in the 34,000 square metre, former Austerlitz Station rail freight depot, built between 1927 and 1929 by the engineer Eugène Freyssinet. Halle Freyssinet, as the building was originally known, is a splendid building constructed of pre-compressed concrete with an extraordinarily light load-bearing structure based on an innovative technique later patented by Freyssinet. Thanks to this highly original characteristic in 2012 Halle Freyssinet was officially nominated a historical monument.\r\n\r\n310 metres long and 58 metres away, Station F consists of three parallel naves with slim pre-compressed concrete arches, each of which has a specific function. The refurbishment plan designed by the Wilmotte & Associés studio is simple and effective. It eliminates any superfluous decoration to reveal the elegance of the structure and enhance the refined proportions of the main and secondary pre-compressed reinforced concrete elements. The new window frames that complete the building are made of flat iron and create a comfortable environment while also matching the structure’s original style. \r\n\r\nThe building basically consists of a main central space under a vast barrel vault with a large skylight in the middle of it, and a series of individual startup boxes, created from iron structures, which run down either side and are completely separate from the original concrete walls. The small rooms located on the ground and first floor have glass fronts overlooking the shared central space, while the top floor hosts a series of cantilevered container boxes that recall the depot’s original purpose. The building includes a “Share Area - a large open space for meeting and sharing skills and digital technologies - is located, as well as a “Fab Lab” that is equipped with freely accessible 3D printers and a 370-seat auditorium. \r\n\r\nThe real heart of the facility, though, is the “Create Zone”, a creative space where all the functional startup structures are located in the form of 24 \"villages\" (8 on each floor). Each village is unique and houses various services (kitchens, Skype boxes, meeting rooms and so on). The shared work spaces all have an open space design and are equipped with modular, connected tables. Last of all, is the “Chill Zone”, a relaxation area with a restaurant and a south-facing gallery offering a view over a multi-level garden, that is open to outsiders as well as those who work at Station F.\r\n\r\nThe building’s new interior layout called for a lighting design split between general lighting for the large spaces and low luminance and more adaptable lighting for the work spaces. For the general lighting, Jean Michel Wilmotte used the Platea Pro projector, a luminaire created for exterior application and therefore perfect for the light effects required for the structure’s considerable height. Two different optics were used, a Wide Flood and an asymmetric street optic, and to install the luminaires, a special metal bracket was designed that straddles the beams that run the entire length of the hall and create a constant rhythm along the “Share Area”. In the locker area where the people who work at station F store their personal belongings, recessed Ledplus luminaires fitted with a Floor Washer optic were used as they create a soft homogeneous atmosphere items. The main entrance to Station F, on the other hand, is illuminated with Laser Blade InOut luminaires protected by a special case.\r\n\r\nYear:\r\n2017\r\nClient:\r\nSDECN - Xavier Niel\r\nDesigner:\r\nWilmotte & Associés\r\nArchitectural project:\r\n2B2M\r\nLighting project:\r\nWilmotte & Associés\r\nStructural engineering:\r\nMIZRAHI\r\nCurator:\r\nDidier Boy De la Tour\r\nFacades:\r\nARCORA\r\nSustainability engineering: \r\nTRANSSOLAR', 'https://www.iguzzini.com/us/projects/project-gallery/station-f-light-for-the-biggest-startup-campus-in-the-world/', 'iGuzzini-Station-F_small.jpg', 'iGuzzini Station F', 'Station F, Paris, France', 'Project Station F is located in Paris, France. Discover lighting design and luminaires types specified in the project.', '2018-04-23 00:00:00'),
(96, 'IGZ007', 0, 65, 'The Ancient Theatre of Taormina', 'Taormina, Italy', 'The lighting design for the ancient theatre of Taormina was commissioned by the Department of  Cultural Heritage and Sicilian Identity in order to extend visiting hours at the site into the evening. Operating in collaboration with the Energy Service Company Metaenergia (ESCo), with whom an agreement was signed for the provision of electrical energy and services from 2013 to 2017, this Department opted to use iGuzzini technology for the new project. ESCo also immediately recognised iGuzzini\'s immense expertise in the lighting sector and its skill in using light to both protect and enhance cultural heritage.\r\n\r\nThis particular project has two general aims: on one hand it seeks to use light to enhance the site\'s splendid classical architecture, while on the other, it allows visitors to access the theatre in perfect safety even at night. The increase in revenue created, thanks to a rise in visits, together with lower management costs also mean that the archaeological site can enjoy simple, programmed maintenance while simultaneously bringing other benefits to the area.\r\n\r\nThe project designed by Engineer Roberto Sannasardo from the Department of  Cultural Heritage and Sicilian Identity involved updating the existing lighting system (installed in 1999 by the French studio Roland Jeol) with new technological solutions that were not available at the time.  Non-invasive design solutions were specifically requested in the commission, so compact and hidden luminaires were chosen, and wherever possible, the existing installation system was used to avoid attaching more brackets to the ancient walls.  The overall aim was to create a lighting system that would have a realistic effect and succeed in reproducing the subtle colours of dusk. This is why warm colour temperatures (2900-3000 K) were chosen that create a picturesque image of the theatre. At the same time, using products with high colour rendering  (a CRI of 90) ensures that the site\'s natural materials are properly saturated with the required range of colour. Moreover, replacing all the existing lighting units with new DALI LED elements has resulted in an 80% reduction in consumption and consequently lower management costs. To ensure that the site can be visited in perfect safety at night, the exit routes have been lit with linear lighting created by Underscore InOut luminaires recessed in the handrails and diffused lighting produced by Woody series floodlights . The theatre entrance is also lit by Woody luminaires that anticipate the line of floodlights used in the arena. The designer chose the Woody series because of its high level of visual comfort and wide variety of installation systems and uses, which range from highlighting details to landscaping. From the site\'s viewing platform, a rhythmic procession of pole-mounted iTeka luminaires introduces the visitor to this remarkable example of classical architecture with directional lighting  created by optics with OptiSmart reflectors that optimizes both visual comfort and the spacing of the luminaires. Woody downlights illuminate both the vaulted portico and the open portico, emphasizing the structure of the steps. From there, Underscore InOut Side Bend luminaires installed in the handrail guide the visitor towards the orchestra with an even and continuous line of light that produces no shadow areas whatsoever. In this way light becomes a kind of geometrical sign that indicates the way ahead. Underscore InOut luminaires are incredibly reliable and perfectly suited  to the site\'s climate, so constant, long-lasting, high performance is guaranteed. Continuing up to the orchestra, the cavea (auditorium) and paraskenia  (side wings) are lit with wide beam Maxiwoody luminaires, whereas Woody luminaires guide visitors along the parodoi (stage side entrances) towards the skene (backstage) where Miniwoody luminaires light up the proskenion (area in front of the skene) and Maxiwoody floodlights the skene. \r\n\r\nThis new lighting system, officially unveiled at a press conference and opening event on June 28th, illuminates the splendid architecture and natural beauty of this archaeological site perfectly while also strictly complying with all the relevant safety standards.\r\n\r\nYear:\r\n2017\r\nClient:\r\nDepartment of Cultural Heritage and Sicilian Identity Metaenergia E.S.Co.\r\nLighting project:\r\nRoberto Sannasardo\r\nPhotographer:\r\nGianluca Scalia & Mario Tordini', 'https://www.iguzzini.com/projects/project-gallery/the-ancient-theatre-of-taormina/', 'iGuzzini-The-Ancient-Theatre-of-Taormina_small.jpg', 'iGuzzini The Ancient Theatre of Taormina', 'The Ancient Theatre of Taormina, Italy', 'Project The Ancient Theatre of Taormina is located in Italy. Discover lighting design and luminaires types specified in the project.', '2018-04-24 00:00:00'),
(97, 'INL001', 0, 86, 'NautaDutilh', 'Amsterdam, The Netherlands', 'This law firm office is not only a 10,000 m2 space, it’s THE space in the financial district of Amsterdam. It’s ages away from the usual radiance. It’s quirky, it’s layered and it’s subtle.\r\n\r\nIt\'s a place of ultimate balance of representatives, warmth, and artistry. And it starts with the entry.\r\n\r\nIt all started with the idea of a work environment, that offers more than just an office, that\'s space where work and life blend in a relaxed way. \r\n\r\nThe heart of the office is the restaurant with a bar, where lighting follows the concept of creating a warm and personal ambient ideal for informal chats.\r\n\r\nThe architects aimed to create a fusion of traditional values, contemporary rituals with a human eye on the future.\r\n\r\nLight had to fulfil the modern aspect and create a space where people feel good. \r\n\r\nArchitect: Casper Schwarz\r\nLighting Designer: Studio Rublek\r\nPhotographer: Peter Baas; Gerke van de Hoef', 'https://www.intra-lighting.com/solution?solution=OFFNaut1&name=nautadutilh', 'Intra-Lighting-NautaDutilh_small.jpg', 'Intra Lighting NautaDutilh', 'NautaDutilh, Amsterdam, The Netherlands', 'Project NautaDutilh is located in Amsterdam, The Netherlands. Discover lighting design and luminaires types specified in the project.', '2018-04-26 00:00:00'),
(98, 'WEF005', 0, 86, 'Neues Rathaus', 'Dresden, Germany', 'Following extensive renovations, the Neues Rathaus (New Town Hall) in Dresden is now seen in a new light.\r\n\r\nWhen they devised the exterior lighting for the Neues Rathaus, the Studio DL lighting designers had to comply with the requirements for listed buildings as well as the master plan for Dresden\'s city lighting. Their concept is based on several carefully co-ordinated elements that present the town hall as a landmark on Dresden\'s skyline while at the same time allowing a close look at the architecture and the decorative elements. WE-EF luminaires accentuate the main facade and incorporate the rhythm of the ground floor archway and the pilasters on the upper floor.\r\n\r\nThe column lighting on the arcade of the main facade is created by ETC330-GB LED inground luminaires. The uplights feature a gimbal mounting system, whereby the lighting can be rotated 360° and tilted 30°, enabling it to be precisely aligned. This section uses ETCs with a very narrow beam distribution combined with a linear spread lens in order to provide a powerful “scalloping” effect. For the four arches located directly in front of the main entrance, the ETC330-GB installations at the side of the columns additionally “wash” the wide intrados. This highlights the entrance to the building while also accentuating the lattice doors right behind it, known as the \"golden gate\".\r\n\r\nThe 13 columns at ground level are matched by 13 pilasters on the upper floor, which are also accentuated by column lighting. FLD121 LED projectors are placed on the fascia to cover this area. With connected wattage of just 12 watts and symmetric medium beam distribution, they not only emphasise the vertical columns but also project light to the cornice above. As a result, the fine structure of the facade is visible all the way up to the edge of the roof.\r\n\r\nTwo large bronze heraldic lions that guard the entrance to the Neues Rathaus have naturally been integrated into the lighting concept as they are an important part of the artistic decoration. Two ETC130-GB LED uplights set in the ground in front of the bases of the sculptures are aimed at the lions\' heads with a very narrow beam distribution.\r\n\r\nPrincipal: State capital Dresden, urban planning office\r\nPlanning of the building lighting: Studio DL, Hildesheim\r\nProject supervision and electrical planning: ILB Dr. Rönitzsch GmbH, Freital\r\nPhotos: Dirk-Andre Betz', 'http://www.weef.de/#!/us/project/rathaus_dresden_germany', 'We-ef-Neues-Rathaus_small.jpg', 'We-ef Lighting Neues Rathaus', 'Neues Rathaus, Dresden, Germany', 'Project Neues Rathaus is located in Dresden, Germany. Discover lighting design and luminaires types specified in the project.', '2018-04-26 00:00:00'),
(99, 'WEF006', 0, 68, 'Monash University\'s Caulfield campus', 'Melbourne, Australia', 'Integral landscaping and lighting design for Monash University\'s Caulfield campus.\r\n\r\nA water feature, a bright blue sports ground, at the other end a platform with a beautiful pavilion, and lawns, benches and wooden decks everywhere – Monash University\'s Caulfield campus in Melbourne is tough competition for the lecture halls and seminar rooms. The redesign of the campus including a former car park was so successful that the Australian Institute of Landscape Architects (AILA) awarded the VIC Urban Design Award of Excellence to the project.\r\n\r\nLighting designers from the company Electrolight were involved in the planning process from an early stage. This is can be seen in a particularly close interlinking of the design of the park and the lighting concept. An example of the consistent integration of the lighting in the environment is the lighting solution for the sports ground. \"Sports ground lighting is usually characterised by four poles positioned in the corners\", says Jess Perry, director of Electrolight. \"But here we departed from this traditional approach and implemented a more theatrical lighting effect instead of conventional flood lighting for the area that features graphic elements and lettering.\" FLC141 LED projectors with snoots are used. They are fitted on clearly inclined poles which – like the projectors – are painted in the blue of the flooring.\r\n\r\nIn contrast, the general lighting chosen for the campus has a stronger focus on functional aspects. The planners decided to use RFL530 LED street and area lighting luminaires along the main path. One pole holds two luminaires. Those that illuminate the path have asymmetric \'side throw\' distribution, while the luminaires directed at the adjoining areas, lawns and terraces fitted with [A60] lenses have symmetric \'forward throw\' distribution. Supplementing them, FLC121 LED projectors fitted unobtrusively on the parapet of the surrounding buildings illuminate smaller side paths on the campus. \r\n\r\nThe special material and surface structure of the Caulfield Sound Shell pavilion is illuminated by ETC300 inground luminaires from WE-EF. Further ETC300 variants add lighting accents around the whole campus on selected trees, mark contours, zone areas and highlight details. They are fitted with a large range of optical accessories, from wallwash to narrow, linear lenses.\r\n\r\nProject participants (selection):\r\nPrincipal: Monash University, www.monash.edu\r\nLandscape architects: TCL – Taylor Cullity Lethlean, www.tcl.net.au\r\nLight planning: Electrolight, http://electrolight.com\r\nArtwork on the sports ground: Agatha Gothe Snape, https://agathagothesnape.net', 'http://www.weef.de/#!/us/project/monash-uni-melbourne', 'We-ef-Monash-University-Caulfield-campus_small.jpg', 'We-ef Lighting Monash University\'s Caulfield campus', 'Monash University\'s Caulfield campus, Melbourne, Australia', 'Project Monash University\'s Caulfield campus is located in Melbourne, Australia. Discover lighting design and luminaires types specified in the project.', '2018-04-26 00:00:00'),
(100, 'WAY001', 0, 90, 'International Airport Main Terminal', 'Ashgabat, Turkmenistan', 'Constructed in Turkmenistan’s capital city, Ashgabat, Ashgabat International Airport is one of the biggest projects of the country. The design of the new Ashgabat International Airport Complex was inspired from a historical Turkish character Oguz Khan and the lacyn bird (falcon), which is one of the national symbols of Turkmenistan. The Airport Complex consists of 266 buildings with different functions and constructed on the site area of 12-million sqm, including 2.5-million sqm area of runways, taxiways and aprons. The new airport also will be able to host 14 million domestic – international passengers per year with providing IATA Class A service standards, and ready for being the logistics centre of the region owing to its new cargo structuring.\r\n\r\nIn both daytime and nighttime, this building will be the last building seen by passengers arriving to or departing from Ashgabat. The exterior lighting of the main terminal building needed to create a prestigious and strong perception and to highlight the structural elements that refer the culture of the country.\r\n\r\nThe building has a huge bird shape so the façade lighting was designed to emphasise this extraordinary architectural form. While the LED uplight projectors on the entrance canopy illuminate the two wings homogenously, the linear lighting fixtures integrated on the front façade imitates a bird’s flapping motion.\r\n\r\nOn the roof, the ‘arrows and bow’ shapes that have an important place in the culture of the country, are shown by linear LED fixtures. Also, the patterns adapted from the Turkmenistan flag to the building were also emphasised by the same kind of luminaries.\r\n\r\nThroughout the design process, international aviation regulations were taken into account. For the low energy consumption, all lighting products have been selected with LED lamps.\r\n\r\nLighting Design:\r\nLighting LAB.1, Turkey\r\n\r\nClient:\r\nPolimeks Construction\r\n\r\nArchitect:\r\nPolimeks Construction, Turkey\r\n\r\nInterior Design:\r\nPolimeks Construction, Turkey; Tekeli-Sisa Architecture, Turkey', 'http://www.waysonlighting.com/airport-main-terminal.html', 'Wayson-Lighting-Ashgabat-International-Airport-Main-Terminal_small.jpg', 'Wayson Lighting Ashgabat International Airport Main Terminal', 'International Airport Main Terminal, Ashgabat, Turkmenistan', 'Project International Airport Main Terminal is located in Ashgabat, Turkmenistan. Discover lighting design and luminaires types specified in the project.', '2018-04-27 00:00:00'),
(101, 'ACD001', 0, 91, 'Oxford Street', 'London, UK', 'Occupying 89m of Oxford Street façade from North Audley St to Balderton Street, is situated on one the busiest and prestigious shopping destinations in London.\r\n\r\nThe project brief\r\n\r\nThe project brief was to unify the block of buildings, by picking out the features that would render the facades character best at night.  To ensure the façade not only looked impressive at night, unsightly cabling should not detract from the buildings charm and architectural beauty during the day, attracting higher end retailers and discerning shoppers, by giving the development presence and charisma.\r\n\r\nacdc’s solution\r\n\r\nThrough extensive lighting trials and 2D Photoshop visuals LDI picked out the features that would render the facades character best at night, the team produced detailed mounting drawings for each fittings location and cable routes.\r\n\r\nRed brick vertical features are picked out by 10° Plaza 10 fittings in 2700K, to enhance the warm tone of the red brick giving an inviting warm glow. The rhythm of narrow beam uplighting was carefully planned to ensure the right amount of shadow and highlight, ensuring the form of the building was expressed from all viewing positions without over lighting the features and loosing contrast. Window reveals and wider features are lit with spread 12 x 40 Plaza 10 fittings, and horizontal lighting is provided  Fino to link and unify the verticals.\r\n\r\nThe lighter stone building, with dark stone columns, is lit with 3000K Plaza 10 fittings, to preserve the lighter finish, and to ensure the light stone is not given an unnatural tone from the warm 2700K lighting used on the majority of the development. This change in colour temperature also intentionally makes the light stone building a feature within the estate as a whole. This façade is lit by the same techniques that unify the development, but given its own identity tailored to its own architectural elegance by using a more suitable neutral white colour temperature.\r\n\r\nAll visible fittings used on the project are RAL finished to match the various mounting surfaces, ensuring minimal visual impact on the façade by day, and all cabling routes are well concealed from direct view by pedestrians.\r\n\r\nThe fittings are all selected and tested for their precise optical performance, and all fittings are equipped with glare snoots and louvers where necessary, to ensure no glare is experiences by pedestrians or building occupants. The glare snoots are finished to match the fittings, and the internal louvers when used are matt black and orientated perpendicular to viewing angles, to ensure glare control is optimal.\r\n\r\nLighting Design:\r\nLighting Design International, UK\r\n\r\nClient:\r\nTribeca Holdings\r\n\r\nArchitect:\r\nESA Architects, UK', 'https://www.acdclighting.co.uk/projects/oxford-st-estate/#.WuMiNMiFNPY', 'acdc-Oxford-Street_small.jpg', 'acdc Oxford Street', 'Oxford Street, London, UK', 'Project Oxford Street is located in London, UK. Discover lighting design and luminaires types specified in the project.', '2018-04-30 00:00:00'),
(102, 'ACD002', 0, 91, 'Troia Cathedral', 'Apulia, Italy', 'Built in the first quarter of the 12th century, Troia Cathedral  in Apulia region of Italy is dedicated to the Assumption of the blessed Virgin Mary. .\r\n\r\nThis beautifully preserved and carefully maintained monument stands is recognized one of the jewels of Apulian Romanesque architecture.  The Cathedral’s facade is of significant importance and extraordinary beauty full of symbolic meanings with its magnificent bronze door with symbolic decorations which has been admired by locals and visitors for centuries.\r\n\r\nProject brief\r\n\r\nOwners of this historical monument the Diocese of Lucera-Troia, the Apulia Region and the Municipality of Troia authority approached world renowned architects Stefano Cibelli and Piero Guadagno and Giordana Arcesilai to provide an innovative lighting scheme to enhance the interior space.\r\n\r\nAn innovative lighting scheme with low energy consumption was required to highlight the architectural detail whilst remaining respectful to the original structure and the functionality of the space.  The interior is a three-nave-shaped Latin cross, containing a central nave.   Two side aisles are separated by two impressive rounded arched arcades of 6 marble columns each with a double first column seen when entering the main door, thus making a total of thirteen marble columns.\r\n\r\nCareful consideration was required when lighting the beautiful carved wooden crucifix by Pietro Frasa, which is linked to the town’s popular traditions and festivals. Of particular ceremonial importance, are the stone pulpit and the two chapels, that of the patron saints and the Chapel of the Assumption from which the cathedral takes its name.\r\n\r\nSolution\r\n\r\nacdc and Thorn from the Zumtobel group have provided, innovative technology and products that meet three lighting criteria: for ceremonial purposes, artistry and architectural highlighting, together with a touch screen lighting control system is\r\n\r\nPre-programmed to the different needs of the space allowing the lighting scheme to be tuned to suit specific functions or required mood, changing from a solemn scene during ceremonial services, to an artistic theme whilst sightseeing groups are visiting the building to create drama and highlight the architectural beauty of the monument.\r\n\r\nIllumination of the central heart of the building was solved with Thorn’s SATIN 2 linear projectors alongside the beams and with QBA projectors for the general lighting placed laterally.  In the side aisles, INTEGREX linear fittings provided arched lighting with ARTEMIS spotlights for Via Crucis have been placed on the capitals.\r\n\r\nThe cathedral of Troy is full of history, charm and culture, and the new lighting enhances the liturgies and celebrations, improves tourist’s enjoyment and experience whilst remaining respectful of the cathedral’s religious function.', 'https://www.acdclighting.co.uk/projects/troia-cathederal-italy/#.Wube6MiFNPY', 'acdc-Troia-Cathedral_small.jpg', 'acdc Troia Cathedral', 'Troia Cathedral, Apulia, Italy', 'Project Troia Cathedral is located in Apulia, Italy. Discover lighting design and luminaires types specified in the project.', '2018-04-30 00:00:00'),
(103, 'LMP023', 0, 28, '180 Wellington', 'Ottawa, Ontario, Canada', 'The recently restored Wellington Building is the first to be lit following the newly implemented Master Plan for the Parliamentary Precinct in Canada\'s capital, Ottawa. Returned to its 1920s splendor, the onetime insurance building now house MP offices, a library, and governmental meeting rooms. Public Works and Government Services Canada turned to lighting design firm Lightemotion to highlight this stunning example of Beaux-Arts architecture and sets it aglow with subtle elegance.\r\n\r\n\"We employed a theatrical approach to lighting with very detailed control systems to avoid flooding the building with light\" states Francois Roupinian, Founder of Lightemotion, \"Delicate, beautiful accents on key architectural features preserve the historic integrity of its architecture while maintaining a cohesive luminous environment with the neighboring buildings.\" \r\n\r\nOn the ground level along Wellington Street, Lightemotion employed Lumenpulse Lumenfacade Remote 2-foot luminaires to light the inner window arches. At a 3000k color temperature, they give the façade an organic glow without compromising the resonance of the natural stone. The Lumenpulse Lumenfacades used in this area are equipped with a custom cage that matches the stone façade, this cage both protects and hides the luminaires within the façade.\r\n\r\nBetween each of the building\'s columns and pilasters, Lumenfacade Horizontal luminaires were placed to add drama and create a softer light while also making these architectural elements stand out from the façade. The light intentionally bleeds up and onto the cornices, so as to allow additional light onto the façade.\r\n\r\nThe DALI lighting control system allows each luminaire to be individually controlled; lighting levels can be specifically tailored to each area of the building depending on the nature of the architectural features and reflectivity of the surfaces. The strategically placed strokes of light covering all four-tiers of the building accentuate and underscore this historic landmark\'s eminence in a timeless, lasting design that enhances its beauty. \r\n\r\nAs Ottawa\'s Master Plan comes to light, it is clear that the lighting design and the luminaires used for 180 Wellington Street is the standard to follow. \r\n\r\nEQUIPMENT SPECIFIED \r\n24 x Lumenfacade Horizontal, 1ft, 3000K, 10°x10°\r\n30 x Lumenfacade Horizontal, 1ft, 3000K, 10°x60°\r\n41 x Lumenfacade Horizontal, 2ft, 3000K, 10°x60°\r\n7 x Lumenfacade Horizontal, 3ft, 3000K, 10°x60°\r\n24 x Lumenfacade Horizontal HO, 3ft, 3000K, 10°x60°\r\n89 x Lumenfacade Horizontal, 4ft, 3000K, 10°x60°\r\n30 x Lumenfacade Horizontal HO, 4ft, 3000K, 10°x60°\r\n8 x Lumenfacade Remote, 2ft, 3000K, 10°x60°\r\n\r\nClient: Public Works and Government Services Canada\r\nLighting Design: Lightemotion\r\nArchitect: NORR\r\nContractor: Pomerleau\r\nPhotographer: Gordon King', 'https://www.lumenpulse.com/projects/257/180-wellington?region=meaf', 'Lumenpulse-180-Wellington_small.jpg', 'Lumenpulse 180 Wellington', '180 Wellington, Ottawa, Ontario, Canada', 'Project 180 Wellington is located in Ottawa, Canada. Discover lighting design and luminaires types specified in the project.', '2018-04-30 00:00:00'),
(104, 'PHI001', 0, 92, 'Viaduct Harbour', 'Auckland, New Zealand', 'Viaduct Harbour is a heavily obstructed area by cables, gangways and other infrastructure. Philips Lighting was tasked to adapt to local celebrations and events, allowing programming from anywhere with regular content updates.\r\n\r\nThe Philips luminaires also had to survive sea air, salt spray and even partial immersion, and still have a satisfactory light output in ten years\' time.\r\n\r\nThe right lighting\r\n\r\nFor the western wall, Philips iColor Flex LMX Gen2, a direct view system, was mounted on stainless steel plates and overlaid with a customised diffusing screen resulting in seamless light movements.\r\n\r\nFor the southern wall, the luminaire chosen was the Philips ColorGraze MX4 Powercore from Color Kinetics, an IP66 fitting made of high-quality aluminium with a low copper content to withstand the marine location. To avoid the wall looking flat and featureless, the interior of each frame was washed with carefully-directed light that used a gradation in intensity across the surface to provide interest and contrast.\r\n\r\nA waterproof secondary housing was designed and built locally from marine-grade 316 stainless steel with a glass lens, and the luminaire was mounted and sealed inside this.\r\n\r\nLighting designer Angus Muir was commissioned to design the creative content while the Philips ActiveSite gateway monitors the health of the system sending real-time fault alerts to address immediately.\r\n\r\nAs the project progressed, it became clear that the color-changing lighting would also provide another opportunity—to revitalize the city and the whole downtown experience.\r\n\r\n“As we worked on the project we realized that through the use of color-changing lighting, we had the chance to essentially brand the city,” said Fox. “The new lighting could extend beyond the station and tie back to city events and happenings, and with the nearby commercial railroad station, we could create a ‘gateway’ to San Diego.”\r\n\r\nTo uplight the canopy, Ceballos and Fox used a combination of four Philips Color Kinetics ColorBlast Powercore and two iW Blast Powercore fixtures mounted within each of the 12 existing metal shrouds located 35 ft (10.7 ft) above the station which replaced high wattage metal halide uplights. More than 30 different themed lighting shows were programmed—both static and dynamic—and run during trolley operating hours treating travelers and passersby to a lighting experience. After hours, the uplights switch to white light in order to increase safety and security in the area. The new lighting system has reduced the overall energy consumption.\r\n\r\n“It was exciting to take the objectives of the project one step further and have the chance to really make an impact on the city,” said Ceballos. “We hope the new lighting will instill pride in local citizens and create a welcoming and memorable entrance for visitors.”\r\n\r\nProducts Used\r\nColorGraze MX4 Powercore  \r\niColor Flex LMX gen2  \r\n\r\nCLIENT:\r\nAngela Bull, CEO,\r\nViaduct Harbour Holdings Ltd\r\n\r\nDESIGN:\r\nGeoff Lewthwaite,\r\nPhilips Lighting New Zealand\r\n\r\nAngus Muir,\r\nAngus Muir Design\r\n\r\nTECHNICAL DESIGN:\r\nChris Huff,\r\nChris Huff Technical Ltd.\r\n\r\nELECTRICAL CONTRACTOR:\r\nEmpire Electrical Services Ltd', 'http://mirror.philipsnas.com/Showcase/installs/Viaduct-Harbour/index.html', 'Philips-Viaduct-Harbour_small.jpg', 'Philips Viaduct Harbour', 'Viaduct Harbour, Auckland, New Zealand', 'Project Viaduct Harbour is located in Auckland, New Zealand. Discover lighting design and luminaires types specified in the project.', '2018-04-30 00:00:00'),
(105, 'PHI002', 0, 92, 'OVO Wrocław Apartments', 'Wrocław, Poland', 'Philips Lighting (Euronext Amsterdam ticker: LIGHT) has implemented dynamic LED lighting for the prestigious apartment and hotel complex OVO Wrocław, in Wrocław, Poland. The building is equipped with over one kilometer of linear LED fixtures, 8,500 luminaries and 6,750 remote controlled modules.\r\n\r\nThe OVO Wrocław building includes apartments, is home to a Double Tree hotel by Hilton, office spaces, a casino and a fitness club. Located in the centre of Wrocław, the curved building features an open court and white façade equipped with over 300 meters of Philips Vaya Linear luminaires that provide a subtle embellishment, complementing the surrounding architecture. The LED lighting technology is designed and tailor-made to meet the specific requirements of the rooms, reception areas and façade.\r\n\r\nThe interior of the building is equipped with ceiling luminaires, Philips LuxSpace Accent, Philips StoreFlux and Philips Coreline downlights. These are computer controllable so that special light effects may be applied to transform the lobby, reception desk, restaurant, ballroom and foyer in the blink of an eye. \r\n\r\nThe lobby, restaurant and the ballroom also feature tailor-made Volcano luminaires, mounted to the ceiling and covered in uniquely shaped plaster frames. The Volcano luminaires contain 6,750 Philips Color Kinetics eW Flex Compact modules.\r\n\r\nThe interior luminaires are controlled using Philips Dynalite controls. Light scenes have been created to transform the spaces for any occasion by the simple tap of a LCG touch panel screen. Facility managers also enjoy a personalized interface and remote access capabilities.\r\n\r\nThe lighting in the public spaces of the building offer a warm hue in a range between 2700-3000K. Zones that are not accessible to guests feature luminaires with a color temperature of 4000K.\r\n\r\nBy adopting Philips LED lighting technology, the OVO Wrocław complex can save up to 60% of energy consumption in public zones, compared to conventional lighting.\r\n\r\nProducts Used\r\neW Flex Compact  \r\nVaya Linear MP, White & Mono  \r\nVaya Cove LP G2', 'http://mirror.philipsnas.com/Showcase/installs/OVO-Wroclaw/index.html', 'Philips-OVO-Wrocław-Apartments_small.jpg', 'Philips OVO Wrocław Apartments', 'OVO Wrocław Apartments, Wrocław, Poland', 'Project OVO Wrocław Apartments is located in Wrocław, Poland. Discover lighting design and luminaires types specified in the project.', '2018-04-30 00:00:00'),
(106, 'ZTB001', 0, 94, 'ELBE PHILHARMONIC HALL', 'Hamburg, Germany', 'Zumtobel accentuates the magical atmosphere of the Elbe Philharmonic Hall in Hamburg with a tailored lighting solution that uniquely brings the heart of this spectacular concert hall to life. Zumtobel has referenced the architectural philosophy of combining old and new by working closely with the Swiss architects Herzog & de Meuron and the glass designer Detlef Tanz from Wegberg to carefully craft 1200 hand-blown glass ball luminaires. Paying homage to the nearby River Elbe, the fittings appear like light-filled water bubbles emerging from the undulating acoustic ceiling. The combination of traditional craftsmanship and modern LED technology made the development of this lighting solution a special challenge for Zumtobel. The result is a custom-made luminaire with an especially attractive appearance, which uses a colour temperature of 2700 K to create an emotive atmosphere in the room. The ball fittings are seamlessly dimmable via DMX controls and fully compatible with HDTV, meaning that video recordings made in the concert hall are completely flicker-free.\r\n\r\nThe Plaza features a further 870 machine-made plastic ball luminaires. These LED solutions are grouped in diamond shapes and provide pleasant warm-white general illumination. Zumtobel developed another customised luminaire specifically for the foyer and the cloakroom in front of the concert hall. This hybrid product incorporates a hand-crafted fluorescent fitting with an RGB LED module, which can be separately controlled using a DALI interface. Depending on the particular event, this means that the 750 luminaires can be individually adjusted to create poignant effect lighting.\r\n\r\nZumtobel has also used a number of established standard luminaires in the Elbe Philharmonic Hall. Track-mounted DIAMO and VIVO spotlights controlled by LITECOM provide general illumination in the Störtebecker restaurant. Furthermore, PANOS infinity guarantees homogenous basic lighting in the hallways and conference rooms of the Westin Hotel.\r\n\r\nArchitect: Herzog & de Meuron (CH)\r\nLighting design: Ulrike Brandi Licht, Hamburg (DE)', 'https://www.zumtobel.com/com-en/art_and_culture.html', 'Zumtobel-ELBE-PHILHARMONIC-HALL_small.jpg', 'Zumtobel ELBE PHILHARMONIC HALL', 'ELBE PHILHARMONIC HALL, Hamburg, Germany', 'Project ELBE PHILHARMONIC HALL is located in Hamburg, Germany. Discover lighting design and luminaires types specified in the project.', '2018-05-01 00:00:00'),
(107, 'ZTB002', 0, 94, 'Faculty of Civil Engineering', 'Faculty of Civil Engineering on the Josip Juraj Strossmayer University campus in Osijek, Croatia', 'Zumtobel has implemented a comprehensive lighting solution throughout the new Faculty of Civil Engineering at a university in the Croation city of Osijek. The architect Dinko Peračić has enjoyed a long and successful partnership with Zumtobel, so he knew straight away that the Austrian lighting specialists could offer the essential skills and experience for this fascinating project - in which light was to play such a key role - along with customised solutions for areas with special requirements.\r\n\r\nThe new Faculty of Civil Engineering on the Josip Juraj Strossmayer University campus in Osijek, Croatia, is on the way to becoming a centre of engineering excellence. Architect Dinko Peračić called on the knowledge and expertise of Zumtobel to help realise the lighting concept for the building that encompasses around 10,000 square metres of usable space – a construction that symbolises the rich potential of the built environment. The lighting solutions specified in the many different areas and rooms optimise the effect of the architecture itself, while also maximising visual comfort for students and employees and meeting stringent demands in terms of energy efficiency.\r\nInitial situation and special requirements\r\nFrom the very outset, Dinko Peračić was convinced that light needed to play a central role in this project. “With other university buildings closely flanking the project on both sides, the biggest challenge was deciding how to bring enough daylight into the new building to create real places of encounter. The artificial light primarily had the task to extend the fundamental spatial quality into the evening and night. The plan was to make the rooms as open and light as possible, with evening visitors guaranteed the same pleasant atmosphere as those using the space during the day. In addition, the building is characterised by different areas that each offer their own distinct ambience. This includes everything from bright classrooms and lecture halls, where luminaires with 360-degree light uniformly illuminate the entire room, to lively entrance areas and even an archaeological site, which is integrated in the foundations of the building. Light interacts with the various spatial geometries and emphasises their unique character. Only with the right light can individuals truly experience the architecture of the building.”\r\n\r\nThe number of students attending the Faculty of Civil Engineering at the Josip Juraj Strossmayer University has grown steadily since 1976. For many years the department was dispersed throughout Osijek in a series of different buildings. The completion of the new Faculty of Civil Engineering in spring 2016 has finally established a single fixed location on the university campus, creating the ideal conditions for the academic institution to achieve its goal of becoming the leading higher education centre for construction in Eastern Croatia. The invitation to tender, which was financed using public funds, was first issued in 2006. Zumtobel has been involved with the design and realisation of the lighting solution since 2010.\r\n\r\nA building with many aspects requires a varied lighting solution\r\nIn addition to optimising the energy footprint of the project by introducing measures such as daylight integration, the lighting solution was subject to a number of important stipulations. The high room heights demanded an intelligent solution to fuse adequate light with excellent glare control, while there was also a clear preference for luminaires with a subtle design – in other words, luminaires that use their lit effect to focus attention on the way the space is presented. The client was impressed with the way Zumtobel could draw from a broad product portfolio to provide almost all of the indoor and outdoor functional lighting, including the emergency lighting, while the ability to offer comprehensive service also favoured the Austrian company. Zumtobel was even able to engineer customised mounting solutions for the special ceiling constructions and could call on its Thorn sister brand to realise the exterior lighting installation.\r\n\r\nHigh efficiency for high rooms\r\nIn the entrance area it was necessary to generate a welcoming atmosphere and to simplify orientation for people entering the expansive building. The slim TUBILUX tube luminaire with its 90mm diameter proved the ideal option. Even with ceiling heights of almost 16 metres, the 360-degree circular distribution produces ample light and allows for the uniform illumination of walls and floors.\r\n\r\nThe height of the rooms also played a decisive role in the specification of the lighting for the 94 classrooms and offices. The luminaires, mounted on ceilings with heights of between 4 and 8 metres, had to deliver enough light for the various different visual tasks undertaken by both students and staff. In addition, they needed to simultaneously demonstrate outstanding glare control and contribute to a pleasant atmosphere that is intended to promote learning and concentration.\r\n\r\nAn MPO+ micro-pyramidal optic and perforated side reflector helped the ECOOS fitting catch the eye of the client. The pendant luminaire blends an attractive design with excellent lighting performance, producing 360-degree light from a single light source. Direct, indirect and lateral light components ensure glare-free light at the workplace and at the same time deliver strong vertical illumination. This combination enhances visual comfort and supports careful working, while bright ceilings and walls pave the way for a pleasant atmosphere. Continuous rows of ECOOS draw straight lines through the classrooms of the new university building, accentuating the special geometry of the learning spaces.\r\n\r\nThe addition of LUXMATE DIMLITE further improves the overall energy performance. The basic version of this lighting management system integrates available light and enables daylight-dependent control in each of the 94 classrooms and offices. Artificial light is added where necessary to achieve the desired light intensity. LITECOM is combined with the modular SEQUENCE adjustable office luminaire in certain conference rooms to offer lighting scenarios tailored to suit particular tasks and situations.\r\n\r\nThe entire building is equipped with the ONLITE RESCLITE safety luminaire. Excellent efficiency and an optimal light distribution mean that relatively few products were required to meet the relevant standards for safety lighting. The emergency lighting solution is carefully monitored by an ONLITE SB controller, which removes the need for individual checks by automatically reporting issues or problems on a central system.\r\n\r\nOne contact for a comprehensive range of services\r\nAlongside the indoor areas, the addition of LED exterior lighting was a decisive factor in the success of the project. As a member of the Zumtobel Group, Zumtobel was able to utilise the know-how of its sister brand, Thorn. The simple and yet elegant URBA LED street lighting lantern perfectly complements the overall architectural concept of architects Dinko Peračić and Roman Šilje, who were both responsible for the outdoor space. Integrated controls help keep energy consumption and maintenance costs to an absolute minimum.\r\n\r\nThe architects and developers of the new Faculty of Civil Engineering in Osijek were won over by the quality, functionality and aesthetic design of the luminaires – an effective combination that has come to exemplify the Zumtobel portfolio. At the same time, the lighting solution also fulfils its most important objective by providing students and employees with high-quality, glare-free light.\r\n\r\nAn overview of all the Zumtobel luminaires used in the project:\r\n\r\nClassrooms and offices: ECOOS, PERLUCE, TECTON, SLOTHLIGHT 2, ELEEA, SEQUENCE\r\nCorridors and entrance areas: SLOTLIGHT 2, TUBILUX, TROIKA, CONTRAST\r\nSafety lighting: ONLITE RESCLITE with SB Controller, ONLITE CROSSIGN\r\nLighting management: LUXMATE DIMLITE, LITECOM', 'https://www.zumtobel.com/media/downloads/2017_08_03_PR_Z_Fakultaet_Osijek_EN.pdf', 'Zumtobel-Civil-Engineering-Faculty-Osijek_small.jpg', 'Zumtobel Faculty of Civil Engineering', 'Faculty of Civil Engineering on the Josip Juraj Strossmayer University campus in Osijek, Croatia', 'Project Faculty of Civil Engineering on the Josip Juraj Strossmayer University campus is located in Osijek, Croatia. Discover lighting design and luminaires types specified in the project.', '2018-05-01 00:00:00'),
(108, 'REG001', 0, 95, 'GASTRO BOUTIQUE BALFEGÒ', 'Barcelona, Spain', 'Balfegó is a gastronomic space designed to spread the culture of tuna. Its lighting concept seeks the immersion of the diner in an idyllic maritime environment.\r\n\r\nAlong with the interior designers and chefs, the goal was to create different immersion levels accompanied by a dim dynamic light that resembled the sun filtered by water in order to enhance the gastronomic experience. The main hall functions as a restaurant, where the dynamic light receives the guests and invites them to learn more about the Bluefin. With fish swimming in space, and waves surrounding the scene, everyone is welcome to an immersive world.\r\n\r\nThe total immersion of the guest into the maritime world was achieved through the dynamic light concept of the main hall. This displays a central piece: the “school of fish”, composed of 88 units of customized LED spots with warm filters (2700K), placed down the central room, illuminating more than a hundred acrylic fish hanging from the ceiling, forming a circle. Also, these luminaries mark the atmosphere throughout the room, with another 60 led spots on the curtains and bars (3000K), creating a wave effect and controlled by DMX programming to simulate the sea movement. The blue curtains surrounding it, resemble fishnets and have a wave shape, which interacts within the ambiance to get the diner to sit down, relax and start their gastronomic journey. The main tables and bar are illuminated by thin pendant cylinders hanging suggesting the edge of the boats with 2W warm LED spot lights.\r\n\r\nThrough the different levels of immersion, the guest embarks on a thematic, didactic and special journey.\r\n\r\nProject Gastro Boutique Balfegò\r\nYear of completion : 2017\r\nPlace: Barcelona, Spain\r\nLighting designer: artec3\r\nArchitect: El Equipo Creativo\r\nPhotography: ©Adrià Goula', 'http://www.reggiani.net/en/projects/balfego/', 'Reggiani-GASTRO-BOUTIQUE-BALFEGÒ_small.jpg', 'Reggiani GASTRO BOUTIQUE BALFEGÒ', 'GASTRO BOUTIQUE BALFEGÒ, Barcelona, Spain', 'Project GASTRO BOUTIQUE BALFEG is located in Barcelona, Spain. Discover lighting design and luminaires types specified in the project.', '2018-05-02 00:00:00');
INSERT INTO `project_gallery` (`pr_gallery_id`, `sku`, `active`, `manufacturer`, `title`, `subtitle`, `description`, `url`, `thumbnail`, `thumbnail_alt`, `tag_title`, `tag_description`, `dt`) VALUES
(109, 'REG002', 0, 95, 'THAMES TOWER', 'Reading, UK', 'Reggiani UK, working hard to support London and Oslo-based lighting design and consulting studio, Light Bureau, have provided the perfect lighting solution for the dramatic new reception area in the Thames Tower refurbishment project in Reading, Berks.  Consideration had to be given to aesthetics, energy-efficiency, efficacy, a potential BREEAM rating and lifecycle costs to deliver a stunning yet cost-effective solution to the client.  Reggiani’s YORI downlights were the ideal choice for the extensive new reception space that leads out onto the busy concourse at Reading Railway Station.\r\n\r\nThames Tower was a 1970’s derelict office building. The developer, a joint venture between Landid and Brockton Capital, added 4 additional floors to the 10-storey building, dramatically improving the aspect ratio.  On the ground floor a grand, double-height reception has been created by removing the original first floor and introducing new retail spaces to add to the already vibrant offering of Reading Town Centre.  The atrium itself is accessed through impressive 3-metre high revolving glass doors and shares part of the ground floor area with a restaurant and café. The building has been designed to provide everything that is needed for the modern-day tenant.\r\n\r\nReggiani’s YORI fittings with a 13W LED light source and 16 degree beam angle have been utilised for the project and a black finish chosen,  mounted on suspended track.  Mini YORI fittings in a white finish with 10W light source and a 48 degree beam angle were also incorporated into the scheme on recessed track.  As always, the YORI range has provided a high performance, energy-efficient scheme that ensures a flexible and versatile lighting solution.\r\n\r\nArve Olsen, Director of Light Bureau Ltd, commented: “The sleek and modern design of Reggiani’s YORI range combined with a wide range of optical accessories makes the range a uniquely flexible tool of light for a variety of applications. With its honeycomb louvre, high output light source and narrow beam angle, the YORI spotlight works perfectly in the tall reception space. The luminaires contribute in creating a dramatic and memorable arrival experience at Thames Tower”.\r\n\r\nThe drama of the building unfolds as soon as you enter through its revolving doors into the light-filled reception, setting the scene for the inspirational space in the building’s interior.\r\n\r\nJames Silver, Development Director at Landid, stated: “We are incredibly proud to have completed Thames Tower.  We have created a workspace that is like no other in Reading, offering a stylish and contemporary office environment with amenities that are second to none”.\r\n\r\n\r\n\r\n\r\nTHAMES TOWER\r\n    \r\nphotos of project (high definition)  \r\nphotos of project (low definition)  \r\nContact us\r\nProject Thames Tower\r\nYear of completion : 2017\r\nPlace: Reading, UK\r\nLighting designer: Light Bureau Ltd - Lighting Consultant: Arve Olsen, Director and Designer\r\nArchitect: dn-a architects\r\nOther contributions: Redevelopment Project Owner: Landid and Brockton Capital (Joint Venture developers)\r\nPhotography: Jack Hobhouse', 'http://www.reggiani.net/en/projects/thames-tower/', 'Reggiani-THAMES-TOWER_small.jpg', 'Reggiani THAMES TOWER', 'THAMES TOWER, Reading, UK', 'Project THAMES TOWER is located in Reading, UK. Discover lighting design and luminaires types specified in the project.', '2018-05-02 00:00:00'),
(110, 'BZI001', 0, 96, 'AB: IL LUSSO DELLA SEMPLICITÀ', 'Milan, Italy', 'THE NEW  RESTAURANT OF ALESSANDRO BORGHESE\r\n\r\nBuzzi & Buzzi gives a warm and cosy atmosphere to “AB: il lusso della semplicità”, the new 1920s restaurant of the famous chef Alessandro Borghese, designed by the studio of architects Alfredo Canelli and Giovanni Antonelli of Well Made Factory. In Milan, in Viale Belisario, in a historic building, a new restaurant dedicated to living and eating well has opened: a place where sharing and culinary experience combine perfectly thanks to the sparkling personality of the chef.     \r\n\r\nFrom the entrance of the restaurant, the incredible expertise of the company gives the location an elegant light effect: BUZZZ and EGGY will guide you through the stairs and the wide hallway, revealing the incredible location of the new food kingdom. Both the lighting solutions, installed on the ceiling of the entire restaurant irregularly, but at the same time designed to give a uniform light to the space, are the real protagonists: BUZZZ illuminates the restaurant area from the anthracite floor to the green and brass and the gold ceiling and dividing panels which prevail. The same lighting has been used for the lounge bar, which has been decorated with small trunk-shaped tables, red velvet poufs and nut-brown leather seats.\r\n\r\nInstead, EGGY and FUNNEL LAMP enhance the piano bar and the work of the expert barman, and illuminate the meetings and private events room. BUZZZ, perfect for this project because it is a totally recessed hexagonal indoor luminaire made of AirCoral® with rear frosted glass and asymmetric light beam, installable on plasterboard or brick ceilings.\r\n\r\nEGGY, is a totally recessed luminaire made of AirCoral® with egg-shaped light emission hole and rear light source, installable on plasterboard or brick ceilings. Two exclusive and refined products which add value to different locations and create unique light atmospheres.\r\n\r\nAnother important luminaire in the restaurant is FUNNEL: installed in a row of four, FUNNEL is a pendant luminaire with an adjustable silicone cable which gives an extra touch to the important bar characterized by emerald green tiles. An optical white funnel with an elegant clean design made of AirCoral®, an innovative material customizable with coloured finishes, available in the single version with recessed housing or with a steel, white-painted soft touch case, or even with three pendant lamps installed in a single case.\r\n\r\nThe luminaires of Buzzi & Buzzi light up the restrooms too, characterized by a sophisticated three-dimensional boiserie: X1, a luminaire of the special line Iron, is installable on ceilings with adjustable projector and interchangeable lens and it is placed in the bathrooms in the black finishing version (available in white too). It is a high-performance projector realized with a clean-cut design to obtain a minimal visual impact, provided by an adjustable arm which can be angled up to 360° both horizontally and vertically, and installable on ceilings, walls or rail.\r\n\r\nInstead, the adjustable light of TAURUS is installed in the wc: a single, double or triple recessed lighting installable on plasterboard ceilings or walls, with a recessed\r\n\r\nbody made of Coral® and an extraible projector, which highlights spaces and details with a precise beam of light. Lastly, the single installation of the linear and clean PIPEDINO OPEN, a bi-emission surface luminaire made of AirCoral®, which warms up the atmosphere with its diffused, symmetrical and regular light.\r\n\r\nThe lighting project by Buzzi & Buzzi successfully enhances the already bright ambience of the restaurant: the precious and refined gold ceiling is made even warmer and brighter thanks to the light effect created company’s products. As always, skillful work is the basis of these experts in the lighting world.', 'http://www.buzzi-buzzi.it/en/reference/public/67/alessandro-borghese-il-lusso-della-semplicita-milan', 'Buzzi-Buzzi-AB-IL-LUSSO-DELLA-SEMPLICITÀ_small.jpg', 'BUZZI & BUZZI AB: IL LUSSO DELLA SEMPLICITÀ', 'AB: IL LUSSO DELLA SEMPLICITÀ, Milan, Italy', 'Project AB: IL LUSSO DELLA SEMPLICITÀ is located in Milan, Italy. Discover lighting design and luminaires types specified in the project.', '2018-05-03 00:00:00'),
(111, 'SAT001', 0, 97, 'INFINITY', 'Amsterdam, the Netherlands', 'The INFINITY Business Center is one of Amsterdam’s most spectacular buildings, located directly on the city’s beltway and built on 16 pillars. It is transparent, innovative, eco-friendly and welcoming. Its extraordinary architecture featuring a double facade for natural ventilation, plenty of daylight, energy-efficient technology and, last, but not least, a fantastic view over Amsterdam equally fascinate visitors and onlookers.\r\n\r\nSoft-Delta luminaires by SATTLER accentuate the foyer. The integrated acoustic membrane improves the room acoustics and also reduces the reverberant sound.\r\n\r\nArchitect: MVSA – Architects, Client: Dutch Light Pro – Ridderkerk,\r\nDelivered by: Unique Brands b.v. – Alblasserdam\r\nFotos: Nathalie Peters\r\n \r\n\r\nProductinfo: SOFT DELTA', 'http://www.sattler-lighting.com/en/object/infinity-amsterdam/', 'Sattler-INFINITY_small.jpg', 'Sattler INFINITY', 'INFINITY, Amsterdam, the Netherlands', 'Project INFINITY is located in Amsterdam, the Netherlands. Discover lighting design and luminaires types specified in the project.', '2018-05-03 00:00:00'),
(112, 'LOU001', 0, 98, 'Tirpitz Museum', 'Varde, Denmark', 'In the protected dune landscape along the Danish west coast, the architects Bjarke Ingels Group (BIG) have created a spectacular yet almost completely hidden museum. Louis Poulsen was in charge of the lighting plan, and designed a customised fixture for the project.\r\n\r\nFrom the outset, light played a key role in designing the 2,800-square-metre exhibition space, which with its large open glass sections stands in strong contrast to the gloomy bunker behind.\r\n\r\nLouis Poulsen developed a lighting plan for the project as well as a new pendant. The pure, conical shape effectively directs the light downwards, and ensures that the pendant illuminates the space and the exhibits without disturbing the dramatic effect of the exhibitions.\r\n\r\nThe Tirpitz museum is situated near Varde in west Jutland, and takes visitors on a journey through a treasure trove of stories from the area – tales about lost ships, dangerous smugglers and clandestine love affairs during the Second World War. The museum is built into a sand ramp that leads up to the bunker – i.e it is man-made. Thus, it was possible to bring together three museums in a single building and create a spectacular cultural institution in the otherwise totally protected area.\r\n\r\n“In addition to the functional and technical requirements, we wanted to create a fixture which harmonises with the museum’s simple design idiom and execution in pure materials such as concrete, glass and steel. Everything is stripped down to the basics with absolutely no decoration – and this also needed to apply to the lamp. Therefore, we developed an LED fixture in a tight conical shape in galvanised zinc, which is perfectly suited to a building where nothing is painted, and everything is raw and naked and honest,”\r\n\r\nOle Elkjær-Larsen, an architect at BIG and project manager for the Tirpitz project.\r\n\r\nArchitect: BIG – Bjarke Ingels Group \r\nLighting designer: BIG IDEAS – Bjarke Ingels Group & Louis Poulsen. \r\nEngineer: Ingeniørgruppen Syd. \r\nInstaller: TeknikGruppen, Erichsen & Søn \r\nPhotographer: Jesper Ray', 'https://www.louispoulsen.com/int/professionals/theme/indoor/tirpitz/', 'Louis-Poulsen-Tirpitz-Museum_small.jpg', 'Louis Poulsen Tirpitz Museum', 'Tirpitz Museum, Varde, Denmark', 'Project Tirpitz Museum is located in Varde, Denmark. Discover lighting design and luminaires types specified in the project.', '2018-05-10 00:00:00'),
(113, 'LOU002', 0, 98, 'The Qvest', 'Cologne, Germany', 'The former city archive in Cologne is now home to The Qvest– a spectacular design hotel located in a NeoGothic building designed by Friedrich Carl Heimann – where modern art and design of an exceptionally high standard provides a stark contrast.\r\n\r\nThe hotel is owned by art collector Michael Kaune, who runs the German Qvest Magazine. His impressive collection of photographs, modern art and furniture by such designers as Arne Jacobsen, Mies van der Rohe and Verner Panton provides a consistent design theme throughout the hotel, adding to its unique atmosphere.\r\n\r\nStep inside the design hotel where all 34 rooms are individually furnished and where Louis Poulsen’s new and classic light fixtures mingle with the carefully selected pieces of vintage furniture.\r\n\r\nPhotographer: Constantin Meyer\r\n\r\nProducts: Yuh Table Panthella Floor NJP Floor AJ Wall PH Artichoke AJ Table Yuh Floor VL38 Table PH 5 Mini Panthella Mini Table VL45 Radiohus Pendant LP Cité AJ Floor Doo-Wop Ripls NJP Wall', 'https://www.louispoulsen.com/int/professionals/theme/indoor/contemporary-hospitality/', 'Louis-Poulsen-The-Qvest_small.jpg', 'Louis Poulsen The Qvest', 'The Qvest, Cologne, Germany', 'Project The Qvest is located in Cologne, Germany. Discover lighting design and luminaires types specified in the project.', '2018-05-10 00:00:00'),
(114, 'WMN001', 0, 99, 'Bayer Consumer Care AG', 'Basel, Switzerland', 'Bayer Consumer Care AG is a global player. Bayer is, in fact, a life science corporation with a history of more than 150 years and core competencies in the sectors of health and agriculture. The mission statement of this company that employs 115,000 people in 78 countries runs as follows: Bayer: Science For A Better Life.\r\n\r\nA growing and ageing world population demands adequate nutrition and ever better medical care. Due to this fact, Bayer concentrates on improving the quality of life of people through the prevention, alleviation and healing of diseases. Bayer AG also makes an important contribution to the reliable supply of high-quality foodstuffs and animal feed as well as plant-based raw materials.\r\n\r\nIn the office buildings in Basel, Bayer AG entrusts Waldmann with its selection of luminaires. As a result, several luminaires will be entering service with immediate effect in the new office premises of Bayer. LAVIGO VTL luminaires from Waldmann have been installed to ensure that there is no lack of natural light for the staff in the interior. The VTL lighting control system developed by the \"Engineer of Light\" brings the dynamic of the natural daylight and its positive effect directly to each office workstation. The VIVAA suspended luminaire knows how to carry conviction with its optimum light conditions. It blends harmoniously into each ambience. Its seamless design in stainless steel bathes rooms in a pleasant, bright light. The Suspended Luminaire IDOO.line is also used by Bayer. The IDOO.line scores especially with high glare protection.\r\n\r\nLighting solution: Free-Standing Luminaire LAVIGO VTL, Suspended Luminaire LAVIGO, Suspended Luminaire IDOO.line, Suspended Luminaire VIVAA\r\n\r\nImages:\r\n© Bayer Basel', 'https://www.waldmann.com/home/office/references/bayer~ff80818162663dfa01629045e6134f94.en.html?highlight=true', 'Waldmann-Bayer_small.jpg', 'Waldmann Bayer Consumer Care AG', 'Bayer Consumer Care AG, Basel, Switzerland', 'Project Bayer Consumer Care AG is located in Basel, Switzerland. Discover lighting design and luminaires types specified in the project.', '2018-05-10 00:00:00'),
(115, 'WMN002', 0, 99, 'Pressehaus Stuttgart', 'Stuttgart, Germany', 'Südwestdeutsche Medienholding (SWMH), a company based in Stuttgart that began life as Stuttgarter Zeitungsverlag [Stuttgart Newspaper Publishers] founded back in 1908, has grown in the course of more than one century of company history from a regional newspaper business into a diversified media corporation. Today, SWMH is one of the most significant media groups in Germany and it offers a broad and diversified network of high-quality published products. As well as newspapers that constitute the core business of the Group, the SWMH portfolio also includes numerous technical journals and promotional publications. In addition, the Group houses printing businesses, postal and logistics companies as well as several companies with activities peripheral to the publishing business. Various radio holdings and a TV production company round off the media offering. At the Stuttgart location, with its core brands \'Stuttgarter Zeitung\' and \'Stuttgarter Nachrichten\', the various companies within the Group employ approximately 1000 people.\r\n\r\n\r\n\r\nIn the newly designed newsroom of the Stuttgarter Zeitung and the Stuttgarter Nachrichten, the architecture of the building requires particularly good lighting to be provided. Therefore a decision was taken in favour of the LAVIGO VTL DPS 480/P, which proved very quick and easy to install. The light colour and brightness of the LED standard luminaires are adapted to suit the prevailing time of day. For this purpose, the light colour and intensity of the light generated indirectly by the luminaire vary between 6,500 Kelvin of light, similar to natural daylight, in the morning to awaken the body and all the senses and warm white light of 3000 Kelvin for a cosy atmosphere in the afternoon or indeed in the evening. This process comes closest to that of natural light and positively influences not only the hormone production but also the bio-rhythm of the staff. Manifestly, everyone benefits from this biodynamic form of lighting.\r\n\r\nArchitect: Pfeiffer, Ellermann, Preckel, Lüdinghausen (2002)\r\n\r\nLighting solution: Free-Standing Luminaire VTL\r\n\r\nImages: © Daniel Vieser, Karlsruhe', 'https://www.waldmann.com/home/office/references/pressehaus_stuttgart~ff80818158521c600159f9f05d5804e2.en.html?highlight=true', 'Waldmann-Pressehaus-Stuttgart_small.jpg', 'Waldmann Pressehaus Stuttgart', 'Pressehaus Stuttgart, Stuttgart, Germany', 'Project Pressehaus Stuttgart is located in Stuttgart, Germany. Discover lighting design and luminaires types specified in the project.', '2018-05-10 00:00:00'),
(117, 'SSSU', 1, 0, 'title', 'subtitle', 'SQLSTATE[42S22]: Column not found: 1054 Unknown column \'active\' in \'field list\'', 'some url', 'thumbnail', 'alter text', 'title tag', 'descsription', '2018-07-23 17:07:09'),
(119, 'SSSU1', 1, 0, 'title', 'subtitle', 'DESxr', 'www.gag.com', '', '', 'title', 'descrpTag', '2018-07-23 17:14:50'),
(121, 'USSSR', 1, 0, 'title', 'subtitle', 'asdasasdasdasdasd', 'www.jika.com', '', '', 'asd', 'fg', '2018-07-25 16:30:30');

-- --------------------------------------------------------

--
-- Table structure for table `project_gallery_cats`
--

CREATE TABLE `project_gallery_cats` (
  `node_id` smallint(5) UNSIGNED NOT NULL,
  `parent_id` smallint(5) UNSIGNED NOT NULL,
  `name` varchar(32) NOT NULL,
  `lft` smallint(5) UNSIGNED NOT NULL,
  `rgt` smallint(10) UNSIGNED NOT NULL
) ENGINE=InnoDB DEFAULT CHARSET=utf8;

--
-- RELATIONSHIPS FOR TABLE `project_gallery_cats`:
--

--
-- Dumping data for table `project_gallery_cats`
--

INSERT INTO `project_gallery_cats` (`node_id`, `parent_id`, `name`, `lft`, `rgt`) VALUES
(1, 0, 'Classification', 1, 176),
(2, 1, 'Location', 2, 23),
(3, 1, 'Light Source', 24, 41),
(4, 1, 'Luminaire Type', 42, 59),
(5, 1, 'Project Type', 60, 105),
(6, 1, 'Manufacturers', 106, 175),
(7, 2, 'North America', 3, 4),
(8, 2, 'Europe', 5, 6),
(9, 2, 'Asia', 7, 8),
(10, 2, 'USA', 9, 10),
(11, 2, 'Australia', 11, 12),
(14, 4, 'Flood lighting', 43, 44),
(16, 4, 'General Lighting', 45, 46),
(17, 4, 'Accent Lighting', 47, 48),
(18, 5, 'Commercial', 61, 62),
(19, 5, 'Hospitality', 63, 64),
(20, 5, 'Roadways', 65, 66),
(21, 5, 'Residential', 67, 68),
(22, 5, 'Industrial', 69, 70),
(23, 5, 'Transportation', 71, 72),
(24, 5, 'Healthcare', 73, 74),
(25, 5, 'Landscape', 75, 76),
(26, 5, 'Water features', 77, 78),
(27, 6, 'Traxon Technologies', 107, 108),
(28, 6, 'Lumenpulse', 109, 110),
(29, 2, 'South America', 13, 14),
(30, 2, 'Africa', 15, 16),
(33, 5, 'Museums', 79, 80),
(34, 5, 'Retail', 81, 82),
(35, 4, 'Media Display', 49, 50),
(37, 5, 'Public', 83, 84),
(38, 5, 'Sports', 85, 86),
(39, 5, 'Religious', 87, 88),
(40, 6, 'BEGA', 111, 112),
(41, 4, 'Area Lighting', 51, 52),
(42, 5, 'Administrative', 89, 90),
(44, 6, 'Edge Lighting', 113, 114),
(45, 6, 'Focal Point Lights', 115, 116),
(46, 6, 'Element Lighting', 117, 118),
(47, 3, 'LED White', 25, 26),
(48, 3, 'LED Dinamic White', 27, 28),
(49, 3, 'LED RGB', 29, 30),
(50, 3, 'OLED', 31, 32),
(51, 5, 'Parking Lighting', 91, 92),
(52, 5, 'Facade', 93, 94),
(53, 5, 'Art Installations', 95, 96),
(54, 5, 'Monuments', 97, 98),
(55, 2, 'Canada', 17, 18),
(56, 3, 'Fluorescent', 33, 34),
(57, 3, 'HID', 35, 36),
(58, 3, 'Incandescent', 37, 38),
(59, 3, 'Induction', 39, 40),
(60, 4, 'Decorative', 53, 54),
(62, 6, 'ERCO', 119, 120),
(63, 4, 'Wallwasher', 55, 56),
(64, 6, 'Delta Light', 121, 122),
(65, 6, 'iGuzzini', 123, 124),
(66, 6, 'Targetti', 125, 126),
(67, 6, 'USAI Lighting', 127, 128),
(68, 6, 'We-ef Lighting', 129, 130),
(69, 6, 'Precision Lighting', 131, 132),
(70, 6, 'Hacel', 133, 134),
(74, 6, 'Fagerhult', 135, 136),
(76, 6, 'ateljé Lyktan', 137, 138),
(77, 6, 'ADO Lights', 139, 140),
(78, 6, 'ROXO Lighting', 141, 142),
(79, 6, 'Swarovski', 143, 144),
(80, 6, 'Buzzi Space', 145, 146),
(81, 6, 'Artemide', 147, 148),
(82, 5, 'Culture', 99, 100),
(83, 6, 'Axolight', 149, 150),
(84, 6, 'Hoffmeister', 151, 152),
(85, 6, 'Davide Groppi', 153, 154),
(86, 6, 'Intra Lighting', 155, 156),
(87, 5, 'Office', 101, 102),
(88, 4, 'Inground', 57, 58),
(89, 5, 'Education', 103, 104),
(90, 6, 'Wayson Lighting', 157, 158),
(91, 6, 'acdc', 159, 160),
(92, 6, 'Philips', 161, 162),
(93, 2, 'New Zealand', 19, 20),
(94, 6, 'Zumtobel', 163, 164),
(95, 6, 'Reggiani', 165, 166),
(96, 6, 'BUZZI & BUZZI', 167, 168),
(97, 6, 'Sattler', 169, 170),
(98, 6, 'Louis Poulsen', 171, 172),
(99, 6, 'Waldmann', 173, 174),
(100, 2, 'Bulgaria', 21, 22);

-- --------------------------------------------------------

--
-- Table structure for table `project_gallery_families`
--

CREATE TABLE `project_gallery_families` (
  `id` int(10) UNSIGNED NOT NULL,
  `pr_gallery_id` int(10) UNSIGNED NOT NULL,
  `family_code` varchar(64) NOT NULL
) ENGINE=InnoDB DEFAULT CHARSET=utf8;

--
-- RELATIONSHIPS FOR TABLE `project_gallery_families`:
--   `pr_gallery_id`
--       `project_gallery` -> `pr_gallery_id`
--

--
-- Dumping data for table `project_gallery_families`
--

INSERT INTO `project_gallery_families` (`id`, `pr_gallery_id`, `family_code`) VALUES
(42, 39, 'EDG_jbox'),
(43, 40, 'EDG_jbox'),
(51, 37, 'EDG_SS3-RGB'),
(52, 38, 'EDG_SS3-RGB'),
(53, 44, 'ELM_E3R-F-B'),
(54, 44, 'ELM_E3R-F-F'),
(55, 44, 'ELM_E3R-L-B'),
(56, 45, 'ELM_E3R-F-B'),
(57, 45, 'ELM_E3R-F-F'),
(58, 45, 'ELM_E3R-L-B'),
(59, 41, 'FOP_FSM2LS-FL'),
(60, 42, 'FOP_FLC44D'),
(61, 43, 'ELM_E3R-F-B'),
(62, 43, 'ELM_E3R-F-F'),
(63, 43, 'ELM_E3R-L-B'),
(65, 47, 'TRX_16PXL'),
(67, 29, 'LMP_LBX'),
(73, 51, 'LMP_LBX-DWH'),
(74, 52, 'LMP_LBX-DWH'),
(78, 55, 'LMP_LAMC3'),
(84, 56, 'LMP_LAMC3'),
(85, 56, 'LMP_LAMC1'),
(92, 60, 'LMP_LAMC1'),
(93, 59, 'LMP_LAMC1'),
(94, 53, 'LMP_LBX-DWH'),
(114, 64, 'DLT_6274882515ADED1'),
(115, 64, 'DLT_6274883224ADED8'),
(116, 64, 'DLT_6274882515ADED8'),
(122, 63, 'DLT_6274882515ADED1'),
(123, 63, 'DLT_6274883224ADED8'),
(124, 63, 'DLT_6274882515ADED8'),
(125, 65, 'TRX_16PXL'),
(126, 66, 'TRX_16PXL'),
(127, 36, 'BGA_88977'),
(128, 61, 'ERC_Pantrac-5733'),
(129, 57, 'LMP_LAMC3'),
(130, 58, 'LMP_LAMC3'),
(131, 58, 'LMP_LAMC1'),
(132, 62, 'ERC_Pantrac-5733'),
(134, 54, 'LMP_LBLP-CC'),
(135, 67, 'TRX_16PXL'),
(136, 68, 'IGZ_SB-16'),
(137, 68, 'IGZ_TB-16'),
(138, 69, 'IGZ_I-MXJ0'),
(139, 69, 'IGZ_I-MQ/I-MU'),
(140, 69, 'IGZ_LB'),
(142, 71, 'IGZ_I-ADR'),
(143, 72, 'TRG_DL-ES'),
(144, 72, 'TRG_DL'),
(145, 72, 'TRG_CCM-F-II'),
(146, 72, 'TRG_CCM-F'),
(147, 72, 'TRG_CCM-A'),
(148, 72, 'TRG_CCM-I'),
(149, 73, 'TRG_DL-ES'),
(150, 73, 'TRG_DL'),
(151, 73, 'TRG_CCM-F-II'),
(152, 73, 'TRG_CCM-F'),
(153, 73, 'TRG_CCM-A'),
(154, 73, 'TRG_CCM-I'),
(155, 74, 'TRG_DL-ES'),
(156, 74, 'TRG_DL'),
(157, 74, 'TRG_CCM-F-II'),
(158, 74, 'TRG_CCM-F'),
(159, 74, 'TRG_CCM-A'),
(160, 74, 'TRG_CCM-I'),
(161, 74, 'TRG_DRL'),
(164, 76, 'USA_LRTD4-2-1'),
(165, 76, 'USA_LRTD4'),
(166, 76, 'USA_LN10RD'),
(167, 76, 'USA_LN10RA'),
(168, 77, 'USA_LRTD4-2-1'),
(169, 77, 'USA_LRLA3'),
(170, 77, 'USA_LMRTA4-2'),
(171, 78, 'WEF_115-0172'),
(172, 78, 'WEF_105-0076'),
(173, 78, 'WEF_185-2658'),
(174, 75, 'USA_LRTD4-2-1'),
(175, 75, 'USA_LRLA3'),
(176, 75, 'WEF_111-0188'),
(177, 79, 'WEF_108-1500'),
(178, 79, 'WEF_108-1552'),
(179, 81, 'WEF_111-0188'),
(180, 81, 'WEF_111-0403'),
(181, 94, 'IGZ_I-MXJ0'),
(182, 94, 'IGZ_I-MR98'),
(185, 117, 'AEL_ACP1LED'),
(186, 117, 'AEL_AVPCL2'),
(189, 119, 'AEL_AVPCL2'),
(190, 119, 'AEL_247CL'),
(201, 121, 'AMT_LC32-2');

-- --------------------------------------------------------

--
-- Table structure for table `project_gallery_images`
--

CREATE TABLE `project_gallery_images` (
  `image_id` int(10) UNSIGNED NOT NULL,
  `pr_gallery_id` int(10) UNSIGNED NOT NULL,
  `img_src` varchar(255) NOT NULL,
  `alt_name` varchar(255) NOT NULL,
  `img_subtitle` varchar(255) NOT NULL
) ENGINE=InnoDB DEFAULT CHARSET=utf8;

--
-- RELATIONSHIPS FOR TABLE `project_gallery_images`:
--   `pr_gallery_id`
--       `project_gallery` -> `pr_gallery_id`
--

--
-- Dumping data for table `project_gallery_images`
--

INSERT INTO `project_gallery_images` (`image_id`, `pr_gallery_id`, `img_src`, `alt_name`, `img_subtitle`) VALUES
(476, 39, 'Edge_Lighting_merch_mart_11.jpg', 'Cirrus Channel D1 installation.', 'Cirrus Channel D1 installation.'),
(477, 40, 'Edge_Lighting_cirrus_channel_d1_install_08.jpg', 'Cirrus Channel D1 installation.', 'Cirrus Channel D1 installation.'),
(483, 37, 'Edge_Lighting_ss3_soft_strip_rgb_install_07.jpg', 'SS3 soft strip. cove lighting', 'SS3 soft strip. cove lighting'),
(484, 38, 'Edge_Lighting_soft_strip_3w_12v_install2.jpg', 'SS3 RGB Installation', 'SS3 RGB Installation'),
(485, 44, 'Element_Lighting_CherryWoodKitchen1.jpg', 'Adjustable LED downlight installation.', 'Adjustable LED downlight installation.'),
(486, 45, 'Element_Lighting_EmpireStateOffice1.jpg', 'Adjustable LED downlight installation.', 'Adjustable LED downlight installation.'),
(487, 41, 'Focal_Point_FSM2LS_criteo_01.jpg', 'Seem 2 LED Suspended', 'Seem 2 LED Suspended'),
(488, 42, 'Focal_Point_FLC44_salesforce.jpg', 'Salesforce, San Francisco, California', 'Salesforce, San Francisco, California'),
(513, 7, 'TRX001_Kamppi_Shopping_Mall_01.jpg', 'Kamppi Shopping Mall', 'Kamppi Shopping Mall'),
(514, 7, 'TRX001_Kamppi_Shopping_Mall_02.jpg', 'Kamppi Shopping Mall', 'Kamppi Shopping Mall'),
(515, 7, 'TRX001_Mirror_64PXL.jpg', 'Mirror 64PXL Wash panels', 'Mirror 64PXL Wash panels'),
(516, 7, 'TRX001_Mirror_64PXL_m.jpg', 'Mirror 64PXL Wash panels', 'Mirror 64PXL Wash panels'),
(517, 12, 'TRX002_David_H_Koch_Theater_Lincoln_Center_01.jpg', 'David H. Koch Theater. Lincoln Center', 'David H. Koch Theater. Lincoln Center'),
(518, 12, 'TRX002_David_H_Koch_Theater_Lincoln_Center_02.jpg', 'David H. Koch Theater. Lincoln Center', 'David H. Koch Theater. Lincoln Center'),
(519, 12, 'TRX002_1PXL.jpg', '', ''),
(520, 13, 'TRX003_Nova_Eventis_Shopping_Mall_01.jpg', 'Nova Eventis Shopping Mall', 'Nova Eventis Shopping Mall'),
(521, 13, 'TRX003_Nova_Eventis_Shopping_Mall_02.jpg', 'Nova Eventis Shopping Mall', 'Nova Eventis Shopping Mall'),
(522, 14, 'TRX004_Cronos_01.jpg', 'Cronos', 'Cronos'),
(523, 15, 'TRX005_Cube_Chandelier-Zwolle_01.jpg', 'Cube Chandelier-Zwolle', 'Cube Chandelier-Zwolle'),
(524, 16, 'TRX006_Lutron_Showroom_01.jpg', 'Lutron Showroom', 'Lutron Showroom'),
(525, 17, 'TRX007_ESPRIT_Flagship_Store_01.jpg', 'ESPRIT Flagship Store', 'ESPRIT Flagship Store'),
(527, 18, 'TRX008_CRUSH_Teen_Club_at_Atlantis_01.jpg', 'CRUSH Teen Club at Atlantis', 'CRUSH Teen Club at Atlantis'),
(528, 19, 'TRX009_Euratechnologies_01.jpg', 'Euratechnologies', 'Euratechnologies'),
(529, 19, 'TRX009_Euratechnologies_02.jpg', 'Euratechnologies', 'Euratechnologies'),
(530, 20, 'TRX010_Los_Libertadores_Bridge_01.jpg', 'Los Libertadores Bridge', 'Los Libertadores Bridge'),
(531, 21, 'TRX011_Project_Hope_01.jpg', 'Project Hope', 'Project Hope'),
(532, 22, 'TRX012_Sephora_Qianmen_Flagship_Store_01.jpg', 'Sephora Qianmen Flagship Store', 'Sephora Qianmen Flagship Store'),
(533, 23, 'TRX013_La_Geode_Entrance_01.jpg', 'La Geode Entrance', 'La Geode Entrance'),
(534, 24, 'TRX014_OVO_01.jpg', 'OVO', 'OVO'),
(535, 24, 'TRX014_OVO_02.jpg', 'OVO', 'OVO'),
(536, 25, 'TRX015_Roka_Akor_01.jpg', 'Roka Akor', 'Roka Akor'),
(537, 25, 'TRX015_Roka_Akor_02.jpg', 'Roka Akor', 'Roka Akor'),
(538, 26, 'TRX016_Christ_the_Redeemer_Monument_01.jpg', 'Christ the Redeemer Monument', 'Christ the Redeemer Monument'),
(539, 26, 'TRX016_Christ_the_Redeemer_Monument_02.jpg', 'Christ the Redeemer Monument', 'Christ the Redeemer Monument'),
(542, 43, 'Element_Lighting_element_square_sl_hires.jpg', 'Element Lighting Applications', 'Element Lighting Applications'),
(545, 47, 'Nemours_Children_Hospital.jpg', 'Nemours Children’s Hospital - Orlando, FL', 'Nemours Children’s Hospital - Orlando, FL'),
(548, 10, 'LMP007_The_Casino_de_Montreal_01.jpg', 'The Casino de Montreal', 'The Casino de Montreal'),
(551, 31, 'LMP009_230_Park_Avenue_01.jpg', '230 Park Avenue', '230 Park Avenue'),
(552, 31, 'LMP009_230_Park_Avenue_02.jpg', '230 Park Avenue', '230 Park Avenue'),
(553, 8, 'LMP002_Yale-New_Haven_Hospital_Atrium_01.jpg', 'Yale-New Haven Hospital Atrium', 'Yale-New Haven Hospital Atrium'),
(554, 28, 'LMP003_Montreal_Museum_of_Contemporary_Art_01.jpg', 'Montreal Museum of Contemporary Art', 'Montreal Museum of Contemporary Art'),
(555, 28, 'LMP003_Montreal_Museum_of_Contemporary_Art_02.jpg', 'Montreal Museum of Contemporary Art', 'Montreal Museum of Contemporary Art'),
(556, 29, 'LMP004_BC_Place_01.jpg', 'BC Place', 'BC Place'),
(557, 29, 'LMP004_BC_Place_01.jpg', 'BC Place', 'BC Place'),
(558, 30, 'LMP005_St_John_the_Evangelist_Church_01.jpg', 'St. John the Evangelist Church', 'St. John the Evangelist Church'),
(559, 9, 'LMP006_Pacific_Centre_01.jpg', 'Pacific Centre', 'Pacific Centre'),
(560, 33, 'LMP011_Pandora_Jewelry_01.jpg', 'Pandora Jewelry', 'Pandora Jewelry'),
(561, 33, 'LMP011_Pandora_Jewelry_02.jpg', 'Pandora Jewelry', 'Pandora Jewelry'),
(562, 34, 'LMP012_Latham_Hotel_01.jpg', 'Latham Hotel', 'Latham Hotel'),
(563, 34, 'LMP012_Latham_Hotel_01.jpg', 'Latham Hotel', 'Latham Hotel'),
(564, 32, 'LMP010_Telus_World_of_Science_01.jpg', 'Telus World of Science', 'Telus World of Science'),
(565, 11, 'LMP008_Saint_Louis_Art_Museum_01.jpg', 'Saint Louis Art Museum', 'Saint Louis Art Museum'),
(566, 11, 'LMP008_Saint_Louis_Art_Museum_02.jpg', 'Saint Louis Art Museum', 'Saint Louis Art Museum'),
(567, 27, 'LMP001_Banner_MD_Anderson_Cancer_Center_01.jpg', 'Banner MD Anderson Cancer Center', 'Banner MD Anderson Cancer Center'),
(572, 51, 'LMP_Jacques_Cartier_Bridge_Lumenbeam_LBX_DWH_01.jpg', 'Lumenpulse.Jacques-Cartier Bridge.Lumenbeam LBX DWH', 'Lumenpulse.Jacques-Cartier Bridge.Lumenbeam LBX DWH'),
(573, 51, 'LMP_Jacques_Cartier_Bridge_Lumenbeam_LBX_DWH_02.jpg', 'Lumenpulse.Jacques-Cartier Bridge.Lumenbeam LBX DWH', 'Lumenpulse.Jacques-Cartier Bridge.Lumenbeam LBX DWH'),
(574, 51, 'LMP_Jacques_Cartier_Bridge_Lumenbeam_LBX_DWH_03.jpg', 'Lumenpulse.Jacques-Cartier Bridge.Lumenbeam LBX DWH', 'Lumenpulse.Jacques-Cartier Bridge.Lumenbeam LBX DWH'),
(575, 52, 'LMP_Are_Ski_Resort_Lumenbeam_LBX_DWH_01.jpg', 'Lumenpulse.Åre Ski Resort.Lumenbeam LBX DWH', 'Lumenpulse.Åre Ski Resort.Lumenbeam LBX DWH'),
(576, 52, 'LMP_Are_Ski_Resort_Lumenbeam_LBX_DWH_02.jpg', 'Lumenpulse.Åre Ski Resort.Lumenbeam LBX DWH', 'Lumenpulse.Åre Ski Resort.Lumenbeam LBX DWH'),
(577, 52, 'LMP_Are_Ski_Resort_Lumenbeam_LBX_DWH_03.jpg', 'Lumenpulse.Åre Ski Resort.Lumenbeam LBX DWH', 'Lumenpulse.Åre Ski Resort.Lumenbeam LBX DWH'),
(583, 55, 'LMP_Duty_Free_Boutiques_LAMC3_01.jpg', 'Lumenpulse.Duty-Free Boutiques.LAMC3', 'Lumenpulse.Duty-Free Boutiques.LAMC3'),
(584, 55, 'LMP_Duty_Free_Boutiques_LAMC3_02.jpg', 'Lumenpulse.Duty-Free Boutiques.LAMC3', 'Lumenpulse.Duty-Free Boutiques.LAMC3'),
(585, 55, 'LMP_Duty_Free_Boutiques_LAMC3_03.jpg', 'Lumenpulse.Duty-Free Boutiques.LAMC3', 'Lumenpulse.Duty-Free Boutiques.LAMC3'),
(599, 56, 'LMP_BMW_Rome_LAMC3_01.jpg', 'Lumenpulse.BMW Rome.LAMC3', 'Lumenpulse.BMW Rome.LAMC3'),
(600, 56, 'LMP_BMW_Rome_LAMC3_02.jpg', 'Lumenpulse.BMW Rome.LAMC3', 'Lumenpulse.BMW Rome.LAMC3'),
(609, 60, 'LMP_BMO_Capital_Markets_LAMC1_01.jpg', 'Lumenpulse.BMO Capital Markets.LAMC1', 'Lumenpulse.BMO Capital Markets.LAMC1'),
(610, 60, 'LMP_BMO_Capital_Markets_LAMC1_02.jpg', 'Lumenpulse.BMO Capital Markets.LAMC1', 'Lumenpulse.BMO Capital Markets.LAMC1'),
(611, 59, 'LMP_Jollys_House_Fraser_LAMC1_01.jpg', 'Lumenpulse.Jolly\'s House of Fraser.LAMC1', 'Lumenpulse.Jolly\'s House of Fraser.LAMC1'),
(612, 59, 'LMP_Jollys_House_Fraser_LAMC1_02.jpg', 'Lumenpulse.Jolly\'s House of Fraser.LAMC1', 'Lumenpulse.Jolly\'s House of Fraser.LAMC1'),
(613, 59, 'LMP_Jollys_House_Fraser_LAMC1_03.jpg', 'Lumenpulse.Jolly\'s House of Fraser.LAMC1', 'Lumenpulse.Jolly\'s House of Fraser.LAMC1'),
(614, 59, 'LMP_Jollys_House_Fraser_LAMC1_04.jpg', 'Lumenpulse.Jolly\'s House of Fraser.LAMC1', 'Lumenpulse.Jolly\'s House of Fraser.LAMC1'),
(615, 53, 'LMP_Space_Shuttle_Atlantis_Lumenbeam_LBX_DWH_01.jpg', 'Lumenpulse.Space Shuttle Atlantis.Lumenbeam LBX DWH', 'Lumenpulse.Space Shuttle Atlantis.Lumenbeam LBX DWH'),
(616, 53, 'LMP_Space_Shuttle_Atlantis_Lumenbeam_LBX_DWH_02.jpg', 'Lumenpulse.Space Shuttle Atlantis.Lumenbeam LBX DWH', 'Lumenpulse.Space Shuttle Atlantis.Lumenbeam LBX DWH'),
(617, 53, 'LMP_Space_Shuttle_Atlantis_Lumenbeam_LBX_DWH_03.jpg', 'Lumenpulse.Space Shuttle Atlantis.Lumenbeam LBX DWH', 'Lumenpulse.Space Shuttle Atlantis.Lumenbeam LBX DWH'),
(640, 64, 'Delta-Light-Designspace_01.jpg', 'Designspace ', 'Designspace '),
(641, 64, 'Delta-Light-Designspace_02.jpg', 'Designspace ', 'Designspace '),
(651, 63, 'Delta-Light-Other-Criteria_01.jpg', 'Other Criteria', 'Other Criteria'),
(652, 63, 'Delta-Light-Other-Criteria_03.jpg', 'Other Criteria', 'Other Criteria'),
(653, 65, 'Traxon-Chevy-Chase-Pavilion_01.jpg', 'Chevy Chase Pavilion', 'Chevy Chase Pavilion'),
(654, 65, 'Traxon-Chevy-Chase-Pavilion_02.jpg', 'Chevy Chase Pavilion', 'Chevy Chase Pavilion'),
(655, 65, 'Traxon-Chevy-Chase-Pavilion_03.jpg', 'Chevy Chase Pavilion', 'Chevy Chase Pavilion'),
(656, 66, 'Traxon-Norwegian-Cruise-Line_01.jpg', 'Norwegian Cruise Line', 'Norwegian Cruise Line'),
(657, 66, 'Traxon-Norwegian-Cruise-Line_02.jpg', 'Norwegian Cruise Line', 'Norwegian Cruise Line'),
(658, 36, 'Bega_Chandler_lg_02.png', 'Chandler City Hall', 'Bega. Chandler City Hall'),
(659, 57, 'LMP_Next_Rugby_LAMC_01.jpg', 'Lumenpulse.Next,Rugby.LAMC3', 'Lumenpulse.Next,Rugby.LAMC3'),
(660, 57, 'LMP_Next_Rugby_LAMC_02.jpg', 'Lumenpulse.Next,Rugby.LAMC3', 'Lumenpulse.Next,Rugby.LAMC3'),
(661, 57, 'LMP_Next_Rugby_LAMC_03.jpg', 'Lumenpulse.Next,Rugby.LAMC3', 'Lumenpulse.Next,Rugby.LAMC3'),
(662, 58, 'LMP_Birks_Laval_LAMC3_01.jpg', 'Lumenpulse.Birks Laval.LAMC3', 'Lumenpulse.Birks Laval.LAMC3'),
(663, 58, 'LMP_Birks_Laval_LAMC3_02.jpg', 'Lumenpulse.Birks Laval.LAMC3', 'Lumenpulse.Birks Laval.LAMC3'),
(665, 54, 'LMP_College_Montmorency_Lumenbeam_LBLP_Color_Changing_01.jpg', 'Lumenpulse.College Montmorency.Lumenbeam LP Color Changing', 'Lumenpulse.College Montmorency.Lumenbeam LP Color Changing'),
(666, 67, 'Traxon-PCK-refinery_01.jpg', 'PCK refinery', 'PCK refinery'),
(667, 67, 'Traxon-PCK-refinery_02.jpg', 'PCK refinery', 'PCK refinery'),
(668, 67, 'Traxon-PCK-refinery_03.jpg', 'PCK refinery', 'PCK refinery'),
(681, 70, 'iGuzzini-St-Pierre-Cathedral_01.jpg', 'iGuzzini. St. Pierre Cathedral', 'iGuzzini. St. Pierre Cathedral'),
(682, 70, 'iGuzzini-St-Pierre-Cathedral_02.jpg', 'iGuzzini. St. Pierre Cathedral', 'iGuzzini. St. Pierre Cathedral'),
(683, 70, 'iGuzzini-St-Pierre-Cathedral_03.jpg', 'iGuzzini. St. Pierre Cathedral', 'iGuzzini. St. Pierre Cathedral'),
(686, 68, 'iGuzzini-Castellana-77_01.jpg', 'iGuzzini Castellana 77', 'iGuzzini Castellana 77'),
(687, 68, 'iGuzzini-Castellana-77_02.jpg', 'iGuzzini Castellana 77', 'iGuzzini Castellana 77'),
(688, 68, 'iGuzzini-Castellana-77_03.jpg', 'iGuzzini Castellana 77', 'iGuzzini Castellana 77'),
(689, 69, 'iGuzzini-The-Scrovegni-Chapel_01.jpg', 'iGuzzini. The Scrovegni Chapel', 'iGuzzini. The Scrovegni Chapel'),
(690, 69, 'iGuzzini-The-Scrovegni-Chapel_02.jpg', 'iGuzzini. The Scrovegni Chapel', 'iGuzzini. The Scrovegni Chapel'),
(691, 69, 'iGuzzini-The-Scrovegni-Chapel_03.jpg', 'iGuzzini. The Scrovegni Chapel', 'iGuzzini. The Scrovegni Chapel'),
(694, 71, 'iGuzzini-Iso-Omena-shopping-centre_01.jpg', 'iGuzzini. The Iso Omena shopping centre', 'iGuzzini. The Iso Omena shopping centre'),
(695, 71, 'iGuzzini-Iso-Omena-shopping-centre_02.jpg', 'iGuzzini. The Iso Omena shopping centre', 'iGuzzini. The Iso Omena shopping centre'),
(696, 72, 'Targetti-Boston-Consulting-Group_01.jpg', 'Targetti Boston Consulting Group', 'Targetti Boston Consulting Group'),
(697, 72, 'Targetti-Boston-Consulting-Group_02.jpg', 'Targetti Boston Consulting Group', 'Targetti Boston Consulting Group'),
(698, 72, 'Targetti-Boston-Consulting-Group_03.jpg', 'Targetti Boston Consulting Group', 'Targetti Boston Consulting Group'),
(699, 73, 'Targetti-Wynn-Palace-Resort-Hotel_01.jpg', 'Targetti Wynn Palace Resort Hotel', 'Targetti Wynn Palace Resort Hotel'),
(700, 73, 'Targetti-Wynn-Palace-Resort-Hotel_02.jpg', 'Targetti Wynn Palace Resort Hotel', 'Targetti Wynn Palace Resort Hotel'),
(701, 73, 'Targetti-Wynn-Palace-Resort-Hotel_03.jpg', 'Targetti Wynn Palace Resort Hotel', 'Targetti Wynn Palace Resort Hotel'),
(702, 74, 'Targetti-Lugano-Diamond-Project_01.jpg', 'Targetti Lugano Diamond Retail Salon', 'Targetti Lugano Diamond Retail Salon'),
(703, 74, 'Targetti-Lugano-Diamond-Project_02.jpg', 'Targetti Lugano Diamond Retail Salon', 'Targetti Lugano Diamond Retail Salon'),
(704, 74, 'Targetti-Lugano-Diamond-Project_03.jpg', 'Targetti Lugano Diamond Retail Salon', 'Targetti Lugano Diamond Retail Salon'),
(708, 76, 'USAI-Museum-of-the-Bible_01.jpg', 'USAI. Museum of the Bible', 'USAI. Museum of the Bible'),
(709, 77, 'USAI-The-Bridge-at-Cornell-Tech_01.jpg', 'USAI. The Bridge at Cornell Tech', 'USAI. The Bridge at Cornell Tech'),
(710, 77, 'USAI-The-Bridge-at-Cornell-Tech_02.jpg', 'USAI. The Bridge at Cornell Tech', 'USAI. The Bridge at Cornell Tech'),
(711, 78, 'We-ef-Valentine-Place_01.jpg', 'We-ef Lighting Valentine Place', 'We-ef Lighting Valentine Place'),
(712, 78, 'We-ef-Valentine-Place_02.jpg', 'We-ef Lighting Valentine Place', 'We-ef Lighting Valentine Place'),
(713, 75, 'USAI-National-Museum-of-African-American-History-&-Culture_01.jpg', 'USAI. National Museum of African American History & Culture', 'USAI. National Museum of African American History & Culture'),
(714, 75, 'USAI-National-Museum-of-African-American-History-&-Culture_02.jpg', 'USAI. National Museum of African American History & Culture', 'USAI. National Museum of African American History & Culture'),
(715, 75, 'USAI-National-Museum-of-African-American-History-&-Culture_03.jpg', 'USAI. National Museum of African American History & Culture', 'USAI. National Museum of African American History & Culture'),
(718, 80, 'We-ef-The-Piece-Hall_01.jpg', 'We-ef Lighting The Piece Hall', 'We-ef Lighting The Piece Hall'),
(719, 80, 'We-ef-The-Piece-Hall_02.jpg', 'We-ef Lighting The Piece Hall', 'We-ef Lighting The Piece Hall'),
(720, 79, 'We-ef-Ringwood-Station_01.jpg', 'We-ef Lighting Ringwood Station', 'We-ef Lighting Ringwood Station'),
(721, 79, 'We-ef-Ringwood-Station_02.jpg', 'We-ef Lighting Ringwood Station', 'We-ef Lighting Ringwood Station'),
(724, 81, 'We-ef-Chadstone-Shopping-Centre_01.jpg', 'We-ef Lighting Chadstone Shopping Centre', 'We-ef Lighting Chadstone Shopping Centre'),
(725, 81, 'We-ef-Chadstone-Shopping-Centre_02.jpg', 'We-ef Lighting Chadstone Shopping Centre', 'We-ef Lighting Chadstone Shopping Centre'),
(726, 82, 'Precision-Lighting-Natural-History-Museum-Hintze-Hall_01.jpg', 'Precision Lighting Natural History Museum - Hintze Hall', 'Precision Lighting Natural History Museum - Hintze Hall'),
(727, 82, 'Precision-Lighting-Natural-History-Museum-Hintze-Hall_02.jpg', 'Precision Lighting Natural History Museum - Hintze Hall', 'Precision Lighting Natural History Museum - Hintze Hall'),
(729, 83, 'ERCO-Volvo-Retail-Experience-showroom_01.jpg', 'ERCO the Volvo Retail Experience in the Luleå showroom', 'ERCO the Volvo Retail Experience in the Luleå showroom'),
(731, 84, 'ERCO-Faerber-Architekten_01.jpg', 'ERCO Faerber Architekten, Mainz', 'ERCO Faerber Architekten, Mainz'),
(732, 84, 'ERCO-Faerber-Architekten_02.jpg', 'ERCO Faerber Architekten, Mainz', 'ERCO Faerber Architekten, Mainz'),
(733, 84, 'ERCO-Faerber-Architekten_03.jpg', 'ERCO Faerber Architekten, Mainz', 'ERCO Faerber Architekten, Mainz'),
(734, 84, 'ERCO-Faerber-Architekten_04.jpg', 'ERCO Faerber Architekten, Mainz', 'ERCO Faerber Architekten, Mainz'),
(735, 85, 'ateljé-Lyktan-the-Word_01.jpg', 'ateljé Lyktan The Word', 'ateljé Lyktan The Word'),
(736, 85, 'ateljé-Lyktan-the-Word_02.jpg', 'ateljé Lyktan The Word', 'ateljé Lyktan The Word'),
(737, 85, 'ateljé-Lyktan-the-Word_03.jpg', 'ateljé Lyktan The Word', 'ateljé Lyktan The Word'),
(738, 86, 'ROXO-Lighting-ANTWERP-PORT-AUTHORITY_01.jpg', 'ROXO Lighting ANTWERP PORT AUTHORITY', 'ROXO Lighting ANTWERP PORT AUTHORITY'),
(739, 86, 'ROXO-Lighting-ANTWERP-PORT-AUTHORITY_02.jpg', 'ROXO Lighting ANTWERP PORT AUTHORITY', 'ROXO Lighting ANTWERP PORT AUTHORITY'),
(740, 86, 'ROXO-Lighting-ANTWERP-PORT-AUTHORITY_03.jpg', 'ROXO Lighting ANTWERP PORT AUTHORITY', 'ROXO Lighting ANTWERP PORT AUTHORITY'),
(744, 87, 'Buzzi-Space-Kienbaum-Consultants-International-office_01.jpg', 'Buzzi Space Kienbaum Consultants International office', 'Buzzi Space Kienbaum Consultants International office'),
(745, 87, 'Buzzi-Space-Kienbaum-Consultants-International-office_02.jpg', 'Buzzi Space Kienbaum Consultants International office', 'Buzzi Space Kienbaum Consultants International office'),
(746, 87, 'Buzzi-Space-Kienbaum-Consultants-International-office_03.jpg', 'Buzzi Space Kienbaum Consultants International office', 'Buzzi Space Kienbaum Consultants International office'),
(747, 88, 'Artemide-Auditorium-SACMI_01.jpg', 'Artemide Auditorium SACMI', 'Artemide Auditorium SACMI'),
(748, 88, 'Artemide-Auditorium-SACMI_02.jpg', 'Artemide Auditorium SACMI', 'Artemide Auditorium SACMI'),
(749, 88, 'Artemide-Auditorium-SACMI_03.jpg', 'Artemide Auditorium SACMI', 'Artemide Auditorium SACMI'),
(750, 89, 'Artemide-Hotel-Il-Castelfalfi_01.jpg', 'Artemide Hotel Il Castelfalfi', 'Artemide Hotel Il Castelfalfi'),
(751, 89, 'Artemide-Hotel-Il-Castelfalfi_02.jpg', 'Artemide Hotel Il Castelfalfi', 'Artemide Hotel Il Castelfalfi'),
(752, 89, 'Artemide-Hotel-Il-Castelfalfi_03.jpg', 'Artemide Hotel Il Castelfalfi', 'Artemide Hotel Il Castelfalfi'),
(753, 90, 'Axolight-Radisson-Blue-Hotel_01.jpg', 'Axolight Radisson Blue Hotel', 'Axolight Radisson Blue Hotel'),
(754, 90, 'Axolight-Radisson-Blue-Hotel_02.jpg', 'Axolight Radisson Blue Hotel', 'Axolight Radisson Blue Hotel'),
(755, 90, 'Axolight-Radisson-Blue-Hotel_03.jpg', 'Axolight Radisson Blue Hotel', 'Axolight Radisson Blue Hotel'),
(756, 91, 'Hoffmeister-NRW-state-parliament_01.jpg', 'Hoffmeister NRW state parliament ', 'Hoffmeister NRW state parliament '),
(757, 91, 'Hoffmeister-NRW-state-parliament_02.jpg', 'Hoffmeister NRW state parliament ', 'Hoffmeister NRW state parliament '),
(758, 91, 'Hoffmeister-NRW-state-parliament_03.jpg', 'Hoffmeister NRW state parliament ', 'Hoffmeister NRW state parliament '),
(759, 92, 'Davide-Groppi-Enigma_01.jpg', 'Davide Groppi Enigma restaurant', 'Davide Groppi Enigma restaurant'),
(760, 92, 'Davide-Groppi-Enigma_02.jpg', 'Davide Groppi Enigma restaurant', 'Davide Groppi Enigma restaurant'),
(761, 92, 'Davide-Groppi-Enigma_03.jpg', 'Davide Groppi Enigma restaurant', 'Davide Groppi Enigma restaurant'),
(762, 93, 'Davide-Groppi-Model-Apartment_01.jpg', 'Davide Groppi Zaha Hadid Model Apartment', 'Davide Groppi Zaha Hadid Model Apartment'),
(763, 93, 'Davide-Groppi-Model-Apartment_02.jpg', 'Davide Groppi Zaha Hadid Model Apartment', 'Davide Groppi Zaha Hadid Model Apartment'),
(764, 93, 'Davide-Groppi-Model-Apartment_03.jpg', 'Davide Groppi Zaha Hadid Model Apartment', 'Davide Groppi Zaha Hadid Model Apartment'),
(765, 94, 'iGuzzini-The-Museum-of-the-Second-World-War_01.jpg', 'iGuzzini The Museum of the Second World War', 'iGuzzini The Museum of the Second World War'),
(766, 94, 'iGuzzini-The-Museum-of-the-Second-World-War_02.jpg', 'iGuzzini The Museum of the Second World War', 'iGuzzini The Museum of the Second World War'),
(767, 94, 'iGuzzini-The-Museum-of-the-Second-World-War_03.jpg', 'iGuzzini The Museum of the Second World War', 'iGuzzini The Museum of the Second World War'),
(768, 95, 'iGuzzini-Station-F_01.jpg', 'iGuzzini Station F', 'iGuzzini Station F'),
(769, 95, 'iGuzzini-Station-F_02.jpg', 'iGuzzini Station F', 'iGuzzini Station F'),
(770, 95, 'iGuzzini-Station-F_03.jpg', 'iGuzzini Station F', 'iGuzzini Station F'),
(771, 96, 'iGuzzini-The-Ancient-Theatre-of-Taormina_01.jpg', 'iGuzzini The Ancient Theatre of Taormina', 'iGuzzini The Ancient Theatre of Taormina'),
(772, 96, 'iGuzzini-The-Ancient-Theatre-of-Taormina_02.jpg', 'iGuzzini The Ancient Theatre of Taormina', 'iGuzzini The Ancient Theatre of Taormina'),
(773, 96, 'iGuzzini-The-Ancient-Theatre-of-Taormina_03.jpg', 'iGuzzini The Ancient Theatre of Taormina', 'iGuzzini The Ancient Theatre of Taormina'),
(778, 97, 'Intra-Lighting-NautaDutilh_01.jpg', 'Intra Lighting NautaDutilh', 'Intra Lighting NautaDutilh'),
(779, 97, 'Intra-Lighting-NautaDutilh_02.jpg', 'Intra Lighting NautaDutilh', 'Intra Lighting NautaDutilh'),
(780, 97, 'Intra-Lighting-NautaDutilh_03.jpg', 'Intra Lighting NautaDutilh', 'Intra Lighting NautaDutilh'),
(781, 97, 'Intra-Lighting-NautaDutilh_04.jpg', 'Intra Lighting NautaDutilh', 'Intra Lighting NautaDutilh'),
(788, 98, 'We-ef-Neues-Rathaus_01.jpg', 'We-ef Lighting Neues Rathaus', 'We-ef Lighting Neues Rathaus'),
(789, 98, 'We-ef-Neues-Rathaus_02.jpg', 'We-ef Lighting Neues Rathaus', 'We-ef Lighting Neues Rathaus'),
(790, 98, 'We-ef-Neues-Rathaus_03.jpg', 'We-ef Lighting Neues Rathaus', 'We-ef Lighting Neues Rathaus'),
(794, 99, 'We-ef-Monash-University-Caulfield-campus_01.jpg', 'We-ef Lighting Monash University\'s Caulfield campus', 'We-ef Lighting Monash University\'s Caulfield campus'),
(795, 99, 'We-ef-Monash-University-Caulfield-campus_02.jpg', 'We-ef Lighting Monash University\'s Caulfield campus', 'We-ef Lighting Monash University\'s Caulfield campus'),
(796, 99, 'We-ef-Monash-University-Caulfield-campus_03.jpg', 'We-ef Lighting Monash University\'s Caulfield campus', 'We-ef Lighting Monash University\'s Caulfield campus'),
(800, 100, 'Wayson-Lighting-Ashgabat-International-Airport-Main-Terminal_01.jpg', 'Wayson Lighting Ashgabat International Airport Main Terminal', 'Wayson Lighting Ashgabat International Airport Main Terminal'),
(801, 100, 'Wayson-Lighting-Ashgabat-International-Airport-Main-Terminal_02.jpg', 'Wayson Lighting Ashgabat International Airport Main Terminal', 'Wayson Lighting Ashgabat International Airport Main Terminal'),
(802, 100, 'Wayson-Lighting-Ashgabat-International-Airport-Main-Terminal_03.jpg', 'Wayson Lighting Ashgabat International Airport Main Terminal', 'Wayson Lighting Ashgabat International Airport Main Terminal'),
(803, 101, 'acdc-Oxford-Street_01.jpg', 'acdc Oxford Street', 'acdc Oxford Street'),
(804, 101, 'acdc-Oxford-Street_02.jpg', 'acdc Oxford Street', 'acdc Oxford Street'),
(805, 101, 'acdc-Oxford-Street_03.jpg', 'acdc Oxford Street', 'acdc Oxford Street'),
(806, 102, 'acdc-Troia-Cathedral_01.jpg', 'acdc Troia Cathedral', 'acdc Troia Cathedral'),
(807, 102, 'acdc-Troia-Cathedral_02.jpg', 'acdc Troia Cathedral', 'acdc Troia Cathedral'),
(808, 102, 'acdc-Troia-Cathedral_03.jpg', 'acdc Troia Cathedral', 'acdc Troia Cathedral'),
(809, 103, 'Lumenpulse-180-Wellington_01.jpg', 'Lumenpulse 180 Wellington', 'Lumenpulse 180 Wellington'),
(810, 103, 'Lumenpulse-180-Wellington_02.jpg', 'Lumenpulse 180 Wellington', 'Lumenpulse 180 Wellington'),
(811, 103, 'Lumenpulse-180-Wellington_03.jpg', 'Lumenpulse 180 Wellington', 'Lumenpulse 180 Wellington'),
(818, 105, 'Philips-OVO-Wrocław-Apartments_01.jpg', 'Philips OVO Wrocław Apartments', 'Philips OVO Wrocław Apartments'),
(819, 105, 'Philips-OVO-Wrocław-Apartments_02.jpg', 'Philips OVO Wrocław Apartments', 'Philips OVO Wrocław Apartments'),
(820, 105, 'Philips-OVO-Wrocław-Apartments_03.jpg', 'Philips OVO Wrocław Apartments', 'Philips OVO Wrocław Apartments'),
(821, 104, 'Philips-Viaduct-Harbour_01.jpg', 'Philips Viaduct Harbour', 'Philips Viaduct Harbour'),
(822, 104, 'Philips-Viaduct-Harbour_02.jpg', 'Philips Viaduct Harbour', 'Philips Viaduct Harbour'),
(823, 104, 'Philips-Viaduct-Harbour_03.jpg', 'Philips Viaduct Harbour', 'Philips Viaduct Harbour'),
(824, 106, 'Zumtobel-ELBE-PHILHARMONIC-HALL_01.jpg', 'Zumtobel ELBE PHILHARMONIC HALL', 'Zumtobel ELBE PHILHARMONIC HALL'),
(825, 106, 'Zumtobel-ELBE-PHILHARMONIC-HALL_02.jpg', 'Zumtobel ELBE PHILHARMONIC HALL', 'Zumtobel ELBE PHILHARMONIC HALL'),
(826, 106, 'Zumtobel-ELBE-PHILHARMONIC-HALL_03.jpg', 'Zumtobel ELBE PHILHARMONIC HALL', 'Zumtobel ELBE PHILHARMONIC HALL'),
(827, 107, 'Zumtobel-Civil-Engineering-Faculty-Osijek_01.jpg', 'Zumtobel Faculty of Civil Engineering', 'Zumtobel Faculty of Civil Engineering'),
(828, 107, 'Zumtobel-Civil-Engineering-Faculty-Osijek_02.jpg', 'Zumtobel Faculty of Civil Engineering', 'Zumtobel Faculty of Civil Engineering'),
(829, 107, 'Zumtobel-Civil-Engineering-Faculty-Osijek_03.jpg', 'Zumtobel Faculty of Civil Engineering', 'Zumtobel Faculty of Civil Engineering'),
(830, 108, 'Reggiani-GASTRO-BOUTIQUE-BALFEGÒ_01.jpg', 'Reggiani GASTRO BOUTIQUE BALFEGÒ', 'Reggiani GASTRO BOUTIQUE BALFEGÒ'),
(831, 108, 'Reggiani-GASTRO-BOUTIQUE-BALFEGÒ_02.jpg', 'Reggiani GASTRO BOUTIQUE BALFEGÒ', 'Reggiani GASTRO BOUTIQUE BALFEGÒ'),
(832, 108, 'Reggiani-GASTRO-BOUTIQUE-BALFEGÒ_03.jpg', 'Reggiani GASTRO BOUTIQUE BALFEGÒ', 'Reggiani GASTRO BOUTIQUE BALFEGÒ'),
(833, 109, 'Reggiani-THAMES-TOWER_01.jpg', 'Reggiani THAMES TOWER', 'Reggiani THAMES TOWER'),
(834, 109, 'Reggiani-THAMES-TOWER_02.jpg', 'Reggiani THAMES TOWER', 'Reggiani THAMES TOWER'),
(835, 109, 'Reggiani-THAMES-TOWER_03.jpg', 'Reggiani THAMES TOWER', 'Reggiani THAMES TOWER'),
(836, 110, 'Buzzi-Buzzi-AB-IL-LUSSO-DELLA-SEMPLICITÀ_01.jpg', 'BUZZI & BUZZI AB: IL LUSSO DELLA SEMPLICITÀ', 'BUZZI & BUZZI AB: IL LUSSO DELLA SEMPLICITÀ'),
(837, 110, 'Buzzi-Buzzi-AB-IL-LUSSO-DELLA-SEMPLICITÀ_02.jpg', 'BUZZI & BUZZI AB: IL LUSSO DELLA SEMPLICITÀ', 'BUZZI & BUZZI AB: IL LUSSO DELLA SEMPLICITÀ'),
(838, 110, 'Buzzi-Buzzi-AB-IL-LUSSO-DELLA-SEMPLICITÀ_03.jpg', 'BUZZI & BUZZI AB: IL LUSSO DELLA SEMPLICITÀ', 'BUZZI & BUZZI AB: IL LUSSO DELLA SEMPLICITÀ'),
(839, 111, 'Sattler-INFINITY_01.jpg', 'Sattler INFINITY', 'Sattler INFINITY'),
(840, 111, 'Sattler-INFINITY_02.jpg', 'Sattler INFINITY', 'Sattler INFINITY'),
(841, 111, 'Sattler-INFINITY_03.jpg', 'Sattler INFINITY', 'Sattler INFINITY'),
(842, 112, 'Louis-Poulsen-Tirpitz-Museum_01.jpg', 'Louis Poulsen Tirpitz Museum', 'Louis Poulsen Tirpitz Museum'),
(843, 112, 'Louis-Poulsen-Tirpitz-Museum_02.jpg', 'Louis Poulsen Tirpitz Museum', 'Louis Poulsen Tirpitz Museum'),
(844, 112, 'Louis-Poulsen-Tirpitz-Museum_03.jpg', 'Louis Poulsen Tirpitz Museum', 'Louis Poulsen Tirpitz Museum'),
(845, 113, 'Louis-Poulsen-The-Qvest_01.jpg', 'Louis Poulsen The Qvest', 'Louis Poulsen The Qvest'),
(846, 113, 'Louis-Poulsen-The-Qvest_02.jpg', 'Louis Poulsen The Qvest', 'Louis Poulsen The Qvest'),
(847, 113, 'Louis-Poulsen-The-Qvest_03.jpg', 'Louis Poulsen The Qvest', 'Louis Poulsen The Qvest'),
(848, 113, 'Louis-Poulsen-The-Qvest_04.jpg', 'Louis Poulsen The Qvest', 'Louis Poulsen The Qvest'),
(849, 114, 'Waldmann-Bayer_01.jpg', 'Waldmann Bayer Consumer Care AG', 'Waldmann Bayer Consumer Care AG'),
(850, 114, 'Waldmann-Bayer_02.jpg', 'Waldmann Bayer Consumer Care AG', 'Waldmann Bayer Consumer Care AG'),
(851, 114, 'Waldmann-Bayer_03.jpg', 'Waldmann Bayer Consumer Care AG', 'Waldmann Bayer Consumer Care AG'),
(852, 115, 'Waldmann-Pressehaus-Stuttgart_01.jpg', 'Waldmann Pressehaus Stuttgart', 'Waldmann Pressehaus Stuttgart'),
(853, 115, 'Waldmann-Pressehaus-Stuttgart_02.jpg', 'Waldmann Pressehaus Stuttgart', 'Waldmann Pressehaus Stuttgart'),
(854, 115, 'Waldmann-Pressehaus-Stuttgart_03.jpg', 'Waldmann Pressehaus Stuttgart', 'Waldmann Pressehaus Stuttgart'),
(858, 117, 'img1.jpg', 'alt text img 1', 'img subtitle 1'),
(859, 117, 'img1.jpg', 'alt text img 1', 'img subtitle 1'),
(860, 117, 'img1.jpg', 'alt text img 1', 'img subtitle 1');

-- --------------------------------------------------------

--
-- Table structure for table `project_gallery_mapping`
--

CREATE TABLE `project_gallery_mapping` (
  `pr_gallery_id` int(10) UNSIGNED NOT NULL,
  `node_id` smallint(5) UNSIGNED NOT NULL,
  `active` tinyint(3) UNSIGNED NOT NULL
) ENGINE=InnoDB DEFAULT CHARSET=utf8mb4 COLLATE=utf8mb4_unicode_ci;

--
-- RELATIONSHIPS FOR TABLE `project_gallery_mapping`:
--   `node_id`
--       `project_gallery_cats` -> `node_id`
--   `pr_gallery_id`
--       `project_gallery` -> `pr_gallery_id`
--

--
-- Dumping data for table `project_gallery_mapping`
--

INSERT INTO `project_gallery_mapping` (`pr_gallery_id`, `node_id`, `active`) VALUES
(121, 14, 1),
(121, 18, 1),
(121, 27, 1),
(119, 48, 1),
(121, 48, 1),
(119, 49, 1),
(121, 49, 1),
(119, 55, 1),
(119, 60, 1),
(119, 63, 1),
(119, 82, 1),
(119, 87, 1),
(119, 93, 1),
(121, 93, 1),
(119, 97, 1),
(119, 98, 1),
(121, 100, 1);

-- --------------------------------------------------------

--
-- Table structure for table `regions`
--

CREATE TABLE `regions` (
  `region_id` smallint(5) UNSIGNED NOT NULL,
  `country_id` smallint(5) UNSIGNED NOT NULL,
  `region` varchar(255) NOT NULL,
  `region_code` varchar(3) NOT NULL
) ENGINE=InnoDB DEFAULT CHARSET=utf8;

--
-- RELATIONSHIPS FOR TABLE `regions`:
--

--
-- Dumping data for table `regions`
--

INSERT INTO `regions` (`region_id`, `country_id`, `region`, `region_code`) VALUES
(1, 1, 'Herat', ''),
(2, 1, 'Kabul', ''),
(3, 1, 'Kandahar', ''),
(4, 1, 'Wardak', ''),
(5, 1, 'Zabul', ''),
(8, 3, 'Qarku i Beratit', ''),
(9, 3, 'Qarku i Dibres', ''),
(10, 3, 'Qarku i Durresit', ''),
(11, 3, 'Qarku i Fierit', ''),
(12, 3, 'Qarku i Gjirokastres', ''),
(13, 3, 'Qarku i Kukesit', ''),
(14, 3, 'Qarku i Lezhes', ''),
(15, 3, 'Qarku i Shkodres', ''),
(16, 3, 'Qarku i Tiranes', ''),
(17, 3, 'Qarku i Vlores', ''),
(18, 4, 'Annaba', ''),
(19, 4, 'El Bayadh', ''),
(20, 4, 'El Tarf', ''),
(21, 4, 'Illizi', ''),
(22, 4, 'Oran', ''),
(23, 4, 'Wilaya d\' Alger', ''),
(24, 4, 'Wilaya de Batna', ''),
(25, 4, 'Wilaya de Bechar', ''),
(26, 4, 'Wilaya de Bejaia', ''),
(27, 4, 'Wilaya de Blida', ''),
(28, 4, 'Wilaya de Chlef', ''),
(29, 4, 'Wilaya de Constantine', ''),
(30, 4, 'Wilaya de Djelfa', ''),
(31, 4, 'Wilaya de Ghardaia', ''),
(32, 4, 'Wilaya de Guelma', ''),
(33, 4, 'Wilaya de Jijel', ''),
(34, 4, 'Wilaya de Khenchela', ''),
(35, 4, 'Wilaya de Laghouat', ''),
(36, 4, 'Wilaya de Mascara', ''),
(37, 4, 'Wilaya de Medea', ''),
(38, 4, 'Wilaya de Naama', ''),
(39, 4, 'Wilaya de Ouargla', ''),
(40, 4, 'Wilaya de Setif', ''),
(41, 4, 'Wilaya de Sidi Bel Abbes', ''),
(42, 4, 'Wilaya de Tamanrasset', ''),
(43, 4, 'Wilaya de Tebessa', ''),
(44, 4, 'Wilaya de Tiaret', ''),
(45, 4, 'Wilaya de Tindouf', ''),
(46, 4, 'Wilaya de Tipaza', ''),
(47, 4, 'Wilaya de Tissemsilt', ''),
(48, 4, 'Wilaya de Tizi Ouzou', ''),
(49, 4, 'Wilaya de Tlemcen', ''),
(50, 5, 'Eastern District', ''),
(51, 6, 'Andorra la Vella', ''),
(52, 6, 'Canillo', ''),
(53, 6, 'Encamp', ''),
(54, 6, 'Escaldes-Engordany', ''),
(55, 6, 'La Massana', ''),
(56, 6, 'Ordino', ''),
(57, 6, 'Sant Julià de Loria', ''),
(58, 7, 'Bengo Province', ''),
(59, 7, 'Benguela', ''),
(60, 7, 'Cabinda', ''),
(61, 7, 'Cuanza Norte Province', ''),
(62, 7, 'Cunene Province', ''),
(63, 7, 'Huambo', ''),
(64, 7, 'Huila Province', ''),
(65, 7, 'Kuando Kubango', ''),
(66, 7, 'Kwanza Sul', ''),
(67, 7, 'Luanda Province', ''),
(68, 7, 'Lunda Norte Province', ''),
(69, 7, 'Lunda Sul', ''),
(70, 7, 'Malanje Province', ''),
(71, 7, 'Moxico', ''),
(72, 7, 'Namibe Province', ''),
(73, 7, 'Provincia do Bie', ''),
(74, 7, 'Provincia do Uige', ''),
(75, 7, 'Zaire', ''),
(76, 10, 'Barbuda', ''),
(77, 10, 'Parish of Saint George', ''),
(78, 10, 'Parish of Saint John', ''),
(79, 10, 'Parish of Saint Mary', ''),
(80, 10, 'Parish of Saint Paul', ''),
(81, 10, 'Parish of Saint Peter', ''),
(82, 10, 'Parish of Saint Philip', ''),
(83, 11, 'Buenos Aires', ''),
(84, 11, 'Buenos Aires F.D.', ''),
(85, 11, 'Chaco', ''),
(86, 11, 'Chubut', ''),
(87, 11, 'Cordoba', ''),
(88, 11, 'Corrientes', ''),
(89, 11, 'Entre Rios', ''),
(90, 11, 'Formosa', ''),
(91, 11, 'La Pampa', ''),
(92, 11, 'Mendoza', ''),
(93, 11, 'Neuquen', ''),
(94, 11, 'Provincia de Catamarca', ''),
(95, 11, 'Provincia de Jujuy', ''),
(96, 11, 'Provincia de La Rioja', ''),
(97, 11, 'Provincia de Misiones', ''),
(98, 11, 'Provincia de San Juan', ''),
(99, 11, 'Provincia de San Luis', ''),
(100, 11, 'Provincia de Tucuman', ''),
(101, 11, 'Rio Negro', ''),
(102, 11, 'Salta', ''),
(103, 11, 'Santa Cruz', ''),
(104, 11, 'Santa Fe', ''),
(105, 11, 'Santiago del Estero', ''),
(106, 11, 'Tierra del Fuego', ''),
(107, 12, 'Aragatsotn Province', ''),
(108, 12, 'Armavir Province', ''),
(109, 12, 'Kotayk Province', ''),
(110, 12, 'Syunik Province', ''),
(111, 12, 'Tavush Province', ''),
(112, 12, 'Vayots Dzor Province', ''),
(113, 12, 'Yerevan', ''),
(114, 14, 'Australian Capital Territory', ''),
(115, 14, 'New South Wales', ''),
(116, 14, 'Northern Territory', ''),
(117, 14, 'Queensland', ''),
(118, 14, 'South Australia', ''),
(119, 14, 'Tasmania', ''),
(120, 14, 'Victoria', ''),
(121, 14, 'Western Australia', ''),
(122, 15, 'Burgenland', ''),
(123, 15, 'Carinthia', ''),
(124, 15, 'Lower Austria', ''),
(125, 15, 'Salzburg', ''),
(126, 15, 'Styria', ''),
(127, 15, 'Tyrol', ''),
(128, 15, 'Upper Austria', ''),
(129, 15, 'Vienna', ''),
(130, 15, 'Vorarlberg', ''),
(131, 16, 'Baku City', ''),
(132, 16, 'Ganja City', ''),
(133, 16, 'Imishli Rayon', ''),
(134, 16, 'Khachmaz Rayon', ''),
(135, 16, 'Nakhichevan', ''),
(136, 16, 'Qusar Rayon', ''),
(137, 16, 'Sumqayit City', ''),
(138, 17, 'Bimini', ''),
(139, 17, 'Central Abaco District', ''),
(140, 17, 'Central Eleuthera District', ''),
(141, 17, 'City of Freeport District', ''),
(142, 17, 'Harbour Island', ''),
(143, 17, 'New Providence District', ''),
(144, 17, 'North Andros District', ''),
(145, 17, 'Spanish Wells District', ''),
(146, 18, 'Central Governorate', ''),
(147, 18, 'Manama', ''),
(148, 18, 'Muharraq', ''),
(149, 18, 'Southern Governorate', ''),
(150, 19, 'Chittagong', ''),
(151, 19, 'Dhaka Division', ''),
(152, 19, 'Khulna Division', ''),
(153, 19, 'Rajshahi Division', ''),
(154, 19, 'Rangpur Division', ''),
(155, 20, 'Christ Church', ''),
(156, 20, 'Saint Andrew', ''),
(157, 20, 'Saint George', ''),
(158, 20, 'Saint James', ''),
(159, 20, 'Saint John', ''),
(160, 20, 'Saint Lucy', ''),
(161, 20, 'Saint Michael', ''),
(162, 20, 'Saint Philip', ''),
(163, 20, 'Saint Thomas', ''),
(164, 21, 'Brest', ''),
(165, 21, 'Gomel', ''),
(166, 21, 'Grodnenskaya', ''),
(167, 21, 'Minsk', ''),
(168, 21, 'Minsk', ''),
(169, 21, 'Mogilev', ''),
(170, 21, 'Vitebsk', ''),
(171, 22, 'Brussels Capital', ''),
(172, 22, 'Flanders', ''),
(173, 22, 'Wallonia', ''),
(174, 23, 'Belize District', ''),
(175, 23, 'Cayo District', ''),
(176, 23, 'Corozal District', ''),
(177, 23, 'Orange Walk District', ''),
(178, 23, 'Stann Creek District', ''),
(179, 24, 'Atlantique Department', ''),
(180, 24, 'Littoral', ''),
(181, 25, 'Hamilton city', ''),
(182, 25, 'Saint George', ''),
(183, 25, 'Sandys Parish', ''),
(184, 26, 'Chhukha Dzongkhag', ''),
(185, 26, 'Mongar Dzongkhag', ''),
(186, 26, 'Thimphu Dzongkhag', ''),
(187, 27, 'Departamento de Chuquisaca', ''),
(188, 27, 'Departamento de Cochabamba', ''),
(189, 27, 'Departamento de La Paz', ''),
(190, 27, 'Departamento de Pando', ''),
(191, 27, 'Departamento de Potosi', ''),
(192, 27, 'Departamento de Santa Cruz', ''),
(193, 27, 'Departamento de Tarija', ''),
(194, 27, 'El Beni', ''),
(195, 27, 'Oruro', ''),
(199, 29, 'Brčko', ''),
(200, 29, 'Federation of Bosnia and Herzegovina', ''),
(201, 29, 'Republika Srpska', ''),
(202, 30, 'Central District', ''),
(203, 30, 'North East District', ''),
(204, 30, 'South East District', ''),
(205, 31, 'Acre', ''),
(206, 31, 'Alagoas', ''),
(207, 31, 'Amapa', ''),
(208, 31, 'Amazonas', ''),
(209, 31, 'Bahia', ''),
(210, 31, 'Ceara', ''),
(211, 31, 'Espirito Santo', ''),
(212, 31, 'Federal District', ''),
(213, 31, 'Goias', ''),
(214, 31, 'Maranhao', ''),
(215, 31, 'Mato Grosso', ''),
(216, 31, 'Mato Grosso do Sul', ''),
(217, 31, 'Minas Gerais', ''),
(218, 31, 'Para', ''),
(219, 31, 'Paraíba', ''),
(220, 31, 'Parana', ''),
(221, 31, 'Pernambuco', ''),
(222, 31, 'Piaui', ''),
(223, 31, 'Rio de Janeiro', ''),
(224, 31, 'Rio Grande do Norte', ''),
(225, 31, 'Rio Grande do Sul', ''),
(226, 31, 'Rondonia', ''),
(227, 31, 'Roraima', ''),
(228, 31, 'Santa Catarina', ''),
(229, 31, 'Sao Paulo', ''),
(230, 31, 'Sergipe', ''),
(231, 31, 'Tocantins', ''),
(232, 34, 'Belait District', ''),
(233, 34, 'Brunei and Muara District', ''),
(234, 34, 'Temburong District', ''),
(235, 34, 'Tutong District', ''),
(236, 35, 'Oblast Blagoevgrad', ''),
(237, 35, 'Oblast Burgas', ''),
(238, 35, 'Oblast Gabrovo', ''),
(239, 35, 'Oblast Lovech', ''),
(240, 35, 'Oblast Dobrich', ''),
(241, 35, 'Oblast Khaskovo', ''),
(242, 35, 'Oblast Kurdzhali', ''),
(243, 35, 'Oblast Kyustendil', ''),
(244, 35, 'Oblast Montana', ''),
(245, 35, 'Oblast Pleven', ''),
(246, 35, 'Oblast Razgrad', ''),
(247, 35, 'Oblast Ruse', ''),
(248, 35, 'Oblast Shumen', ''),
(249, 35, 'Oblast Silistra', ''),
(250, 35, 'Oblast Sliven', ''),
(251, 35, 'Oblast Smolyan', ''),
(252, 35, 'Oblast Stara Zagora', ''),
(253, 35, 'Oblast Turgovishte', ''),
(254, 35, 'Oblast Veliko Turnovo', ''),
(255, 35, 'Oblast Vidin', ''),
(256, 35, 'Oblast Vratsa', ''),
(257, 35, 'Oblast Yambol', ''),
(258, 35, 'Oblast Pazardzhik', ''),
(259, 35, 'Oblast Pernik', ''),
(260, 35, 'Oblast Plovdiv', ''),
(261, 35, 'Sofia-Capital', ''),
(262, 35, 'Oblast Sofia', ''),
(263, 35, 'Oblast Varna', ''),
(264, 36, 'Centre', ''),
(265, 36, 'Centre-Est', ''),
(266, 36, 'High-Basins Region', ''),
(267, 37, 'Bujumbura Mairie Province', ''),
(268, 38, 'Banteay Meanchey', ''),
(269, 38, 'Battambang', ''),
(270, 38, 'Kampong Chhnang', ''),
(271, 38, 'Kampong Speu', ''),
(272, 38, 'Kampong Thom', ''),
(273, 38, 'Kandal', ''),
(274, 38, 'Phnom Penh', ''),
(275, 38, 'Preah Sihanouk', ''),
(276, 39, 'Adamaoua', ''),
(277, 39, 'Centre', ''),
(278, 39, 'Littoral', ''),
(279, 39, 'North Region', ''),
(280, 39, 'North-West Region', ''),
(281, 39, 'South Region', ''),
(282, 39, 'South-West Region', ''),
(283, 39, 'West', ''),
(284, 40, 'Alberta', 'AB'),
(285, 40, 'British Columbia', 'BC'),
(286, 40, 'Manitoba', 'MB'),
(287, 40, 'New Brunswick', 'NB'),
(288, 40, 'Newfoundland and Labrador', 'NL'),
(289, 40, 'Northwest Territories', 'NT'),
(290, 40, 'Nova Scotia', 'NS'),
(291, 40, 'Nunavut', 'NU'),
(292, 40, 'Ontario', 'ON'),
(293, 40, 'Prince Edward Island', 'PE'),
(294, 40, 'Quebec', 'QC'),
(295, 40, 'Saskatchewan', 'SK'),
(296, 40, 'Yukon', 'YT'),
(297, 41, 'Concelho da Ribeira Grande', ''),
(298, 41, 'Concelho de Ribeira Grande de Santiago', ''),
(299, 41, 'Concelho de Sao Domingos', ''),
(300, 43, 'Commune de Bangui', ''),
(301, 43, 'Mbomou', ''),
(302, 44, 'Chari-Baguirmi Region', ''),
(303, 44, 'Hadjer-Lamis', ''),
(304, 44, 'Logone Occidental Region', ''),
(305, 44, 'Ouaddai Region', ''),
(306, 45, 'Antofagasta', ''),
(307, 45, 'Atacama', ''),
(308, 45, 'Aysen', ''),
(309, 45, 'Coquimbo', ''),
(310, 45, 'Los Lagos', ''),
(311, 45, 'Maule', ''),
(312, 45, 'Region de Arica y Parinacota', ''),
(313, 45, 'Region de la Araucania', ''),
(314, 45, 'Region de Los Rios', ''),
(315, 45, 'Region de Magallanes y de la Antartica Chilena', ''),
(316, 45, 'Region de Valparaiso', ''),
(317, 45, 'Region del Biobio', ''),
(318, 45, 'Region del Libertador General Bernardo O\'Higgins', ''),
(319, 45, 'Santiago Metropolitan', ''),
(320, 45, 'Tarapacá', ''),
(321, 46, 'Anhui Sheng', ''),
(322, 46, 'Beijing Shi', ''),
(323, 46, 'Chongqing Shi', ''),
(324, 46, 'Fujian', ''),
(325, 46, 'Gansu Sheng', ''),
(326, 46, 'Guangdong', ''),
(327, 46, 'Guangxi Zhuangzu Zizhiqu', ''),
(328, 46, 'Guizhou Sheng', ''),
(329, 46, 'Hainan', ''),
(330, 46, 'Hebei', ''),
(331, 46, 'Heilongjiang Sheng', ''),
(332, 46, 'Henan Sheng', ''),
(333, 46, 'Hubei', ''),
(334, 46, 'Hunan', ''),
(335, 46, 'Inner Mongolia', ''),
(336, 46, 'Jiangsu Sheng', ''),
(337, 46, 'Jiangxi Sheng', ''),
(338, 46, 'Jilin Sheng', ''),
(339, 46, 'Liaoning', ''),
(340, 46, 'Ningxia Huizu Zizhiqu', ''),
(341, 46, 'Qinghai Sheng', ''),
(342, 46, 'Shaanxi', ''),
(343, 46, 'Shandong Sheng', ''),
(344, 46, 'Shanghai Shi', ''),
(345, 46, 'Shanxi Sheng', ''),
(346, 46, 'Sichuan Sheng', ''),
(347, 46, 'Tianjin Shi', ''),
(348, 46, 'Tibet Autonomous Region', ''),
(349, 46, 'Xinjiang Uygur Zizhiqu', ''),
(350, 46, 'Yunnan', ''),
(351, 46, 'Zhejiang Sheng', ''),
(352, 49, 'Antioquia', ''),
(353, 49, 'Atlántico', ''),
(354, 49, 'Bogota D.C.', ''),
(355, 49, 'Cundinamarca', ''),
(356, 49, 'Departamento de Bolivar', ''),
(357, 49, 'Departamento de Boyaca', ''),
(358, 49, 'Departamento de Caldas', ''),
(359, 49, 'Departamento de Casanare', ''),
(360, 49, 'Departamento de Cordoba', ''),
(361, 49, 'Departamento de La Guajira', ''),
(362, 49, 'Departamento de Narino', ''),
(363, 49, 'Departamento de Norte de Santander', ''),
(364, 49, 'Departamento de Risaralda', ''),
(365, 49, 'Departamento de Santander', ''),
(366, 49, 'Departamento de Sucre', ''),
(367, 49, 'Departamento de Tolima', ''),
(368, 49, 'Departamento del Amazonas', ''),
(369, 49, 'Departamento del Caqueta', ''),
(370, 49, 'Departamento del Cauca', ''),
(371, 49, 'Departamento del Cesar', ''),
(372, 49, 'Departamento del Guainia', ''),
(373, 49, 'Departamento del Guaviare', ''),
(374, 49, 'Departamento del Huila', ''),
(375, 49, 'Departamento del Magdalena', ''),
(376, 49, 'Departamento del Meta', ''),
(377, 49, 'Departamento del Putumayo', ''),
(378, 49, 'Departamento del Valle del Cauca', ''),
(379, 49, 'Departamento del Vichada', ''),
(380, 49, 'Providencia y Santa Catalina, Departamento de Archipielago de San Andres', ''),
(381, 49, 'Quindio Department', ''),
(382, 50, 'Grande Comore', ''),
(383, 50, 'Ndzuwani', ''),
(384, 51, 'Katanga Province', ''),
(385, 51, 'Kinshasa City', ''),
(386, 51, 'Nord Kivu', ''),
(387, 51, 'Province du Bas-Congo', ''),
(388, 53, 'Provincia de Alajuela', ''),
(389, 53, 'Provincia de Cartago', ''),
(390, 53, 'Provincia de Guanacaste', ''),
(391, 53, 'Provincia de Heredia', ''),
(392, 53, 'Provincia de Limon', ''),
(393, 53, 'Provincia de Puntarenas', ''),
(394, 53, 'Provincia de San Jose', ''),
(395, 54, 'Bjelovarsko-Bilogorska Zupanija', ''),
(396, 54, 'Brodsko-Posavska Zupanija', ''),
(397, 54, 'Dubrovacko-Neretvanska Zupanija', ''),
(398, 54, 'Grad Zagreb', ''),
(399, 54, 'Istarska Zupanija', ''),
(400, 54, 'Karlovacka Zupanija', ''),
(401, 54, 'Koprivnicko-Krizevacka Zupanija', ''),
(402, 54, 'Krapinsko-Zagorska Zupanija', ''),
(403, 54, 'Licko-Senjska Zupanija', ''),
(404, 54, 'Megimurska Zupanija', ''),
(405, 54, 'Osjecko-Baranjska Zupanija', ''),
(406, 54, 'Pozesko-Slavonska Zupanija', ''),
(407, 54, 'Primorsko-Goranska Zupanija', ''),
(408, 54, 'Sibensko-Kninska Zupanija', ''),
(409, 54, 'Sisacko-Moslavacka Zupanija', ''),
(410, 54, 'Splitsko-Dalmatinska Zupanija', ''),
(411, 54, 'Varazdinska Zupanija', ''),
(412, 54, 'Viroviticko-Podravska Zupanija', ''),
(413, 54, 'Vukovarsko-Srijemska Zupanija', ''),
(414, 54, 'Zadarska Zupanija', ''),
(415, 54, 'Zagreb County', ''),
(416, 55, 'Artemisa', ''),
(417, 55, 'La Habana', ''),
(418, 55, 'Las Tunas', ''),
(419, 55, 'Provincia de Camagueey', ''),
(420, 55, 'Provincia de Ciego de Avila', ''),
(421, 55, 'Provincia de Cienfuegos', ''),
(422, 55, 'Provincia de Guantanamo', ''),
(423, 55, 'Provincia de Holguin', ''),
(424, 55, 'Provincia de Matanzas', ''),
(425, 55, 'Provincia de Pinar del Rio', ''),
(426, 55, 'Provincia de Sancti Spiritus', ''),
(427, 55, 'Provincia de Santiago de Cuba', ''),
(428, 55, 'Provincia de Villa Clara', ''),
(429, 55, 'Provincia Granma', ''),
(430, 57, 'Ammochostos', ''),
(431, 57, 'Keryneia', ''),
(432, 57, 'Larnaka', ''),
(433, 57, 'Lefkosia', ''),
(434, 57, 'Limassol', ''),
(435, 57, 'Pafos', ''),
(436, 58, 'Central Bohemia', ''),
(437, 58, 'Hlavni mesto Praha', ''),
(438, 58, 'Jihocesky kraj', ''),
(439, 58, 'Karlovarsky kraj', ''),
(440, 58, 'Kraj Vysocina', ''),
(441, 58, 'Kralovehradecky kraj', ''),
(442, 58, 'Liberecky kraj', ''),
(443, 58, 'Moravskoslezsky kraj', ''),
(444, 58, 'Olomoucky kraj', ''),
(445, 58, 'Pardubicky kraj', ''),
(446, 58, 'Plzensky kraj', ''),
(447, 58, 'South Moravian', ''),
(448, 58, 'Ustecky kraj', ''),
(449, 58, 'Zlín', ''),
(450, 59, 'Capital Region', ''),
(451, 59, 'Central Jutland', ''),
(452, 59, 'North Denmark', ''),
(453, 59, 'South Denmark', ''),
(454, 59, 'Zealand', ''),
(455, 61, 'Saint Andrew', ''),
(456, 61, 'Saint George', ''),
(457, 61, 'Saint Patrick', ''),
(458, 61, 'Saint Paul', ''),
(459, 62, 'Nacional', ''),
(460, 62, 'Provincia de El Seibo', ''),
(461, 62, 'Provincia de Independencia', ''),
(462, 62, 'Provincia de La Altagracia', ''),
(463, 62, 'Provincia de La Romana', ''),
(464, 62, 'Provincia de La Vega', ''),
(465, 62, 'Provincia de Monte Cristi', ''),
(466, 62, 'Provincia de Pedernales', ''),
(467, 62, 'Provincia de Peravia', ''),
(468, 62, 'Provincia de San Cristobal', ''),
(469, 62, 'Provincia de San Jose de Ocoa', ''),
(470, 62, 'Provincia de San Juan', ''),
(471, 62, 'Provincia de San Pedro de Macoris', ''),
(472, 62, 'Provincia de Santiago', ''),
(473, 62, 'Provincia de Santiago Rodriguez', ''),
(474, 62, 'Provincia de Santo Domingo', ''),
(475, 62, 'Provincia Duarte', ''),
(476, 62, 'Provincia Sanchez Ramirez', ''),
(477, 62, 'Puerto Plata', ''),
(478, 62, 'Samaná', ''),
(479, 63, 'Dili', ''),
(480, 64, 'Provincia de Bolivar', ''),
(481, 64, 'Provincia de Cotopaxi', ''),
(482, 64, 'Provincia de El Oro', ''),
(483, 64, 'Provincia de Esmeraldas', ''),
(484, 64, 'Provincia de Francisco de Orellana', ''),
(485, 64, 'Provincia de Galapagos', ''),
(486, 64, 'Provincia de Imbabura', ''),
(487, 64, 'Provincia de Loja', ''),
(488, 64, 'Provincia de Los Rios', ''),
(489, 64, 'Provincia de Manabi', ''),
(490, 64, 'Provincia de Morona-Santiago', ''),
(491, 64, 'Provincia de Napo', ''),
(492, 64, 'Provincia de Pichincha', ''),
(493, 64, 'Provincia de Santa Elena', ''),
(494, 64, 'Provincia de Santo Domingo de los Tsachilas', ''),
(495, 64, 'Provincia de Sucumbios', ''),
(496, 64, 'Provincia de Zamora-Chinchipe', ''),
(497, 64, 'Provincia del Azuay', ''),
(498, 64, 'Provincia del Canar', ''),
(499, 64, 'Provincia del Carchi', ''),
(500, 64, 'Provincia del Chimborazo', ''),
(501, 64, 'Provincia del Guayas', ''),
(502, 64, 'Provincia del Pastaza', ''),
(503, 64, 'Provincia del Tungurahua', ''),
(504, 65, 'Alexandria', ''),
(505, 65, 'As Suways', ''),
(506, 65, 'Beheira Governorate', ''),
(507, 65, 'Eastern Province', ''),
(508, 65, 'Ismailia Governorate', ''),
(509, 65, 'Luxor', ''),
(510, 65, 'Muhafazat ad Daqahliyah', ''),
(511, 65, 'Muhafazat al Fayyum', ''),
(512, 65, 'Muhafazat al Gharbiyah', ''),
(513, 65, 'Muhafazat al Jizah', ''),
(514, 65, 'Muhafazat al Minufiyah', ''),
(515, 65, 'Muhafazat al Minya', ''),
(516, 65, 'Muhafazat al Qahirah', ''),
(517, 65, 'Muhafazat al Qalyubiyah', ''),
(518, 65, 'Muhafazat Aswan', ''),
(519, 65, 'Muhafazat Asyut', ''),
(520, 65, 'Muhafazat Bani Suwayf', ''),
(521, 65, 'Muhafazat Bur Sa`id', ''),
(522, 65, 'Muhafazat Dumyat', ''),
(523, 65, 'Muhafazat Shamal Sina\'', ''),
(524, 65, 'Muhafazat Suhaj', ''),
(525, 65, 'Red Sea', ''),
(526, 66, 'Departamento de Ahuachapan', ''),
(527, 66, 'Departamento de Cabanas', ''),
(528, 66, 'Departamento de La Libertad', ''),
(529, 66, 'Departamento de Morazan', ''),
(530, 66, 'Departamento de San Miguel', ''),
(531, 66, 'Departamento de San Salvador', ''),
(532, 66, 'Departamento de Santa Ana', ''),
(533, 66, 'Departamento de Usulutan', ''),
(534, 67, 'Provincia de Bioko Norte', ''),
(535, 68, 'Maekel Region', ''),
(536, 69, 'Harjumaa', ''),
(537, 69, 'Hiiumaa', ''),
(538, 69, 'Ida-Virumaa', ''),
(539, 69, 'Järvamaa', ''),
(540, 69, 'Jõgevamaa', ''),
(541, 69, 'Lääne', ''),
(542, 69, 'Lääne-Virumaa', ''),
(543, 69, 'Pärnumaa', ''),
(544, 69, 'Põlvamaa', ''),
(545, 69, 'Raplamaa', ''),
(546, 69, 'Saare', ''),
(547, 69, 'Tartu', ''),
(548, 69, 'Valgamaa', ''),
(549, 69, 'Viljandimaa', ''),
(550, 69, 'Võrumaa', ''),
(551, 70, 'Adis Abeba Astedader', ''),
(552, 70, 'Afar Region', ''),
(553, 70, 'Amhara', ''),
(554, 70, 'Bīnshangul Gumuz', ''),
(555, 70, 'Dire Dawa', ''),
(556, 70, 'Gambela', ''),
(557, 70, 'Harari Region', ''),
(558, 70, 'Oromiya', ''),
(559, 70, 'Somali', ''),
(560, 70, 'Southern Nations, Nationalities, and People\'s Region', ''),
(561, 70, 'Tigray', ''),
(562, 72, 'Eysturoy', ''),
(563, 72, 'Streymoy', ''),
(564, 73, 'State of Yap', ''),
(565, 74, 'Central', ''),
(566, 74, 'Western', ''),
(567, 75, 'Central Ostrobothnia', ''),
(568, 75, 'Eastern Finland', ''),
(569, 75, 'Haeme', ''),
(570, 75, 'Kainuu', ''),
(571, 75, 'Kymenlaakso', ''),
(572, 75, 'Lapland', ''),
(573, 75, 'North Karelia', ''),
(574, 75, 'Northern Ostrobothnia', ''),
(575, 75, 'Northern Savo', ''),
(576, 75, 'Päijänne Tavastia', ''),
(577, 75, 'Pirkanmaa', ''),
(578, 75, 'Satakunta', ''),
(579, 75, 'South Karelia', ''),
(580, 75, 'Southern Finland', ''),
(581, 75, 'Southern Savonia', ''),
(582, 75, 'Southwest Finland', ''),
(583, 75, 'Uusimaa', ''),
(584, 75, 'Western Finland', ''),
(585, 76, 'Alsace', ''),
(586, 76, 'Aquitaine', ''),
(587, 76, 'Auvergne', ''),
(588, 76, 'Bourgogne', ''),
(589, 76, 'Brittany', ''),
(590, 76, 'Centre', ''),
(591, 76, 'Champagne-Ardenne', ''),
(592, 76, 'Corsica', ''),
(593, 76, 'Franche-Comté', ''),
(594, 76, 'Haute-Normandie', ''),
(595, 76, 'Île-de-France', ''),
(596, 76, 'Languedoc-Roussillon', ''),
(597, 76, 'Limousin', ''),
(598, 76, 'Lorraine', ''),
(599, 76, 'Lower Normandy', ''),
(600, 76, 'Midi-Pyrénées', ''),
(601, 76, 'Nord-Pas-de-Calais', ''),
(602, 76, 'Pays de la Loire', ''),
(603, 76, 'Picardie', ''),
(604, 76, 'Poitou-Charentes', ''),
(605, 76, 'Provence-Alpes-Côte d\'Azur', ''),
(606, 76, 'Rhône-Alpes', ''),
(607, 78, 'Iles du Vent', ''),
(608, 79, 'Archipel des Kerguelen', ''),
(609, 80, 'Estuaire', ''),
(610, 80, 'Province de l\'Ogooue-Maritime', ''),
(611, 80, 'Province de la Ngounie', ''),
(612, 80, 'Province du Moyen-Ogooue', ''),
(613, 81, 'City of Banjul', ''),
(614, 82, 'Abkhazia', ''),
(615, 82, 'Ajaria', ''),
(616, 82, 'Guria', ''),
(617, 82, 'K\'alak\'i T\'bilisi', ''),
(618, 82, 'Mtskheta-Mtianeti', ''),
(619, 82, 'Racha-Lechkhumi and Kvemo Svaneti', ''),
(620, 82, 'Samegrelo and Zemo Svaneti', ''),
(621, 82, 'Shida Kartli', ''),
(622, 83, 'Baden-Württemberg Region', ''),
(623, 83, 'Bavaria', ''),
(624, 83, 'Brandenburg', ''),
(625, 83, 'Bremen', ''),
(626, 83, 'Hamburg', ''),
(627, 83, 'Hesse', ''),
(628, 83, 'Land Berlin', ''),
(629, 83, 'Lower Saxony', ''),
(630, 83, 'Mecklenburg-Vorpommern', ''),
(631, 83, 'North Rhine-Westphalia', ''),
(632, 83, 'Rheinland-Pfalz', ''),
(633, 83, 'Saarland', ''),
(634, 83, 'Saxony', ''),
(635, 83, 'Saxony-Anhalt', ''),
(636, 83, 'Schleswig-Holstein', ''),
(637, 83, 'Thuringia', ''),
(638, 84, 'Ashanti Region', ''),
(639, 84, 'Brong-Ahafo', ''),
(640, 84, 'Central Region', ''),
(641, 84, 'Greater Accra Region', ''),
(642, 84, 'Upper East Region', ''),
(643, 84, 'Upper West Region', ''),
(644, 84, 'Volta Region', ''),
(645, 84, 'Western Region', ''),
(646, 86, 'Attica', ''),
(647, 86, 'Central Greece', ''),
(648, 86, 'Central Macedonia', ''),
(649, 86, 'Crete', ''),
(650, 86, 'East Macedonia and Thrace', ''),
(651, 86, 'Epirus', ''),
(652, 86, 'Ionian Islands', ''),
(653, 86, 'North Aegean', ''),
(654, 86, 'Peloponnese', ''),
(655, 86, 'South Aegean', ''),
(656, 86, 'Thessaly', ''),
(657, 86, 'West Greece', ''),
(658, 86, 'West Macedonia', ''),
(659, 87, 'Kujalleq', ''),
(660, 87, 'Qaasuitsup', ''),
(661, 87, 'Qeqqata', ''),
(662, 87, 'Sermersooq', ''),
(663, 88, 'Saint Andrew', ''),
(664, 88, 'Saint George', ''),
(665, 90, 'Agat', ''),
(666, 90, 'Barrigada', ''),
(667, 90, 'Dededo', ''),
(668, 90, 'Hagatna', ''),
(669, 90, 'Santa Rita Municipality', ''),
(670, 90, 'Tamuning', ''),
(671, 90, 'Yigo', ''),
(672, 91, 'Departamento de Chimaltenango', ''),
(673, 91, 'Departamento de Chiquimula', ''),
(674, 91, 'Departamento de Escuintla', ''),
(675, 91, 'Departamento de Guatemala', ''),
(676, 91, 'Departamento de Huehuetenango', ''),
(677, 91, 'Departamento de Izabal', ''),
(678, 91, 'Departamento de Jutiapa', ''),
(679, 91, 'Departamento de Quetzaltenango', ''),
(680, 91, 'Departamento de Retalhuleu', ''),
(681, 91, 'Departamento de Sacatepequez', ''),
(682, 91, 'Departamento de San Marcos', ''),
(683, 91, 'Departamento de Santa Rosa', ''),
(684, 91, 'Departamento de Solola', ''),
(685, 91, 'Departamento de Zacapa', ''),
(686, 91, 'Departamento del Peten', ''),
(687, 91, 'Suchitepeque', ''),
(688, 92, 'Saint Peter Port', ''),
(689, 93, 'Boke Region', ''),
(690, 93, 'Conakry Region', ''),
(691, 93, 'Faranah', ''),
(692, 93, 'Kankan Region', ''),
(693, 93, 'Kindia', ''),
(694, 93, 'Labe Region', ''),
(695, 93, 'Mamou Region', ''),
(696, 93, 'Nzerekore Region', ''),
(697, 94, 'Bissau', ''),
(698, 94, 'Bolama and Bijagos', ''),
(699, 94, 'Cacheu Region', ''),
(700, 95, 'Demerara-Mahaica Region', ''),
(701, 95, 'East Berbice-Corentyne Region', ''),
(702, 96, 'Centre', ''),
(703, 96, 'Departement de l\'Ouest', ''),
(704, 96, 'Departement du Nord-Est', ''),
(705, 96, 'Grandans', ''),
(706, 96, 'Nord', ''),
(707, 96, 'Sud-Est', ''),
(708, 97, 'Ajloun', ''),
(709, 97, 'Amman', ''),
(710, 97, 'Aqaba', ''),
(711, 97, 'Balqa', ''),
(712, 97, 'Irbid', ''),
(713, 97, 'Jerash', ''),
(714, 97, 'Karak', ''),
(715, 97, 'Madaba', ''),
(716, 97, 'Mafraq', ''),
(717, 97, 'Ma’an', ''),
(718, 97, 'Tafielah', ''),
(719, 98, 'Bay Islands', ''),
(720, 98, 'Departamento de Atlantida', ''),
(721, 98, 'Departamento de Choluteca', ''),
(722, 98, 'Departamento de Colon', ''),
(723, 98, 'Departamento de Comayagua', ''),
(724, 98, 'Departamento de Copan', ''),
(725, 98, 'Departamento de Cortes', ''),
(726, 98, 'Departamento de El Paraiso', ''),
(727, 98, 'Departamento de Francisco Morazan', ''),
(728, 98, 'Departamento de Gracias a Dios', ''),
(729, 98, 'Departamento de Intibuca', ''),
(730, 98, 'Departamento de Lempira', ''),
(731, 98, 'Departamento de Santa Barbara', ''),
(732, 98, 'Departamento de Valle', ''),
(733, 98, 'Departamento de Yoro', ''),
(734, 99, 'Central and Western District', ''),
(735, 99, 'Eastern', ''),
(736, 99, 'Kowloon City', ''),
(737, 99, 'Kwon Tong', ''),
(738, 99, 'Sha Tin', ''),
(739, 99, 'Sham Shui Po', ''),
(740, 99, 'Southern', ''),
(741, 99, 'Wanchai', ''),
(742, 99, 'Wong Tai Sin', ''),
(743, 99, 'Yau Tsim Mong', ''),
(744, 99, 'Yuen Long District', ''),
(745, 100, 'Bács-Kiskun', ''),
(746, 100, 'Baranya', ''),
(747, 100, 'Bekes', ''),
(748, 100, 'Borsod-Abaúj-Zemplén', ''),
(749, 100, 'Budapest fovaros', ''),
(750, 100, 'Csongrad megye', ''),
(751, 100, 'Fejér', ''),
(752, 100, 'Győr-Moson-Sopron', ''),
(753, 100, 'Hajdú-Bihar', ''),
(754, 100, 'Heves megye', ''),
(755, 100, 'Jász-Nagykun-Szolnok', ''),
(756, 100, 'Komárom-Esztergom', ''),
(757, 100, 'Nograd megye', ''),
(758, 100, 'Pest megye', ''),
(759, 100, 'Somogy megye', ''),
(760, 100, 'Szabolcs-Szatmár-Bereg', ''),
(761, 100, 'Tolna megye', ''),
(762, 100, 'Vas', ''),
(763, 100, 'Veszprem megye', ''),
(764, 100, 'Zala', ''),
(765, 101, 'Capital Region', ''),
(766, 101, 'East', ''),
(767, 101, 'Northeast', ''),
(768, 101, 'Northwest', ''),
(769, 101, 'South', ''),
(770, 101, 'Southern Peninsula', ''),
(771, 101, 'West', ''),
(772, 101, 'Westfjords', ''),
(773, 102, 'Andhra Pradesh', ''),
(774, 102, 'Arunachal Pradesh', ''),
(775, 102, 'Assam', ''),
(776, 102, 'Bihar', ''),
(777, 102, 'Chandigarh', ''),
(778, 102, 'Dadra and Nagar Haveli', ''),
(779, 102, 'Daman and Diu', ''),
(780, 102, 'Goa', ''),
(781, 102, 'Gujarat', ''),
(782, 102, 'Haryana', ''),
(783, 102, 'Karnataka', ''),
(784, 102, 'Kashmir', ''),
(785, 102, 'Kerala', ''),
(786, 102, 'Laccadives', ''),
(787, 102, 'Madhya Pradesh', ''),
(788, 102, 'Maharashtra', ''),
(789, 102, 'Manipur', ''),
(790, 102, 'Meghalaya', ''),
(791, 102, 'Mizoram', ''),
(792, 102, 'Nagaland', ''),
(793, 102, 'National Capital Territory of Delhi', ''),
(794, 102, 'Odisha', ''),
(795, 102, 'Rajasthan', ''),
(796, 102, 'Sikkim', ''),
(797, 102, 'State of Chhattisgarh', ''),
(798, 102, 'State of Himachal Pradesh', ''),
(799, 102, 'State of Jharkhand', ''),
(800, 102, 'State of Punjab', ''),
(801, 102, 'Tamil Nadu', ''),
(802, 102, 'Telangana', ''),
(803, 102, 'Tripura', ''),
(804, 102, 'Union Territory of Andaman and Nicobar Islands', ''),
(805, 102, 'Union Territory of Puducherry', ''),
(806, 102, 'Uttar Pradesh', ''),
(807, 102, 'Uttarakhand', ''),
(808, 102, 'West Bengal', ''),
(809, 103, 'Bali', ''),
(810, 103, 'Bangka–Belitung Islands', ''),
(811, 103, 'Banten', ''),
(812, 103, 'Central Java', ''),
(813, 103, 'Central Kalimantan', ''),
(814, 103, 'Central Sulawesi', ''),
(815, 103, 'Daerah Istimewa Yogyakarta', ''),
(816, 103, 'Daerah Khusus Ibukota Jakarta', ''),
(817, 103, 'East Java', ''),
(818, 103, 'East Kalimantan', ''),
(819, 103, 'East Nusa Tenggara', ''),
(820, 103, 'Nanggroe Aceh Darussalam Province', ''),
(821, 103, 'North Kalimantan', ''),
(822, 103, 'North Sulawesi', ''),
(823, 103, 'North Sumatra', ''),
(824, 103, 'Propinsi Bengkulu', ''),
(825, 103, 'Provinsi Gorontalo', ''),
(826, 103, 'Provinsi Jambi', ''),
(827, 103, 'Provinsi Lampung', ''),
(828, 103, 'Provinsi Maluku', ''),
(829, 103, 'Provinsi Maluku Utara', ''),
(830, 103, 'Provinsi Papua', ''),
(831, 103, 'Provinsi Riau', ''),
(832, 103, 'Provinsi Sulawesi Barat', ''),
(833, 103, 'Riau Islands', ''),
(834, 103, 'South Kalimantan', ''),
(835, 103, 'South Sulawesi', ''),
(836, 103, 'South Sumatra', ''),
(837, 103, 'Sulawesi Tenggara', ''),
(838, 103, 'West Java', ''),
(839, 103, 'West Kalimantan', ''),
(840, 103, 'West Nusa Tenggara', ''),
(841, 103, 'West Papua', ''),
(842, 103, 'West Sumatra', ''),
(843, 104, 'Alborz', ''),
(844, 104, 'Bushehr', ''),
(845, 104, 'East Azerbaijan', ''),
(846, 104, 'Fars', ''),
(847, 104, 'Hormozgan', ''),
(848, 104, 'Isfahan', ''),
(849, 104, 'Kerman', ''),
(850, 104, 'Khuzestan', ''),
(851, 104, 'Markazi', ''),
(852, 104, 'Māzandarān', ''),
(853, 104, 'Ostan-e Ardabil', ''),
(854, 104, 'Ostan-e Azarbayjan-e Gharbi', ''),
(855, 104, 'Ostan-e Chahar Mahal va Bakhtiari', ''),
(856, 104, 'Ostan-e Gilan', ''),
(857, 104, 'Ostan-e Golestan', ''),
(858, 104, 'Ostan-e Hamadan', ''),
(859, 104, 'Ostan-e Ilam', ''),
(860, 104, 'Ostan-e Kermanshah', ''),
(861, 104, 'Ostan-e Khorasan-e Jonubi', ''),
(862, 104, 'Ostan-e Khorasan-e Shomali', ''),
(863, 104, 'Ostan-e Kohgiluyeh va Bowyer Ahmad', ''),
(864, 104, 'Ostan-e Kordestan', ''),
(865, 104, 'Ostan-e Lorestan', ''),
(866, 104, 'Ostan-e Qazvin', ''),
(867, 104, 'Ostan-e Tehran', ''),
(868, 104, 'Qom', ''),
(869, 104, 'Razavi Khorasan', ''),
(870, 104, 'Semnān', ''),
(871, 104, 'Sistan and Baluchestan', ''),
(872, 104, 'Yazd', ''),
(873, 104, 'Zanjan', ''),
(874, 105, 'An Najaf', ''),
(875, 105, 'Anbar', ''),
(876, 105, 'Basra Governorate', ''),
(877, 105, 'Dhi Qar', ''),
(878, 105, 'Dihok', ''),
(879, 105, 'Diyālá', ''),
(880, 105, 'Mayorality of Baghdad', ''),
(881, 105, 'Maysan', ''),
(882, 105, 'Muhafazat al Muthanna', ''),
(883, 105, 'Muhafazat Arbil', ''),
(884, 105, 'Muhafazat as Sulaymaniyah', ''),
(885, 105, 'Muhafazat Babil', ''),
(886, 105, 'Muhafazat Karbala\'', ''),
(887, 105, 'Muhafazat Kirkuk', ''),
(888, 105, 'Muhafazat Ninawa', ''),
(889, 106, 'Connaught', ''),
(890, 106, 'Leinster', ''),
(891, 106, 'Munster', ''),
(892, 106, 'Ulster', ''),
(893, 108, 'Central District', ''),
(894, 108, 'Haifa', ''),
(895, 108, 'Jerusalem', ''),
(896, 108, 'Northern District', ''),
(897, 108, 'Southern District', ''),
(898, 108, 'Tel Aviv', ''),
(899, 109, 'Abruzzo', ''),
(900, 109, 'Aosta Valley', ''),
(901, 109, 'Apulia', ''),
(902, 109, 'Basilicate', ''),
(903, 109, 'Calabria', ''),
(904, 109, 'Campania', ''),
(905, 109, 'Emilia-Romagna', ''),
(906, 109, 'Friuli Venezia Giulia', ''),
(907, 109, 'Latium', ''),
(908, 109, 'Liguria', ''),
(909, 109, 'Lombardy', ''),
(910, 109, 'Molise', ''),
(911, 109, 'Piedmont', ''),
(912, 109, 'Sardinia', ''),
(913, 109, 'Sicily', ''),
(914, 109, 'The Marches', ''),
(915, 109, 'Trentino-Alto Adige', ''),
(916, 109, 'Tuscany', ''),
(917, 109, 'Umbria', ''),
(918, 109, 'Veneto', ''),
(919, 110, 'Haut-Sassandra', ''),
(920, 110, 'Lagunes', ''),
(921, 110, 'Vallee du Bandama', ''),
(922, 111, 'Kingston', ''),
(923, 111, 'Parish of Clarendon', ''),
(924, 111, 'Parish of Manchester', ''),
(925, 111, 'Parish of Saint Andrew', ''),
(926, 111, 'Parish of Saint Ann', ''),
(927, 111, 'Parish of Saint Catherine', ''),
(928, 111, 'Parish of Saint James', ''),
(929, 111, 'Parish of Saint Mary', ''),
(930, 111, 'Parish of Saint Thomas', ''),
(931, 111, 'Parish of Westmoreland', ''),
(932, 112, 'Aichi', ''),
(933, 112, 'Akita', ''),
(934, 112, 'Aomori', ''),
(935, 112, 'Chiba', ''),
(936, 112, 'Ehime', ''),
(937, 112, 'Fukui', ''),
(938, 112, 'Fukuoka', ''),
(939, 112, 'Fukushima-ken', ''),
(940, 112, 'Gifu', ''),
(941, 112, 'Gunma', ''),
(942, 112, 'Hiroshima', ''),
(943, 112, 'Hokkaido', ''),
(944, 112, 'Hyōgo', ''),
(945, 112, 'Ibaraki', ''),
(946, 112, 'Ishikawa', ''),
(947, 112, 'Iwate', ''),
(948, 112, 'Kagawa', ''),
(949, 112, 'Kagoshima', ''),
(950, 112, 'Kanagawa', ''),
(951, 112, 'Kochi', ''),
(952, 112, 'Kumamoto', ''),
(953, 112, 'Kyoto', ''),
(954, 112, 'Mie', ''),
(955, 112, 'Miyagi', ''),
(956, 112, 'Miyazaki', ''),
(957, 112, 'Nagano', ''),
(958, 112, 'Nagasaki', ''),
(959, 112, 'Nara', ''),
(960, 112, 'Niigata', ''),
(961, 112, 'Oita', ''),
(962, 112, 'Okayama', ''),
(963, 112, 'Okinawa', ''),
(964, 112, 'Ōsaka', ''),
(965, 112, 'Saga Prefecture', ''),
(966, 112, 'Saitama', ''),
(967, 112, 'Shiga Prefecture', ''),
(968, 112, 'Shimane', ''),
(969, 112, 'Shizuoka', ''),
(970, 112, 'Tochigi', ''),
(971, 112, 'Tokushima', ''),
(972, 112, 'Tokyo', ''),
(973, 112, 'Tottori', ''),
(974, 112, 'Toyama', ''),
(975, 112, 'Wakayama', ''),
(976, 112, 'Yamagata', ''),
(977, 112, 'Yamaguchi', ''),
(978, 112, 'Yamanashi', ''),
(979, 113, 'Saint Helier', ''),
(980, 113, 'Saint Lawrence', ''),
(981, 113, 'Saint Peter', ''),
(982, 113, 'St. Brelade', ''),
(983, 114, 'Aktyubinskaya Oblast', ''),
(984, 114, 'Almaty Oblysy', ''),
(985, 114, 'Almaty Qalasy', ''),
(986, 114, 'Aqmola Oblysy', ''),
(987, 114, 'Astana Qalasy', ''),
(988, 114, 'Atyrau Oblysy', ''),
(989, 114, 'Batys Qazaqstan Oblysy', ''),
(990, 114, 'East Kazakhstan', ''),
(991, 114, 'Mangistauskaya Oblast', ''),
(992, 114, 'Pavlodar Oblysy', ''),
(993, 114, 'Qaraghandy Oblysy', ''),
(994, 114, 'Qostanay Oblysy', ''),
(995, 114, 'Qyzylorda Oblysy', ''),
(996, 114, 'Severo-Kazakhstanskaya Oblast', ''),
(997, 114, 'Yuzhno-Kazakhstanskaya Oblast', ''),
(998, 114, 'Zhambyl Oblysy', ''),
(999, 115, 'Garissa District', ''),
(1000, 115, 'Homa Bay District', ''),
(1001, 115, 'Kajiado District', ''),
(1002, 115, 'Kiambu District', ''),
(1003, 115, 'Kirinyaga District', ''),
(1004, 115, 'Kisii District', ''),
(1005, 115, 'Kisumu', ''),
(1006, 115, 'Kitui District', ''),
(1007, 115, 'Kwale District', ''),
(1008, 115, 'Machakos District', ''),
(1009, 115, 'Makueni District', ''),
(1010, 115, 'Mandera District', ''),
(1011, 115, 'Meru Central District', ''),
(1012, 115, 'Mombasa District', ''),
(1013, 115, 'Nairobi Province', ''),
(1014, 115, 'Nakuru District', ''),
(1015, 115, 'Nandi South District', ''),
(1016, 115, 'Nyeri District', ''),
(1017, 115, 'Siaya District', ''),
(1018, 115, 'Tharaka District', ''),
(1019, 115, 'Trans Nzoia District', ''),
(1020, 115, 'Uasin Gishu', ''),
(1021, 116, 'Gilbert Islands', ''),
(1022, 117, 'Komuna e Gjilanit', ''),
(1023, 117, 'Komuna e Mitrovices', ''),
(1024, 117, 'Komuna e Prishtines', ''),
(1025, 118, 'Al Aḩmadī', ''),
(1026, 118, 'Al Asimah', ''),
(1027, 118, 'Al Farwaniyah', ''),
(1028, 118, 'Muhafazat Hawalli', ''),
(1029, 119, 'Gorod Bishkek', ''),
(1030, 119, 'Osh Oblasty', ''),
(1031, 120, 'Khammouan', ''),
(1032, 120, 'Khoueng Savannakhet', ''),
(1033, 120, 'Vientiane', ''),
(1034, 121, 'Baldone', ''),
(1035, 121, 'Balvu Novads', ''),
(1036, 121, 'Bauskas Novads', ''),
(1037, 121, 'Carnikava', ''),
(1038, 121, 'Cesu Novads', ''),
(1039, 121, 'Daugavpils', ''),
(1040, 121, 'Dobeles Rajons', ''),
(1041, 121, 'Gulbenes Rajons', ''),
(1042, 121, 'Ikšķile', ''),
(1043, 121, 'Jēkabpils Municipality', ''),
(1044, 121, 'Jelgava', ''),
(1045, 121, 'Jurmala', ''),
(1046, 121, 'Ķegums', ''),
(1047, 121, 'Ķekava', ''),
(1048, 121, 'Kraslavas Rajons', ''),
(1049, 121, 'Krimulda', ''),
(1050, 121, 'Kuldigas Rajons', ''),
(1051, 121, 'Lecava', ''),
(1052, 121, 'Liepaja', ''),
(1053, 121, 'Ludzas Rajons', ''),
(1054, 121, 'Mārupe', ''),
(1055, 121, 'Ogre', ''),
(1056, 121, 'Olaine', ''),
(1057, 121, 'Ozolnieku Novads', ''),
(1058, 121, 'Preili Municipality', ''),
(1059, 121, 'Rezekne', ''),
(1060, 121, 'Riga', ''),
(1061, 121, 'Rojas Novads', ''),
(1062, 121, 'Ropazu Novads', ''),
(1063, 121, 'Rundales Novads', ''),
(1064, 121, 'Salaspils Novads', ''),
(1065, 121, 'Saldus Municipality', ''),
(1066, 121, 'Siguldas Novads', ''),
(1067, 121, 'Smiltenes Novads', ''),
(1068, 121, 'Stopinu Novads', ''),
(1069, 121, 'Talsi Municipality', ''),
(1070, 121, 'Tukuma Rajons', ''),
(1071, 121, 'Valmiera District', ''),
(1072, 121, 'Ventspils', ''),
(1073, 121, 'Viesites Novads', ''),
(1074, 122, 'Beyrouth', ''),
(1075, 122, 'Mohafazat Aakkar', ''),
(1076, 122, 'Mohafazat Baalbek-Hermel', ''),
(1077, 122, 'Mohafazat Beqaa', ''),
(1078, 122, 'Mohafazat Liban-Nord', ''),
(1079, 122, 'Mohafazat Liban-Sud', ''),
(1080, 122, 'Mohafazat Mont-Liban', ''),
(1081, 123, 'Maseru', ''),
(1082, 124, 'Montserrado County', ''),
(1083, 124, 'Nimba County', ''),
(1084, 125, 'Sha\'biyat Banghazi', ''),
(1085, 125, 'Sha\'biyat Misratah', ''),
(1086, 125, 'Sha\'biyat Sabha', ''),
(1087, 125, 'Sha`biyat Nalut', ''),
(1088, 125, 'Tripoli', ''),
(1089, 126, 'Balzers', ''),
(1090, 126, 'Eschen', ''),
(1091, 126, 'Gemeinde Gamprin', ''),
(1092, 126, 'Mauren', ''),
(1093, 126, 'Planken', ''),
(1094, 126, 'Schaan', ''),
(1095, 126, 'Schellenberg', ''),
(1096, 126, 'Triesen', ''),
(1097, 126, 'Triesenberg', ''),
(1098, 126, 'Vaduz', ''),
(1099, 127, 'District de Diekirch', ''),
(1100, 127, 'District de Grevenmacher', ''),
(1101, 127, 'District de Luxembourg', ''),
(1102, 129, 'Bitola', ''),
(1103, 129, 'Čair', ''),
(1104, 129, 'Debar', ''),
(1105, 129, 'Demir Hisar', ''),
(1106, 129, 'Gevgelija', ''),
(1107, 129, 'Gostivar', ''),
(1108, 129, 'Ilinden', ''),
(1109, 129, 'Kavadarci', ''),
(1110, 129, 'Kumanovo', ''),
(1111, 129, 'Negotino', ''),
(1112, 129, 'Novo Selo', ''),
(1113, 129, 'Ohrid', ''),
(1114, 129, 'Opstina Caska', ''),
(1115, 129, 'Opstina Karpos', ''),
(1116, 129, 'Opstina Kicevo', ''),
(1117, 129, 'Opstina Kocani', ''),
(1118, 129, 'Opstina Radovis', ''),
(1119, 129, 'Opstina Stip', ''),
(1120, 129, 'Opstina Vevcani', ''),
(1121, 129, 'Prilep', ''),
(1122, 129, 'Struga', ''),
(1123, 129, 'Strumica', ''),
(1124, 129, 'Tetovo', ''),
(1125, 129, 'Veles', ''),
(1126, 130, 'Analamanga Region', ''),
(1127, 130, 'Atsimo-Andrefana Region', ''),
(1128, 130, 'Atsinanana Region', ''),
(1129, 130, 'Boeny Region', ''),
(1130, 130, 'Diana Region', ''),
(1131, 130, 'Sava Region', ''),
(1132, 130, 'Upper Matsiatra', ''),
(1133, 130, 'Vakinankaratra Region', ''),
(1134, 131, 'Central Region', ''),
(1135, 131, 'Northern Region', ''),
(1136, 131, 'Southern Region', ''),
(1137, 132, 'Johor', ''),
(1138, 132, 'Kedah', ''),
(1139, 132, 'Kelantan', ''),
(1140, 132, 'Kuala Lumpur', ''),
(1141, 132, 'Labuan', ''),
(1142, 132, 'Melaka', ''),
(1143, 132, 'Negeri Sembilan', ''),
(1144, 132, 'Pahang', ''),
(1145, 132, 'Penang', ''),
(1146, 132, 'Perak', ''),
(1147, 132, 'Perlis', ''),
(1148, 132, 'Putrajaya', ''),
(1149, 132, 'Sabah', ''),
(1150, 132, 'Sarawak', ''),
(1151, 132, 'Selangor', ''),
(1152, 132, 'Terengganu', ''),
(1153, 133, 'Kaafu Atoll', ''),
(1154, 134, 'Bamako Region', ''),
(1155, 134, 'Sikasso', ''),
(1156, 135, 'Attard', ''),
(1157, 135, 'Balzan', ''),
(1158, 135, 'Birkirkara', ''),
(1159, 135, 'Birzebbuga', ''),
(1160, 135, 'Bormla', ''),
(1161, 135, 'Dingli', ''),
(1162, 135, 'Ghajnsielem', ''),
(1163, 135, 'Hal Gharghur', ''),
(1164, 135, 'Hal Ghaxaq', ''),
(1165, 135, 'Haz-Zabbar', ''),
(1166, 135, 'Haz-Zebbug', ''),
(1167, 135, 'Il-Belt Valletta', ''),
(1168, 135, 'Il-Birgu', ''),
(1169, 135, 'Il-Fgura', ''),
(1170, 135, 'Il-Furjana', ''),
(1171, 135, 'Il-Gudja', ''),
(1172, 135, 'Il-Gzira', ''),
(1173, 135, 'Il-Hamrun', ''),
(1174, 135, 'Il-Kalkara', ''),
(1175, 135, 'Il-Marsa', ''),
(1176, 135, 'Il-Mellieha', ''),
(1177, 135, 'Il-Mosta', ''),
(1178, 135, 'Il-Munxar', ''),
(1179, 135, 'Il-Qala', ''),
(1180, 135, 'In-Nadur', ''),
(1181, 135, 'In-Naxxar', ''),
(1182, 135, 'Ir-Rabat', ''),
(1183, 135, 'Is-Siggiewi', ''),
(1184, 135, 'Is-Swieqi', ''),
(1185, 135, 'Ix-Xaghra', ''),
(1186, 135, 'Ix-Xewkija', ''),
(1187, 135, 'Ix-Xghajra', ''),
(1188, 135, 'Iz-Zebbug', ''),
(1189, 135, 'Iz-Zejtun', ''),
(1190, 135, 'Iz-Zurrieq', ''),
(1191, 135, 'Kirkop', ''),
(1192, 135, 'L-Gharb', ''),
(1193, 135, 'L-Ghasri', ''),
(1194, 135, 'L-Iklin', ''),
(1195, 135, 'L-Imdina', ''),
(1196, 135, 'L-Imgarr', ''),
(1197, 135, 'L-Imqabba', ''),
(1198, 135, 'L-Imsida', ''),
(1199, 135, 'L-Imtarfa', ''),
(1200, 135, 'L-Isla', ''),
(1201, 135, 'Lija', ''),
(1202, 135, 'Luqa', ''),
(1203, 135, 'Marsaskala', ''),
(1204, 135, 'Marsaxlokk', ''),
(1205, 135, 'Paola', ''),
(1206, 135, 'Qormi', ''),
(1207, 135, 'Safi', ''),
(1208, 135, 'Saint John', ''),
(1209, 135, 'Saint Julian', ''),
(1210, 135, 'Saint Lawrence', ''),
(1211, 135, 'Saint Lucia', ''),
(1212, 135, 'Saint Paul’s Bay', ''),
(1213, 135, 'Saint Venera', ''),
(1214, 135, 'Sannat', ''),
(1215, 135, 'Ta\' Xbiex', ''),
(1216, 135, 'Tal-Pieta', ''),
(1217, 135, 'Tarxien', ''),
(1218, 135, 'Tas-Sliema', ''),
(1219, 135, 'Victoria', ''),
(1220, 136, 'Majuro Atoll', ''),
(1221, 138, 'District de Nouakchott', ''),
(1222, 139, 'Black River District', ''),
(1223, 139, 'Flacq District', ''),
(1224, 139, 'Moka District', ''),
(1225, 139, 'Pamplemousses District', ''),
(1226, 139, 'Plaines Wilhems District', ''),
(1227, 139, 'Port Louis District', ''),
(1228, 139, 'Riviere du Rempart District', ''),
(1229, 139, 'Rodrigues', ''),
(1230, 139, 'Savanne District', ''),
(1231, 140, 'Acoua', ''),
(1232, 140, 'Bandrele', ''),
(1233, 140, 'Chiconi', ''),
(1234, 140, 'Koungou', ''),
(1235, 140, 'Mamoudzou', ''),
(1236, 140, 'Ouangani', ''),
(1237, 140, 'Tsingoni', ''),
(1238, 141, 'Aguascalientes', ''),
(1239, 141, 'Baja California Sur', ''),
(1240, 141, 'Campeche', ''),
(1241, 141, 'Chiapas', ''),
(1242, 141, 'Chihuahua', ''),
(1243, 141, 'Coahuila', ''),
(1244, 141, 'Colima', ''),
(1245, 141, 'Durango', ''),
(1246, 141, 'Estado de Baja California', ''),
(1247, 141, 'Estado de Mexico', ''),
(1248, 141, 'Guanajuato', ''),
(1249, 141, 'Guerrero', ''),
(1250, 141, 'Hidalgo', ''),
(1251, 141, 'Jalisco', ''),
(1252, 141, 'Mexico City', ''),
(1253, 141, 'Michoacán', ''),
(1254, 141, 'Morelos', ''),
(1255, 141, 'Nayarit', ''),
(1256, 141, 'Nuevo León', ''),
(1257, 141, 'Oaxaca', ''),
(1258, 141, 'Puebla', ''),
(1259, 141, 'Querétaro', ''),
(1260, 141, 'Quintana Roo', ''),
(1261, 141, 'San Luis Potosí', ''),
(1262, 141, 'Sinaloa', ''),
(1263, 141, 'Sonora', ''),
(1264, 141, 'Tabasco', ''),
(1265, 141, 'Tamaulipas', ''),
(1266, 141, 'Tlaxcala', ''),
(1267, 141, 'Veracruz', ''),
(1268, 141, 'Yucatán', ''),
(1269, 141, 'Zacatecas', ''),
(1270, 143, 'Arhangay Aymag', ''),
(1271, 143, 'Bayan-OElgiy Aymag', ''),
(1272, 143, 'Bayanhongor Aymag', ''),
(1273, 143, 'Bulgan', ''),
(1274, 143, 'Central Aimak', ''),
(1275, 143, 'Darhan-Uul Aymag', ''),
(1276, 143, 'East Aimak', ''),
(1277, 143, 'East Gobi Aymag', ''),
(1278, 143, 'Govi-Altay Aymag', ''),
(1279, 143, 'Govi-Sumber', ''),
(1280, 143, 'Hentiy Aymag', ''),
(1281, 143, 'Hovd', ''),
(1282, 143, 'Hovsgol Aymag', ''),
(1283, 143, 'Middle Govĭ', ''),
(1284, 143, 'Ömnögovĭ', ''),
(1285, 143, 'Övörhangay', ''),
(1286, 143, 'Selenge Aymag', ''),
(1287, 143, 'Suhbaatar Aymag', ''),
(1288, 143, 'Ulaanbaatar Hot', ''),
(1289, 144, 'Budva', ''),
(1290, 144, 'Herceg Novi', ''),
(1291, 144, 'Kotor', ''),
(1292, 144, 'Opstina Niksic', ''),
(1293, 144, 'Podgorica', ''),
(1294, 144, 'Ulcinj', ''),
(1295, 145, 'Parish of Saint Peter', ''),
(1296, 146, 'Chaouia-Ouardigha', ''),
(1297, 146, 'Doukkala-Abda', ''),
(1298, 146, 'Gharb-Chrarda-Beni Hssen', ''),
(1299, 146, 'Guelmim-Es Semara', ''),
(1300, 146, 'Laayoune-Boujdour-Sakia El Hamra', ''),
(1301, 146, 'Marrakech-Tensift-Al Haouz', ''),
(1302, 146, 'Oriental', ''),
(1303, 146, 'Region de Fes-Boulemane', ''),
(1304, 146, 'Region de Meknes-Tafilalet', ''),
(1305, 146, 'Region de Rabat-Sale-Zemmour-Zaer', ''),
(1306, 146, 'Region de Souss-Massa-Draa', ''),
(1307, 146, 'Region de Tanger-Tetouan', ''),
(1308, 146, 'Region du Grand Casablanca', ''),
(1309, 146, 'Tadla-Azilal', ''),
(1310, 146, 'Taza-Al Hoceima-Taounate', ''),
(1311, 147, 'Cabo Delgado Province', ''),
(1312, 147, 'Cidade de Maputo', ''),
(1313, 147, 'Gaza Province', ''),
(1314, 147, 'Inhambane Province', ''),
(1315, 147, 'Manica Province', ''),
(1316, 147, 'Maputo Province', ''),
(1317, 147, 'Nampula', ''),
(1318, 147, 'Niassa Province', ''),
(1319, 147, 'Provincia de Zambezia', ''),
(1320, 147, 'Sofala Province', ''),
(1321, 147, 'Tete', ''),
(1322, 148, 'Kayin State', ''),
(1323, 148, 'Magway Region', ''),
(1324, 148, 'Mandalay Region', ''),
(1325, 148, 'Shan State', ''),
(1326, 148, 'Yangon Region', ''),
(1327, 149, 'Erongo', ''),
(1328, 149, 'Karas', ''),
(1329, 149, 'Kavango East', ''),
(1330, 149, 'Khomas', ''),
(1331, 149, 'Omaheke', ''),
(1332, 149, 'Omusati', ''),
(1333, 149, 'Oshana', ''),
(1334, 149, 'Oshikoto', ''),
(1335, 149, 'Otjozondjupa', ''),
(1336, 149, 'Zambezi Region', ''),
(1337, 150, 'Anabar', ''),
(1338, 151, 'Central Region', ''),
(1339, 151, 'Eastern Region', ''),
(1340, 151, 'Western Region', ''),
(1341, 152, 'Friesland', ''),
(1342, 152, 'Groningen', ''),
(1343, 152, 'Limburg', ''),
(1344, 152, 'North Brabant', ''),
(1345, 152, 'North Holland', ''),
(1346, 152, 'Provincie Drenthe', ''),
(1347, 152, 'Provincie Flevoland', ''),
(1348, 152, 'Provincie Gelderland', ''),
(1349, 152, 'Provincie Overijssel', ''),
(1350, 152, 'Provincie Utrecht', ''),
(1351, 152, 'Provincie Zeeland', ''),
(1352, 152, 'South Holland', ''),
(1353, 153, 'South Province', ''),
(1354, 154, 'Auckland', ''),
(1355, 154, 'Bay of Plenty', ''),
(1356, 154, 'Canterbury', ''),
(1357, 154, 'Chatham Islands', ''),
(1358, 154, 'Gisborne', ''),
(1359, 154, 'Hawke\'s Bay', ''),
(1360, 154, 'Manawatu-Wanganui', ''),
(1361, 154, 'Marlborough', ''),
(1362, 154, 'Nelson', ''),
(1363, 154, 'Northland', ''),
(1364, 154, 'Otago', ''),
(1365, 154, 'Southland', ''),
(1366, 154, 'Taranaki', ''),
(1367, 154, 'Tasman', ''),
(1368, 154, 'Waikato', ''),
(1369, 154, 'Wellington', ''),
(1370, 154, 'West Coast', ''),
(1371, 155, 'Departamento de Carazo', ''),
(1372, 155, 'Departamento de Chinandega', ''),
(1373, 155, 'Departamento de Esteli', ''),
(1374, 155, 'Departamento de Leon', ''),
(1375, 155, 'Departamento de Managua', ''),
(1376, 155, 'Departamento de Masaya', ''),
(1377, 155, 'Departamento de Matagalpa', ''),
(1378, 155, 'Departamento de Nueva Segovia', ''),
(1379, 155, 'Departamento de Rivas', ''),
(1380, 155, 'Region Autonoma Atlantico Sur', ''),
(1381, 156, 'Niamey', ''),
(1382, 157, 'Adamawa', ''),
(1383, 157, 'Akwa Ibom State', ''),
(1384, 157, 'Anambra', ''),
(1385, 157, 'Bauchi', ''),
(1386, 157, 'Bayelsa State', ''),
(1387, 157, 'Benue State', ''),
(1388, 157, 'Cross River State', ''),
(1389, 157, 'Delta', ''),
(1390, 157, 'Ebonyi State', ''),
(1391, 157, 'Edo', ''),
(1392, 157, 'Ekiti State', ''),
(1393, 157, 'Enugu State', ''),
(1394, 157, 'Federal Capital Territory', ''),
(1395, 157, 'Gombe State', ''),
(1396, 157, 'Imo State', ''),
(1397, 157, 'Kaduna State', ''),
(1398, 157, 'Kano State', ''),
(1399, 157, 'Katsina State', ''),
(1400, 157, 'Kebbi State', ''),
(1401, 157, 'Kogi State', ''),
(1402, 157, 'Kwara State', ''),
(1403, 157, 'Lagos', ''),
(1404, 157, 'Niger State', ''),
(1405, 157, 'Ogun State', ''),
(1406, 157, 'Ondo State', ''),
(1407, 157, 'Osun State', ''),
(1408, 157, 'Oyo State', ''),
(1409, 157, 'Plateau State', ''),
(1410, 157, 'Rivers State', ''),
(1411, 157, 'Sokoto State', ''),
(1412, 157, 'Taraba State', ''),
(1413, 157, 'Yobe State', ''),
(1414, 157, 'Zamfara State', ''),
(1415, 160, 'Chagang-do', ''),
(1416, 160, 'Pyongyang', ''),
(1417, 161, 'Saipan', ''),
(1418, 162, 'Akershus', ''),
(1419, 162, 'Aust-Agder', ''),
(1420, 162, 'Buskerud', ''),
(1421, 162, 'Finnmark Fylke', ''),
(1422, 162, 'Hedmark', ''),
(1423, 162, 'Hordaland Fylke', ''),
(1424, 162, 'More og Romsdal fylke', ''),
(1425, 162, 'Nord-Trondelag Fylke', ''),
(1426, 162, 'Nordland Fylke', ''),
(1427, 162, 'Oppland', ''),
(1428, 162, 'Oslo County', ''),
(1429, 162, 'Rogaland Fylke', ''),
(1430, 162, 'Sogn og Fjordane Fylke', ''),
(1431, 162, 'Sor-Trondelag Fylke', ''),
(1432, 162, 'Telemark', ''),
(1433, 162, 'Troms Fylke', ''),
(1434, 162, 'Vest-Agder Fylke', ''),
(1435, 162, 'Vestfold', ''),
(1436, 162, 'Østfold', ''),
(1437, 163, 'Al Batinah', ''),
(1438, 163, 'Muhafazat Masqat', ''),
(1439, 163, 'Muhafazat Zufar', ''),
(1440, 164, 'Azad Kashmir', ''),
(1441, 164, 'Balochistan', ''),
(1442, 164, 'Federally Administered Tribal Areas', ''),
(1443, 164, 'Islamabad Capital Territory', ''),
(1444, 164, 'Khyber Pakhtunkhwa', ''),
(1445, 164, 'Punjab', ''),
(1446, 164, 'Sindh', ''),
(1447, 166, 'Gaza Strip', ''),
(1448, 166, 'West Bank', ''),
(1449, 167, 'Embera-Wounaan', ''),
(1450, 167, 'Guna Yala', ''),
(1451, 167, 'Ngoebe-Bugle', ''),
(1452, 167, 'Provincia de Bocas del Toro', ''),
(1453, 167, 'Provincia de Chiriqui', ''),
(1454, 167, 'Provincia de Cocle', ''),
(1455, 167, 'Provincia de Colon', ''),
(1456, 167, 'Provincia de Herrera', ''),
(1457, 167, 'Provincia de Los Santos', ''),
(1458, 167, 'Provincia de Panama', ''),
(1459, 167, 'Provincia de Veraguas', ''),
(1460, 167, 'Provincia del Darien', ''),
(1461, 168, 'Bougainville', ''),
(1462, 168, 'Central Province', ''),
(1463, 168, 'Chimbu Province', ''),
(1464, 168, 'East New Britain Province', ''),
(1465, 168, 'East Sepik Province', ''),
(1466, 168, 'Eastern Highlands Province', ''),
(1467, 168, 'Enga Province', ''),
(1468, 168, 'Gulf Province', ''),
(1469, 168, 'Madang Province', ''),
(1470, 168, 'Manus Province', ''),
(1471, 168, 'Milne Bay Province', ''),
(1472, 168, 'National Capital', ''),
(1473, 168, 'New Ireland', ''),
(1474, 168, 'Northern Province', ''),
(1475, 168, 'Southern Highlands Province', ''),
(1476, 168, 'West New Britain Province', ''),
(1477, 168, 'West Sepik Province', ''),
(1478, 168, 'Western Highlands Province', ''),
(1479, 168, 'Western Province', ''),
(1480, 169, 'Asuncion', ''),
(1481, 169, 'Departamento Central', ''),
(1482, 169, 'Departamento de Alto Paraguay', ''),
(1483, 169, 'Departamento de Boqueron', ''),
(1484, 169, 'Departamento de Caazapa', ''),
(1485, 169, 'Departamento de Itapua', ''),
(1486, 169, 'Departamento de Misiones', ''),
(1487, 169, 'Departamento del Alto Parana', ''),
(1488, 169, 'Departamento del Guaira', ''),
(1489, 170, 'Amazonas', ''),
(1490, 170, 'Ancash', ''),
(1491, 170, 'Apurimac', ''),
(1492, 170, 'Arequipa', ''),
(1493, 170, 'Ayacucho', ''),
(1494, 170, 'Cajamarca', ''),
(1495, 170, 'Callao', ''),
(1496, 170, 'Cusco', ''),
(1497, 170, 'Departamento de Moquegua', ''),
(1498, 170, 'Huancavelica', ''),
(1499, 170, 'Ica', ''),
(1500, 170, 'Junin', ''),
(1501, 170, 'La Libertad', ''),
(1502, 170, 'Lambayeque', ''),
(1503, 170, 'Lima', ''),
(1504, 170, 'Loreto', ''),
(1505, 170, 'Pasco', ''),
(1506, 170, 'Piura', ''),
(1507, 170, 'Provincia de Lima', ''),
(1508, 170, 'Puno', ''),
(1509, 170, 'Region de Huanuco', ''),
(1510, 170, 'Region de San Martin', ''),
(1511, 170, 'Tacna', ''),
(1512, 170, 'Tumbes', ''),
(1513, 170, 'Ucayali', ''),
(1514, 171, 'Autonomous Region in Muslim Mindanao', ''),
(1515, 171, 'Bicol', ''),
(1516, 171, 'Cagayan Valley', ''),
(1517, 171, 'Calabarzon', ''),
(1518, 171, 'Caraga', ''),
(1519, 171, 'Central Luzon', ''),
(1520, 171, 'Central Visayas', ''),
(1521, 171, 'Cordillera', ''),
(1522, 171, 'Davao', ''),
(1523, 171, 'Eastern Visayas', ''),
(1524, 171, 'Ilocos', ''),
(1525, 171, 'Mimaropa', ''),
(1526, 171, 'National Capital Region', ''),
(1527, 171, 'Northern Mindanao', ''),
(1528, 171, 'Soccsksargen', ''),
(1529, 171, 'Western Visayas', ''),
(1530, 171, 'Zamboanga Peninsula', ''),
(1531, 173, 'Greater Poland Voivodeship', ''),
(1532, 173, 'Kujawsko-Pomorskie', ''),
(1533, 173, 'Lesser Poland Voivodeship', ''),
(1534, 173, 'Lower Silesian Voivodeship', ''),
(1535, 173, 'Lublin Voivodeship', ''),
(1536, 173, 'Lubusz', ''),
(1537, 173, 'Masovian Voivodeship', ''),
(1538, 173, 'Opole Voivodeship', ''),
(1539, 173, 'Podlasie', ''),
(1540, 173, 'Pomeranian Voivodeship', ''),
(1541, 173, 'Silesian Voivodeship', ''),
(1542, 173, 'Subcarpathian Voivodeship', ''),
(1543, 173, 'Świętokrzyskie', ''),
(1544, 173, 'Warmian-Masurian Voivodeship', ''),
(1545, 173, 'West Pomeranian Voivodeship', ''),
(1546, 173, 'Łódź Voivodeship', ''),
(1547, 174, 'Aveiro', ''),
(1548, 174, 'Azores', ''),
(1549, 174, 'Bragança', ''),
(1550, 174, 'Distrito da Guarda', ''),
(1551, 174, 'Distrito de Beja', ''),
(1552, 174, 'Distrito de Braga', ''),
(1553, 174, 'Distrito de Castelo Branco', ''),
(1554, 174, 'Distrito de Coimbra', ''),
(1555, 174, 'Distrito de Evora', ''),
(1556, 174, 'Distrito de Faro', ''),
(1557, 174, 'Distrito de Leiria', ''),
(1558, 174, 'Distrito de Portalegre', ''),
(1559, 174, 'Distrito de Santarem', ''),
(1560, 174, 'Distrito de Viana do Castelo', ''),
(1561, 174, 'Distrito de Vila Real', ''),
(1562, 174, 'Distrito de Viseu', ''),
(1563, 174, 'Distrito do Porto', ''),
(1564, 174, 'Lisbon', ''),
(1565, 174, 'Madeira', ''),
(1566, 174, 'Setúbal', ''),
(1567, 175, 'Adjuntas', ''),
(1568, 175, 'Aguada', ''),
(1569, 175, 'Aguadilla', ''),
(1570, 175, 'Aguas Buenas', ''),
(1571, 175, 'Aibonito', ''),
(1572, 175, 'Anasco', ''),
(1573, 175, 'Arecibo', ''),
(1574, 175, 'Arroyo', ''),
(1575, 175, 'Barceloneta', ''),
(1576, 175, 'Barranquitas', ''),
(1577, 175, 'Bayamon Municipio', ''),
(1578, 175, 'Cabo Rojo Municipio', ''),
(1579, 175, 'Caguas Municipio', ''),
(1580, 175, 'Camuy Municipio', ''),
(1581, 175, 'Canovanas Municipio', '');
INSERT INTO `regions` (`region_id`, `country_id`, `region`, `region_code`) VALUES
(1582, 175, 'Carolina Municipio', ''),
(1583, 175, 'Catano Municipio', ''),
(1584, 175, 'Cayey Municipio', ''),
(1585, 175, 'Ceiba Municipio', ''),
(1586, 175, 'Ciales Municipio', ''),
(1587, 175, 'Cidra Municipio', ''),
(1588, 175, 'Coamo Municipio', ''),
(1589, 175, 'Comerio Municipio', ''),
(1590, 175, 'Corozal Municipio', ''),
(1591, 175, 'Culebra Municipio', ''),
(1592, 175, 'Dorado Municipio', ''),
(1593, 175, 'Fajardo Municipio', ''),
(1594, 175, 'Guanica Municipio', ''),
(1595, 175, 'Guayama Municipio', ''),
(1596, 175, 'Guayanilla Municipio', ''),
(1597, 175, 'Guaynabo Municipio', ''),
(1598, 175, 'Gurabo Municipio', ''),
(1599, 175, 'Hatillo Municipio', ''),
(1600, 175, 'Hormigueros Municipio', ''),
(1601, 175, 'Humacao Municipio', ''),
(1602, 175, 'Juana Diaz Municipio', ''),
(1603, 175, 'Lajas Municipio', ''),
(1604, 175, 'Lares Municipio', ''),
(1605, 175, 'Las Marias Municipio', ''),
(1606, 175, 'Las Piedras Municipio', ''),
(1607, 175, 'Loiza Municipio', ''),
(1608, 175, 'Luquillo Municipio', ''),
(1609, 175, 'Manati Municipio', ''),
(1610, 175, 'Maricao Municipio', ''),
(1611, 175, 'Mayagueez Municipio', ''),
(1612, 175, 'Moca Municipio', ''),
(1613, 175, 'Morovis Municipio', ''),
(1614, 175, 'Municipio de Isabela', ''),
(1615, 175, 'Municipio de Juncos', ''),
(1616, 175, 'Naguabo Municipio', ''),
(1617, 175, 'Naranjito Municipio', ''),
(1618, 175, 'Orocovis Municipio', ''),
(1619, 175, 'Patillas Municipio', ''),
(1620, 175, 'Penuelas Municipio', ''),
(1621, 175, 'Ponce Municipio', ''),
(1622, 175, 'Quebradillas Municipio', ''),
(1623, 175, 'Rincon Municipio', ''),
(1624, 175, 'Rio Grande Municipio', ''),
(1625, 175, 'Sabana Grande Municipio', ''),
(1626, 175, 'Salinas Municipio', ''),
(1627, 175, 'San German Municipio', ''),
(1628, 175, 'San Juan', ''),
(1629, 175, 'San Lorenzo Municipio', ''),
(1630, 175, 'San Sebastian Municipio', ''),
(1631, 175, 'Santa Isabel Municipio', ''),
(1632, 175, 'Toa Alta Municipio', ''),
(1633, 175, 'Toa Baja Municipio', ''),
(1634, 175, 'Trujillo Alto Municipio', ''),
(1635, 175, 'Utuado Municipio', ''),
(1636, 175, 'Vega Alta Municipio', ''),
(1637, 175, 'Vega Baja Municipio', ''),
(1638, 175, 'Vieques Municipality', ''),
(1639, 175, 'Villalba Municipio', ''),
(1640, 175, 'Yabucoa Municipio', ''),
(1641, 175, 'Yauco Municipio', ''),
(1642, 176, 'Al Wakrah', ''),
(1643, 176, 'Baladiyat ad Dawhah', ''),
(1644, 176, 'Baladiyat al Khawr wa adh Dhakhirah', ''),
(1645, 176, 'Baladiyat ar Rayyan', ''),
(1646, 176, 'Baladiyat ash Shamal', ''),
(1647, 176, 'Baladiyat az Za\'ayin', ''),
(1648, 176, 'Baladiyat Umm Salal', ''),
(1649, 177, 'Busan', ''),
(1650, 177, 'Chungcheongbuk-do', ''),
(1651, 177, 'Chungcheongnam-do', ''),
(1652, 177, 'Daegu', ''),
(1653, 177, 'Daejeon', ''),
(1654, 177, 'Gangwon-do', ''),
(1655, 177, 'Gwangju', ''),
(1656, 177, 'Gyeonggi-do', ''),
(1657, 177, 'Gyeongsangbuk-do', ''),
(1658, 177, 'Gyeongsangnam-do', ''),
(1659, 177, 'Incheon', ''),
(1660, 177, 'Jeju-do', ''),
(1661, 177, 'Jeollabuk-do', ''),
(1662, 177, 'Jeollanam-do', ''),
(1663, 177, 'Seoul', ''),
(1664, 177, 'Ulsan', ''),
(1665, 178, 'Alytaus apskritis', ''),
(1666, 178, 'Kauno apskritis', ''),
(1667, 178, 'Klaipedos apskritis', ''),
(1668, 178, 'Marijampoles apskritis', ''),
(1669, 178, 'Panevėžys', ''),
(1670, 178, 'Siauliu apskritis', ''),
(1671, 178, 'Taurages apskritis', ''),
(1672, 178, 'Telsiu apskritis', ''),
(1673, 178, 'Utenos apskritis', ''),
(1674, 178, 'Vilnius County', ''),
(1675, 179, 'Anenii Noi', ''),
(1676, 179, 'Basarabeasca', ''),
(1677, 179, 'Briceni', ''),
(1678, 179, 'Cahul', ''),
(1679, 179, 'Cantemir', ''),
(1680, 179, 'Criuleni', ''),
(1681, 179, 'Donduşeni', ''),
(1682, 179, 'Drochia', ''),
(1683, 179, 'Făleşti', ''),
(1684, 179, 'Floreşti', ''),
(1685, 179, 'Gagauzia', ''),
(1686, 179, 'Glodeni', ''),
(1687, 179, 'Hînceşti', ''),
(1688, 179, 'Laloveni', ''),
(1689, 179, 'Municipiul Balti', ''),
(1690, 179, 'Municipiul Bender', ''),
(1691, 179, 'Municipiul Chisinau', ''),
(1692, 179, 'Nisporeni', ''),
(1693, 179, 'Orhei', ''),
(1694, 179, 'Raionul Causeni', ''),
(1695, 179, 'Raionul Dubasari', ''),
(1696, 179, 'Raionul Edineţ', ''),
(1697, 179, 'Raionul Ocniţa', ''),
(1698, 179, 'Raionul Soroca', ''),
(1699, 179, 'Raionul Stefan Voda', ''),
(1700, 179, 'Rezina', ''),
(1701, 179, 'Rîşcani', ''),
(1702, 179, 'Sîngerei', ''),
(1703, 179, 'Şoldăneşti', ''),
(1704, 179, 'Strășeni', ''),
(1705, 179, 'Taraclia', ''),
(1706, 179, 'Teleneşti', ''),
(1707, 179, 'Unitatea Teritoriala din Stinga Nistrului', ''),
(1708, 180, 'Commune de Brazzaville', ''),
(1709, 180, 'Pointe-Noire', ''),
(1710, 180, 'Sangha', ''),
(1711, 182, 'Arad', ''),
(1712, 182, 'Bihor', ''),
(1713, 182, 'Bucuresti', ''),
(1714, 182, 'Constanta', ''),
(1715, 182, 'Covasna', ''),
(1716, 182, 'Dolj', ''),
(1717, 182, 'Giurgiu', ''),
(1718, 182, 'Gorj', ''),
(1719, 182, 'Harghita', ''),
(1720, 182, 'Hunedoara', ''),
(1721, 182, 'Ilfov', ''),
(1722, 182, 'Judetul Alba', ''),
(1723, 182, 'Judetul Arges', ''),
(1724, 182, 'Judetul Bacau', ''),
(1725, 182, 'Judetul Bistrita-Nasaud', ''),
(1726, 182, 'Judetul Botosani', ''),
(1727, 182, 'Judetul Braila', ''),
(1728, 182, 'Judetul Brasov', ''),
(1729, 182, 'Judetul Buzau', ''),
(1730, 182, 'Judetul Calarasi', ''),
(1731, 182, 'Judetul Caras-Severin', ''),
(1732, 182, 'Judetul Cluj', ''),
(1733, 182, 'Judetul Dambovita', ''),
(1734, 182, 'Judetul Galati', ''),
(1735, 182, 'Judetul Ialomita', ''),
(1736, 182, 'Judetul Iasi', ''),
(1737, 182, 'Judetul Mehedinti', ''),
(1738, 182, 'Judetul Mures', ''),
(1739, 182, 'Judetul Neamt', ''),
(1740, 182, 'Judetul Salaj', ''),
(1741, 182, 'Judetul Sibiu', ''),
(1742, 182, 'Judetul Timis', ''),
(1743, 182, 'Judetul Valcea', ''),
(1744, 182, 'Maramureş', ''),
(1745, 182, 'Olt', ''),
(1746, 182, 'Prahova', ''),
(1747, 182, 'Satu Mare', ''),
(1748, 182, 'Suceava', ''),
(1749, 182, 'Teleorman', ''),
(1750, 182, 'Tulcea', ''),
(1751, 182, 'Vaslui', ''),
(1752, 182, 'Vrancea', ''),
(1753, 183, 'Altai Krai', ''),
(1754, 183, 'Amurskaya Oblast', ''),
(1755, 183, 'Arkhangelskaya', ''),
(1756, 183, 'Astrakhanskaya Oblast', ''),
(1757, 183, 'Bashkortostan', ''),
(1758, 183, 'Belgorodskaya Oblast', ''),
(1759, 183, 'Bryanskaya Oblast', ''),
(1760, 183, 'Chechnya', ''),
(1761, 183, 'Chelyabinsk', ''),
(1762, 183, 'Chukotskiy Avtonomnyy Okrug', ''),
(1763, 183, 'Chuvashia', ''),
(1764, 183, 'Dagestan', ''),
(1765, 183, 'Irkutskaya Oblast', ''),
(1766, 183, 'Ivanovskaya Oblast', ''),
(1767, 183, 'Jewish Autonomous Oblast', ''),
(1768, 183, 'Kabardino-Balkarskaya Respublika', ''),
(1769, 183, 'Kaliningradskaya Oblast', ''),
(1770, 183, 'Kalmykiya', ''),
(1771, 183, 'Kaluzhskaya Oblast', ''),
(1772, 183, 'Kamtchatski Kray', ''),
(1773, 183, 'Karachayevo-Cherkesiya', ''),
(1774, 183, 'Kemerovskaya Oblast', ''),
(1775, 183, 'Khabarovsk Krai', ''),
(1776, 183, 'Khanty-Mansiyskiy Avtonomnyy Okrug-Yugra', ''),
(1777, 183, 'Kirovskaya Oblast', ''),
(1778, 183, 'Komi Republic', ''),
(1779, 183, 'Kostromskaya Oblast', ''),
(1780, 183, 'Krasnodarskiy Kray', ''),
(1781, 183, 'Krasnoyarskiy Kray', ''),
(1782, 183, 'Kurganskaya Oblast', ''),
(1783, 183, 'Kurskaya Oblast', ''),
(1784, 183, 'Leningrad', ''),
(1785, 183, 'Lipetskaya Oblast', ''),
(1786, 183, 'Magadanskaya Oblast', ''),
(1787, 183, 'Moscow', ''),
(1788, 183, 'Moscow Oblast', ''),
(1789, 183, 'Murmansk', ''),
(1790, 183, 'Nenetskiy Avtonomnyy Okrug', ''),
(1791, 183, 'Nizhegorodskaya Oblast', ''),
(1792, 183, 'North Ossetia', ''),
(1793, 183, 'Novgorodskaya Oblast', ''),
(1794, 183, 'Novosibirskaya Oblast', ''),
(1795, 183, 'Omskaya Oblast', ''),
(1796, 183, 'Orenburgskaya Oblast', ''),
(1797, 183, 'Orlovskaya Oblast', ''),
(1798, 183, 'Penzenskaya Oblast', ''),
(1799, 183, 'Perm Krai', ''),
(1800, 183, 'Primorskiy Kray', ''),
(1801, 183, 'Pskovskaya Oblast', ''),
(1802, 183, 'Republic of Karelia', ''),
(1803, 183, 'Respublika Adygeya', ''),
(1804, 183, 'Respublika Altay', ''),
(1805, 183, 'Respublika Buryatiya', ''),
(1806, 183, 'Respublika Ingushetiya', ''),
(1807, 183, 'Respublika Khakasiya', ''),
(1808, 183, 'Respublika Mariy-El', ''),
(1809, 183, 'Respublika Mordoviya', ''),
(1810, 183, 'Respublika Sakha (Yakutiya)', ''),
(1811, 183, 'Respublika Tyva', ''),
(1812, 183, 'Rostov', ''),
(1813, 183, 'Ryazanskaya Oblast', ''),
(1814, 183, 'Sakhalinskaya Oblast', ''),
(1815, 183, 'Samarskaya Oblast', ''),
(1816, 183, 'Saratovskaya Oblast', ''),
(1817, 183, 'Smolenskaya Oblast', ''),
(1818, 183, 'St.-Petersburg', ''),
(1819, 183, 'Stavropol\'skiy Kray', ''),
(1820, 183, 'Sverdlovskaya Oblast', ''),
(1821, 183, 'Tambovskaya Oblast', ''),
(1822, 183, 'Tatarstan', ''),
(1823, 183, 'Tomskaya Oblast', ''),
(1824, 183, 'Transbaikal Territory', ''),
(1825, 183, 'Tul\'skaya Oblast', ''),
(1826, 183, 'Tverskaya Oblast', ''),
(1827, 183, 'Tyumenskaya Oblast', ''),
(1828, 183, 'Udmurtskaya Respublika', ''),
(1829, 183, 'Ulyanovsk Oblast', ''),
(1830, 183, 'Vladimirskaya Oblast', ''),
(1831, 183, 'Volgogradskaya Oblast', ''),
(1832, 183, 'Vologodskaya Oblast', ''),
(1833, 183, 'Voronezhskaya Oblast', ''),
(1834, 183, 'Yamalo-Nenetskiy Avtonomnyy Okrug', ''),
(1835, 183, 'Yaroslavskaya Oblast', ''),
(1836, 184, 'Kigali', ''),
(1837, 186, 'Saint Anne Sandy Point', ''),
(1838, 186, 'Saint George Basseterre', ''),
(1839, 186, 'Saint Mary Cayon', ''),
(1840, 186, 'Saint Paul Charlestown', ''),
(1841, 187, 'Castries Quarter', ''),
(1842, 187, 'Choiseul Quarter', ''),
(1843, 187, 'Gros-Islet', ''),
(1844, 189, 'Commune de Miquelon-Langlade', ''),
(1845, 189, 'Commune de Saint-Pierre', ''),
(1846, 190, 'Grenadines', ''),
(1847, 190, 'Parish of Charlotte', ''),
(1848, 190, 'Parish of Saint George', ''),
(1849, 192, 'Atua', ''),
(1850, 192, 'Tuamasaga', ''),
(1851, 193, 'Castello di Acquaviva', ''),
(1852, 193, 'Castello di Borgo Maggiore', ''),
(1853, 193, 'Castello di Domagnano', ''),
(1854, 193, 'Castello di San Marino Citta', ''),
(1855, 193, 'Serravalle', ''),
(1856, 194, 'São Tomé Island', ''),
(1857, 195, 'Al Madinah al Munawwarah', ''),
(1858, 195, 'Al-Qassim', ''),
(1859, 195, 'Ar Riyāḑ', ''),
(1860, 195, 'Eastern Province', ''),
(1861, 195, 'Jizan', ''),
(1862, 195, 'Makkah Province', ''),
(1863, 195, 'Mintaqat \'Asir', ''),
(1864, 195, 'Mintaqat al Bahah', ''),
(1865, 195, 'Mintaqat Ha\'il', ''),
(1866, 195, 'Mintaqat Najran', ''),
(1867, 195, 'Mintaqat Tabuk', ''),
(1868, 195, 'Northern Borders', ''),
(1869, 196, 'Dakar', ''),
(1870, 196, 'Fatick', ''),
(1871, 196, 'Kaolack', ''),
(1872, 196, 'Kolda', ''),
(1873, 196, 'Louga', ''),
(1874, 196, 'Region de Kaffrine', ''),
(1875, 196, 'Region de Kedougou', ''),
(1876, 196, 'Region de Sedhiou', ''),
(1877, 196, 'Saint-Louis', ''),
(1878, 196, 'Tambacounda', ''),
(1879, 197, 'Central Serbia', ''),
(1880, 197, 'Vojvodina', ''),
(1881, 198, 'English River', ''),
(1882, 198, 'Takamaka', ''),
(1883, 199, 'Western Area', ''),
(1884, 200, 'Central Singapore Community Development Council', ''),
(1885, 200, 'North East Community Development Region', ''),
(1886, 200, 'North West Community Development Council', ''),
(1887, 202, 'Banskobystricky kraj', ''),
(1888, 202, 'Bratislavsky kraj', ''),
(1889, 202, 'Kosicky kraj', ''),
(1890, 202, 'Nitriansky kraj', ''),
(1891, 202, 'Presovsky kraj', ''),
(1892, 202, 'Trenciansky kraj', ''),
(1893, 202, 'Trnavsky kraj', ''),
(1894, 202, 'Zilinsky kraj', ''),
(1895, 203, 'Beltinci', ''),
(1896, 203, 'Benedikt', ''),
(1897, 203, 'Bistrica ob Sotli', ''),
(1898, 203, 'Borovnica', ''),
(1899, 203, 'Brda', ''),
(1900, 203, 'Brezovica', ''),
(1901, 203, 'Celje', ''),
(1902, 203, 'Cerklje na Gorenjskem', ''),
(1903, 203, 'Cerknica', ''),
(1904, 203, 'Cerkvenjak', ''),
(1905, 203, 'Dobrova-Polhov Gradec', ''),
(1906, 203, 'Dol pri Ljubljani', ''),
(1907, 203, 'Dornava', ''),
(1908, 203, 'Dravograd', ''),
(1909, 203, 'Duplek', ''),
(1910, 203, 'Gorenja Vas-Poljane', ''),
(1911, 203, 'Gornja Radgona', ''),
(1912, 203, 'Grosuplje', ''),
(1913, 203, 'Hajdina', ''),
(1914, 203, 'Horjul', ''),
(1915, 203, 'Idrija', ''),
(1916, 203, 'Ilirska Bistrica', ''),
(1917, 203, 'Izola', ''),
(1918, 203, 'Jesenice', ''),
(1919, 203, 'Kamnik', ''),
(1920, 203, 'Kanal', ''),
(1921, 203, 'Kobilje', ''),
(1922, 203, 'Komenda', ''),
(1923, 203, 'Koper', ''),
(1924, 203, 'Kranj', ''),
(1925, 203, 'Kranjska Gora', ''),
(1926, 203, 'Litija', ''),
(1927, 203, 'Ljubljana', ''),
(1928, 203, 'Ljubno', ''),
(1929, 203, 'Ljutomer', ''),
(1930, 203, 'Maribor', ''),
(1931, 203, 'Markovci', ''),
(1932, 203, 'Medvode', ''),
(1933, 203, 'Mestna Obcina Novo mesto', ''),
(1934, 203, 'Miren-Kostanjevica', ''),
(1935, 203, 'Mislinja', ''),
(1936, 203, 'Mozirje', ''),
(1937, 203, 'Murska Sobota', ''),
(1938, 203, 'Naklo', ''),
(1939, 203, 'Nazarje', ''),
(1940, 203, 'Nova Gorica', ''),
(1941, 203, 'Obcina Ajdovscina', ''),
(1942, 203, 'Obcina Bled', ''),
(1943, 203, 'Obcina Braslovce', ''),
(1944, 203, 'Obcina Brezice', ''),
(1945, 203, 'Obcina Crensovci', ''),
(1946, 203, 'Obcina Divaca', ''),
(1947, 203, 'Obcina Domzale', ''),
(1948, 203, 'Obcina Gorisnica', ''),
(1949, 203, 'Obcina Hoce-Slivnica', ''),
(1950, 203, 'Obcina Ivancna Gorica', ''),
(1951, 203, 'Obcina Kidricevo', ''),
(1952, 203, 'Obcina Kobarid', ''),
(1953, 203, 'Obcina Kocevje', ''),
(1954, 203, 'Obcina Krizevci', ''),
(1955, 203, 'Obcina Krsko', ''),
(1956, 203, 'Obcina Lasko', ''),
(1957, 203, 'Obcina Majsperk', ''),
(1958, 203, 'Obcina Menges', ''),
(1959, 203, 'Obcina Mezica', ''),
(1960, 203, 'Obcina Miklavz na Dravskem Polju', ''),
(1961, 203, 'Obcina Radece', ''),
(1962, 203, 'Obcina Ravne na Koroskem', ''),
(1963, 203, 'Obcina Ruse', ''),
(1964, 203, 'Obcina Sencur', ''),
(1965, 203, 'Obcina Sentjur', ''),
(1966, 203, 'Obcina Sezana', ''),
(1967, 203, 'Obcina Skofljica', ''),
(1968, 203, 'Obcina Smarje pri Jelsah', ''),
(1969, 203, 'Obcina Smartno ob Paki', ''),
(1970, 203, 'Obcina Sodrazica', ''),
(1971, 203, 'Obcina Sostanj', ''),
(1972, 203, 'Obcina Sveti Jurij ob Scavnici', ''),
(1973, 203, 'Obcina Tisina', ''),
(1974, 203, 'Obcina Tolmin', ''),
(1975, 203, 'Obcina Trzic', ''),
(1976, 203, 'Obcina Velike Lasce', ''),
(1977, 203, 'Obcina Ziri', ''),
(1978, 203, 'Obcina Zrece', ''),
(1979, 203, 'Pesnica', ''),
(1980, 203, 'Piran', ''),
(1981, 203, 'Podvelka', ''),
(1982, 203, 'Postojna', ''),
(1983, 203, 'Prevalje', ''),
(1984, 203, 'Ptuj', ''),
(1985, 203, 'Puconci', ''),
(1986, 203, 'Radovljica', ''),
(1987, 203, 'Selnica ob Dravi', ''),
(1988, 203, 'Škofja Loka', ''),
(1989, 203, 'Slovenj Gradec', ''),
(1990, 203, 'Slovenska Bistrica', ''),
(1991, 203, 'Slovenske Konjice', ''),
(1992, 203, 'Sveta Ana', ''),
(1993, 203, 'Trbovlje', ''),
(1994, 203, 'Trebnje', ''),
(1995, 203, 'Trzin', ''),
(1996, 203, 'Velenje', ''),
(1997, 203, 'Vodice', ''),
(1998, 203, 'Vojnik', ''),
(1999, 203, 'Vrhnika', ''),
(2000, 203, 'Zagorje ob Savi', ''),
(2001, 204, 'Guadalcanal Province', ''),
(2002, 205, 'Banaadir', ''),
(2003, 205, 'Gedo', ''),
(2004, 205, 'Woqooyi Galbeed', ''),
(2005, 206, 'Eastern Cape', ''),
(2006, 206, 'Gauteng', ''),
(2007, 206, 'KwaZulu-Natal', ''),
(2008, 206, 'Limpopo', ''),
(2009, 206, 'Mpumalanga', ''),
(2010, 206, 'Northern Cape', ''),
(2011, 206, 'Orange Free State', ''),
(2012, 206, 'Province of North West', ''),
(2013, 206, 'Province of the Western Cape', ''),
(2014, 208, 'Central Equatoria', ''),
(2015, 209, 'Andalusia', ''),
(2016, 209, 'Aragon', ''),
(2017, 209, 'Balearic Islands', ''),
(2018, 209, 'Basque Country', ''),
(2019, 209, 'Canary Islands', ''),
(2020, 209, 'Cantabria', ''),
(2021, 209, 'Castille and León', ''),
(2022, 209, 'Castille-La Mancha', ''),
(2023, 209, 'Catalonia', ''),
(2024, 209, 'Ceuta', ''),
(2025, 209, 'Extremadura', ''),
(2026, 209, 'Galicia', ''),
(2027, 209, 'La Rioja', ''),
(2028, 209, 'Madrid', ''),
(2029, 209, 'Melilla', ''),
(2030, 209, 'Murcia', ''),
(2031, 209, 'Navarre', ''),
(2032, 209, 'Principality of Asturias', ''),
(2033, 209, 'Valencia', ''),
(2034, 210, 'Central Province', ''),
(2035, 210, 'Eastern Province', ''),
(2036, 210, 'North Central Province', ''),
(2037, 210, 'Northern Province', ''),
(2038, 210, 'Province of Uva', ''),
(2039, 210, 'Western Province', ''),
(2040, 211, 'Al Jazīrah', ''),
(2041, 211, 'Blue Nile', ''),
(2042, 211, 'Kassala', ''),
(2043, 211, 'Khartoum', ''),
(2044, 211, 'Northern', ''),
(2045, 211, 'Northern Darfur', ''),
(2046, 211, 'River Nile', ''),
(2047, 211, 'Sinnār', ''),
(2048, 211, 'Southern Darfur', ''),
(2049, 211, 'Southern Kordofan', ''),
(2050, 212, 'Distrikt Brokopondo', ''),
(2051, 212, 'Distrikt Commewijne', ''),
(2052, 212, 'Distrikt Coronie', ''),
(2053, 212, 'Distrikt Marowijne', ''),
(2054, 212, 'Distrikt Nickerie', ''),
(2055, 212, 'Distrikt Para', ''),
(2056, 212, 'Distrikt Paramaribo', ''),
(2057, 212, 'Distrikt Saramacca', ''),
(2058, 212, 'Distrikt Sipaliwini', ''),
(2059, 213, 'Jan Mayen', ''),
(2060, 213, 'Svalbard', ''),
(2061, 214, 'Hhohho District', ''),
(2062, 214, 'Manzini District', ''),
(2063, 215, 'Blekinge', ''),
(2064, 215, 'Dalarna', ''),
(2065, 215, 'Gävleborg', ''),
(2066, 215, 'Gotland', ''),
(2067, 215, 'Halland', ''),
(2068, 215, 'Jämtland', ''),
(2069, 215, 'Jönköping', ''),
(2070, 215, 'Kalmar', ''),
(2071, 215, 'Kronoberg', ''),
(2072, 215, 'Norrbotten', ''),
(2073, 215, 'Örebro', ''),
(2074, 215, 'Östergötland', ''),
(2075, 215, 'Skåne', ''),
(2076, 215, 'Södermanland', ''),
(2077, 215, 'Stockholm', ''),
(2078, 215, 'Uppsala', ''),
(2079, 215, 'Värmland', ''),
(2080, 215, 'Västerbotten', ''),
(2081, 215, 'Västernorrland', ''),
(2082, 215, 'Västmanland', ''),
(2083, 215, 'Västra Götaland', ''),
(2084, 216, 'Aargau', ''),
(2085, 216, 'Appenzell Ausserrhoden', ''),
(2086, 216, 'Appenzell Innerrhoden', ''),
(2087, 216, 'Basel-City', ''),
(2088, 216, 'Basel-Landschaft', ''),
(2089, 216, 'Bern', ''),
(2090, 216, 'Fribourg', ''),
(2091, 216, 'Geneva', ''),
(2092, 216, 'Glarus', ''),
(2093, 216, 'Grisons', ''),
(2094, 216, 'Jura', ''),
(2095, 216, 'Lucerne', ''),
(2096, 216, 'Neuchâtel', ''),
(2097, 216, 'Nidwalden', ''),
(2098, 216, 'Obwalden', ''),
(2099, 216, 'Saint Gallen', ''),
(2100, 216, 'Schaffhausen', ''),
(2101, 216, 'Schwyz', ''),
(2102, 216, 'Solothurn', ''),
(2103, 216, 'Thurgau', ''),
(2104, 216, 'Ticino', ''),
(2105, 216, 'Uri', ''),
(2106, 216, 'Valais', ''),
(2107, 216, 'Vaud', ''),
(2108, 216, 'Zug', ''),
(2109, 216, 'Zurich', ''),
(2110, 217, 'Aleppo Governorate', ''),
(2111, 217, 'As-Suwayda Governorate', ''),
(2112, 217, 'Damascus Governorate', ''),
(2113, 217, 'Hama Governorate', ''),
(2114, 217, 'Latakia Governorate', ''),
(2115, 218, 'Fukien', ''),
(2116, 218, 'Kaohsiung', ''),
(2117, 218, 'Taipei', ''),
(2118, 218, 'Taiwan', ''),
(2119, 219, 'Gorno-Badakhshan', ''),
(2120, 220, 'Arusha', ''),
(2121, 220, 'Dar es Salaam Region', ''),
(2122, 220, 'Dodoma', ''),
(2123, 220, 'Iringa', ''),
(2124, 220, 'Kagera', ''),
(2125, 220, 'Kigoma', ''),
(2126, 220, 'Kilimanjaro', ''),
(2127, 220, 'Lindi', ''),
(2128, 220, 'Manyara', ''),
(2129, 220, 'Mara', ''),
(2130, 220, 'Mbeya', ''),
(2131, 220, 'Morogoro', ''),
(2132, 220, 'Mtwara', ''),
(2133, 220, 'Mwanza', ''),
(2134, 220, 'Pemba North', ''),
(2135, 220, 'Pemba South', ''),
(2136, 220, 'Pwani', ''),
(2137, 220, 'Rukwa', ''),
(2138, 220, 'Ruvuma', ''),
(2139, 220, 'Shinyanga', ''),
(2140, 220, 'Singida', ''),
(2141, 220, 'Tabora', ''),
(2142, 220, 'Tanga', ''),
(2143, 220, 'Zanzibar Central/South', ''),
(2144, 220, 'Zanzibar North', ''),
(2145, 220, 'Zanzibar Urban/West', ''),
(2146, 221, 'Bangkok', ''),
(2147, 221, 'Changwat Amnat Charoen', ''),
(2148, 221, 'Changwat Ang Thong', ''),
(2149, 221, 'Changwat Bueng Kan', ''),
(2150, 221, 'Changwat Buriram', ''),
(2151, 221, 'Changwat Chachoengsao', ''),
(2152, 221, 'Changwat Chaiyaphum', ''),
(2153, 221, 'Changwat Chanthaburi', ''),
(2154, 221, 'Changwat Chiang Rai', ''),
(2155, 221, 'Changwat Chon Buri', ''),
(2156, 221, 'Changwat Chumphon', ''),
(2157, 221, 'Changwat Kalasin', ''),
(2158, 221, 'Changwat Kamphaeng Phet', ''),
(2159, 221, 'Changwat Kanchanaburi', ''),
(2160, 221, 'Changwat Khon Kaen', ''),
(2161, 221, 'Changwat Krabi', ''),
(2162, 221, 'Changwat Lampang', ''),
(2163, 221, 'Changwat Lamphun', ''),
(2164, 221, 'Changwat Loei', ''),
(2165, 221, 'Changwat Lop Buri', ''),
(2166, 221, 'Changwat Mae Hong Son', ''),
(2167, 221, 'Changwat Maha Sarakham', ''),
(2168, 221, 'Changwat Mukdahan', ''),
(2169, 221, 'Changwat Nakhon Nayok', ''),
(2170, 221, 'Changwat Nakhon Pathom', ''),
(2171, 221, 'Changwat Nakhon Ratchasima', ''),
(2172, 221, 'Changwat Nakhon Sawan', ''),
(2173, 221, 'Changwat Nakhon Si Thammarat', ''),
(2174, 221, 'Changwat Nan', ''),
(2175, 221, 'Changwat Narathiwat', ''),
(2176, 221, 'Changwat Nong Bua Lamphu', ''),
(2177, 221, 'Changwat Nong Khai', ''),
(2178, 221, 'Changwat Nonthaburi', ''),
(2179, 221, 'Changwat Pathum Thani', ''),
(2180, 221, 'Changwat Pattani', ''),
(2181, 221, 'Changwat Phangnga', ''),
(2182, 221, 'Changwat Phatthalung', ''),
(2183, 221, 'Changwat Phayao', ''),
(2184, 221, 'Changwat Phetchabun', ''),
(2185, 221, 'Changwat Phetchaburi', ''),
(2186, 221, 'Changwat Phichit', ''),
(2187, 221, 'Changwat Phitsanulok', ''),
(2188, 221, 'Changwat Phra Nakhon Si Ayutthaya', ''),
(2189, 221, 'Changwat Phrae', ''),
(2190, 221, 'Changwat Prachin Buri', ''),
(2191, 221, 'Changwat Prachuap Khiri Khan', ''),
(2192, 221, 'Changwat Ranong', ''),
(2193, 221, 'Changwat Ratchaburi', ''),
(2194, 221, 'Changwat Rayong', ''),
(2195, 221, 'Changwat Roi Et', ''),
(2196, 221, 'Changwat Sa Kaeo', ''),
(2197, 221, 'Changwat Sakon Nakhon', ''),
(2198, 221, 'Changwat Samut Prakan', ''),
(2199, 221, 'Changwat Samut Sakhon', ''),
(2200, 221, 'Changwat Samut Songkhram', ''),
(2201, 221, 'Changwat Sara Buri', ''),
(2202, 221, 'Changwat Satun', ''),
(2203, 221, 'Changwat Sing Buri', ''),
(2204, 221, 'Changwat Sisaket', ''),
(2205, 221, 'Changwat Songkhla', ''),
(2206, 221, 'Changwat Sukhothai', ''),
(2207, 221, 'Changwat Suphan Buri', ''),
(2208, 221, 'Changwat Surat Thani', ''),
(2209, 221, 'Changwat Surin', ''),
(2210, 221, 'Changwat Tak', ''),
(2211, 221, 'Changwat Trang', ''),
(2212, 221, 'Changwat Trat', ''),
(2213, 221, 'Changwat Ubon Ratchathani', ''),
(2214, 221, 'Changwat Udon Thani', ''),
(2215, 221, 'Changwat Uthai Thani', ''),
(2216, 221, 'Changwat Uttaradit', ''),
(2217, 221, 'Changwat Yala', ''),
(2218, 221, 'Changwat Yasothon', ''),
(2219, 221, 'Chiang Mai Province', ''),
(2220, 221, 'Phuket', ''),
(2221, 222, 'Maritime', ''),
(2222, 223, 'Nukunonu', ''),
(2223, 224, 'Vava\'u', ''),
(2224, 225, 'Borough of Arima', ''),
(2225, 225, 'Chaguanas', ''),
(2226, 225, 'City of Port of Spain', ''),
(2227, 225, 'City of San Fernando', ''),
(2228, 225, 'Couva-Tabaquite-Talparo', ''),
(2229, 225, 'Diego Martin', ''),
(2230, 225, 'Eastern Tobago', ''),
(2231, 225, 'Mayaro', ''),
(2232, 225, 'Penal/Debe', ''),
(2233, 225, 'Point Fortin', ''),
(2234, 225, 'Princes Town', ''),
(2235, 225, 'San Juan/Laventille', ''),
(2236, 225, 'Sangre Grande', ''),
(2237, 225, 'Siparia', ''),
(2238, 225, 'Tobago', ''),
(2239, 225, 'Tunapuna/Piarco', ''),
(2240, 226, 'Gouvernorat de Beja', ''),
(2241, 226, 'Gouvernorat de Ben Arous', ''),
(2242, 226, 'Gouvernorat de Kairouan', ''),
(2243, 226, 'Gouvernorat de Kef', ''),
(2244, 226, 'Gouvernorat de l\'Ariana', ''),
(2245, 226, 'Gouvernorat de Mahdia', ''),
(2246, 226, 'Gouvernorat de Nabeul', ''),
(2247, 226, 'Gouvernorat de Sfax', ''),
(2248, 226, 'Gouvernorat de Sidi Bouzid', ''),
(2249, 226, 'Gouvernorat de Siliana', ''),
(2250, 226, 'Gouvernorat de Sousse', ''),
(2251, 226, 'Gouvernorat de Tozeur', ''),
(2252, 226, 'Gouvernorat de Tunis', ''),
(2253, 226, 'Gouvernorat de Zaghouan', ''),
(2254, 226, 'Manouba', ''),
(2255, 226, 'Tataouine', ''),
(2256, 227, 'Adana', ''),
(2257, 227, 'Adiyaman', ''),
(2258, 227, 'Afyonkarahisar', ''),
(2259, 227, 'Ağrı', ''),
(2260, 227, 'Aksaray', ''),
(2261, 227, 'Amasya', ''),
(2262, 227, 'Ankara', ''),
(2263, 227, 'Antalya', ''),
(2264, 227, 'Ardahan', ''),
(2265, 227, 'Artvin', ''),
(2266, 227, 'Aydın', ''),
(2267, 227, 'Balıkesir', ''),
(2268, 227, 'Bartın', ''),
(2269, 227, 'Batman', ''),
(2270, 227, 'Bayburt', ''),
(2271, 227, 'Bilecik', ''),
(2272, 227, 'Bingöl', ''),
(2273, 227, 'Bitlis', ''),
(2274, 227, 'Bolu', ''),
(2275, 227, 'Burdur', ''),
(2276, 227, 'Bursa', ''),
(2277, 227, 'Çanakkale', ''),
(2278, 227, 'Çankırı', ''),
(2279, 227, 'Çorum', ''),
(2280, 227, 'Denizli', ''),
(2281, 227, 'Diyarbakir', ''),
(2282, 227, 'Duezce', ''),
(2283, 227, 'Edirne', ''),
(2284, 227, 'Elazığ', ''),
(2285, 227, 'Erzincan', ''),
(2286, 227, 'Erzurum', ''),
(2287, 227, 'Eskişehir', ''),
(2288, 227, 'Gaziantep', ''),
(2289, 227, 'Giresun', ''),
(2290, 227, 'Guemueshane', ''),
(2291, 227, 'Hakkâri', ''),
(2292, 227, 'Hatay', ''),
(2293, 227, 'Iğdır', ''),
(2294, 227, 'Isparta', ''),
(2295, 227, 'Istanbul', ''),
(2296, 227, 'Izmir', ''),
(2297, 227, 'Kahramanmaraş', ''),
(2298, 227, 'Karabuek', ''),
(2299, 227, 'Karaman', ''),
(2300, 227, 'Kars', ''),
(2301, 227, 'Kastamonu', ''),
(2302, 227, 'Kayseri', ''),
(2303, 227, 'Kilis', ''),
(2304, 227, 'Kırıkkale', ''),
(2305, 227, 'Kırklareli', ''),
(2306, 227, 'Kırşehir', ''),
(2307, 227, 'Kocaeli', ''),
(2308, 227, 'Konya', ''),
(2309, 227, 'Kütahya', ''),
(2310, 227, 'Malatya', ''),
(2311, 227, 'Manisa', ''),
(2312, 227, 'Mardin', ''),
(2313, 227, 'Mersin', ''),
(2314, 227, 'Muğla', ''),
(2315, 227, 'Muş', ''),
(2316, 227, 'Nevsehir', ''),
(2317, 227, 'Nigde', ''),
(2318, 227, 'Ordu', ''),
(2319, 227, 'Osmaniye', ''),
(2320, 227, 'Rize', ''),
(2321, 227, 'Sakarya', ''),
(2322, 227, 'Samsun', ''),
(2323, 227, 'Şanlıurfa', ''),
(2324, 227, 'Siirt', ''),
(2325, 227, 'Sinop', ''),
(2326, 227, 'Şırnak', ''),
(2327, 227, 'Sivas', ''),
(2328, 227, 'Tekirdağ', ''),
(2329, 227, 'Tokat', ''),
(2330, 227, 'Trabzon', ''),
(2331, 227, 'Tunceli', ''),
(2332, 227, 'Uşak', ''),
(2333, 227, 'Van', ''),
(2334, 227, 'Yalova', ''),
(2335, 227, 'Yozgat', ''),
(2336, 227, 'Zonguldak', ''),
(2337, 228, 'Ahal', ''),
(2338, 230, 'Funafuti', ''),
(2339, 230, 'Vaitupu', ''),
(2340, 232, 'Saint Croix Island', ''),
(2341, 232, 'Saint John Island', ''),
(2342, 232, 'Saint Thomas Island', ''),
(2343, 233, 'Central Region', ''),
(2344, 234, 'Cherkas\'ka Oblast', ''),
(2345, 234, 'Chernihiv', ''),
(2346, 234, 'Chernivtsi', ''),
(2347, 234, 'Crimea', ''),
(2348, 234, 'Dnipropetrovska Oblast', ''),
(2349, 234, 'Donets\'ka Oblast', ''),
(2350, 234, 'Ivano-Frankivs\'ka Oblast', ''),
(2351, 234, 'Kharkivs\'ka Oblast', ''),
(2352, 234, 'Khersons\'ka Oblast', ''),
(2353, 234, 'Khmel\'nyts\'ka Oblast', ''),
(2354, 234, 'Kirovohrads\'ka Oblast', ''),
(2355, 234, 'Kyiv City', ''),
(2356, 234, 'Kyiv Oblast', ''),
(2357, 234, 'L\'vivs\'ka Oblast', ''),
(2358, 234, 'Luhans\'ka Oblast', ''),
(2359, 234, 'Misto Sevastopol\'', ''),
(2360, 234, 'Mykolayivs\'ka Oblast', ''),
(2361, 234, 'Odessa', ''),
(2362, 234, 'Poltavs\'ka Oblast', ''),
(2363, 234, 'Rivnens\'ka Oblast', ''),
(2364, 234, 'Sums\'ka Oblast', ''),
(2365, 234, 'Ternopil\'s\'ka Oblast', ''),
(2366, 234, 'Vinnyts\'ka Oblast', ''),
(2367, 234, 'Volyns\'ka Oblast', ''),
(2368, 234, 'Zakarpattia Oblast', ''),
(2369, 234, 'Zaporizhia', ''),
(2370, 234, 'Zhytomyrs\'ka Oblast', ''),
(2371, 235, 'Abu Dhabi', ''),
(2372, 235, 'Ajman', ''),
(2373, 235, 'Al Fujayrah', ''),
(2374, 235, 'Ash Shariqah', ''),
(2375, 235, 'Dubai', ''),
(2376, 235, 'Ra\'s al Khaymah', ''),
(2377, 236, 'England', ''),
(2378, 236, 'Northern Ireland', ''),
(2379, 236, 'Scotland', ''),
(2380, 236, 'Wales', ''),
(2381, 237, 'Alabama', 'AL'),
(2382, 237, 'Alaska', 'AK'),
(2383, 237, 'Arizona', 'AZ'),
(2384, 237, 'Arkansas', 'AR'),
(2385, 237, 'California', 'CA'),
(2386, 237, 'Colorado', 'CO'),
(2387, 237, 'Connecticut', 'CT'),
(2388, 237, 'Delaware', 'DE'),
(2389, 237, 'District of Columbia', 'DC'),
(2390, 237, 'Florida', 'FL'),
(2391, 237, 'Georgia', 'GA'),
(2392, 237, 'Hawaii', 'HI'),
(2393, 237, 'Idaho', 'ID'),
(2394, 237, 'Illinois', 'IL'),
(2395, 237, 'Indiana', 'IN'),
(2396, 237, 'Iowa', 'IA'),
(2397, 237, 'Kansas', 'KS'),
(2398, 237, 'Kentucky', 'KY'),
(2399, 237, 'Louisiana', 'LA'),
(2400, 237, 'Maine', 'ME'),
(2401, 237, 'Maryland', 'MD'),
(2402, 237, 'Massachusetts', 'MA'),
(2403, 237, 'Michigan', 'MI'),
(2404, 237, 'Minnesota', 'MN'),
(2405, 237, 'Mississippi', 'MS'),
(2406, 237, 'Missouri', 'MO'),
(2407, 237, 'Montana', 'MT'),
(2408, 237, 'Nebraska', 'NE'),
(2409, 237, 'Nevada', 'NV'),
(2410, 237, 'New Hampshire', 'NH'),
(2411, 237, 'New Jersey', 'NJ'),
(2412, 237, 'New Mexico', 'NM'),
(2413, 237, 'New York', 'NY'),
(2414, 237, 'North Carolina', 'NC'),
(2415, 237, 'North Dakota', 'ND'),
(2416, 237, 'Ohio', 'OH'),
(2417, 237, 'Oklahoma', 'OK'),
(2418, 237, 'Oregon', 'OR'),
(2419, 237, 'Pennsylvania', 'PA'),
(2420, 237, 'Rhode Island', 'RI'),
(2421, 237, 'South Carolina', 'SC'),
(2422, 237, 'South Dakota', 'SD'),
(2423, 237, 'Tennessee', 'TN'),
(2424, 237, 'Texas', 'TX'),
(2425, 237, 'Utah', 'UT'),
(2426, 237, 'Vermont', 'VT'),
(2427, 237, 'Virginia', 'VA'),
(2428, 237, 'Washington', 'WA'),
(2429, 237, 'West Virginia', 'WV'),
(2430, 237, 'Wisconsin', 'WI'),
(2431, 237, 'Wyoming', 'WY'),
(2432, 238, 'Canelones', ''),
(2433, 238, 'Colonia', ''),
(2434, 238, 'Departamento de Durazno', ''),
(2435, 238, 'Departamento de Montevideo', ''),
(2436, 238, 'Departamento de Paysandu', ''),
(2437, 238, 'Departamento de Salto', ''),
(2438, 238, 'Florida', ''),
(2439, 238, 'Lavalleja', ''),
(2440, 238, 'Maldonado', ''),
(2441, 238, 'Soriano', ''),
(2442, 239, 'Andijan', ''),
(2443, 239, 'Qashqadaryo', ''),
(2444, 239, 'Samarqand Viloyati', ''),
(2445, 239, 'Surxondaryo Viloyati', ''),
(2446, 239, 'Toshkent Shahri', ''),
(2447, 240, 'Penama Province', ''),
(2448, 240, 'Shefa Province', ''),
(2449, 242, 'Amazonas', ''),
(2450, 242, 'Anzoátegui', ''),
(2451, 242, 'Apure', ''),
(2452, 242, 'Aragua', ''),
(2453, 242, 'Barinas', ''),
(2454, 242, 'Bolívar', ''),
(2455, 242, 'Capital', ''),
(2456, 242, 'Carabobo', ''),
(2457, 242, 'Cojedes', ''),
(2458, 242, 'Delta Amacuro', ''),
(2459, 242, 'Dependencias Federales', ''),
(2460, 242, 'Estado Trujillo', ''),
(2461, 242, 'Falcón', ''),
(2462, 242, 'Guárico', ''),
(2463, 242, 'Lara', ''),
(2464, 242, 'Mérida', ''),
(2465, 242, 'Miranda', ''),
(2466, 242, 'Monagas', ''),
(2467, 242, 'Nueva Esparta', ''),
(2468, 242, 'Portuguesa', ''),
(2469, 242, 'Sucre', ''),
(2470, 242, 'Táchira', ''),
(2471, 242, 'Vargas', ''),
(2472, 242, 'Yaracuy', ''),
(2473, 242, 'Zulia', ''),
(2474, 243, 'An Giang', ''),
(2475, 243, 'Gia Lai', ''),
(2476, 243, 'Hau Giang', ''),
(2477, 243, 'Ho Chi Minh City', ''),
(2478, 243, 'Kon Tum', ''),
(2479, 243, 'Thanh Pho Can Tho', ''),
(2480, 243, 'Thanh Pho GJa Nang', ''),
(2481, 243, 'Thanh Pho Ha Noi', ''),
(2482, 243, 'Thanh Pho Hai Phong', ''),
(2483, 243, 'Tinh Ba Ria-Vung Tau', ''),
(2484, 243, 'Tinh Bac Giang', ''),
(2485, 243, 'Tinh Bac Ninh', ''),
(2486, 243, 'Tinh Ben Tre', ''),
(2487, 243, 'Tinh Binh Duong', ''),
(2488, 243, 'Tinh Binh GJinh', ''),
(2489, 243, 'Tinh Binh Thuan', ''),
(2490, 243, 'Tinh Ca Mau', ''),
(2491, 243, 'Tinh Dien Bien', ''),
(2492, 243, 'Tinh GJong Nai', ''),
(2493, 243, 'Tinh Ha Giang', ''),
(2494, 243, 'Tinh Ha Tinh', ''),
(2495, 243, 'Tinh Hai Duong', ''),
(2496, 243, 'Tinh Hoa Binh', ''),
(2497, 243, 'Tinh Hung Yen', ''),
(2498, 243, 'Tinh Khanh Hoa', ''),
(2499, 243, 'Tinh Lai Chau', ''),
(2500, 243, 'Tinh Lam GJong', ''),
(2501, 243, 'Tinh Lang Son', ''),
(2502, 243, 'Tinh Lao Cai', ''),
(2503, 243, 'Tinh Nam GJinh', ''),
(2504, 243, 'Tinh Nghe An', ''),
(2505, 243, 'Tinh Ninh Binh', ''),
(2506, 243, 'Tinh Phu Tho', ''),
(2507, 243, 'Tinh Quang Binh', ''),
(2508, 243, 'Tinh Quang Nam', ''),
(2509, 243, 'Tinh Quang Ngai', ''),
(2510, 243, 'Tinh Quang Ninh', ''),
(2511, 243, 'Tinh Quang Tri', ''),
(2512, 243, 'Tinh Soc Trang', ''),
(2513, 243, 'Tinh Son La', ''),
(2514, 243, 'Tinh Thai Binh', ''),
(2515, 243, 'Tinh Thai Nguyen', ''),
(2516, 243, 'Tinh Thanh Hoa', ''),
(2517, 243, 'Tinh Thua Thien-Hue', ''),
(2518, 243, 'Tinh Tien Giang', ''),
(2519, 243, 'Tinh Tra Vinh', ''),
(2520, 243, 'Tinh Tuyen Quang', ''),
(2521, 243, 'Tinh Vinh Long', ''),
(2522, 243, 'Tinh Vinh Phuc', ''),
(2523, 243, 'Tinh Yen Bai', ''),
(2524, 244, 'Circonscription d\'Uvea', ''),
(2525, 245, 'Aden', ''),
(2526, 245, 'Muhafazat Hadramawt', ''),
(2527, 245, 'Sanaa', ''),
(2528, 246, 'Central Province', ''),
(2529, 246, 'Copperbelt', ''),
(2530, 246, 'Luapula Province', ''),
(2531, 246, 'Lusaka Province', ''),
(2532, 246, 'North-Western Province', ''),
(2533, 246, 'Northern Province', ''),
(2534, 246, 'Southern Province', ''),
(2535, 246, 'Western Province', ''),
(2536, 247, 'Bulawayo', ''),
(2537, 247, 'Harare', ''),
(2538, 247, 'Mashonaland West', ''),
(2539, 247, 'Matabeleland North', ''),
(2540, 247, 'Matabeleland South Province', '');

-- --------------------------------------------------------

--
-- Table structure for table `reps`
--

CREATE TABLE `reps` (
  `rep_id` smallint(5) UNSIGNED NOT NULL,
  `rep_name` varchar(128) NOT NULL,
  `code` varchar(16) NOT NULL,
  `address` varchar(255) NOT NULL,
  `country_id` smallint(5) UNSIGNED NOT NULL,
  `region_id` smallint(5) UNSIGNED NOT NULL,
  `city_id` mediumint(8) UNSIGNED NOT NULL,
  `logo` varchar(255) NOT NULL,
  `url` varchar(255) NOT NULL,
  `email1` varchar(255) NOT NULL,
  `email2` varchar(255) NOT NULL,
  `phone1` varchar(32) NOT NULL,
  `phone2` varchar(32) NOT NULL
) ENGINE=InnoDB DEFAULT CHARSET=utf8;

--
-- RELATIONSHIPS FOR TABLE `reps`:
--

--
-- Dumping data for table `reps`
--

INSERT INTO `reps` (`rep_id`, `rep_name`, `code`, `address`, `country_id`, `region_id`, `city_id`, `logo`, `url`, `email1`, `email2`, `phone1`, `phone2`) VALUES
(9, 'KSA Lighting', 'KSA', '1220 Central Ave', 237, 2394, 74338, '', 'http://www.ksalighting.com/contact/', 'jwilliams@ksalighting.com', '', '630.307.6955', ''),
(10, 'PG enlighten', 'PG', '1830 B Howard Street', 237, 2394, 74448, '', 'http://www.pg-enlighten.com/', 'info@pg-enlighten.com', '', '847.228.1199', ''),
(11, 'Southern California Illumination 2', 'SCI', 'TEST 222', 40, 285, 9504, '', '', 'quotes@scilights.com', '', '', ''),
(14, 'Georgeos fasonakis', 'GGR', 'Grece 22', 165, 0, 0, '', '', '', '', '', '');

-- --------------------------------------------------------

--
-- Table structure for table `settings`
--

CREATE TABLE `settings` (
  `id` tinyint(4) NOT NULL,
  `days_recent_fams` smallint(6) NOT NULL,
  `days_recent_prj` smallint(6) NOT NULL
) ENGINE=InnoDB DEFAULT CHARSET=utf8;

--
-- RELATIONSHIPS FOR TABLE `settings`:
--

--
-- Dumping data for table `settings`
--

INSERT INTO `settings` (`id`, `days_recent_fams`, `days_recent_prj`) VALUES
(1, 2000, 2000);

-- --------------------------------------------------------

--
-- Table structure for table `sliders`
--

CREATE TABLE `sliders` (
  `slider_id` int(11) UNSIGNED NOT NULL,
  `sku` varchar(6) NOT NULL,
  `bgcolor` varchar(7) NOT NULL,
  `dt` datetime NOT NULL
) ENGINE=InnoDB DEFAULT CHARSET=utf8;

--
-- RELATIONSHIPS FOR TABLE `sliders`:
--

--
-- Dumping data for table `sliders`
--

INSERT INTO `sliders` (`slider_id`, `sku`, `bgcolor`, `dt`) VALUES
(4, 'PJ-1', '#000000', '2015-10-17 00:00:00'),
(5, '00', '#000000', '2015-10-21 00:00:00'),
(6, 'MP-1', '#000000', '2015-10-21 00:00:00'),
(7, 'INFO', '#ffffff', '2015-10-21 00:00:00'),
(8, 'RRR', '#a29b41', '2018-07-26 17:50:56');

-- --------------------------------------------------------

--
-- Table structure for table `sliders_images`
--

CREATE TABLE `sliders_images` (
  `image_id` int(10) UNSIGNED NOT NULL,
  `slider_id` int(10) UNSIGNED NOT NULL,
  `advertiser` varchar(255) NOT NULL,
  `sku_advertiser` varchar(3) NOT NULL,
  `img_src` varchar(255) NOT NULL,
  `alt_name` varchar(255) NOT NULL,
  `url` varchar(255) NOT NULL,
  `anchor_target` varchar(8) NOT NULL,
  `active_from` date NOT NULL,
  `active_to` date NOT NULL
) ENGINE=InnoDB DEFAULT CHARSET=utf8;

--
-- RELATIONSHIPS FOR TABLE `sliders_images`:
--   `slider_id`
--       `sliders` -> `slider_id`
--

--
-- Dumping data for table `sliders_images`
--

INSERT INTO `sliders_images` (`image_id`, `slider_id`, `advertiser`, `sku_advertiser`, `img_src`, `alt_name`, `url`, `anchor_target`, `active_from`, `active_to`) VALUES
(544, 5, 'LEDELUM', '', 'project2.jpg', '', '', '_blank', '2015-10-01', '2016-03-31'),
(545, 5, 'LEDELUM', '', 'product6.jpg', '', '', '_blank', '2015-10-02', '2016-03-31'),
(546, 5, 'LEDELUM', '', 'project1.jpg', '', '', '_blank', '2015-10-02', '2016-03-31'),
(547, 5, 'LEDELUM', '', 'product2.jpg', '', '', '_blank', '2015-10-01', '2016-03-31'),
(636, 7, 'LEDELUM', '', 'INFO_ledelum_gallery.jpg', '', 'http://www.ldlmlocal.com/family.php?f=GTM_ICO-CYLLW-2', '_blank', '2015-10-01', '2017-11-30'),
(637, 7, 'LEDELUM', '', 'INFO_ledelum_ad.jpg', '', 'http://www.ldlmlocal.com/family.php?f=ELM_E3R-L-F', '_blank', '2015-10-01', '2017-11-30'),
(638, 7, 'LEDELUM', '', 'INFO_ledelum_search.jpg', '', '', '_blank', '2015-10-01', '2017-11-30'),
(639, 7, 'LEDELUM', '', 'INFO_ledelum_events.jpg', '', '', '_blank', '2015-10-01', '2017-11-30'),
(680, 6, 'CDO', 'FRM', 'FORUM_LED_2017.jpg', 'Forum LED 2017', 'http://www.forumled.com/led/archives/category/home?lang=en', '_blank', '2016-11-01', '2018-01-31'),
(681, 6, 'ILUMT', 'ILU', 'Illuminotronica_2017.jpg', 'Illuminotronica 2017', 'https://illuminotronica.it/', '_blank', '2015-10-21', '2018-01-31'),
(682, 6, 'LED CHINA', 'LED', 'LED_CHINA_2017.jpg', 'LED CHINA 2017', 'http://www.ledchina-sh.com/en-us/', '_blank', '2015-09-30', '2018-01-31'),
(683, 6, 'LEDELUM', '', 'lighbuilding.jpg', 'light building', 'http://light-building.messefrankfurt.com/frankfurt/de/besucher/willkommen.html', '_blank', '2015-10-01', '2016-03-28'),
(684, 6, 'Luger Research', 'LPS', 'LpS2017.jpg', '6th International LED professional Symposium +Expo | LpS 2017', 'http://www.led-professional-symposium.com/', '_blank', '2016-03-30', '2018-01-31'),
(685, 6, 'ACM', 'ACM', '160628-LTE-Ledelum_1200x350_banner.jpg', 'LightingTech Egypt conference ', 'http://www.acm-events.com ', '_blank', '2016-07-02', '2017-02-01'),
(694, 4, 'LEDELUM', '', 'project1.jpg', '', '', '_blank', '2015-10-01', '2018-03-31'),
(695, 4, 'LEDELUM', '', 'Tokyo_International_Forum.jpg', '', '', '_blank', '2015-10-01', '2018-03-31'),
(696, 4, 'LEDELUM', '', 'project3.jpg', '', '', '_blank', '2015-10-01', '2018-03-31'),
(697, 4, 'LEDELUM', '', 'project4.jpg', '', '', '_blank', '2015-10-01', '2018-03-31'),
(712, 8, 'GAGR2', 'G-2', 'image1-2.jpg', 'alt 1-2', 'www.grib2.com', '_blank', '2015-10-01', '2015-10-30'),
(713, 8, 'GAGO2', 'GA2', 'image2-2.jpg', 'alt 2-2', 'www.grib2-2.com', '_blank', '2018-07-01', '2018-07-30'),
(714, 8, 'HACH', 'HUS', 'imager3.jpg', 'alt3', 'eewrwer', '_blank', '2018-07-01', '2018-07-30'),
(715, 8, 'OOP', 'oop', 'oop.jpg', 'alopp', '', '_self', '2018-07-05', '2018-07-13');

-- --------------------------------------------------------

--
-- Table structure for table `sliders_pages`
--

CREATE TABLE `sliders_pages` (
  `page_id` int(11) NOT NULL,
  `page_name` varchar(255) NOT NULL,
  `slider_id` int(11) NOT NULL
) ENGINE=InnoDB DEFAULT CHARSET=utf8;

--
-- RELATIONSHIPS FOR TABLE `sliders_pages`:
--

--
-- Dumping data for table `sliders_pages`
--

INSERT INTO `sliders_pages` (`page_id`, `page_name`, `slider_id`) VALUES
(1, 'Profesional Search', 8),
(2, 'Media Partners', 4),
(3, 'Projects Library', 8),
(4, 'Browse by Manufacturer', 8),
(5, 'My Projects', 7),
(6, 'Ledelum Statistics', 6),
(7, 'New Product Guide', 8),
(8, 'Events', 7),
(9, 'News', 8),
(10, 'Ledelum Surveys', 4),
(11, 'Terminology', 8),
(12, 'About Us', 6),
(13, 'Advertisement Opportunities', 7),
(14, 'Membership Opportunities', 7),
(15, 'Privacy Policy', 8),
(16, 'Industry', 6),
(17, 'FAQ', 6),
(18, 'Disclaimer', 7),
(19, 'Post Your Project', 8),
(20, 'Applications', 8);

-- --------------------------------------------------------

--
-- Table structure for table `specs`
--

CREATE TABLE `specs` (
  `node_id` smallint(5) UNSIGNED NOT NULL,
  `parent_id` smallint(5) UNSIGNED NOT NULL,
  `name` varchar(32) NOT NULL,
  `lft` smallint(5) UNSIGNED NOT NULL,
  `rgt` smallint(10) UNSIGNED NOT NULL
) ENGINE=InnoDB DEFAULT CHARSET=utf8;

--
-- RELATIONSHIPS FOR TABLE `specs`:
--

--
-- Dumping data for table `specs`
--

INSERT INTO `specs` (`node_id`, `parent_id`, `name`, `lft`, `rgt`) VALUES
(1, 0, 'Specifications', 1, 1422),
(2, 1, 'Fixture Type', 2, 83),
(3, 1, 'Mounting Type', 84, 127),
(4, 1, 'Environment/Listing', 128, 161),
(5, 1, 'Shape', 162, 173),
(6, 1, 'Size', 174, 231),
(7, 1, 'Linear Configuration', 232, 287),
(8, 1, 'Aperture Type', 288, 335),
(9, 1, 'Multiples', 336, 353),
(10, 1, 'CCT/Color', 354, 399),
(11, 1, 'CRI', 400, 411),
(12, 1, 'Optics', 412, 471),
(13, 1, 'Aiming', 472, 485),
(14, 1, 'Lumen Maintenance', 486, 507),
(15, 1, 'Watt', 508, 569),
(16, 1, 'Lumens', 570, 653),
(17, 1, 'Efficacy', 654, 667),
(19, 1, 'Dimming', 668, 775),
(20, 1, 'Voltage/Electrical', 776, 821),
(21, 1, 'Recessed Options', 822, 891),
(22, 1, 'Housing Depth', 892, 919),
(23, 1, 'Compliances', 920, 945),
(24, 1, 'Warranty', 946, 953),
(25, 1, 'Quick Ship', 954, 965),
(26, 2, 'Area and Site', 3, 4),
(27, 2, 'Area Decorative', 5, 6),
(28, 2, 'Modular', 7, 8),
(29, 2, 'Floodlight', 9, 10),
(30, 2, 'Floodlight Linear', 11, 12),
(31, 2, 'Façade Architectural', 13, 14),
(32, 2, 'Façade Utility', 15, 16),
(33, 2, 'Steplight', 17, 18),
(34, 2, 'Parking Garage/Canopy', 19, 20),
(35, 2, 'Road & Infrastructure', 21, 22),
(36, 2, 'Downlight Adjustable', 23, 24),
(37, 2, 'Accent Linear', 25, 26),
(38, 2, 'Downlight', 27, 28),
(39, 2, 'Wall Wash', 29, 30),
(40, 2, 'Portables/Standalone', 31, 32),
(41, 2, 'Perimiter', 33, 34),
(42, 2, 'General Architectural', 35, 36),
(43, 2, 'Linear Architectural', 37, 38),
(44, 2, 'Decorative', 39, 40),
(45, 2, 'Troffer', 41, 42),
(46, 2, 'Teleconference', 43, 44),
(47, 2, 'Sports', 45, 46),
(48, 2, 'Combo Lighting', 47, 48),
(49, 2, 'Cove Light', 49, 50),
(50, 2, 'Flexible Lighting', 51, 52),
(51, 2, 'Direct View', 53, 54),
(52, 2, 'Cabinet/Case', 55, 56),
(53, 2, 'High Bay', 57, 58),
(54, 3, 'Pole/Mast Arm', 85, 86),
(55, 3, 'Pole/Post Top', 87, 88),
(56, 3, 'Bollard', 89, 90),
(57, 3, 'Spike/Stem', 91, 92),
(58, 3, 'Canopy Recessed', 93, 94),
(59, 3, 'In-grade', 95, 96),
(60, 3, 'Ceiling Recessed', 97, 98),
(61, 3, 'Ceiling Surface', 99, 100),
(62, 3, 'Millwork Recessed', 101, 102),
(63, 3, 'Monopoint', 103, 104),
(64, 3, 'Pendant', 105, 106),
(65, 3, 'Clamp', 107, 108),
(66, 3, 'Rail', 109, 110),
(67, 3, 'Retrofit', 111, 112),
(68, 3, 'Surface', 113, 114),
(69, 3, 'Track/Busway', 115, 116),
(70, 3, 'Wall Recessed', 117, 118),
(71, 3, 'Wall Surface', 119, 120),
(74, 4, 'Damp', 129, 130),
(75, 4, 'Shower', 131, 132),
(76, 4, 'Wet', 133, 134),
(77, 4, 'Wet IP65', 135, 136),
(78, 4, 'Wet IP66', 137, 138),
(79, 4, 'Wet IP67', 139, 140),
(80, 4, 'Submersible IP68', 141, 142),
(81, 4, 'Natatorium', 143, 144),
(82, 4, 'Hazardous', 145, 146),
(83, 4, 'Marine', 147, 148),
(84, 4, 'Vandal', 149, 150),
(85, 4, 'Refrigerator', 151, 152),
(86, 4, 'Vapor Proof', 153, 154),
(87, 5, 'Round', 163, 164),
(88, 5, 'Square', 165, 166),
(89, 8, 'Diodes', 289, 290),
(90, 8, 'Diodes with Optics', 291, 292),
(91, 8, 'Reflector', 293, 294),
(92, 8, 'Baffle', 295, 296),
(93, 8, 'Beveled', 297, 298),
(94, 8, 'Pinhole', 299, 300),
(95, 8, 'Lensed Reflector', 301, 302),
(96, 8, 'Regressed Diffuser', 303, 304),
(97, 8, 'Flush Diffuser', 305, 306),
(98, 8, 'Dropped Diffuser', 307, 308),
(99, 8, 'Direct/Indiret Optics', 309, 310),
(100, 8, 'Light Wave Optics', 311, 312),
(101, 8, 'Parabolic Optics', 313, 314),
(105, 13, 'Adjustable', 473, 474),
(107, 13, 'Hot Aiming', 475, 476),
(108, 13, 'Pre Aimed', 477, 478),
(109, 13, 'Remote Aiming', 479, 480),
(110, 24, '1 Year at least', 947, 948),
(111, 24, '5 Years at least', 949, 950),
(112, 24, '10 Years at least', 951, 952),
(113, 25, 'Stock', 955, 956),
(114, 25, '5 days or less', 957, 958),
(115, 25, '10 days or less', 959, 960),
(141, 6, '0.5\" Width', 175, 176),
(142, 6, '1\" Width', 177, 178),
(143, 6, '2\" Width', 179, 180),
(144, 6, '3\" Width', 181, 182),
(146, 6, '4\" Width', 183, 184),
(147, 6, '5\" Width', 185, 186),
(148, 6, '6\" Width', 187, 188),
(149, 6, '7\" Width', 189, 190),
(150, 6, '8\" Width', 191, 192),
(151, 6, '9\" Width', 193, 194),
(152, 6, '10\" Width', 195, 196),
(153, 6, '12\" Width', 197, 198),
(154, 6, '15\" Width', 199, 200),
(155, 6, '18\" Width', 201, 202),
(156, 6, '2 Ft Width', 203, 204),
(157, 6, '2.5 Ft Width', 205, 206),
(158, 6, '3 Ft Width', 207, 208),
(159, 6, '4 Ft Width', 209, 210),
(160, 6, '5 Ft Width', 211, 212),
(161, 6, '6 Ft Width', 213, 214),
(162, 6, '8 + Ft Width', 215, 216),
(163, 6, '1 Ft x 1 Ft', 217, 218),
(164, 6, '1 Ft x 2 Ft', 219, 220),
(180, 12, 'Distribution Directions', 413, 424),
(181, 180, 'Direct', 414, 415),
(182, 180, 'Indirect', 416, 417),
(183, 180, 'Direct/Indirect', 418, 419),
(184, 12, 'Distribution Type', 425, 466),
(185, 184, 'Narrow', 426, 427),
(186, 184, 'Medium', 428, 429),
(187, 184, 'Flood', 430, 431),
(188, 184, 'Wide Flood', 432, 433),
(189, 184, 'Asymmetric/Wash', 434, 435),
(190, 184, 'Batwing', 436, 437),
(191, 184, 'Grazing', 438, 439),
(192, 184, 'Area I', 440, 441),
(193, 184, 'Area II', 442, 443),
(194, 184, 'Area III', 444, 445),
(195, 184, 'Area IV', 446, 447),
(196, 184, 'Area V', 448, 449),
(197, 20, 'Integral', 777, 784),
(198, 20, 'Voltage', 785, 804),
(199, 20, 'EM', 805, 810),
(200, 20, 'Track', 811, 820),
(201, 197, 'Integral', 778, 779),
(202, 197, 'Remote', 780, 781),
(203, 198, 'Low Voltage', 786, 787),
(204, 198, 'UNV 120-277 V', 788, 789),
(205, 198, '120 V', 790, 791),
(206, 198, '277 V', 792, 793),
(207, 198, '347 V', 794, 795),
(208, 198, '480 V', 796, 797),
(209, 198, 'UNC 347-480 V', 798, 799),
(210, 199, 'EM Integral', 806, 807),
(211, 200, '1 Circuit Track', 812, 813),
(212, 200, '2 Circuits Track', 814, 815),
(213, 200, '3 Circuits Track', 816, 817),
(214, 200, '3+ Circuits Track', 818, 819),
(216, 21, 'Installation', 823, 852),
(218, 21, 'Housing Type', 853, 890),
(220, 216, 'Drywall', 824, 825),
(221, 216, 'Drywall Trimless', 826, 827),
(222, 216, 'T-Grid', 828, 829),
(223, 216, 'Tech Zone', 830, 831),
(224, 216, 'Wood', 832, 833),
(225, 218, 'New Construction', 854, 855),
(226, 218, 'New IC', 856, 857),
(227, 218, 'New Chicago Plenum', 858, 859),
(228, 218, 'Remodel', 860, 861),
(229, 218, 'Remodel IC', 862, 863),
(230, 218, 'Retrofit', 864, 865),
(231, 218, 'Junction Box', 866, 867),
(232, 218, 'Fixture', 868, 869),
(233, 218, 'Modular Through', 870, 871),
(234, 218, 'New Air Tight', 872, 873),
(235, 218, 'New IC Air Tight', 874, 875),
(236, 218, 'Remodel Air Tight', 876, 877),
(237, 218, 'Remodel IC Air Tight', 878, 879),
(238, 218, 'Remodel Chicago Plenum', 880, 881),
(239, 218, 'Air Return', 882, 883),
(240, 14, 'LM-80', 487, 498),
(241, 14, 'TM-21', 499, 506),
(243, 10, 'Amber (WildLife)', 355, 356),
(244, 10, '2400K or less', 357, 358),
(245, 10, '2700K', 359, 360),
(246, 10, '2700K Warm Dim', 361, 362),
(247, 10, '3000K', 363, 364),
(248, 10, '3000K Warm Dim', 365, 366),
(249, 10, '3500K', 367, 368),
(250, 10, '3500K Warm Dim', 369, 370),
(251, 10, '4000K', 371, 372),
(252, 10, '4500K', 373, 374),
(253, 10, '5000K', 375, 376),
(254, 10, '5500K', 377, 378),
(255, 10, '5700K', 379, 380),
(256, 10, '6000K', 381, 382),
(257, 10, 'RGB', 383, 384),
(258, 10, 'RGBW', 385, 386),
(259, 10, 'RGBA', 387, 388),
(260, 10, 'Blue', 389, 390),
(261, 19, 'Dimming Range', 669, 682),
(262, 19, 'Dimming Type', 683, 744),
(263, 261, 'Dimmable', 670, 671),
(264, 262, 'TRIAC/Forward/Leading', 684, 685),
(265, 262, 'ELV/Reverse/Trailing', 686, 687),
(266, 262, '0-10V', 688, 689),
(267, 262, '3-Wire Dimming', 690, 691),
(268, 262, 'Lutron Hi-Lume 3-wire/EcoSystem', 692, 693),
(269, 262, 'Lutron Hi-Lume 2-wire', 694, 695),
(270, 262, 'Lutron EcoSystem H', 696, 697),
(278, 9, '1 Light', 337, 338),
(279, 9, '2 Lights', 339, 340),
(280, 9, '3 Lights', 341, 342),
(281, 9, '4 Lights', 343, 344),
(282, 9, '5 Lights', 345, 346),
(283, 9, '6 Lights', 347, 348),
(284, 9, '7 Lights', 349, 350),
(285, 9, '8 or more Lights', 351, 352),
(311, 7, 'Configuration', 233, 256),
(313, 7, 'Length', 257, 286),
(314, 311, 'Continuous', 234, 235),
(315, 311, 'With Corners', 236, 237),
(317, 311, 'With Lit Corners', 238, 239),
(318, 313, 'Less than 1 Ft', 258, 259),
(319, 313, '1 Ft', 260, 261),
(320, 313, '2 Ft', 262, 263),
(321, 313, '3 Ft', 264, 265),
(322, 313, '4 Ft', 266, 267),
(323, 313, '5 Ft', 268, 269),
(324, 313, '6 Ft', 270, 271),
(325, 313, '7 Ft', 272, 273),
(326, 313, '8 Ft', 274, 275),
(327, 313, '9 Ft', 276, 277),
(328, 313, '10 Ft', 278, 279),
(329, 313, '11 Ft', 280, 281),
(330, 15, 'watt', 509, 548),
(331, 330, '3 or less W', 510, 511),
(332, 330, '5 W', 512, 513),
(333, 330, '10 W', 514, 515),
(334, 330, '15 W', 516, 517),
(335, 330, '20 W', 518, 519),
(336, 330, '30 W', 520, 521),
(337, 330, '30 - 50 W', 522, 523),
(338, 330, '50 - 75 W', 524, 525),
(339, 330, '75 - 100 W', 526, 527),
(340, 330, '100 - 150 W', 528, 529),
(341, 330, '150 - 250 W', 530, 531),
(342, 330, '250 -350 W', 532, 533),
(343, 15, 'watt_linear', 549, 568),
(344, 343, '1 W / Ft or less', 550, 551),
(345, 343, '1-2 W / Ft', 552, 553),
(346, 343, '2-3 W / Ft', 554, 555),
(347, 343, '3-5 W / Ft', 556, 557),
(348, 343, '5-7 W / Ft', 558, 559),
(349, 343, '7-10 W / Ft', 560, 561),
(350, 343, '10-15 W / Ft', 562, 563),
(351, 343, '15-25 W / Ft', 564, 565),
(356, 11, '60 or higher', 401, 402),
(357, 11, '70 or higher', 403, 404),
(358, 11, '80 or higher', 405, 406),
(360, 11, '90 or higher', 407, 408),
(361, 11, '95 or higher', 409, 410),
(362, 16, 'Lumens', 571, 628),
(363, 16, 'Lumens linear', 629, 652),
(364, 362, '100 Lm or less', 572, 573),
(365, 362, '200 Lm', 574, 575),
(366, 362, '300 Lm', 576, 577),
(367, 362, '500 Lm', 578, 579),
(368, 362, '750 Lm', 580, 581),
(369, 362, '1,000 Lm', 582, 583),
(370, 362, '1,500 Lm', 584, 585),
(371, 362, '2,000 Lm', 586, 587),
(372, 362, '2,500 Lm', 588, 589),
(373, 362, '3,000 Lm', 590, 591),
(374, 362, '4,000 Lm', 592, 593),
(375, 362, '5,000 Lm', 594, 595),
(376, 362, '6,000 Lm', 596, 597),
(377, 362, '8,000 Lm', 598, 599),
(378, 363, '100 Lm/Ft', 630, 631),
(379, 363, '200 Lm/Ft', 632, 633),
(380, 363, '300 Lm/Ft', 634, 635),
(381, 363, '400 Lm/Ft', 636, 637),
(382, 363, '500 Lm/Ft', 638, 639),
(383, 363, '750 Lm/Ft', 640, 641),
(384, 363, '1,000 Lm/Ft', 642, 643),
(385, 363, '1,500 Lm/Ft', 644, 645),
(386, 22, '1\" or less', 893, 894),
(387, 22, '2\" or less', 895, 896),
(388, 22, '3\" or less', 897, 898),
(389, 22, '4\" or less', 899, 900),
(390, 22, '5\" or less', 901, 902),
(391, 22, '6\" or less', 903, 904),
(392, 22, '7\" or less', 905, 906),
(393, 22, '8\" or less', 907, 908),
(394, 22, '10\" or less', 909, 910),
(395, 22, '12\" or less', 911, 912),
(396, 22, '16\" or less', 913, 914),
(397, 12, 'Night Sky', 467, 470),
(398, 397, 'Night Sky', 468, 469),
(399, 17, '30 Lm/Wt or higher', 655, 656),
(400, 17, '50 Lm/Wt or higher', 657, 658),
(401, 17, '70 Lm/Wt or higher', 659, 660),
(402, 17, '90 Lm/Wt or higher', 661, 662),
(403, 17, '120 Lm/Wt or higher', 663, 664),
(404, 17, '150 Lm/Wt or higher', 665, 666),
(405, 23, 'UL/ETL', 921, 928),
(406, 23, 'Energy', 929, 936),
(407, 23, 'ADA', 937, 944),
(408, 405, 'UL', 922, 923),
(409, 405, 'ETL', 924, 925),
(410, 405, 'CSA', 926, 927),
(411, 406, 'Energy Star**', 930, 931),
(412, 406, 'Title 24**', 932, 933),
(413, 406, 'DLC**', 934, 935),
(414, 407, 'ADA', 938, 939),
(415, 407, 'Made in USA', 940, 941),
(416, 407, 'IBEW', 942, 943),
(417, 240, '30,000 or more', 488, 489),
(418, 240, '50,000 or more', 490, 491),
(419, 240, '75,000 or more', 492, 493),
(420, 240, '100,000 or more', 494, 495),
(421, 240, '150,000 or more', 496, 497),
(423, 241, '25,000 or more TM21', 500, 501),
(424, 241, '35,000 or more TM21', 502, 503),
(425, 241, '60,000 TM21', 504, 505),
(426, 1, 'Manufacturers', 966, 1329),
(427, 426, '1', 967, 968),
(428, 426, '2', 969, 970),
(429, 426, '3', 971, 972),
(430, 426, '4', 973, 974),
(431, 426, '5', 975, 976),
(432, 426, '6', 977, 978),
(433, 426, '7', 979, 980),
(435, 426, '9', 981, 982),
(436, 426, '10', 983, 984),
(438, 426, '12', 985, 986),
(439, 426, '13', 987, 988),
(440, 426, '14', 989, 990),
(442, 1, 'Brands', 1330, 1383),
(443, 442, '4', 1331, 1332),
(444, 442, '2', 1333, 1334),
(446, 198, '208 V', 800, 801),
(448, 2, 'Low Bay', 59, 60),
(449, 2, 'Industrial/Utility', 61, 62),
(450, 4, 'Clean Room', 155, 156),
(451, 4, 'MRI', 157, 158),
(452, 5, 'Rectangular', 167, 168),
(453, 5, 'Linear', 169, 170),
(454, 5, 'Other', 171, 172),
(455, 6, '1 Ft x 4 Ft', 221, 222),
(457, 6, '2 Ft x 2 Ft', 223, 224),
(458, 311, 'Side Lit Continuous', 240, 241),
(459, 311, 'With Side Lit Corners', 242, 243),
(460, 311, 'Wall to Ceiling Lit', 244, 245),
(461, 311, 'Modular', 246, 247),
(462, 311, 'Quick Connect', 248, 249),
(463, 311, 'Daisy Chain', 250, 251),
(464, 313, '12 Ft', 282, 283),
(465, 313, 'more than 12 Ft', 284, 285),
(466, 8, 'Basket', 315, 316),
(467, 8, 'Decorative Diffuser', 317, 318),
(468, 8, 'Clear Lens', 319, 320),
(469, 8, 'Louvers', 321, 322),
(470, 8, 'Shielded', 323, 324),
(471, 10, 'Green', 391, 392),
(472, 10, 'Red', 393, 394),
(473, 10, 'Yellow/Amber', 395, 396),
(474, 180, 'Omni-Directional', 420, 421),
(475, 180, 'Pattern', 422, 423),
(477, 261, 'Dimmable to 1%', 672, 673),
(481, 197, 'Solar', 782, 783),
(482, 216, 'Wood Trimless', 834, 835),
(483, 216, 'Concrete', 836, 837),
(484, 216, 'Concrete Drive Over', 838, 839),
(485, 216, 'Concrete Trimless', 840, 841),
(486, 216, 'Trimless Drive Over', 842, 843),
(487, 216, 'Ground', 844, 845),
(488, 216, 'Masonry', 846, 847),
(489, 216, 'Masonry Trimless', 848, 849),
(490, 216, 'Masonry Drive Over', 850, 851),
(491, 218, 'Direct Burial', 884, 885),
(492, 218, 'Concrete Pour', 886, 887),
(493, 218, 'Drywall Thickness', 888, 889),
(494, 25, '2 Weeks or less', 961, 962),
(495, 25, '4 Weeks or less', 963, 964),
(496, 1, 'Light Source', 1384, 1407),
(497, 496, 'LED Fixture', 1385, 1386),
(498, 496, 'OLED Fixture', 1387, 1388),
(499, 496, 'LED PAR 20 - Bulb', 1389, 1390),
(500, 362, '10,000 Lm', 600, 601),
(501, 362, '15,000 Lm', 602, 603),
(502, 362, '20,000 Lm', 604, 605),
(503, 362, '25,000 Lm', 606, 607),
(504, 362, '30,000 Lm', 608, 609),
(505, 362, '40,000 Lm', 610, 611),
(506, 362, '50,000 Lm', 612, 613),
(507, 362, '75,000 Lm', 614, 615),
(508, 362, '100,000 Lm', 616, 617),
(509, 362, '125,000 Lm', 618, 619),
(510, 362, '150,000 Lm', 620, 621),
(511, 362, '200,000 Lm', 622, 623),
(512, 362, '300,000 Lm', 624, 625),
(513, 362, '500,000 Lm or more', 626, 627),
(514, 363, '2,000 Lm/Ft', 646, 647),
(515, 363, '2,500 Lm/Ft', 648, 649),
(516, 363, '3,000 or more Lm/Ft', 650, 651),
(517, 19, 'Controls', 745, 774),
(518, 517, 'Integral OC/Daylight', 746, 747),
(519, 517, 'Wireless', 748, 749),
(520, 426, '17', 991, 992),
(521, 426, '18', 993, 994),
(522, 426, '19', 995, 996),
(523, 8, 'Other', 325, 326),
(524, 184, 'Area 90°', 450, 451),
(525, 184, 'Petroleum', 452, 453),
(526, 184, 'Dealership', 454, 455),
(527, 184, 'General', 456, 457),
(528, 199, 'EM Remote', 808, 809),
(529, 6, '2 Ft x 4 Ft', 225, 226),
(530, 6, '4 Ft x 4 Ft', 227, 228),
(531, 22, '18\" or less', 915, 916),
(534, 496, 'LED PAR 30 - Bulb', 1391, 1392),
(535, 496, 'LED PAR 38 - Bulb', 1393, 1394),
(536, 496, 'LED AR - Bulb', 1395, 1396),
(537, 496, 'LED MR - Bulb', 1397, 1398),
(538, 496, 'LED A - Bulb', 1399, 1400),
(539, 184, 'Volumetric', 458, 459),
(540, 426, '20', 997, 998),
(541, 426, '21', 999, 1000),
(542, 426, '22', 1001, 1002),
(543, 2, 'Multiple Lighting', 63, 64),
(544, 13, 'Locking Adjustable', 481, 482),
(545, 13, 'Hot Aiming w/Locking', 483, 484),
(546, 198, '240 V', 802, 803),
(547, 8, 'Optical Accessories', 327, 328),
(548, 8, 'xx Flat Diffuser', 329, 330),
(549, 8, 'xx Micro Optics', 331, 332),
(550, 426, '23', 1003, 1004),
(552, 426, '25', 1005, 1006),
(553, 426, '26', 1007, 1008),
(554, 343, '25 W / Ft or more', 566, 567),
(555, 426, '27', 1009, 1010),
(557, 8, 'Curved/Sloped Diffuser', 333, 334),
(558, 426, '28', 1011, 1012),
(559, 184, 'Direct View', 460, 461),
(560, 330, '350 - 500 W', 534, 535),
(561, 426, '29', 1013, 1014),
(562, 426, '30', 1015, 1016),
(563, 517, 'Motion/Photocell', 750, 751),
(564, 426, '31', 1017, 1018),
(565, 426, '32', 1019, 1020),
(566, 442, '5', 1335, 1336),
(567, 517, 'Photocell', 752, 753),
(568, 330, '500 ‐ 750 W', 536, 537),
(569, 330, '750 ‐ 1000 W', 538, 539),
(570, 330, '1000 - 1500 W', 540, 541),
(571, 330, '1500 - 2000 W', 542, 543),
(572, 330, '2000 or more', 544, 545),
(573, 426, '33', 1021, 1022),
(574, 426, '34', 1023, 1024),
(575, 426, '35', 1025, 1026),
(576, 10, 'Tunable White', 397, 398),
(577, 2, 'Wall Wash Linear', 65, 66),
(578, 426, '36', 1027, 1028),
(579, 6, '18\"', 229, 230),
(580, 311, 'Side to Side', 252, 253),
(581, 426, '37', 1029, 1030),
(582, 426, '38', 1031, 1032),
(583, 184, 'Forward Throw', 462, 463),
(585, 426, '39', 1033, 1034),
(588, 442, '6', 1337, 1338),
(589, 22, '24\" or less. TEST', 917, 918),
(590, 426, '40', 1035, 1036),
(599, 517, 'Lumentalk™', 754, 755),
(600, 517, 'Fifth Light®', 756, 757),
(601, 517, 'Redwood®', 758, 759),
(602, 517, 'XPoint™ Wireless', 760, 761),
(603, 517, 'Lutron®', 762, 763),
(604, 517, 'Ethernet', 764, 765),
(605, 517, 'nLight®', 766, 767),
(608, 517, 'xxx Advanced Mark 10 LV', 768, 769),
(609, 517, 'Enlighted', 770, 771),
(611, 426, '41', 1037, 1038),
(612, 442, '7', 1339, 1340),
(613, 426, '42', 1039, 1040),
(614, 517, 'Daintree Networks', 772, 773),
(615, 442, '8', 1341, 1342),
(616, 426, '43', 1041, 1042),
(617, 261, 'Dimmable to 0.1%*', 674, 675),
(618, 261, 'Bi-Level Switching', 676, 677),
(619, 261, 'Step Dimming', 678, 679),
(620, 262, 'Lutron EcoSystem 5', 698, 699),
(621, 262, 'DALI', 700, 701),
(622, 262, 'DVI', 702, 703),
(623, 262, 'DMX', 704, 705),
(624, 262, 'Step Dimming', 706, 707),
(625, 262, 'Built-in dimmer', 708, 709),
(626, 262, 'Bi-Level Switching', 710, 711),
(627, 262, 'Hi/Low Switching', 712, 713),
(628, 262, 'Fifth Light DALI', 714, 715),
(629, 262, 'Hi-lume Premier 3-wire', 716, 717),
(630, 262, 'Hi-lume Premier EcoSystem', 718, 719),
(631, 262, 'eldoLED ECO 0-10V', 720, 721),
(632, 262, 'eldoLED SOLO 0-10V', 722, 723),
(633, 262, 'eldoLED SOLO DALI', 724, 725),
(634, 262, 'eldoLED POWE DMX/RDM', 726, 727),
(635, 262, 'Advanced Mark 10 LV', 728, 729),
(636, 262, 'Other LED dimming', 730, 731),
(637, 261, 'Non-Dimmable', 680, 681),
(638, 426, '44', 1043, 1044),
(639, 442, '9', 1343, 1344),
(640, 426, '45', 1045, 1046),
(641, 262, 'Ethernet', 732, 733),
(642, 311, 'Standalone', 254, 255),
(643, 426, '46', 1047, 1048),
(644, 442, '10', 1345, 1346),
(645, 426, '47', 1049, 1050),
(646, 426, '48', 1051, 1052),
(647, 184, 'Aisle', 464, 465),
(648, 426, '51', 1053, 1054),
(649, 2, 'Landscape & Path Light', 67, 68),
(650, 442, '11', 1347, 1348),
(651, 426, '52', 1055, 1056),
(652, 3, 'Track/Busway Recessed', 121, 122),
(653, 2, 'Luminous Surfaces', 69, 70),
(654, 2, 'Custom', 71, 72),
(655, 2, 'Theatrical', 73, 74),
(656, 1, 'LED Brand', 1408, 1421),
(657, 2, 'Track Lighting', 75, 76),
(658, 2, 'Accent', 77, 78),
(659, 2, 'Multiple', 79, 80),
(660, 2, 'In-grade', 81, 82),
(661, 426, '53', 1057, 1058),
(662, 262, 'Lutron EcoSystem', 734, 735),
(663, 426, '54', 1059, 1060),
(664, 3, 'Monorail', 123, 124),
(665, 4, 'Food Processing', 159, 160),
(666, 3, 'Wall Arm', 125, 126),
(667, 426, '55', 1061, 1062),
(668, 426, '56', 1063, 1064),
(669, 426, '57', 1065, 1066),
(670, 426, '58', 1067, 1068),
(671, 426, '59', 1069, 1070),
(672, 426, '60', 1071, 1072),
(673, 656, 'Xicato', 1409, 1410),
(674, 656, 'Bridgelux', 1411, 1412),
(675, 656, 'Cree', 1413, 1414),
(676, 656, 'Philips', 1415, 1416),
(677, 656, 'Samsung', 1417, 1418),
(678, 656, 'Osram', 1419, 1420),
(679, 426, '61', 1073, 1074),
(680, 262, 'EldoLED 0-10V', 736, 737),
(681, 262, 'EldoLED DALI', 738, 739),
(682, 262, 'EldoLED DMX/RDM', 740, 741),
(683, 262, 'Lutron Hi-Lume', 742, 743),
(684, 426, '62', 1075, 1076),
(685, 426, '63', 1077, 1078),
(686, 426, '64', 1079, 1080),
(687, 426, '65', 1081, 1082),
(688, 426, '66', 1083, 1084),
(689, 426, '67', 1085, 1086),
(690, 426, '68', 1087, 1088),
(691, 426, '69', 1089, 1090),
(692, 426, '70', 1091, 1092),
(693, 426, '71', 1093, 1094),
(694, 330, '25 W', 546, 547),
(695, 442, '12', 1349, 1350),
(696, 426, '72', 1095, 1096),
(697, 426, '73', 1097, 1098),
(698, 426, '74', 1099, 1100),
(699, 426, '75', 1101, 1102),
(700, 426, '76', 1103, 1104),
(701, 426, '77', 1105, 1106),
(702, 426, '78', 1107, 1108),
(703, 426, '79', 1109, 1110),
(704, 426, '80', 1111, 1112),
(705, 426, '81', 1113, 1114),
(706, 426, '82', 1115, 1116),
(707, 426, '83', 1117, 1118),
(708, 426, '84', 1119, 1120),
(709, 426, '88', 1121, 1122),
(710, 426, '89', 1123, 1124),
(711, 426, '90', 1125, 1126),
(712, 426, '91', 1127, 1128),
(713, 426, '92', 1129, 1130),
(714, 426, '93', 1131, 1132),
(715, 426, '94', 1133, 1134),
(716, 426, '95', 1135, 1136),
(717, 426, '96', 1137, 1138),
(718, 426, '97', 1139, 1140),
(719, 426, '98', 1141, 1142),
(720, 426, '99', 1143, 1144),
(721, 426, '100', 1145, 1146),
(722, 426, '101', 1147, 1148),
(723, 426, '102', 1149, 1150),
(724, 426, '103', 1151, 1152),
(725, 426, '104', 1153, 1154),
(726, 426, '105', 1155, 1156),
(727, 426, '106', 1157, 1158),
(729, 426, '108', 1159, 1160),
(730, 426, '110', 1161, 1162),
(731, 426, '111', 1163, 1164),
(732, 426, '112', 1165, 1166),
(733, 426, '113', 1167, 1168),
(734, 426, '114', 1169, 1170),
(735, 426, '115', 1171, 1172),
(736, 426, '116', 1173, 1174),
(737, 426, '117', 1175, 1176),
(738, 426, '118', 1177, 1178),
(739, 426, '119', 1179, 1180),
(740, 426, '120', 1181, 1182),
(741, 426, '121', 1183, 1184),
(742, 426, '122', 1185, 1186),
(743, 442, '13', 1351, 1352),
(744, 426, '123', 1187, 1188),
(745, 426, '124', 1189, 1190),
(746, 426, '125', 1191, 1192),
(747, 426, '126', 1193, 1194),
(748, 426, '127', 1195, 1196),
(749, 426, '128', 1197, 1198),
(750, 496, 'LED Bi-Pin Replacement Module', 1401, 1402),
(751, 496, 'GY6.35 LED bulb', 1403, 1404),
(752, 496, 'Vintage Edison', 1405, 1406),
(753, 426, '129', 1199, 1200),
(754, 426, '130', 1201, 1202),
(755, 426, '131', 1203, 1204),
(756, 426, '132', 1205, 1206),
(757, 426, '133', 1207, 1208),
(758, 426, '134', 1209, 1210),
(759, 426, '135', 1211, 1212),
(760, 426, '136', 1213, 1214),
(761, 426, '137', 1215, 1216),
(762, 426, '138', 1217, 1218),
(763, 426, '139', 1219, 1220),
(764, 426, '140', 1221, 1222),
(765, 426, '141', 1223, 1224),
(766, 426, '142', 1225, 1226),
(767, 426, '143', 1227, 1228),
(768, 426, '144', 1229, 1230),
(769, 426, '145', 1231, 1232),
(770, 426, '146', 1233, 1234),
(771, 426, '147', 1235, 1236),
(772, 426, '148', 1237, 1238),
(773, 426, '149', 1239, 1240),
(774, 426, '150', 1241, 1242),
(775, 426, '151', 1243, 1244),
(776, 426, '152', 1245, 1246),
(777, 426, '153', 1247, 1248),
(778, 426, '154', 1249, 1250),
(779, 426, '155', 1251, 1252),
(780, 426, '156', 1253, 1254),
(781, 426, '157', 1255, 1256),
(782, 426, '158', 1257, 1258),
(783, 426, '159', 1259, 1260),
(784, 426, '160', 1261, 1262),
(785, 442, '14', 1353, 1354),
(786, 426, '161', 1263, 1264),
(787, 426, '162', 1265, 1266),
(789, 426, '164', 1267, 1268),
(790, 426, '165', 1269, 1270),
(791, 426, '166', 1271, 1272),
(792, 426, '167', 1273, 1274),
(793, 426, '168', 1275, 1276),
(794, 426, '169', 1277, 1278),
(795, 426, '170', 1279, 1280),
(796, 426, '171', 1281, 1282),
(797, 426, '172', 1283, 1284),
(798, 426, '174', 1285, 1286),
(799, 426, '175', 1287, 1288),
(800, 426, '176', 1289, 1290),
(801, 426, '177', 1291, 1292),
(802, 442, '15', 1355, 1356),
(803, 426, '178', 1293, 1294),
(804, 426, '179', 1295, 1296),
(805, 426, '180', 1297, 1298),
(806, 426, '181', 1299, 1300),
(807, 426, '182', 1301, 1302),
(808, 426, '183', 1303, 1304),
(809, 442, '16', 1357, 1358),
(810, 426, '184', 1305, 1306),
(811, 426, '185', 1307, 1308),
(812, 426, '186', 1309, 1310),
(813, 426, '187', 1311, 1312),
(814, 426, '188', 1313, 1314),
(815, 426, '189', 1315, 1316),
(816, 426, '190', 1317, 1318),
(817, 426, '191', 1319, 1320),
(818, 426, '192', 1321, 1322),
(819, 426, '195', 1323, 1324),
(820, 426, '196', 1325, 1326),
(821, 426, '197', 1327, 1328),
(822, 442, '25', 1359, 1360),
(823, 442, '27', 1361, 1362),
(824, 442, '29', 1363, 1364),
(825, 442, '31', 1365, 1366),
(826, 442, '33', 1367, 1368),
(827, 442, '37', 1369, 1370),
(828, 442, '39', 1371, 1372),
(829, 442, '41', 1373, 1374),
(830, 442, '43', 1375, 1376),
(831, 442, '45', 1377, 1378),
(839, 442, '62', 1379, 1380),
(840, 442, '63', 1381, 1382);

-- --------------------------------------------------------

--
-- Table structure for table `specs_images`
--

CREATE TABLE `specs_images` (
  `spec_id` smallint(5) UNSIGNED NOT NULL,
  `img_src` varchar(255) NOT NULL
) ENGINE=InnoDB DEFAULT CHARSET=utf8;

--
-- RELATIONSHIPS FOR TABLE `specs_images`:
--   `spec_id`
--       `specs_list` -> `spec_id`
--

--
-- Dumping data for table `specs_images`
--

INSERT INTO `specs_images` (`spec_id`, `img_src`) VALUES
(26, '/images/specs_images/area_site.jpg'),
(27, '/images/specs_images/area_decorative.JPG'),
(29, '/images/specs_images/floodlight.jpg'),
(30, '/images/specs_images/floodlight_linear.jpg'),
(31, '/images/specs_images/building_mount.jpg'),
(32, '/images/specs_images/facade_utility.jpg'),
(33, '/images/specs_images/steplight_outdoor.jpg'),
(34, '/images/specs_images/garage.jpg'),
(35, '/images/specs_images/road.jpg'),
(36, '/images/specs_images/adjustable.jpg'),
(37, '/images/specs_images/accent_linear.jpg'),
(38, '/images/specs_images/downlight.jpg'),
(39, '/images/specs_images/wallwash.jpg'),
(40, '/images/specs_images/portables.jpg'),
(41, '/images/specs_images/perimiter.JPG'),
(42, '/images/specs_images/general_architectural.jpg'),
(43, '/images/specs_images/linear_architectural.jpg'),
(44, '/images/specs_images/decorative.jpg'),
(45, '/images/specs_images/troffer.jpg'),
(46, '/images/specs_images/wallwash_perimiter.jpg'),
(47, '/images/specs_images/sport.jpg'),
(48, '/images/specs_images/combo.jpg'),
(49, '/images/specs_images/cove.jpg'),
(50, '/images/specs_images/flex.jpg'),
(51, '/images/specs_images/direct_view.jpg'),
(52, '/images/specs_images/cabinet_linear.jpg'),
(53, '/images/specs_images/hibay.jpg'),
(54, '/images/specs_images/pole_arm.JPG'),
(55, '/images/specs_images/post_top.JPG'),
(56, '/images/specs_images/bollard.JPG'),
(57, '/images/specs_images/spike.JPG'),
(58, '/images/specs_images/canopy_recessed.JPG'),
(59, '/images/specs_images/ingrade.JPG'),
(60, '/images/specs_images/ceiling_recessed.JPG'),
(61, '/images/specs_images/ceiling_surface.JPG'),
(64, '/images/specs_images/pendant.JPG'),
(68, '/images/specs_images/surface.JPG'),
(69, '/images/specs_images/track_surface.JPG'),
(70, '/images/specs_images/wall_recessed.JPG'),
(71, '/images/specs_images/wall_surface.JPG'),
(80, '/images/specs_images/submersible.jpg'),
(82, '/images/specs_images/hazardous.JPG'),
(84, '/images/specs_images/vandal.JPG'),
(448, '/images/specs_images/lowbay.jpg'),
(449, '/images/specs_images/industrial.jpg'),
(450, '/images/specs_images/cleanroom.JPG'),
(543, '/images/specs_images/multiple.jpg'),
(577, '/images/specs_images/wallwash_perimiter.jpg'),
(649, '/images/specs_images/landscape_path.jpg'),
(652, '/images/specs_images/track_recessed.JPG'),
(653, '/images/specs_images/luminous.jpg'),
(655, '/images/specs_images/theater.jpg'),
(657, '/images/specs_images/track.jpg'),
(660, '/images/specs_images/ingrade_step.jpg'),
(665, '/images/specs_images/foodprocessing.JPG');

-- --------------------------------------------------------

--
-- Table structure for table `specs_list`
--

CREATE TABLE `specs_list` (
  `spec_id` smallint(5) UNSIGNED NOT NULL,
  `parent_id` smallint(5) UNSIGNED NOT NULL,
  `spec` varchar(32) NOT NULL,
  `lft` smallint(5) UNSIGNED NOT NULL,
  `rgt` smallint(10) UNSIGNED NOT NULL
) ENGINE=InnoDB DEFAULT CHARSET=utf8;

--
-- RELATIONSHIPS FOR TABLE `specs_list`:
--

--
-- Dumping data for table `specs_list`
--

INSERT INTO `specs_list` (`spec_id`, `parent_id`, `spec`, `lft`, `rgt`) VALUES
(1, 0, 'Specifications', 1, 1398),
(2, 1, 'Fixture Type', 2, 83),
(3, 1, 'Mounting Type', 84, 127),
(4, 1, 'Environment/Listing', 128, 161),
(5, 1, 'Shape', 162, 173),
(6, 1, 'Size', 174, 231),
(7, 1, 'Linear Configuration', 232, 287),
(8, 1, 'Aperture Type', 288, 335),
(9, 1, 'Multiples', 336, 353),
(10, 1, 'CCT/Color', 354, 399),
(11, 1, 'CRI', 400, 411),
(12, 1, 'Optics', 412, 471),
(13, 1, 'Aiming', 472, 485),
(14, 1, 'Lumen Maintenance', 486, 507),
(15, 1, 'Watt', 508, 569),
(16, 1, 'Lumens', 570, 653),
(17, 1, 'Efficacy', 654, 667),
(19, 1, 'Dimming', 668, 775),
(20, 1, 'Voltage/Electrical', 776, 821),
(21, 1, 'Recessed Options', 822, 891),
(22, 1, 'Housing Depth', 892, 919),
(23, 1, 'Compliances', 920, 945),
(24, 1, 'Warranty', 946, 953),
(25, 1, 'Quick Ship', 954, 965),
(26, 2, 'Area and Site', 3, 4),
(27, 2, 'Area Decorative', 5, 6),
(28, 2, 'Modular', 7, 8),
(29, 2, 'Floodlight', 9, 10),
(30, 2, 'Floodlight Linear', 11, 12),
(31, 2, 'Façade Architectural', 13, 14),
(32, 2, 'Façade Utility', 15, 16),
(33, 2, 'Steplight', 17, 18),
(34, 2, 'Parking Garage/Canopy', 19, 20),
(35, 2, 'Road & Infrastructure', 21, 22),
(36, 2, 'Downlight Adjustable', 23, 24),
(37, 2, 'Accent Linear', 25, 26),
(38, 2, 'Downlight', 27, 28),
(39, 2, 'Wall Wash', 29, 30),
(40, 2, 'Portables/Standalone', 31, 32),
(41, 2, 'Perimiter', 33, 34),
(42, 2, 'General Architectural', 35, 36),
(43, 2, 'Linear Architectural', 37, 38),
(44, 2, 'Decorative', 39, 40),
(45, 2, 'Troffer', 41, 42),
(46, 2, 'Teleconference', 43, 44),
(47, 2, 'Sports', 45, 46),
(48, 2, 'Combo Lighting', 47, 48),
(49, 2, 'Cove Light', 49, 50),
(50, 2, 'Flexible Lighting', 51, 52),
(51, 2, 'Direct View', 53, 54),
(52, 2, 'Cabinet/Case', 55, 56),
(53, 2, 'High Bay', 57, 58),
(54, 3, 'Pole/Mast Arm', 85, 86),
(55, 3, 'Pole/Post Top', 87, 88),
(56, 3, 'Bollard', 89, 90),
(57, 3, 'Spike/Stem', 91, 92),
(58, 3, 'Canopy Recessed', 93, 94),
(59, 3, 'In-grade', 95, 96),
(60, 3, 'Ceiling Recessed', 97, 98),
(61, 3, 'Ceiling Surface', 99, 100),
(62, 3, 'Millwork Recessed', 101, 102),
(63, 3, 'Monopoint', 103, 104),
(64, 3, 'Pendant', 105, 106),
(65, 3, 'Clamp', 107, 108),
(66, 3, 'Rail', 109, 110),
(67, 3, 'Retrofit', 111, 112),
(68, 3, 'Surface', 113, 114),
(69, 3, 'Track/Busway', 115, 116),
(70, 3, 'Wall Recessed', 117, 118),
(71, 3, 'Wall Surface', 119, 120),
(74, 4, 'Damp', 129, 130),
(75, 4, 'Shower', 131, 132),
(76, 4, 'Wet', 133, 134),
(77, 4, 'Wet IP65', 135, 136),
(78, 4, 'Wet IP66', 137, 138),
(79, 4, 'Wet IP67', 139, 140),
(80, 4, 'Submersible IP68', 141, 142),
(81, 4, 'Natatorium', 143, 144),
(82, 4, 'Hazardous', 145, 146),
(83, 4, 'Marine', 147, 148),
(84, 4, 'Vandal', 149, 150),
(85, 4, 'Refrigerator', 151, 152),
(86, 4, 'Vapor Proof', 153, 154),
(87, 5, 'Round', 163, 164),
(88, 5, 'Square', 165, 166),
(89, 8, 'Diodes', 289, 290),
(90, 8, 'Diodes with Optics', 291, 292),
(91, 8, 'Reflector', 293, 294),
(92, 8, 'Baffle', 295, 296),
(93, 8, 'Beveled', 297, 298),
(94, 8, 'Pinhole', 299, 300),
(95, 8, 'Lensed Reflector', 301, 302),
(96, 8, 'Regressed Diffuser', 303, 304),
(97, 8, 'Flush Diffuser', 305, 306),
(98, 8, 'Dropped Diffuser', 307, 308),
(99, 8, 'Direct/Indiret Optics', 309, 310),
(100, 8, 'Light Wave Optics', 311, 312),
(101, 8, 'Parabolic Optics', 313, 314),
(105, 13, 'Adjustable', 473, 474),
(107, 13, 'Hot Aiming', 475, 476),
(108, 13, 'Pre Aimed', 477, 478),
(109, 13, 'Remote Aiming', 479, 480),
(110, 24, '1 Year at least', 947, 948),
(111, 24, '5 Years at least', 949, 950),
(112, 24, '10 Years at least', 951, 952),
(113, 25, 'Stock', 955, 956),
(114, 25, '5 days or less', 957, 958),
(115, 25, '10 days or less', 959, 960),
(141, 6, '0.5\" Width', 175, 176),
(142, 6, '1\" Width', 177, 178),
(143, 6, '2\" Width', 179, 180),
(144, 6, '3\" Width', 181, 182),
(146, 6, '4\" Width', 183, 184),
(147, 6, '5\" Width', 185, 186),
(148, 6, '6\" Width', 187, 188),
(149, 6, '7\" Width', 189, 190),
(150, 6, '8\" Width', 191, 192),
(151, 6, '9\" Width', 193, 194),
(152, 6, '10\" Width', 195, 196),
(153, 6, '12\" Width', 197, 198),
(154, 6, '15\" Width', 199, 200),
(155, 6, '18\" Width', 201, 202),
(156, 6, '2 Ft Width', 203, 204),
(157, 6, '2.5 Ft Width', 205, 206),
(158, 6, '3 Ft Width', 207, 208),
(159, 6, '4 Ft Width', 209, 210),
(160, 6, '5 Ft Width', 211, 212),
(161, 6, '6 Ft Width', 213, 214),
(162, 6, '8 + Ft Width', 215, 216),
(163, 6, '1 Ft x 1 Ft', 217, 218),
(164, 6, '1 Ft x 2 Ft', 219, 220),
(180, 12, 'Distribution Directions', 413, 424),
(181, 180, 'Direct', 414, 415),
(182, 180, 'Indirect', 416, 417),
(183, 180, 'Direct/Indirect', 418, 419),
(184, 12, 'Distribution Type', 425, 466),
(185, 184, 'Narrow', 426, 427),
(186, 184, 'Medium', 428, 429),
(187, 184, 'Flood', 430, 431),
(188, 184, 'Wide Flood', 432, 433),
(189, 184, 'Asymmetric/Wash', 434, 435),
(190, 184, 'Batwing', 436, 437),
(191, 184, 'Grazing', 438, 439),
(192, 184, 'Area I', 440, 441),
(193, 184, 'Area II', 442, 443),
(194, 184, 'Area III', 444, 445),
(195, 184, 'Area IV', 446, 447),
(196, 184, 'Area V', 448, 449),
(197, 20, 'Integral', 777, 784),
(198, 20, 'Voltage', 785, 804),
(199, 20, 'EM', 805, 810),
(200, 20, 'Track', 811, 820),
(201, 197, 'Integral', 778, 779),
(202, 197, 'Remote', 780, 781),
(203, 198, 'Low Voltage', 786, 787),
(204, 198, 'UNV 120-277 V', 788, 789),
(205, 198, '120 V', 790, 791),
(206, 198, '277 V', 792, 793),
(207, 198, '347 V', 794, 795),
(208, 198, '480 V', 796, 797),
(209, 198, 'UNC 347-480 V', 798, 799),
(210, 199, 'EM Integral', 806, 807),
(211, 200, '1 Circuit Track', 812, 813),
(212, 200, '2 Circuits Track', 814, 815),
(213, 200, '3 Circuits Track', 816, 817),
(214, 200, '3+ Circuits Track', 818, 819),
(216, 21, 'Installation', 823, 852),
(218, 21, 'Housing Type', 853, 890),
(220, 216, 'Drywall', 824, 825),
(221, 216, 'Drywall Trimless', 826, 827),
(222, 216, 'T-Grid', 828, 829),
(223, 216, 'Tech Zone', 830, 831),
(224, 216, 'Wood', 832, 833),
(225, 218, 'New Construction', 854, 855),
(226, 218, 'New IC', 856, 857),
(227, 218, 'New Chicago Plenum', 858, 859),
(228, 218, 'Remodel', 860, 861),
(229, 218, 'Remodel IC', 862, 863),
(230, 218, 'Retrofit', 864, 865),
(231, 218, 'Junction Box', 866, 867),
(232, 218, 'Fixture', 868, 869),
(233, 218, 'Modular Through', 870, 871),
(234, 218, 'New Air Tight', 872, 873),
(235, 218, 'New IC Air Tight', 874, 875),
(236, 218, 'Remodel Air Tight', 876, 877),
(237, 218, 'Remodel IC Air Tight', 878, 879),
(238, 218, 'Remodel Chicago Plenum', 880, 881),
(239, 218, 'Air Return', 882, 883),
(240, 14, 'LM-80', 487, 498),
(241, 14, 'TM-21', 499, 506),
(243, 10, 'Amber (WildLife)', 355, 356),
(244, 10, '2400K or less', 357, 358),
(245, 10, '2700K', 359, 360),
(246, 10, '2700K Warm Dim', 361, 362),
(247, 10, '3000K', 363, 364),
(248, 10, '3000K Warm Dim', 365, 366),
(249, 10, '3500K', 367, 368),
(250, 10, '3500K Warm Dim', 369, 370),
(251, 10, '4000K', 371, 372),
(252, 10, '4500K', 373, 374),
(253, 10, '5000K', 375, 376),
(254, 10, '5500K', 377, 378),
(255, 10, '5700K', 379, 380),
(256, 10, '6000K', 381, 382),
(257, 10, 'RGB', 383, 384),
(258, 10, 'RGBW', 385, 386),
(259, 10, 'RGBA', 387, 388),
(260, 10, 'Blue', 389, 390),
(261, 19, 'Dimming Range', 669, 682),
(262, 19, 'Dimming Type', 683, 744),
(263, 261, 'Dimmable', 670, 671),
(264, 262, 'TRIAC/Forward/Leading', 684, 685),
(265, 262, 'ELV/Reverse/Trailing', 686, 687),
(266, 262, '0-10V', 688, 689),
(267, 262, '3-Wire Dimming', 690, 691),
(268, 262, 'Lutron Hi-Lume 3-wire/EcoSystem', 692, 693),
(269, 262, 'Lutron Hi-Lume 2-wire', 694, 695),
(270, 262, 'Lutron EcoSystem H', 696, 697),
(278, 9, '1 Light', 337, 338),
(279, 9, '2 Lights', 339, 340),
(280, 9, '3 Lights', 341, 342),
(281, 9, '4 Lights', 343, 344),
(282, 9, '5 Lights', 345, 346),
(283, 9, '6 Lights', 347, 348),
(284, 9, '7 Lights', 349, 350),
(285, 9, '8 or more Lights', 351, 352),
(311, 7, 'Configuration', 233, 256),
(313, 7, 'Length', 257, 286),
(314, 311, 'Continuous', 234, 235),
(315, 311, 'With Corners', 236, 237),
(317, 311, 'With Lit Corners', 238, 239),
(318, 313, 'Less than 1 Ft', 258, 259),
(319, 313, '1 Ft', 260, 261),
(320, 313, '2 Ft', 262, 263),
(321, 313, '3 Ft', 264, 265),
(322, 313, '4 Ft', 266, 267),
(323, 313, '5 Ft', 268, 269),
(324, 313, '6 Ft', 270, 271),
(325, 313, '7 Ft', 272, 273),
(326, 313, '8 Ft', 274, 275),
(327, 313, '9 Ft', 276, 277),
(328, 313, '10 Ft', 278, 279),
(329, 313, '11 Ft', 280, 281),
(330, 15, 'watt', 509, 548),
(331, 330, '3 or less W', 510, 511),
(332, 330, '5 W', 512, 513),
(333, 330, '10 W', 514, 515),
(334, 330, '15 W', 516, 517),
(335, 330, '20 W', 518, 519),
(336, 330, '30 W', 520, 521),
(337, 330, '30 - 50 W', 522, 523),
(338, 330, '50 - 75 W', 524, 525),
(339, 330, '75 - 100 W', 526, 527),
(340, 330, '100 - 150 W', 528, 529),
(341, 330, '150 - 250 W', 530, 531),
(342, 330, '250 -350 W', 532, 533),
(343, 15, 'watt_linear', 549, 568),
(344, 343, '1 W / Ft or less', 550, 551),
(345, 343, '1-2 W / Ft', 552, 553),
(346, 343, '2-3 W / Ft', 554, 555),
(347, 343, '3-5 W / Ft', 556, 557),
(348, 343, '5-7 W / Ft', 558, 559),
(349, 343, '7-10 W / Ft', 560, 561),
(350, 343, '10-15 W / Ft', 562, 563),
(351, 343, '15-25 W / Ft', 564, 565),
(356, 11, '60 or higher', 401, 402),
(357, 11, '70 or higher', 403, 404),
(358, 11, '80 or higher', 405, 406),
(360, 11, '90 or higher', 407, 408),
(361, 11, '95 or higher', 409, 410),
(362, 16, 'Lumens', 571, 628),
(363, 16, 'Lumens linear', 629, 652),
(364, 362, '100 Lm or less', 572, 573),
(365, 362, '200 Lm', 574, 575),
(366, 362, '300 Lm', 576, 577),
(367, 362, '500 Lm', 578, 579),
(368, 362, '750 Lm', 580, 581),
(369, 362, '1,000 Lm', 582, 583),
(370, 362, '1,500 Lm', 584, 585),
(371, 362, '2,000 Lm', 586, 587),
(372, 362, '2,500 Lm', 588, 589),
(373, 362, '3,000 Lm', 590, 591),
(374, 362, '4,000 Lm', 592, 593),
(375, 362, '5,000 Lm', 594, 595),
(376, 362, '6,000 Lm', 596, 597),
(377, 362, '8,000 Lm', 598, 599),
(378, 363, '100 Lm/Ft', 630, 631),
(379, 363, '200 Lm/Ft', 632, 633),
(380, 363, '300 Lm/Ft', 634, 635),
(381, 363, '400 Lm/Ft', 636, 637),
(382, 363, '500 Lm/Ft', 638, 639),
(383, 363, '750 Lm/Ft', 640, 641),
(384, 363, '1,000 Lm/Ft', 642, 643),
(385, 363, '1,500 Lm/Ft', 644, 645),
(386, 22, '1\" or less', 893, 894),
(387, 22, '2\" or less', 895, 896),
(388, 22, '3\" or less', 897, 898),
(389, 22, '4\" or less', 899, 900),
(390, 22, '5\" or less', 901, 902),
(391, 22, '6\" or less', 903, 904),
(392, 22, '7\" or less', 905, 906),
(393, 22, '8\" or less', 907, 908),
(394, 22, '10\" or less', 909, 910),
(395, 22, '12\" or less', 911, 912),
(396, 22, '16\" or less', 913, 914),
(397, 12, 'Night Sky', 467, 470),
(398, 397, 'Night Sky', 468, 469),
(399, 17, '30 Lm/Wt or higher', 655, 656),
(400, 17, '50 Lm/Wt or higher', 657, 658),
(401, 17, '70 Lm/Wt or higher', 659, 660),
(402, 17, '90 Lm/Wt or higher', 661, 662),
(403, 17, '120 Lm/Wt or higher', 663, 664),
(404, 17, '150 Lm/Wt or higher', 665, 666),
(405, 23, 'UL/ETL', 921, 928),
(406, 23, 'Energy', 929, 936),
(407, 23, 'ADA', 937, 944),
(408, 405, 'UL', 922, 923),
(409, 405, 'ETL', 924, 925),
(410, 405, 'CSA', 926, 927),
(411, 406, 'Energy Star**', 930, 931),
(412, 406, 'Title 24**', 932, 933),
(413, 406, 'DLC**', 934, 935),
(414, 407, 'ADA', 938, 939),
(415, 407, 'Made in USA', 940, 941),
(416, 407, 'IBEW', 942, 943),
(417, 240, '30,000 or more', 488, 489),
(418, 240, '50,000 or more', 490, 491),
(419, 240, '75,000 or more', 492, 493),
(420, 240, '100,000 or more', 494, 495),
(421, 240, '150,000 or more', 496, 497),
(423, 241, '25,000 or more TM21', 500, 501),
(424, 241, '35,000 or more TM21', 502, 503),
(425, 241, '60,000 TM21', 504, 505),
(426, 1, 'Manufacturers', 966, 1329),
(427, 426, '1', 967, 968),
(428, 426, '2', 969, 970),
(429, 426, '3', 971, 972),
(430, 426, '4', 973, 974),
(431, 426, '5', 975, 976),
(432, 426, '6', 977, 978),
(433, 426, '7', 979, 980),
(435, 426, '9', 981, 982),
(436, 426, '10', 983, 984),
(438, 426, '12', 985, 986),
(439, 426, '13', 987, 988),
(440, 426, '14', 989, 990),
(442, 1, 'Brands', 1330, 1359),
(443, 442, '4', 1331, 1332),
(444, 442, '2', 1333, 1334),
(446, 198, '208 V', 800, 801),
(448, 2, 'Low Bay', 59, 60),
(449, 2, 'Industrial/Utility', 61, 62),
(450, 4, 'Clean Room', 155, 156),
(451, 4, 'MRI', 157, 158),
(452, 5, 'Rectangular', 167, 168),
(453, 5, 'Linear', 169, 170),
(454, 5, 'Other', 171, 172),
(455, 6, '1 Ft x 4 Ft', 221, 222),
(457, 6, '2 Ft x 2 Ft', 223, 224),
(458, 311, 'Side Lit Continuous', 240, 241),
(459, 311, 'With Side Lit Corners', 242, 243),
(460, 311, 'Wall to Ceiling Lit', 244, 245),
(461, 311, 'Modular', 246, 247),
(462, 311, 'Quick Connect', 248, 249),
(463, 311, 'Daisy Chain', 250, 251),
(464, 313, '12 Ft', 282, 283),
(465, 313, 'more than 12 Ft', 284, 285),
(466, 8, 'Basket', 315, 316),
(467, 8, 'Decorative Diffuser', 317, 318),
(468, 8, 'Clear Lens', 319, 320),
(469, 8, 'Louvers', 321, 322),
(470, 8, 'Shielded', 323, 324),
(471, 10, 'Green', 391, 392),
(472, 10, 'Red', 393, 394),
(473, 10, 'Yellow/Amber', 395, 396),
(474, 180, 'Omni-Directional', 420, 421),
(475, 180, 'Pattern', 422, 423),
(477, 261, 'Dimmable to 1%', 672, 673),
(481, 197, 'Solar', 782, 783),
(482, 216, 'Wood Trimless', 834, 835),
(483, 216, 'Concrete', 836, 837),
(484, 216, 'Concrete Drive Over', 838, 839),
(485, 216, 'Concrete Trimless', 840, 841),
(486, 216, 'Trimless Drive Over', 842, 843),
(487, 216, 'Ground', 844, 845),
(488, 216, 'Masonry', 846, 847),
(489, 216, 'Masonry Trimless', 848, 849),
(490, 216, 'Masonry Drive Over', 850, 851),
(491, 218, 'Direct Burial', 884, 885),
(492, 218, 'Concrete Pour', 886, 887),
(493, 218, 'Drywall Thickness', 888, 889),
(494, 25, '2 Weeks or less', 961, 962),
(495, 25, '4 Weeks or less', 963, 964),
(496, 1, 'Light Source', 1360, 1383),
(497, 496, 'LED Fixture', 1361, 1362),
(498, 496, 'OLED Fixture', 1363, 1364),
(499, 496, 'LED PAR 20 - Bulb', 1365, 1366),
(500, 362, '10,000 Lm', 600, 601),
(501, 362, '15,000 Lm', 602, 603),
(502, 362, '20,000 Lm', 604, 605),
(503, 362, '25,000 Lm', 606, 607),
(504, 362, '30,000 Lm', 608, 609),
(505, 362, '40,000 Lm', 610, 611),
(506, 362, '50,000 Lm', 612, 613),
(507, 362, '75,000 Lm', 614, 615),
(508, 362, '100,000 Lm', 616, 617),
(509, 362, '125,000 Lm', 618, 619),
(510, 362, '150,000 Lm', 620, 621),
(511, 362, '200,000 Lm', 622, 623),
(512, 362, '300,000 Lm', 624, 625),
(513, 362, '500,000 Lm or more', 626, 627),
(514, 363, '2,000 Lm/Ft', 646, 647),
(515, 363, '2,500 Lm/Ft', 648, 649),
(516, 363, '3,000 or more Lm/Ft', 650, 651),
(517, 19, 'Controls', 745, 774),
(518, 517, 'Integral OC/Daylight', 746, 747),
(519, 517, 'Wireless', 748, 749),
(520, 426, '17', 991, 992),
(521, 426, '18', 993, 994),
(522, 426, '19', 995, 996),
(523, 8, 'Other', 325, 326),
(524, 184, 'Area 90°', 450, 451),
(525, 184, 'Petroleum', 452, 453),
(526, 184, 'Dealership', 454, 455),
(527, 184, 'General', 456, 457),
(528, 199, 'EM Remote', 808, 809),
(529, 6, '2 Ft x 4 Ft', 225, 226),
(530, 6, '4 Ft x 4 Ft', 227, 228),
(531, 22, '18\" or less', 915, 916),
(534, 496, 'LED PAR 30 - Bulb', 1367, 1368),
(535, 496, 'LED PAR 38 - Bulb', 1369, 1370),
(536, 496, 'LED AR - Bulb', 1371, 1372),
(537, 496, 'LED MR - Bulb', 1373, 1374),
(538, 496, 'LED A - Bulb', 1375, 1376),
(539, 184, 'Volumetric', 458, 459),
(540, 426, '20', 997, 998),
(541, 426, '21', 999, 1000),
(542, 426, '22', 1001, 1002),
(543, 2, 'Multiple Lighting', 63, 64),
(544, 13, 'Locking Adjustable', 481, 482),
(545, 13, 'Hot Aiming w/Locking', 483, 484),
(546, 198, '240 V', 802, 803),
(547, 8, 'Optical Accessories', 327, 328),
(548, 8, 'xx Flat Diffuser', 329, 330),
(549, 8, 'xx Micro Optics', 331, 332),
(550, 426, '23', 1003, 1004),
(552, 426, '25', 1005, 1006),
(553, 426, '26', 1007, 1008),
(554, 343, '25 W / Ft or more', 566, 567),
(555, 426, '27', 1009, 1010),
(557, 8, 'Curved/Sloped Diffuser', 333, 334),
(558, 426, '28', 1011, 1012),
(559, 184, 'Direct View', 460, 461),
(560, 330, '350 - 500 W', 534, 535),
(561, 426, '29', 1013, 1014),
(562, 426, '30', 1015, 1016),
(563, 517, 'Motion/Photocell', 750, 751),
(564, 426, '31', 1017, 1018),
(565, 426, '32', 1019, 1020),
(566, 442, '5', 1335, 1336),
(567, 517, 'Photocell', 752, 753),
(568, 330, '500 ‐ 750 W', 536, 537),
(569, 330, '750 ‐ 1000 W', 538, 539),
(570, 330, '1000 - 1500 W', 540, 541),
(571, 330, '1500 - 2000 W', 542, 543),
(572, 330, '2000 or more', 544, 545),
(573, 426, '33', 1021, 1022),
(574, 426, '34', 1023, 1024),
(575, 426, '35', 1025, 1026),
(576, 10, 'Tunable White', 397, 398),
(577, 2, 'Wall Wash Linear', 65, 66),
(578, 426, '36', 1027, 1028),
(579, 6, '18\"', 229, 230),
(580, 311, 'Side to Side', 252, 253),
(581, 426, '37', 1029, 1030),
(582, 426, '38', 1031, 1032),
(583, 184, 'Forward Throw', 462, 463),
(585, 426, '39', 1033, 1034),
(588, 442, '6', 1337, 1338),
(589, 22, '24\" or less. TEST', 917, 918),
(590, 426, '40', 1035, 1036),
(599, 517, 'Lumentalk™', 754, 755),
(600, 517, 'Fifth Light®', 756, 757),
(601, 517, 'Redwood®', 758, 759),
(602, 517, 'XPoint™ Wireless', 760, 761),
(603, 517, 'Lutron®', 762, 763),
(604, 517, 'Ethernet', 764, 765),
(605, 517, 'nLight®', 766, 767),
(608, 517, 'xxx Advanced Mark 10 LV', 768, 769),
(609, 517, 'Enlighted', 770, 771),
(611, 426, '41', 1037, 1038),
(612, 442, '7', 1339, 1340),
(613, 426, '42', 1039, 1040),
(614, 517, 'Daintree Networks', 772, 773),
(615, 442, '8', 1341, 1342),
(616, 426, '43', 1041, 1042),
(617, 261, 'Dimmable to 0.1%*', 674, 675),
(618, 261, 'Bi-Level Switching', 676, 677),
(619, 261, 'Step Dimming', 678, 679),
(620, 262, 'Lutron EcoSystem 5', 698, 699),
(621, 262, 'DALI', 700, 701),
(622, 262, 'DVI', 702, 703),
(623, 262, 'DMX', 704, 705),
(624, 262, 'Step Dimming', 706, 707),
(625, 262, 'Built-in dimmer', 708, 709),
(626, 262, 'Bi-Level Switching', 710, 711),
(627, 262, 'Hi/Low Switching', 712, 713),
(628, 262, 'Fifth Light DALI', 714, 715),
(629, 262, 'Hi-lume Premier 3-wire', 716, 717),
(630, 262, 'Hi-lume Premier EcoSystem', 718, 719),
(631, 262, 'eldoLED ECO 0-10V', 720, 721),
(632, 262, 'eldoLED SOLO 0-10V', 722, 723),
(633, 262, 'eldoLED SOLO DALI', 724, 725),
(634, 262, 'eldoLED POWE DMX/RDM', 726, 727),
(635, 262, 'Advanced Mark 10 LV', 728, 729),
(636, 262, 'Other LED dimming', 730, 731),
(637, 261, 'Non-Dimmable', 680, 681),
(638, 426, '44', 1043, 1044),
(639, 442, '9', 1343, 1344),
(640, 426, '45', 1045, 1046),
(641, 262, 'Ethernet', 732, 733),
(642, 311, 'Standalone', 254, 255),
(643, 426, '46', 1047, 1048),
(644, 442, '10', 1345, 1346),
(645, 426, '47', 1049, 1050),
(646, 426, '48', 1051, 1052),
(647, 184, 'Aisle', 464, 465),
(648, 426, '51', 1053, 1054),
(649, 2, 'Landscape & Path Light', 67, 68),
(650, 442, '11', 1347, 1348),
(651, 426, '52', 1055, 1056),
(652, 3, 'Track/Busway Recessed', 121, 122),
(653, 2, 'Luminous Surfaces', 69, 70),
(654, 2, 'Custom', 71, 72),
(655, 2, 'Theatrical', 73, 74),
(656, 1, 'LED Brand', 1384, 1397),
(657, 2, 'Track Lighting', 75, 76),
(658, 2, 'Accent', 77, 78),
(659, 2, 'Multiple', 79, 80),
(660, 2, 'In-grade', 81, 82),
(661, 426, '53', 1057, 1058),
(662, 262, 'Lutron EcoSystem', 734, 735),
(663, 426, '54', 1059, 1060),
(664, 3, 'Monorail', 123, 124),
(665, 4, 'Food Processing', 159, 160),
(666, 3, 'Wall Arm', 125, 126),
(667, 426, '55', 1061, 1062),
(668, 426, '56', 1063, 1064),
(669, 426, '57', 1065, 1066),
(670, 426, '58', 1067, 1068),
(671, 426, '59', 1069, 1070),
(672, 426, '60', 1071, 1072),
(673, 656, 'Xicato', 1385, 1386),
(674, 656, 'Bridgelux', 1387, 1388),
(675, 656, 'Cree', 1389, 1390),
(676, 656, 'Philips', 1391, 1392),
(677, 656, 'Samsung', 1393, 1394),
(678, 656, 'Osram', 1395, 1396),
(679, 426, '61', 1073, 1074),
(680, 262, 'EldoLED 0-10V', 736, 737),
(681, 262, 'EldoLED DALI', 738, 739),
(682, 262, 'EldoLED DMX/RDM', 740, 741),
(683, 262, 'Lutron Hi-Lume', 742, 743),
(684, 426, '62', 1075, 1076),
(685, 426, '63', 1077, 1078),
(686, 426, '64', 1079, 1080),
(687, 426, '65', 1081, 1082),
(688, 426, '66', 1083, 1084),
(689, 426, '67', 1085, 1086),
(690, 426, '68', 1087, 1088),
(691, 426, '69', 1089, 1090),
(692, 426, '70', 1091, 1092),
(693, 426, '71', 1093, 1094),
(694, 330, '25 W', 546, 547),
(695, 442, '12', 1349, 1350),
(696, 426, '72', 1095, 1096),
(697, 426, '73', 1097, 1098),
(698, 426, '74', 1099, 1100),
(699, 426, '75', 1101, 1102),
(700, 426, '76', 1103, 1104),
(701, 426, '77', 1105, 1106),
(702, 426, '78', 1107, 1108),
(703, 426, '79', 1109, 1110),
(704, 426, '80', 1111, 1112),
(705, 426, '81', 1113, 1114),
(706, 426, '82', 1115, 1116),
(707, 426, '83', 1117, 1118),
(708, 426, '84', 1119, 1120),
(709, 426, '88', 1121, 1122),
(710, 426, '89', 1123, 1124),
(711, 426, '90', 1125, 1126),
(712, 426, '91', 1127, 1128),
(713, 426, '92', 1129, 1130),
(714, 426, '93', 1131, 1132),
(715, 426, '94', 1133, 1134),
(716, 426, '95', 1135, 1136),
(717, 426, '96', 1137, 1138),
(718, 426, '97', 1139, 1140),
(719, 426, '98', 1141, 1142),
(720, 426, '99', 1143, 1144),
(721, 426, '100', 1145, 1146),
(722, 426, '101', 1147, 1148),
(723, 426, '102', 1149, 1150),
(724, 426, '103', 1151, 1152),
(725, 426, '104', 1153, 1154),
(726, 426, '105', 1155, 1156),
(727, 426, '106', 1157, 1158),
(729, 426, '108', 1159, 1160),
(730, 426, '110', 1161, 1162),
(731, 426, '111', 1163, 1164),
(732, 426, '112', 1165, 1166),
(733, 426, '113', 1167, 1168),
(734, 426, '114', 1169, 1170),
(735, 426, '115', 1171, 1172),
(736, 426, '116', 1173, 1174),
(737, 426, '117', 1175, 1176),
(738, 426, '118', 1177, 1178),
(739, 426, '119', 1179, 1180),
(740, 426, '120', 1181, 1182),
(741, 426, '121', 1183, 1184),
(742, 426, '122', 1185, 1186),
(743, 442, '13', 1351, 1352),
(744, 426, '123', 1187, 1188),
(745, 426, '124', 1189, 1190),
(746, 426, '125', 1191, 1192),
(747, 426, '126', 1193, 1194),
(748, 426, '127', 1195, 1196),
(749, 426, '128', 1197, 1198),
(750, 496, 'LED Bi-Pin Replacement Module', 1377, 1378),
(751, 496, 'GY6.35 LED bulb', 1379, 1380),
(752, 496, 'Vintage Edison', 1381, 1382),
(753, 426, '129', 1199, 1200),
(754, 426, '130', 1201, 1202),
(755, 426, '131', 1203, 1204),
(756, 426, '132', 1205, 1206),
(757, 426, '133', 1207, 1208),
(758, 426, '134', 1209, 1210),
(759, 426, '135', 1211, 1212),
(760, 426, '136', 1213, 1214),
(761, 426, '137', 1215, 1216),
(762, 426, '138', 1217, 1218),
(763, 426, '139', 1219, 1220),
(764, 426, '140', 1221, 1222),
(765, 426, '141', 1223, 1224),
(766, 426, '142', 1225, 1226),
(767, 426, '143', 1227, 1228),
(768, 426, '144', 1229, 1230),
(769, 426, '145', 1231, 1232),
(770, 426, '146', 1233, 1234),
(771, 426, '147', 1235, 1236),
(772, 426, '148', 1237, 1238),
(773, 426, '149', 1239, 1240),
(774, 426, '150', 1241, 1242),
(775, 426, '151', 1243, 1244),
(776, 426, '152', 1245, 1246),
(777, 426, '153', 1247, 1248),
(778, 426, '154', 1249, 1250),
(779, 426, '155', 1251, 1252),
(780, 426, '156', 1253, 1254),
(781, 426, '157', 1255, 1256),
(782, 426, '158', 1257, 1258),
(783, 426, '159', 1259, 1260),
(784, 426, '160', 1261, 1262),
(785, 442, '14', 1353, 1354),
(786, 426, '161', 1263, 1264),
(787, 426, '162', 1265, 1266),
(789, 426, '164', 1267, 1268),
(790, 426, '165', 1269, 1270),
(791, 426, '166', 1271, 1272),
(792, 426, '167', 1273, 1274),
(793, 426, '168', 1275, 1276),
(794, 426, '169', 1277, 1278),
(795, 426, '170', 1279, 1280),
(796, 426, '171', 1281, 1282),
(797, 426, '172', 1283, 1284),
(798, 426, '174', 1285, 1286),
(799, 426, '175', 1287, 1288),
(800, 426, '176', 1289, 1290),
(801, 426, '177', 1291, 1292),
(802, 442, '15', 1355, 1356),
(803, 426, '178', 1293, 1294),
(804, 426, '179', 1295, 1296),
(805, 426, '180', 1297, 1298),
(806, 426, '181', 1299, 1300),
(807, 426, '182', 1301, 1302),
(808, 426, '183', 1303, 1304),
(809, 442, '16', 1357, 1358),
(810, 426, '184', 1305, 1306),
(811, 426, '185', 1307, 1308),
(812, 426, '186', 1309, 1310),
(813, 426, '187', 1311, 1312),
(814, 426, '188', 1313, 1314),
(815, 426, '189', 1315, 1316),
(816, 426, '190', 1317, 1318),
(817, 426, '191', 1319, 1320),
(818, 426, '192', 1321, 1322),
(819, 426, '195', 1323, 1324),
(820, 426, '196', 1325, 1326),
(821, 426, '197', 1327, 1328);

-- --------------------------------------------------------

--
-- Table structure for table `specs_list_backup`
--

CREATE TABLE `specs_list_backup` (
  `spec_id` smallint(5) UNSIGNED NOT NULL,
  `parent_id` smallint(5) UNSIGNED NOT NULL,
  `spec` varchar(32) NOT NULL,
  `lft` smallint(5) UNSIGNED NOT NULL,
  `rgt` smallint(10) UNSIGNED NOT NULL
) ENGINE=InnoDB DEFAULT CHARSET=utf8;

--
-- RELATIONSHIPS FOR TABLE `specs_list_backup`:
--

--
-- Dumping data for table `specs_list_backup`
--

INSERT INTO `specs_list_backup` (`spec_id`, `parent_id`, `spec`, `lft`, `rgt`) VALUES
(1, 0, 'Specifications', 1, 1038),
(2, 1, 'Fixture Type', 2, 67),
(3, 1, 'Mounting', 68, 105),
(4, 1, 'Environment', 106, 137),
(5, 1, 'Shape', 138, 149),
(6, 1, 'Size', 150, 207),
(7, 1, 'Linear Configuration', 208, 261),
(8, 1, 'Aperture Type', 262, 309),
(9, 1, 'Multiples', 310, 327),
(10, 1, 'CCT Color', 328, 373),
(11, 1, 'CRI', 374, 385),
(12, 1, 'Distribution', 386, 443),
(13, 1, 'Aiming', 444, 457),
(14, 1, 'Life Hours', 458, 479),
(15, 1, 'Watt', 480, 539),
(16, 1, 'Lumens Delivered', 540, 623),
(17, 1, 'Efficacy', 624, 637),
(19, 1, 'Controls', 638, 731),
(20, 1, 'Power', 732, 777),
(21, 1, 'Recessed Options', 778, 851),
(22, 1, 'Housing Depth', 852, 879),
(23, 1, 'Compliances', 880, 905),
(24, 1, 'Warranty', 906, 913),
(25, 1, 'Quick Ship', 914, 925),
(26, 2, 'Area and Site', 3, 4),
(27, 2, 'Area Decorative', 5, 6),
(28, 2, 'Facade Media', 7, 8),
(29, 2, 'Floodlight', 9, 10),
(30, 2, 'Floodlight Linear', 11, 12),
(31, 2, 'Façade Architectural', 13, 14),
(32, 2, 'Façade Utility', 15, 16),
(33, 2, 'Pathway/Steplight', 17, 18),
(34, 2, 'Parking Garage/Canopy', 19, 20),
(35, 2, 'Roadway', 21, 22),
(36, 2, 'Accent', 23, 24),
(37, 2, 'Accent Linear', 25, 26),
(38, 2, 'Downlight', 27, 28),
(39, 2, 'Wall Wash', 29, 30),
(40, 2, 'Other', 31, 32),
(41, 2, 'Perimiter/Grazer', 33, 34),
(42, 2, 'General Architectural', 35, 36),
(43, 2, 'Linear Architectural', 37, 38),
(44, 2, 'Decorative', 39, 40),
(45, 2, 'Troffer', 41, 42),
(46, 2, 'Teleconference', 43, 44),
(47, 2, 'Sports', 45, 46),
(48, 2, 'Combo System', 47, 48),
(49, 2, 'Cove Light', 49, 50),
(50, 2, 'Flexible Lighting', 51, 52),
(51, 2, 'Light Panels', 53, 54),
(52, 2, 'Task/Cabinet', 55, 56),
(53, 2, 'High Bay', 57, 58),
(54, 3, 'Pole/Mast Arm', 69, 70),
(55, 3, 'Pole/Post Top', 71, 72),
(56, 3, 'Bollard', 73, 74),
(57, 3, 'Spike/Stem', 75, 76),
(58, 3, 'Canopy Recessed', 77, 78),
(59, 3, 'In-grade', 79, 80),
(60, 3, 'Ceiling Recessed', 81, 82),
(61, 3, 'Ceiling Surface', 83, 84),
(62, 3, 'Millwork Recessed', 85, 86),
(63, 3, 'Monopoint', 87, 88),
(64, 3, 'Pendant', 89, 90),
(65, 3, 'Clamp', 91, 92),
(66, 3, 'Rail', 93, 94),
(67, 3, 'Retrofit', 95, 96),
(68, 3, 'Surface', 97, 98),
(69, 3, 'Track/Busway', 99, 100),
(70, 3, 'Wall Recessed', 101, 102),
(71, 3, 'Wall Surface', 103, 104),
(74, 4, 'Damp', 107, 108),
(75, 4, 'Shower', 109, 110),
(76, 4, 'Wet', 111, 112),
(77, 4, 'Wet IP65', 113, 114),
(78, 4, 'Wet IP66', 115, 116),
(79, 4, 'Wet IP67', 117, 118),
(80, 4, 'Submersible IP68', 119, 120),
(81, 4, 'Natatorium', 121, 122),
(82, 4, 'Hazardous', 123, 124),
(83, 4, 'Marine', 125, 126),
(84, 4, 'Vandal', 127, 128),
(85, 4, 'Refrigerator', 129, 130),
(86, 4, 'Vapor Proof', 131, 132),
(87, 5, 'Round', 139, 140),
(88, 5, 'Square', 141, 142),
(89, 8, 'Diodes', 263, 264),
(90, 8, 'Diodes with Optics', 265, 266),
(91, 8, 'Reflector', 267, 268),
(92, 8, 'Baffle', 269, 270),
(93, 8, 'Beveled', 271, 272),
(94, 8, 'Pinhole', 273, 274),
(95, 8, 'Lensed Reflector', 275, 276),
(96, 8, 'Regressed Diffuser', 277, 278),
(97, 8, 'Flush Diffuser', 279, 280),
(98, 8, 'Drop Diffuser', 281, 282),
(99, 8, 'Direct/Indiret Optics', 283, 284),
(100, 8, 'Light Wave Optics', 285, 286),
(101, 8, 'Parabolic Optics', 287, 288),
(105, 13, 'Adjustable', 445, 446),
(107, 13, 'Hot Aiming', 447, 448),
(108, 13, 'Pre Aimed', 449, 450),
(109, 13, 'Remote Aiming', 451, 452),
(110, 24, '1 Year at least', 907, 908),
(111, 24, '5 Years at least', 909, 910),
(112, 24, '10 Years at least', 911, 912),
(113, 25, 'Stock', 915, 916),
(114, 25, '5 days or less', 917, 918),
(115, 25, '10 days or less', 919, 920),
(141, 6, '0.5\" Width', 151, 152),
(142, 6, '1\" Width', 153, 154),
(143, 6, '2\" Width', 155, 156),
(144, 6, '3\" Width', 157, 158),
(146, 6, '4\" Width', 159, 160),
(147, 6, '5\" Width', 161, 162),
(148, 6, '6\" Width', 163, 164),
(149, 6, '7\" Width', 165, 166),
(150, 6, '8\" Width', 167, 168),
(151, 6, '9\" Width', 169, 170),
(152, 6, '10\" Width', 171, 172),
(153, 6, '12\" Width', 173, 174),
(154, 6, '15\" Width', 175, 176),
(155, 6, '18\" Width', 177, 178),
(156, 6, '2 Ft Width', 179, 180),
(157, 6, '2.5 Ft Width', 181, 182),
(158, 6, '3 Ft Width', 183, 184),
(159, 6, '4 Ft Width', 185, 186),
(160, 6, '5 Ft Width', 187, 188),
(161, 6, '6 Ft Width', 189, 190),
(162, 6, '8 + Ft Width', 191, 192),
(163, 6, '1 Ft x 1 Ft', 193, 194),
(164, 6, '1 Ft x 2 Ft', 195, 196),
(180, 12, 'Distribution Directions', 387, 398),
(181, 180, 'Direct', 388, 389),
(182, 180, 'Indirect', 390, 391),
(183, 180, 'Direct/Indirect', 392, 393),
(184, 12, 'Distribution Type', 399, 438),
(185, 184, 'Narrow', 400, 401),
(186, 184, 'Medium', 402, 403),
(187, 184, 'Flood', 404, 405),
(188, 184, 'Wide Flood', 406, 407),
(189, 184, 'Asymmetric/Wash', 408, 409),
(190, 184, 'Batwing', 410, 411),
(191, 184, 'Grazing', 412, 413),
(192, 184, 'Area I', 414, 415),
(193, 184, 'Area II', 416, 417),
(194, 184, 'Area III', 418, 419),
(195, 184, 'Area IV', 420, 421),
(196, 184, 'Area V', 422, 423),
(197, 20, 'Integral', 733, 740),
(198, 20, 'Voltage', 741, 760),
(199, 20, 'EM', 761, 766),
(200, 20, 'Track', 767, 776),
(201, 197, 'Integral', 734, 735),
(202, 197, 'Remote', 736, 737),
(203, 198, 'Low Voltage', 742, 743),
(204, 198, 'UNV 120-277 V', 744, 745),
(205, 198, '120 V', 746, 747),
(206, 198, '277 V', 748, 749),
(207, 198, '347 V', 750, 751),
(208, 198, '480 V', 752, 753),
(209, 198, 'UNC 347-480 V', 754, 755),
(210, 199, 'EM Integral', 762, 763),
(211, 200, '1 Circuit Track', 768, 769),
(212, 200, '2 Circuits Track', 770, 771),
(213, 200, '3 Circuits Track', 772, 773),
(214, 200, '3+ Circuits Track', 774, 775),
(216, 21, 'Installation', 779, 812),
(218, 21, 'Housing Type', 813, 850),
(220, 216, 'Drywall', 780, 781),
(221, 216, 'Drywall Trimless', 782, 783),
(222, 216, 'T-Grid', 784, 785),
(223, 216, 'Tech Zone', 786, 787),
(224, 216, 'Wood', 788, 789),
(225, 218, 'New Construction', 814, 815),
(226, 218, 'New IC', 816, 817),
(227, 218, 'New Chicago Plenum', 818, 819),
(228, 218, 'Remodel', 820, 821),
(229, 218, 'Remodel IC', 822, 823),
(230, 218, 'Retrofit', 824, 825),
(231, 218, 'Junction Box', 826, 827),
(232, 218, 'Fixture', 828, 829),
(233, 218, 'Modular Through', 830, 831),
(234, 218, 'New Air Tight', 832, 833),
(235, 218, 'New IC Air Tight', 834, 835),
(236, 218, 'Remodel Air Tight', 836, 837),
(237, 218, 'Remodel IC Air Tight', 838, 839),
(238, 218, 'Remodel Chicago Plenum', 840, 841),
(239, 218, 'Air Return', 842, 843),
(240, 14, 'LM-80', 459, 470),
(241, 14, 'TM-21', 471, 478),
(243, 10, 'Amber (WildLife)', 329, 330),
(244, 10, '2400K or less', 331, 332),
(245, 10, '2700K', 333, 334),
(246, 10, '2700K Warm Dim', 335, 336),
(247, 10, '3000K', 337, 338),
(248, 10, '3000K Warm Dim', 339, 340),
(249, 10, '3500K', 341, 342),
(250, 10, '3500K Warm Dim', 343, 344),
(251, 10, '4000K', 345, 346),
(252, 10, '4500K', 347, 348),
(253, 10, '5000K', 349, 350),
(254, 10, '5500K', 351, 352),
(255, 10, '5700K', 353, 354),
(256, 10, '6000K', 355, 356),
(257, 10, 'RGB', 357, 358),
(258, 10, 'RGBW', 359, 360),
(259, 10, 'RGBA', 361, 362),
(260, 10, 'Blue', 363, 364),
(261, 19, 'Dimming Range', 639, 650),
(262, 19, 'Dimming Type', 651, 700),
(263, 261, 'Dimmable', 640, 641),
(264, 262, 'TRIAC/Forward/Leading', 652, 653),
(265, 262, 'ELV/Reverse/Trailing', 654, 655),
(266, 262, '0-10V', 656, 657),
(267, 262, '3-Wire Dimming', 658, 659),
(268, 262, 'Lutron Hi-Lume 3-wire/EcoSystem', 660, 661),
(269, 262, 'Lutron Hi-Lume 2-wire', 662, 663),
(270, 262, 'Lutron EcoSystem H', 664, 665),
(278, 9, '1', 311, 312),
(279, 9, '2', 313, 314),
(280, 9, '3', 315, 316),
(281, 9, '4', 317, 318),
(282, 9, '5', 319, 320),
(283, 9, '6', 321, 322),
(284, 9, '7', 323, 324),
(285, 9, '8 or more', 325, 326),
(311, 7, 'Configuration', 209, 230),
(313, 7, 'Length', 231, 260),
(314, 311, 'Continuous', 210, 211),
(315, 311, 'With Corners', 212, 213),
(317, 311, 'With Lit Corners', 214, 215),
(318, 313, 'Less than 1 Ft', 232, 233),
(319, 313, '1 Ft', 234, 235),
(320, 313, '2 Ft', 236, 237),
(321, 313, '3 Ft', 238, 239),
(322, 313, '4 Ft', 240, 241),
(323, 313, '5 Ft', 242, 243),
(324, 313, '6 Ft', 244, 245),
(325, 313, '7 Ft', 246, 247),
(326, 313, '8 Ft', 248, 249),
(327, 313, '9 Ft', 250, 251),
(328, 313, '10 Ft', 252, 253),
(329, 313, '11 Ft', 254, 255),
(330, 15, 'watt', 481, 518),
(331, 330, '3 or less W', 482, 483),
(332, 330, '3 - 5 W', 484, 485),
(333, 330, '5 - 10 W', 486, 487),
(334, 330, '10 - 15 W', 488, 489),
(335, 330, '15 - 20 W', 490, 491),
(336, 330, '20 - 30 W', 492, 493),
(337, 330, '30 - 50 W', 494, 495),
(338, 330, '50 - 75 W', 496, 497),
(339, 330, '75 - 100 W', 498, 499),
(340, 330, '100 - 150 W', 500, 501),
(341, 330, '150 - 250 W', 502, 503),
(342, 330, '250 -350 W', 504, 505),
(343, 15, 'watt_linear', 519, 538),
(344, 343, '1 W / Ft or less', 520, 521),
(345, 343, '1-2 W / Ft', 522, 523),
(346, 343, '2-3 W / Ft', 524, 525),
(347, 343, '3-5 W / Ft', 526, 527),
(348, 343, '5-7 W / Ft', 528, 529),
(349, 343, '7-10 W / Ft', 530, 531),
(350, 343, '10-15 W / Ft', 532, 533),
(351, 343, '15-25 W / Ft', 534, 535),
(356, 11, '60 or higher', 375, 376),
(357, 11, '70 or higher', 377, 378),
(358, 11, '80 or higher', 379, 380),
(360, 11, '90 or higher', 381, 382),
(361, 11, '95 or higher', 383, 384),
(362, 16, 'Lumens', 541, 598),
(363, 16, 'Lumens linear', 599, 622),
(364, 362, '100 Lm or less', 542, 543),
(365, 362, '200 Lm', 544, 545),
(366, 362, '300 Lm', 546, 547),
(367, 362, '500 Lm', 548, 549),
(368, 362, '750 Lm', 550, 551),
(369, 362, '1,000 Lm', 552, 553),
(370, 362, '1,500 Lm', 554, 555),
(371, 362, '2,000 Lm', 556, 557),
(372, 362, '2,500 Lm', 558, 559),
(373, 362, '3,000 Lm', 560, 561),
(374, 362, '4,000 Lm', 562, 563),
(375, 362, '5,000 Lm', 564, 565),
(376, 362, '6,000 Lm', 566, 567),
(377, 362, '8,000 Lm', 568, 569),
(378, 363, '100 Lm/Ft', 600, 601),
(379, 363, '200 Lm/Ft', 602, 603),
(380, 363, '300 Lm/Ft', 604, 605),
(381, 363, '400 Lm/Ft', 606, 607),
(382, 363, '500 Lm/Ft', 608, 609),
(383, 363, '750 Lm/Ft', 610, 611),
(384, 363, '1,000 Lm/Ft', 612, 613),
(385, 363, '1,500 Lm/Ft', 614, 615),
(386, 22, '1\" or less', 853, 854),
(387, 22, '2\" or less', 855, 856),
(388, 22, '3\" or less', 857, 858),
(389, 22, '4\" or less', 859, 860),
(390, 22, '5\" or less', 861, 862),
(391, 22, '6\" or less', 863, 864),
(392, 22, '7\" or less', 865, 866),
(393, 22, '8\" or less', 867, 868),
(394, 22, '10\" or less', 869, 870),
(395, 22, '12\" or less', 871, 872),
(396, 22, '16\" or less', 873, 874),
(397, 12, 'Night Sky', 439, 442),
(398, 397, 'Night Sky', 440, 441),
(399, 17, '30 Lm/Wt or higher', 625, 626),
(400, 17, '50 Lm/Wt or higher', 627, 628),
(401, 17, '70 Lm/Wt or higher', 629, 630),
(402, 17, '90 Lm/Wt or higher', 631, 632),
(403, 17, '120 Lm/Wt or higher', 633, 634),
(404, 17, '150 Lm/Wt or higher', 635, 636),
(405, 23, 'UL/ETL', 881, 888),
(406, 23, 'Energy', 889, 896),
(407, 23, 'ADA', 897, 904),
(408, 405, 'UL', 882, 883),
(409, 405, 'ETL', 884, 885),
(410, 405, 'CSA', 886, 887),
(411, 406, 'Energy Star**', 890, 891),
(412, 406, 'Title 24**', 892, 893),
(413, 406, 'DLC**', 894, 895),
(414, 407, 'ADA', 898, 899),
(415, 407, 'Made in USA', 900, 901),
(416, 407, 'IBEW', 902, 903),
(417, 240, '30,000 or more', 460, 461),
(418, 240, '50,000 or more', 462, 463),
(419, 240, '75,000 or more', 464, 465),
(420, 240, '100,000 or more', 466, 467),
(421, 240, '150,000 or more', 468, 469),
(423, 241, '25,000 or more TM21', 472, 473),
(424, 241, '35,000 or more TM21', 474, 475),
(425, 241, '60,000 TM21', 476, 477),
(426, 1, 'Manufacturers', 926, 1005),
(427, 426, '1', 927, 928),
(428, 426, '2', 929, 930),
(429, 426, '3', 931, 932),
(430, 426, '4', 933, 934),
(431, 426, '5', 935, 936),
(432, 426, '6', 937, 938),
(433, 426, '7', 939, 940),
(435, 426, '9', 941, 942),
(436, 426, '10', 943, 944),
(438, 426, '12', 945, 946),
(439, 426, '13', 947, 948),
(440, 426, '14', 949, 950),
(442, 1, 'Brands', 1006, 1019),
(443, 442, '4', 1007, 1008),
(444, 442, '2', 1009, 1010),
(446, 198, '208 V', 756, 757),
(448, 2, 'Low Bay', 59, 60),
(449, 2, 'Industrial/Utility', 61, 62),
(450, 4, 'Clean Room', 133, 134),
(451, 4, 'MRI', 135, 136),
(452, 5, 'Rectangular', 143, 144),
(453, 5, 'Linear', 145, 146),
(454, 5, 'Other', 147, 148),
(455, 6, '1 Ft x 4 Ft', 197, 198),
(457, 6, '2 Ft x 2 Ft', 199, 200),
(458, 311, 'Side Lit Continuous', 216, 217),
(459, 311, 'With Side Lit Corners', 218, 219),
(460, 311, 'Wall to Ceiling Lit', 220, 221),
(461, 311, 'Modular', 222, 223),
(462, 311, 'Quick Connect', 224, 225),
(463, 311, 'Daisy Chain', 226, 227),
(464, 313, '12 Ft', 256, 257),
(465, 313, 'more than 12 Ft', 258, 259),
(466, 8, 'Basket', 289, 290),
(467, 8, 'Decorative Diffuser', 291, 292),
(468, 8, 'Clear Lens', 293, 294),
(469, 8, 'Louvers', 295, 296),
(470, 8, 'Shielded', 297, 298),
(471, 10, 'Green', 365, 366),
(472, 10, 'Red', 367, 368),
(473, 10, 'Yellow/Amber', 369, 370),
(474, 180, 'Omni-Directional', 394, 395),
(475, 180, 'Pattern', 396, 397),
(477, 261, 'Dimmable to 1%*', 642, 643),
(481, 197, 'Solar', 738, 739),
(482, 216, 'Wood Trimless', 790, 791),
(483, 216, 'Concrete', 792, 793),
(484, 216, 'Concrete Drive Over', 794, 795),
(485, 216, 'Concrete Trimless', 796, 797),
(486, 216, 'Trimless Drive Over', 798, 799),
(487, 216, 'Ground', 800, 801),
(488, 216, 'Masonry', 802, 803),
(489, 216, 'Masonry Trimless', 804, 805),
(490, 216, 'Masonry Drive Over', 806, 807),
(491, 218, 'Direct Burial', 844, 845),
(492, 218, 'Concrete Pour', 846, 847),
(493, 218, 'Drywall Thickness', 848, 849),
(494, 25, '2 Weeks or less', 921, 922),
(495, 25, '4 Weeks or less', 923, 924),
(496, 1, 'Source', 1020, 1037),
(497, 496, 'LED Fixture', 1021, 1022),
(498, 496, 'OLED Fixture', 1023, 1024),
(499, 496, 'LED PAR 20 - Bulb', 1025, 1026),
(500, 362, '10,000 Lm', 570, 571),
(501, 362, '15,000 Lm', 572, 573),
(502, 362, '20,000 Lm', 574, 575),
(503, 362, '25,000 Lm', 576, 577),
(504, 362, '30,000 Lm', 578, 579),
(505, 362, '40,000 Lm', 580, 581),
(506, 362, '50,000 Lm', 582, 583),
(507, 362, '75,000 Lm', 584, 585),
(508, 362, '100,000 Lm', 586, 587),
(509, 362, '125,000 Lm', 588, 589),
(510, 362, '150,000 Lm', 590, 591),
(511, 362, '200,000 Lm', 592, 593),
(512, 362, '300,000 Lm', 594, 595),
(513, 362, '500,000 Lm or more', 596, 597),
(514, 363, '2,000 Lm/Ft', 616, 617),
(515, 363, '2,500 Lm/Ft', 618, 619),
(516, 363, '3,000 or more Lm/Ft', 620, 621),
(517, 19, 'Controls', 701, 730),
(518, 517, 'Integral OC/Daylight', 702, 703),
(519, 517, 'Wireless', 704, 705),
(520, 426, '17', 951, 952),
(521, 426, '18', 953, 954),
(522, 426, '19', 955, 956),
(523, 8, 'Other', 299, 300),
(524, 184, 'Area 90°', 424, 425),
(525, 184, 'Petroleum', 426, 427),
(526, 184, 'Dealership', 428, 429),
(527, 184, 'General', 430, 431),
(528, 199, 'EM Remote', 764, 765),
(529, 6, '2 Ft x 4 Ft', 201, 202),
(530, 6, '4 Ft x 4 Ft', 203, 204),
(531, 22, '18\" or less', 875, 876),
(534, 496, 'LED PAR 30 - Bulb', 1027, 1028),
(535, 496, 'LED PAR 38 - Bulb', 1029, 1030),
(536, 496, 'LED AR - Bulb', 1031, 1032),
(537, 496, 'LED MR - Bulb', 1033, 1034),
(538, 496, 'LED A - Bulb', 1035, 1036),
(539, 184, 'Volumetric', 432, 433),
(540, 426, '20', 957, 958),
(541, 426, '21', 959, 960),
(542, 426, '22', 961, 962),
(543, 2, 'Modular', 63, 64),
(544, 13, 'Locking Adjustable', 453, 454),
(545, 13, 'Hot Aiming w/Locking', 455, 456),
(546, 198, '240 V', 758, 759),
(547, 8, 'Optical Accessories', 301, 302),
(548, 8, 'xx Flat Diffuser', 303, 304),
(549, 8, 'xx Micro Optics', 305, 306),
(550, 426, '23', 963, 964),
(551, 426, '24', 965, 966),
(552, 426, '25', 967, 968),
(553, 426, '26', 969, 970),
(554, 343, '25 W / Ft or more', 536, 537),
(555, 426, '27', 971, 972),
(557, 8, 'Curved/Sloped Diffuser', 307, 308),
(558, 426, '28', 973, 974),
(559, 184, 'Direct View', 434, 435),
(560, 330, '350 - 500 W', 506, 507),
(561, 426, '29', 975, 976),
(562, 426, '30', 977, 978),
(563, 517, 'Motion/Photocell', 706, 707),
(564, 426, '31', 979, 980),
(565, 426, '32', 981, 982),
(566, 442, '5', 1011, 1012),
(567, 517, 'Photocell', 708, 709),
(568, 330, '500 ‐ 750 W', 508, 509),
(569, 330, '750 ‐ 1000 W', 510, 511),
(570, 330, '1000 - 1500 W', 512, 513),
(571, 330, '1500 - 2000 W', 514, 515),
(572, 330, '2000 or more', 516, 517),
(573, 426, '33', 983, 984),
(574, 426, '34', 985, 986),
(575, 426, '35', 987, 988),
(576, 10, 'Tunable White', 371, 372),
(577, 2, 'Wall Wash Linear', 65, 66),
(578, 426, '36', 989, 990),
(579, 6, '18\"', 205, 206),
(580, 311, 'Side to Side', 228, 229),
(581, 426, '37', 991, 992),
(582, 426, '38', 993, 994),
(583, 184, 'Forward Throw', 436, 437),
(585, 426, '39', 995, 996),
(588, 442, '6', 1013, 1014),
(589, 22, '24\" or less. TEST', 877, 878),
(590, 426, '40', 997, 998),
(599, 517, 'Lumentalk™', 710, 711),
(600, 517, 'Fifth Light®', 712, 713),
(601, 517, 'Redwood®', 714, 715),
(602, 517, 'XPoint™ Wireless', 716, 717),
(603, 517, 'Lutron®', 718, 719),
(604, 517, 'Ethernet', 720, 721),
(605, 517, 'nLight®', 722, 723),
(606, 216, 'Recessed Track', 808, 809),
(607, 216, 'Recessed Track Trimless', 810, 811),
(608, 517, 'xxx Advanced Mark 10 LV', 724, 725),
(609, 517, 'Enlighted', 726, 727),
(611, 426, '41', 999, 1000),
(612, 442, '7', 1015, 1016),
(613, 426, '42', 1001, 1002),
(614, 517, 'Daintree Networks', 728, 729),
(615, 442, '8', 1017, 1018),
(616, 426, '43', 1003, 1004),
(617, 261, 'Dimmable to 0%', 644, 645),
(618, 261, 'Bi-Level Switching', 646, 647),
(619, 261, 'Step Dimming', 648, 649),
(620, 262, 'Lutron EcoSystem 5', 666, 667),
(621, 262, 'DALI', 668, 669),
(622, 262, 'DVI', 670, 671),
(623, 262, 'DMX', 672, 673),
(624, 262, 'Step Dimming', 674, 675),
(625, 262, 'Built-in dimmer', 676, 677),
(626, 262, 'Bi-Level Switching', 678, 679),
(627, 262, 'Hi/Low Switching', 680, 681),
(628, 262, 'Fifth Light DALI', 682, 683),
(629, 262, 'Hi-lume Premier 3-wire', 684, 685),
(630, 262, 'Hi-lume Premier EcoSystem', 686, 687),
(631, 262, 'eldoLED ECO 0-10V', 688, 689),
(632, 262, 'eldoLED SOLO 0-10V', 690, 691),
(633, 262, 'eldoLED SOLO DALI', 692, 693),
(634, 262, 'eldoLED POWE DMX/RDM', 694, 695),
(635, 262, 'Advanced Mark 10 LV', 696, 697),
(636, 262, 'Other LED dimming', 698, 699);

-- --------------------------------------------------------

--
-- Table structure for table `specs_list_lm_new`
--

CREATE TABLE `specs_list_lm_new` (
  `spec_id` smallint(5) UNSIGNED NOT NULL,
  `parent_id` smallint(5) UNSIGNED NOT NULL,
  `spec` varchar(32) NOT NULL,
  `lft` smallint(5) UNSIGNED NOT NULL,
  `rgt` smallint(10) UNSIGNED NOT NULL
) ENGINE=InnoDB DEFAULT CHARSET=utf8;

--
-- RELATIONSHIPS FOR TABLE `specs_list_lm_new`:
--

--
-- Dumping data for table `specs_list_lm_new`
--

INSERT INTO `specs_list_lm_new` (`spec_id`, `parent_id`, `spec`, `lft`, `rgt`) VALUES
(1, 0, 'Specifications', 1, 1018),
(2, 1, 'Fixture Type', 2, 67),
(3, 1, 'Mounting', 68, 105),
(4, 1, 'Environment', 106, 137),
(5, 1, 'Shape', 138, 149),
(6, 1, 'Size', 150, 207),
(7, 1, 'Linear Configuration', 208, 261),
(8, 1, 'Aperture Type', 262, 309),
(9, 1, 'Multiples', 310, 327),
(10, 1, 'CCT Color', 328, 373),
(11, 1, 'CRI', 374, 385),
(12, 1, 'Distribution', 386, 443),
(13, 1, 'Aiming', 444, 457),
(14, 1, 'Life Hours', 458, 479),
(15, 1, 'Watt', 480, 539),
(16, 1, 'Lumens Delivered', 540, 607),
(17, 1, 'Efficacy', 608, 621),
(19, 1, 'Controls', 622, 721),
(20, 1, 'Power', 722, 767),
(21, 1, 'Recessed Options', 768, 841),
(22, 1, 'Housing Depth', 842, 869),
(23, 1, 'Compliances', 870, 895),
(24, 1, 'Warranty', 896, 903),
(25, 1, 'Quick Ship', 904, 915),
(26, 2, 'Area and Site', 3, 4),
(27, 2, 'Area Decorative', 5, 6),
(28, 2, 'Facade Media', 7, 8),
(29, 2, 'Floodlight', 9, 10),
(30, 2, 'Floodlight Linear', 11, 12),
(31, 2, 'Façade Architectural', 13, 14),
(32, 2, 'Façade Utility', 15, 16),
(33, 2, 'Pathway/Steplight', 17, 18),
(34, 2, 'Parking Garage/Canopy', 19, 20),
(35, 2, 'Roadway', 21, 22),
(36, 2, 'Accent', 23, 24),
(37, 2, 'Accent Linear', 25, 26),
(38, 2, 'Downlight', 27, 28),
(39, 2, 'Wall Wash', 29, 30),
(40, 2, 'Other', 31, 32),
(41, 2, 'Perimiter/Grazer', 33, 34),
(42, 2, 'General Architectural', 35, 36),
(43, 2, 'Linear Architectural', 37, 38),
(44, 2, 'Decorative', 39, 40),
(45, 2, 'Troffer', 41, 42),
(46, 2, 'Teleconference', 43, 44),
(47, 2, 'Sports', 45, 46),
(48, 2, 'Combo System', 47, 48),
(49, 2, 'Cove Light', 49, 50),
(50, 2, 'Flexible Lighting', 51, 52),
(51, 2, 'Light Panels', 53, 54),
(52, 2, 'Task/Cabinet', 55, 56),
(53, 2, 'High Bay', 57, 58),
(54, 3, 'Pole/Mast Arm', 69, 70),
(55, 3, 'Pole/Post Top', 71, 72),
(56, 3, 'Bollard', 73, 74),
(57, 3, 'Spike/Stem', 75, 76),
(58, 3, 'Canopy Recessed', 77, 78),
(59, 3, 'In-grade', 79, 80),
(60, 3, 'Ceiling Recessed', 81, 82),
(61, 3, 'Ceiling Surface', 83, 84),
(62, 3, 'Millwork Recessed', 85, 86),
(63, 3, 'Monopoint', 87, 88),
(64, 3, 'Pendant', 89, 90),
(65, 3, 'Clamp', 91, 92),
(66, 3, 'Rail', 93, 94),
(67, 3, 'Retrofit', 95, 96),
(68, 3, 'Surface', 97, 98),
(69, 3, 'Track/Busway', 99, 100),
(70, 3, 'Wall Recessed', 101, 102),
(71, 3, 'Wall Surface', 103, 104),
(74, 4, 'Damp', 107, 108),
(75, 4, 'Shower', 109, 110),
(76, 4, 'Wet', 111, 112),
(77, 4, 'Wet IP65', 113, 114),
(78, 4, 'Wet IP66', 115, 116),
(79, 4, 'Wet IP67', 117, 118),
(80, 4, 'Submersible IP68', 119, 120),
(81, 4, 'Natatorium', 121, 122),
(82, 4, 'Hazardous', 123, 124),
(83, 4, 'Marine', 125, 126),
(84, 4, 'Vandal', 127, 128),
(85, 4, 'Refrigerator', 129, 130),
(86, 4, 'Vapor Proof', 131, 132),
(87, 5, 'Round', 139, 140),
(88, 5, 'Square', 141, 142),
(89, 8, 'Diodes', 263, 264),
(90, 8, 'Diodes with Optics', 265, 266),
(91, 8, 'Reflector', 267, 268),
(92, 8, 'Baffle', 269, 270),
(93, 8, 'Beveled', 271, 272),
(94, 8, 'Pinhole', 273, 274),
(95, 8, 'Lensed Reflector', 275, 276),
(96, 8, 'Regressed Diffuser', 277, 278),
(97, 8, 'Flush Diffuser', 279, 280),
(98, 8, 'Drop Diffuser', 281, 282),
(99, 8, 'Direct/Indiret Optics', 283, 284),
(100, 8, 'Light Wave Optics', 285, 286),
(101, 8, 'Parabolic Optics', 287, 288),
(105, 13, 'Adjustable', 445, 446),
(107, 13, 'Hot Aiming', 447, 448),
(108, 13, 'Pre Aimed', 449, 450),
(109, 13, 'Remote Aiming', 451, 452),
(110, 24, '1 Year at least', 897, 898),
(111, 24, '5 Years at least', 899, 900),
(112, 24, '10 Years at least', 901, 902),
(113, 25, 'Stock', 905, 906),
(114, 25, '5 days or less', 907, 908),
(115, 25, '10 days or less', 909, 910),
(141, 6, '0.5\" Width', 151, 152),
(142, 6, '1\" Width', 153, 154),
(143, 6, '2\" Width', 155, 156),
(144, 6, '3\" Width', 157, 158),
(146, 6, '4\" Width', 159, 160),
(147, 6, '5\" Width', 161, 162),
(148, 6, '6\" Width', 163, 164),
(149, 6, '7\" Width', 165, 166),
(150, 6, '8\" Width', 167, 168),
(151, 6, '9\" Width', 169, 170),
(152, 6, '10\" Width', 171, 172),
(153, 6, '12\" Width', 173, 174),
(154, 6, '15\" Width', 175, 176),
(155, 6, '18\" Width', 177, 178),
(156, 6, '2 Ft Width', 179, 180),
(157, 6, '2.5 Ft Width', 181, 182),
(158, 6, '3 Ft Width', 183, 184),
(159, 6, '4 Ft Width', 185, 186),
(160, 6, '5 Ft Width', 187, 188),
(161, 6, '6 Ft Width', 189, 190),
(162, 6, '8 + Ft Width', 191, 192),
(163, 6, '1 Ft x 1 Ft', 193, 194),
(164, 6, '1 Ft x 2 Ft', 195, 196),
(180, 12, 'Distribution Directions', 387, 398),
(181, 180, 'Direct', 388, 389),
(182, 180, 'Indirect', 390, 391),
(183, 180, 'Direct/Indirect', 392, 393),
(184, 12, 'Distribution Type', 399, 438),
(185, 184, 'Narrow', 400, 401),
(186, 184, 'Medium', 402, 403),
(187, 184, 'Flood', 404, 405),
(188, 184, 'Wide Flood', 406, 407),
(189, 184, 'Asymmetric/Wash', 408, 409),
(190, 184, 'Batwing', 410, 411),
(191, 184, 'Grazing', 412, 413),
(192, 184, 'Area I', 414, 415),
(193, 184, 'Area II', 416, 417),
(194, 184, 'Area III', 418, 419),
(195, 184, 'Area IV', 420, 421),
(196, 184, 'Area V', 422, 423),
(197, 20, 'Integral', 723, 730),
(198, 20, 'Voltage', 731, 750),
(199, 20, 'EM', 751, 756),
(200, 20, 'Track', 757, 766),
(201, 197, 'Integral', 724, 725),
(202, 197, 'Remote', 726, 727),
(203, 198, 'Low Voltage', 732, 733),
(204, 198, 'UNV 120-277 V', 734, 735),
(205, 198, '120 V', 736, 737),
(206, 198, '277 V', 738, 739),
(207, 198, '347 V', 740, 741),
(208, 198, '480 V', 742, 743),
(209, 198, 'UNC 347-480 V', 744, 745),
(210, 199, 'EM Integral', 752, 753),
(211, 200, '1 Circuit Track', 758, 759),
(212, 200, '2 Circuits Track', 760, 761),
(213, 200, '3 Circuits Track', 762, 763),
(214, 200, '3+ Circuits Track', 764, 765),
(216, 21, 'Installation', 769, 802),
(218, 21, 'Housing Type', 803, 840),
(220, 216, 'Drywall', 770, 771),
(221, 216, 'Drywall Trimless', 772, 773),
(222, 216, 'T-Grid', 774, 775),
(223, 216, 'Tech Zone', 776, 777),
(224, 216, 'Wood', 778, 779),
(225, 218, 'New Construction', 804, 805),
(226, 218, 'New IC', 806, 807),
(227, 218, 'New Chicago Plenum', 808, 809),
(228, 218, 'Remodel', 810, 811),
(229, 218, 'Remodel IC', 812, 813),
(230, 218, 'Retrofit', 814, 815),
(231, 218, 'Junction Box', 816, 817),
(232, 218, 'Fixture', 818, 819),
(233, 218, 'Modular Through', 820, 821),
(234, 218, 'New Air Tight', 822, 823),
(235, 218, 'New IC Air Tight', 824, 825),
(236, 218, 'Remodel Air Tight', 826, 827),
(237, 218, 'Remodel IC Air Tight', 828, 829),
(238, 218, 'Remodel Chicago Plenum', 830, 831),
(239, 218, 'Air Return', 832, 833),
(240, 14, 'LM-80', 459, 470),
(241, 14, 'TM-21', 471, 478),
(243, 10, 'Amber (WildLife)', 329, 330),
(244, 10, '2400K or less', 331, 332),
(245, 10, '2700K', 333, 334),
(246, 10, '2700K Warm Dim', 335, 336),
(247, 10, '3000K', 337, 338),
(248, 10, '3000K Warm Dim', 339, 340),
(249, 10, '3500K', 341, 342),
(250, 10, '3500K Warm Dim', 343, 344),
(251, 10, '4000K', 345, 346),
(252, 10, '4500K', 347, 348),
(253, 10, '5000K', 349, 350),
(254, 10, '5500K', 351, 352),
(255, 10, '5700K', 353, 354),
(256, 10, '6000K', 355, 356),
(257, 10, 'RGB', 357, 358),
(258, 10, 'RGBW', 359, 360),
(259, 10, 'RGBA', 361, 362),
(260, 10, 'Blue', 363, 364),
(261, 19, 'Dimming Range', 623, 628),
(262, 19, 'Dimming Type', 629, 692),
(263, 261, 'to 1%', 624, 625),
(264, 262, 'TRIAC/Forward/Leading', 630, 631),
(265, 262, 'ELV/Reverse/Trailing', 632, 633),
(266, 262, '0-10V', 634, 635),
(267, 262, '3-Wire Dimming', 636, 637),
(268, 262, 'Lutron Hi-Lume 3-wire/EcoSystem', 638, 639),
(269, 262, 'Lutron Hi-Lume 2-wire', 640, 641),
(270, 262, 'Lutron EcoSystem H', 642, 643),
(271, 262, 'DALI', 644, 645),
(272, 262, 'DVI', 646, 647),
(273, 262, 'DMX', 648, 649),
(274, 262, 'Step Dimming', 650, 651),
(275, 262, 'Built-in dimmer', 652, 653),
(276, 262, 'Bi-Level Switching', 654, 655),
(277, 262, 'Hi/Low Switching', 656, 657),
(278, 9, '1', 311, 312),
(279, 9, '2', 313, 314),
(280, 9, '3', 315, 316),
(281, 9, '4', 317, 318),
(282, 9, '5', 319, 320),
(283, 9, '6', 321, 322),
(284, 9, '7', 323, 324),
(285, 9, '8 or more', 325, 326),
(311, 7, 'Configuration', 209, 230),
(313, 7, 'Length', 231, 260),
(314, 311, 'Continuous', 210, 211),
(315, 311, 'With Corners', 212, 213),
(317, 311, 'With Lit Corners', 214, 215),
(318, 313, 'Less than 1 Ft', 232, 233),
(319, 313, '1 Ft', 234, 235),
(320, 313, '2 Ft', 236, 237),
(321, 313, '3 Ft', 238, 239),
(322, 313, '4 Ft', 240, 241),
(323, 313, '5 Ft', 242, 243),
(324, 313, '6 Ft', 244, 245),
(325, 313, '7 Ft', 246, 247),
(326, 313, '8 Ft', 248, 249),
(327, 313, '9 Ft', 250, 251),
(328, 313, '10 Ft', 252, 253),
(329, 313, '11 Ft', 254, 255),
(330, 15, 'watt', 481, 518),
(331, 330, '3 or less W', 482, 483),
(332, 330, '3 - 5 W', 484, 485),
(333, 330, '5 - 10 W', 486, 487),
(334, 330, '10 - 15 W', 488, 489),
(335, 330, '15 - 20 W', 490, 491),
(336, 330, '20 - 30 W', 492, 493),
(337, 330, '30 - 50 W', 494, 495),
(338, 330, '50 - 75 W', 496, 497),
(339, 330, '75 - 100 W', 498, 499),
(340, 330, '100 - 150 W', 500, 501),
(341, 330, '150 - 250 W', 502, 503),
(342, 330, '250 -350 W', 504, 505),
(343, 15, 'watt_linear', 519, 538),
(344, 343, '1 W / Ft or less', 520, 521),
(345, 343, '1-2 W / Ft', 522, 523),
(346, 343, '2-3 W / Ft', 524, 525),
(347, 343, '3-5 W / Ft', 526, 527),
(348, 343, '5-7 W / Ft', 528, 529),
(349, 343, '7-10 W / Ft', 530, 531),
(350, 343, '10-15 W / Ft', 532, 533),
(351, 343, '15-25 W / Ft', 534, 535),
(356, 11, '60 or higher', 375, 376),
(357, 11, '70 or higher', 377, 378),
(358, 11, '80 or higher', 379, 380),
(360, 11, '90 or higher', 381, 382),
(361, 11, '95 or higher', 383, 384),
(362, 16, 'Lumens', 541, 582),
(363, 16, 'Lumens linear', 583, 606),
(364, 362, '100 Lm or less', 542, 543),
(365, 362, '100 - 300 Lm', 544, 545),
(366, 362, '300 - 500 Lm', 546, 547),
(367, 362, '500 - 1,000 Lm', 548, 549),
(368, 362, '1,000 - 1,500 Lm', 550, 551),
(369, 362, '1,500 - 2,500 Lm', 552, 553),
(370, 362, '2,500 - 4,000 Lm', 554, 555),
(371, 362, '4,000 - 6,000 Lm', 556, 557),
(372, 362, '6,000 - 10,000 Lm', 558, 559),
(373, 362, '10,000 - 15,000 Lm', 560, 561),
(374, 362, '15,000 - 20,000 Lm', 562, 563),
(375, 362, '20,000 - 30,000 Lm', 564, 565),
(376, 362, '30,000 - 50,000 Lm', 566, 567),
(377, 362, '50,000 - 70,000 Lm', 568, 569),
(378, 363, '100 Lm/Ft or less', 584, 585),
(379, 363, '100 - 200 Lm/Ft', 586, 587),
(380, 363, '200 - 350 Lm/Ft', 588, 589),
(381, 363, '350 - 500 Lm/Ft', 590, 591),
(382, 363, '500 -750 Lm/Ft', 592, 593),
(383, 363, '750 -1,000 Lm/Ft', 594, 595),
(384, 363, '1,000 - 1,500 Lm/Ft', 596, 597),
(385, 363, '1,500 - 2,000 Lm/Ft', 598, 599),
(386, 22, '1\" or less', 843, 844),
(387, 22, '2\" or less', 845, 846),
(388, 22, '3\" or less', 847, 848),
(389, 22, '4\" or less', 849, 850),
(390, 22, '5\" or less', 851, 852),
(391, 22, '6\" or less', 853, 854),
(392, 22, '7\" or less', 855, 856),
(393, 22, '8\" or less', 857, 858),
(394, 22, '10\" or less', 859, 860),
(395, 22, '12\" or less', 861, 862),
(396, 22, '16\" or less', 863, 864),
(397, 12, 'Night Sky', 439, 442),
(398, 397, 'Night Sky', 440, 441),
(399, 17, '30 Lm/Wt or higher', 609, 610),
(400, 17, '50 Lm/Wt or higher', 611, 612),
(401, 17, '70 Lm/Wt or higher', 613, 614),
(402, 17, '90 Lm/Wt or higher', 615, 616),
(403, 17, '120 Lm/Wt or higher', 617, 618),
(404, 17, '150 Lm/Wt or higher', 619, 620),
(405, 23, 'UL/ETL', 871, 878),
(406, 23, 'Energy', 879, 886),
(407, 23, 'ADA', 887, 894),
(408, 405, 'UL', 872, 873),
(409, 405, 'ETL', 874, 875),
(410, 405, 'CSA', 876, 877),
(411, 406, 'Energy Star**', 880, 881),
(412, 406, 'Title 24**', 882, 883),
(413, 406, 'DLC**', 884, 885),
(414, 407, 'ADA', 888, 889),
(415, 407, 'Made in USA', 890, 891),
(416, 407, 'IBEW', 892, 893),
(417, 240, '30,000 or more', 460, 461),
(418, 240, '50,000 or more', 462, 463),
(419, 240, '75,000 or more', 464, 465),
(420, 240, '100,000 or more', 466, 467),
(421, 240, '150,000 or more', 468, 469),
(423, 241, '25,000 or more TM21', 472, 473),
(424, 241, '35,000 or more TM21', 474, 475),
(425, 241, '60,000 TM21', 476, 477),
(426, 1, 'Manufacturers', 916, 989),
(427, 426, '1', 917, 918),
(428, 426, '2', 919, 920),
(429, 426, '3', 921, 922),
(430, 426, '4', 923, 924),
(431, 426, '5', 925, 926),
(432, 426, '6', 927, 928),
(433, 426, '7', 929, 930),
(435, 426, '9', 931, 932),
(436, 426, '10', 933, 934),
(438, 426, '12', 935, 936),
(439, 426, '13', 937, 938),
(440, 426, '14', 939, 940),
(442, 1, 'Brands', 990, 999),
(443, 442, '4', 991, 992),
(444, 442, '2', 993, 994),
(446, 198, '208 V', 746, 747),
(448, 2, 'Low Bay', 59, 60),
(449, 2, 'Industrial/Utility', 61, 62),
(450, 4, 'Clean Room', 133, 134),
(451, 4, 'MRI', 135, 136),
(452, 5, 'Rectangular', 143, 144),
(453, 5, 'Linear', 145, 146),
(454, 5, 'Other', 147, 148),
(455, 6, '1 Ft x 4 Ft', 197, 198),
(457, 6, '2 Ft x 2 Ft', 199, 200),
(458, 311, 'Side Lit Continuous', 216, 217),
(459, 311, 'With Side Lit Corners', 218, 219),
(460, 311, 'Wall to Ceiling Lit', 220, 221),
(461, 311, 'Modular', 222, 223),
(462, 311, 'Quick Connect', 224, 225),
(463, 311, 'Daisy Chain', 226, 227),
(464, 313, '12 Ft', 256, 257),
(465, 313, 'more than 12 Ft', 258, 259),
(466, 8, 'Basket', 289, 290),
(467, 8, 'Decorative Diffuser', 291, 292),
(468, 8, 'Clear Lens', 293, 294),
(469, 8, 'Louvers', 295, 296),
(470, 8, 'Shielded', 297, 298),
(471, 10, 'Green', 365, 366),
(472, 10, 'Red', 367, 368),
(473, 10, 'Yellow/Amber', 369, 370),
(474, 180, 'Omni-Directional', 394, 395),
(475, 180, 'Pattern', 396, 397),
(477, 261, 'to less than 1%', 626, 627),
(478, 262, 'Fifth Light DALI', 658, 659),
(479, 262, 'xxx Redwood', 660, 661),
(481, 197, 'Solar', 728, 729),
(482, 216, 'Wood Trimless', 780, 781),
(483, 216, 'Concrete', 782, 783),
(484, 216, 'Concrete Drive Over', 784, 785),
(485, 216, 'Concrete Trimless', 786, 787),
(486, 216, 'Trimless Drive Over', 788, 789),
(487, 216, 'Ground', 790, 791),
(488, 216, 'Masonry', 792, 793),
(489, 216, 'Masonry Trimless', 794, 795),
(490, 216, 'Masonry Drive Over', 796, 797),
(491, 218, 'Direct Burial', 834, 835),
(492, 218, 'Concrete Pour', 836, 837),
(493, 218, 'Drywall Thickness', 838, 839),
(494, 25, '2 Weeks or less', 911, 912),
(495, 25, '4 Weeks or less', 913, 914),
(496, 1, 'Source', 1000, 1017),
(497, 496, 'LED Fixture', 1001, 1002),
(498, 496, 'OLED Fixture', 1003, 1004),
(499, 496, 'LED PAR 20 - Bulb', 1005, 1006),
(500, 362, '70,000 - 100,000 Lm', 570, 571),
(501, 362, '100,000 - 150,000 Lm', 572, 573),
(502, 362, '150,000 - 250,000Lm', 574, 575),
(503, 362, '250,000 - 400,000 Lm', 576, 577),
(504, 362, '400,000 - 600,000 Lm', 578, 579),
(505, 362, '600,000 Lm or more', 580, 581),
(514, 363, '2,000 - 3,000 Lm/Ft', 600, 601),
(515, 363, '3,000 - 4,000 Lm/Ft', 602, 603),
(516, 363, '4,000 Lm/Ft or more', 604, 605),
(517, 19, 'Controls', 693, 720),
(518, 517, 'Integral OC/Daylight', 694, 695),
(519, 517, 'Wireless', 696, 697),
(520, 426, '17', 941, 942),
(521, 426, '18', 943, 944),
(522, 426, '19', 945, 946),
(523, 8, 'Other', 299, 300),
(524, 184, 'Area 90°', 424, 425),
(525, 184, 'Petroleum', 426, 427),
(526, 184, 'Dealership', 428, 429),
(527, 184, 'General', 430, 431),
(528, 199, 'EM Remote', 754, 755),
(529, 6, '2 Ft x 4 Ft', 201, 202),
(530, 6, '4 Ft x 4 Ft', 203, 204),
(531, 22, '18\" or less', 865, 866),
(532, 262, 'xxx LumenTalk', 662, 663),
(533, 262, 'xxx Ethernet', 664, 665),
(534, 496, 'LED PAR 30 - Bulb', 1007, 1008),
(535, 496, 'LED PAR 38 - Bulb', 1009, 1010),
(536, 496, 'LED AR - Bulb', 1011, 1012),
(537, 496, 'LED MR - Bulb', 1013, 1014),
(538, 496, 'LED A - Bulb', 1015, 1016),
(539, 184, 'Volumetric', 432, 433),
(540, 426, '20', 947, 948),
(541, 426, '21', 949, 950),
(542, 426, '22', 951, 952),
(543, 2, 'Modular', 63, 64),
(544, 13, 'Locking Adjustable', 453, 454),
(545, 13, 'Hot Aiming w/Locking', 455, 456),
(546, 198, '240 V', 748, 749),
(547, 8, 'Optical Accessories', 301, 302),
(548, 8, 'xx Flat Diffuser', 303, 304),
(549, 8, 'xx Micro Optics', 305, 306),
(550, 426, '23', 953, 954),
(551, 426, '24', 955, 956),
(552, 426, '25', 957, 958),
(553, 426, '26', 959, 960),
(554, 343, '25 W / Ft or more', 536, 537),
(555, 426, '27', 961, 962),
(556, 262, 'Other LED dimming', 666, 667),
(557, 8, 'Curved/Sloped Diffuser', 307, 308),
(558, 426, '28', 963, 964),
(559, 184, 'Direct View', 434, 435),
(560, 330, '350 - 500 W', 506, 507),
(561, 426, '29', 965, 966),
(562, 426, '30', 967, 968),
(563, 517, 'Motion/Photocell', 698, 699),
(564, 426, '31', 969, 970),
(565, 426, '32', 971, 972),
(566, 442, '5', 995, 996),
(567, 517, 'Photocell', 700, 701),
(568, 330, '500 ‐ 750 W', 508, 509),
(569, 330, '750 ‐ 1000 W', 510, 511),
(570, 330, '1000 - 1500 W', 512, 513),
(571, 330, '1500 - 2000 W', 514, 515),
(572, 330, '2000 or more', 516, 517),
(573, 426, '33', 973, 974),
(574, 426, '34', 975, 976),
(575, 426, '35', 977, 978),
(576, 10, 'Tunable White', 371, 372),
(577, 2, 'Wall Wash Linear', 65, 66),
(578, 426, '36', 979, 980),
(579, 6, '18\"', 205, 206),
(580, 311, 'Side to Side', 228, 229),
(581, 426, '37', 981, 982),
(582, 426, '38', 983, 984),
(583, 184, 'Forward Throw', 436, 437),
(584, 262, 'xxx Lutron Hi-Lume A', 668, 669),
(585, 426, '39', 985, 986),
(586, 262, 'xxxx eldoLED', 670, 671),
(587, 262, 'Lutron EcoSystem 5', 672, 673),
(588, 442, '6', 997, 998),
(589, 22, '24\" or less. TEST', 867, 868),
(590, 426, '40', 987, 988),
(591, 262, 'Hi-lume Premier 3-wire ', 674, 675),
(592, 262, 'Hi-lume Premier EcoSystem ', 676, 677),
(593, 262, 'eldoLED ECO 0-10V', 678, 679),
(594, 262, 'not used', 680, 681),
(595, 262, 'eldoLED SOLO 0-10V', 682, 683),
(596, 262, 'eldoLED SOLO DALI', 684, 685),
(597, 262, 'eldoLED POWE DMX/RDM', 686, 687),
(598, 262, 'xxx not used', 688, 689),
(599, 517, 'Lumentalk™', 702, 703),
(600, 517, 'Fifth Light®', 704, 705),
(601, 517, 'Redwood®', 706, 707),
(602, 517, 'XPoint™ Wireless', 708, 709),
(603, 517, 'Lutron®', 710, 711),
(604, 517, 'Ethernet', 712, 713),
(605, 517, 'nLight®', 714, 715),
(606, 216, 'Recessed Track', 798, 799),
(607, 216, 'Recessed Track Trimless', 800, 801),
(608, 517, 'xxx Advanced Mark 10 LV', 716, 717),
(609, 517, 'Enlighted', 718, 719),
(610, 262, 'Advanced Mark 10 LV', 690, 691);

-- --------------------------------------------------------

--
-- Table structure for table `specs_list_lm_old`
--

CREATE TABLE `specs_list_lm_old` (
  `spec_id` smallint(5) UNSIGNED NOT NULL,
  `parent_id` smallint(5) UNSIGNED NOT NULL,
  `spec` varchar(32) NOT NULL,
  `lft` smallint(5) UNSIGNED NOT NULL,
  `rgt` smallint(10) UNSIGNED NOT NULL
) ENGINE=InnoDB DEFAULT CHARSET=utf8;

--
-- RELATIONSHIPS FOR TABLE `specs_list_lm_old`:
--

--
-- Dumping data for table `specs_list_lm_old`
--

INSERT INTO `specs_list_lm_old` (`spec_id`, `parent_id`, `spec`, `lft`, `rgt`) VALUES
(1, 0, 'Specifications', 1, 1034),
(2, 1, 'Fixture Type', 2, 67),
(3, 1, 'Mounting', 68, 105),
(4, 1, 'Environment', 106, 137),
(5, 1, 'Shape', 138, 149),
(6, 1, 'Size', 150, 207),
(7, 1, 'Linear Configuration', 208, 261),
(8, 1, 'Aperture Type', 262, 309),
(9, 1, 'Multiples', 310, 327),
(10, 1, 'CCT Color', 328, 373),
(11, 1, 'CRI', 374, 385),
(12, 1, 'Distribution', 386, 443),
(13, 1, 'Aiming', 444, 457),
(14, 1, 'Life Hours', 458, 479),
(15, 1, 'Watt', 480, 539),
(16, 1, 'Lumens Delivered', 540, 623),
(17, 1, 'Efficacy', 624, 637),
(19, 1, 'Controls', 638, 737),
(20, 1, 'Power', 738, 783),
(21, 1, 'Recessed Options', 784, 857),
(22, 1, 'Housing Depth', 858, 885),
(23, 1, 'Compliances', 886, 911),
(24, 1, 'Warranty', 912, 919),
(25, 1, 'Quick Ship', 920, 931),
(26, 2, 'Area and Site', 3, 4),
(27, 2, 'Area Decorative', 5, 6),
(28, 2, 'Facade Media', 7, 8),
(29, 2, 'Floodlight', 9, 10),
(30, 2, 'Floodlight Linear', 11, 12),
(31, 2, 'Façade Architectural', 13, 14),
(32, 2, 'Façade Utility', 15, 16),
(33, 2, 'Pathway/Steplight', 17, 18),
(34, 2, 'Parking Garage/Canopy', 19, 20),
(35, 2, 'Roadway', 21, 22),
(36, 2, 'Accent', 23, 24),
(37, 2, 'Accent Linear', 25, 26),
(38, 2, 'Downlight', 27, 28),
(39, 2, 'Wall Wash', 29, 30),
(40, 2, 'Other', 31, 32),
(41, 2, 'Perimiter/Grazer', 33, 34),
(42, 2, 'General Architectural', 35, 36),
(43, 2, 'Linear Architectural', 37, 38),
(44, 2, 'Decorative', 39, 40),
(45, 2, 'Troffer', 41, 42),
(46, 2, 'Teleconference', 43, 44),
(47, 2, 'Sports', 45, 46),
(48, 2, 'Combo System', 47, 48),
(49, 2, 'Cove Light', 49, 50),
(50, 2, 'Flexible Lighting', 51, 52),
(51, 2, 'Light Panels', 53, 54),
(52, 2, 'Task/Cabinet', 55, 56),
(53, 2, 'High Bay', 57, 58),
(54, 3, 'Pole/Mast Arm', 69, 70),
(55, 3, 'Pole/Post Top', 71, 72),
(56, 3, 'Bollard', 73, 74),
(57, 3, 'Spike/Stem', 75, 76),
(58, 3, 'Canopy Recessed', 77, 78),
(59, 3, 'In-grade', 79, 80),
(60, 3, 'Ceiling Recessed', 81, 82),
(61, 3, 'Ceiling Surface', 83, 84),
(62, 3, 'Millwork Recessed', 85, 86),
(63, 3, 'Monopoint', 87, 88),
(64, 3, 'Pendant', 89, 90),
(65, 3, 'Clamp', 91, 92),
(66, 3, 'Rail', 93, 94),
(67, 3, 'Retrofit', 95, 96),
(68, 3, 'Surface', 97, 98),
(69, 3, 'Track/Busway', 99, 100),
(70, 3, 'Wall Recessed', 101, 102),
(71, 3, 'Wall Surface', 103, 104),
(74, 4, 'Damp', 107, 108),
(75, 4, 'Shower', 109, 110),
(76, 4, 'Wet', 111, 112),
(77, 4, 'Wet IP65', 113, 114),
(78, 4, 'Wet IP66', 115, 116),
(79, 4, 'Wet IP67', 117, 118),
(80, 4, 'Submersible IP68', 119, 120),
(81, 4, 'Natatorium', 121, 122),
(82, 4, 'Hazardous', 123, 124),
(83, 4, 'Marine', 125, 126),
(84, 4, 'Vandal', 127, 128),
(85, 4, 'Refrigerator', 129, 130),
(86, 4, 'Vapor Proof', 131, 132),
(87, 5, 'Round', 139, 140),
(88, 5, 'Square', 141, 142),
(89, 8, 'Diodes', 263, 264),
(90, 8, 'Diodes with Optics', 265, 266),
(91, 8, 'Reflector', 267, 268),
(92, 8, 'Baffle', 269, 270),
(93, 8, 'Beveled', 271, 272),
(94, 8, 'Pinhole', 273, 274),
(95, 8, 'Lensed Reflector', 275, 276),
(96, 8, 'Regressed Diffuser', 277, 278),
(97, 8, 'Flush Diffuser', 279, 280),
(98, 8, 'Drop Diffuser', 281, 282),
(99, 8, 'Direct/Indiret Optics', 283, 284),
(100, 8, 'Light Wave Optics', 285, 286),
(101, 8, 'Parabolic Optics', 287, 288),
(105, 13, 'Adjustable', 445, 446),
(107, 13, 'Hot Aiming', 447, 448),
(108, 13, 'Pre Aimed', 449, 450),
(109, 13, 'Remote Aiming', 451, 452),
(110, 24, '1 Year at least', 913, 914),
(111, 24, '5 Years at least', 915, 916),
(112, 24, '10 Years at least', 917, 918),
(113, 25, 'Stock', 921, 922),
(114, 25, '5 days or less', 923, 924),
(115, 25, '10 days or less', 925, 926),
(141, 6, '0.5\" Width', 151, 152),
(142, 6, '1\" Width', 153, 154),
(143, 6, '2\" Width', 155, 156),
(144, 6, '3\" Width', 157, 158),
(146, 6, '4\" Width', 159, 160),
(147, 6, '5\" Width', 161, 162),
(148, 6, '6\" Width', 163, 164),
(149, 6, '7\" Width', 165, 166),
(150, 6, '8\" Width', 167, 168),
(151, 6, '9\" Width', 169, 170),
(152, 6, '10\" Width', 171, 172),
(153, 6, '12\" Width', 173, 174),
(154, 6, '15\" Width', 175, 176),
(155, 6, '18\" Width', 177, 178),
(156, 6, '2 Ft Width', 179, 180),
(157, 6, '2.5 Ft Width', 181, 182),
(158, 6, '3 Ft Width', 183, 184),
(159, 6, '4 Ft Width', 185, 186),
(160, 6, '5 Ft Width', 187, 188),
(161, 6, '6 Ft Width', 189, 190),
(162, 6, '8 + Ft Width', 191, 192),
(163, 6, '1 Ft x 1 Ft', 193, 194),
(164, 6, '1 Ft x 2 Ft', 195, 196),
(180, 12, 'Distribution Directions', 387, 398),
(181, 180, 'Direct', 388, 389),
(182, 180, 'Indirect', 390, 391),
(183, 180, 'Direct/Indirect', 392, 393),
(184, 12, 'Distribution Type', 399, 438),
(185, 184, 'Narrow', 400, 401),
(186, 184, 'Medium', 402, 403),
(187, 184, 'Flood', 404, 405),
(188, 184, 'Wide Flood', 406, 407),
(189, 184, 'Asymmetric/Wash', 408, 409),
(190, 184, 'Batwing', 410, 411),
(191, 184, 'Grazing', 412, 413),
(192, 184, 'Area I', 414, 415),
(193, 184, 'Area II', 416, 417),
(194, 184, 'Area III', 418, 419),
(195, 184, 'Area IV', 420, 421),
(196, 184, 'Area V', 422, 423),
(197, 20, 'Integral', 739, 746),
(198, 20, 'Voltage', 747, 766),
(199, 20, 'EM', 767, 772),
(200, 20, 'Track', 773, 782),
(201, 197, 'Integral', 740, 741),
(202, 197, 'Remote', 742, 743),
(203, 198, 'Low Voltage', 748, 749),
(204, 198, 'UNV 120-277 V', 750, 751),
(205, 198, '120 V', 752, 753),
(206, 198, '277 V', 754, 755),
(207, 198, '347 V', 756, 757),
(208, 198, '480 V', 758, 759),
(209, 198, 'UNC 347-480 V', 760, 761),
(210, 199, 'EM Integral', 768, 769),
(211, 200, '1 Circuit Track', 774, 775),
(212, 200, '2 Circuits Track', 776, 777),
(213, 200, '3 Circuits Track', 778, 779),
(214, 200, '3+ Circuits Track', 780, 781),
(216, 21, 'Installation', 785, 818),
(218, 21, 'Housing Type', 819, 856),
(220, 216, 'Drywall', 786, 787),
(221, 216, 'Drywall Trimless', 788, 789),
(222, 216, 'T-Grid', 790, 791),
(223, 216, 'Tech Zone', 792, 793),
(224, 216, 'Wood', 794, 795),
(225, 218, 'New Construction', 820, 821),
(226, 218, 'New IC', 822, 823),
(227, 218, 'New Chicago Plenum', 824, 825),
(228, 218, 'Remodel', 826, 827),
(229, 218, 'Remodel IC', 828, 829),
(230, 218, 'Retrofit', 830, 831),
(231, 218, 'Junction Box', 832, 833),
(232, 218, 'Fixture', 834, 835),
(233, 218, 'Modular Through', 836, 837),
(234, 218, 'New Air Tight', 838, 839),
(235, 218, 'New IC Air Tight', 840, 841),
(236, 218, 'Remodel Air Tight', 842, 843),
(237, 218, 'Remodel IC Air Tight', 844, 845),
(238, 218, 'Remodel Chicago Plenum', 846, 847),
(239, 218, 'Air Return', 848, 849),
(240, 14, 'LM-80', 459, 470),
(241, 14, 'TM-21', 471, 478),
(243, 10, 'Amber (WildLife)', 329, 330),
(244, 10, '2400K or less', 331, 332),
(245, 10, '2700K', 333, 334),
(246, 10, '2700K Warm Dim', 335, 336),
(247, 10, '3000K', 337, 338),
(248, 10, '3000K Warm Dim', 339, 340),
(249, 10, '3500K', 341, 342),
(250, 10, '3500K Warm Dim', 343, 344),
(251, 10, '4000K', 345, 346),
(252, 10, '4500K', 347, 348),
(253, 10, '5000K', 349, 350),
(254, 10, '5500K', 351, 352),
(255, 10, '5700K', 353, 354),
(256, 10, '6000K', 355, 356),
(257, 10, 'RGB', 357, 358),
(258, 10, 'RGBW', 359, 360),
(259, 10, 'RGBA', 361, 362),
(260, 10, 'Blue', 363, 364),
(261, 19, 'Dimming Range', 639, 644),
(262, 19, 'Dimming Type', 645, 708),
(263, 261, 'to 1%', 640, 641),
(264, 262, 'TRIAC/Forward/Leading', 646, 647),
(265, 262, 'ELV/Reverse/Trailing', 648, 649),
(266, 262, '0-10V', 650, 651),
(267, 262, '3-Wire Dimming', 652, 653),
(268, 262, 'Lutron Hi-Lume 3-wire/EcoSystem', 654, 655),
(269, 262, 'Lutron Hi-Lume 2-wire', 656, 657),
(270, 262, 'Lutron EcoSystem H', 658, 659),
(271, 262, 'DALI', 660, 661),
(272, 262, 'DVI', 662, 663),
(273, 262, 'DMX', 664, 665),
(274, 262, 'Step Dimming', 666, 667),
(275, 262, 'Built-in dimmer', 668, 669),
(276, 262, 'Bi-Level Switching', 670, 671),
(277, 262, 'Hi/Low Switching', 672, 673),
(278, 9, '1', 311, 312),
(279, 9, '2', 313, 314),
(280, 9, '3', 315, 316),
(281, 9, '4', 317, 318),
(282, 9, '5', 319, 320),
(283, 9, '6', 321, 322),
(284, 9, '7', 323, 324),
(285, 9, '8 or more', 325, 326),
(311, 7, 'Configuration', 209, 230),
(313, 7, 'Length', 231, 260),
(314, 311, 'Continuous', 210, 211),
(315, 311, 'With Corners', 212, 213),
(317, 311, 'With Lit Corners', 214, 215),
(318, 313, 'Less than 1 Ft', 232, 233),
(319, 313, '1 Ft', 234, 235),
(320, 313, '2 Ft', 236, 237),
(321, 313, '3 Ft', 238, 239),
(322, 313, '4 Ft', 240, 241),
(323, 313, '5 Ft', 242, 243),
(324, 313, '6 Ft', 244, 245),
(325, 313, '7 Ft', 246, 247),
(326, 313, '8 Ft', 248, 249),
(327, 313, '9 Ft', 250, 251),
(328, 313, '10 Ft', 252, 253),
(329, 313, '11 Ft', 254, 255),
(330, 15, 'watt', 481, 518),
(331, 330, '3 or less W', 482, 483),
(332, 330, '3 - 5 W', 484, 485),
(333, 330, '5 - 10 W', 486, 487),
(334, 330, '10 - 15 W', 488, 489),
(335, 330, '15 - 20 W', 490, 491),
(336, 330, '20 - 30 W', 492, 493),
(337, 330, '30 - 50 W', 494, 495),
(338, 330, '50 - 75 W', 496, 497),
(339, 330, '75 - 100 W', 498, 499),
(340, 330, '100 - 150 W', 500, 501),
(341, 330, '150 - 250 W', 502, 503),
(342, 330, '250 -350 W', 504, 505),
(343, 15, 'watt_linear', 519, 538),
(344, 343, '1 W / Ft or less', 520, 521),
(345, 343, '1-2 W / Ft', 522, 523),
(346, 343, '2-3 W / Ft', 524, 525),
(347, 343, '3-5 W / Ft', 526, 527),
(348, 343, '5-7 W / Ft', 528, 529),
(349, 343, '7-10 W / Ft', 530, 531),
(350, 343, '10-15 W / Ft', 532, 533),
(351, 343, '15-25 W / Ft', 534, 535),
(356, 11, '60 or higher', 375, 376),
(357, 11, '70 or higher', 377, 378),
(358, 11, '80 or higher', 379, 380),
(360, 11, '90 or higher', 381, 382),
(361, 11, '95 or higher', 383, 384),
(362, 16, 'Lumens', 541, 598),
(363, 16, 'Lumens linear', 599, 622),
(364, 362, '100 Lm or less', 542, 543),
(365, 362, '200 Lm', 544, 545),
(366, 362, '300 Lm', 546, 547),
(367, 362, '500 Lm', 548, 549),
(368, 362, '750 Lm', 550, 551),
(369, 362, '1,000 Lm', 552, 553),
(370, 362, '1,500 Lm', 554, 555),
(371, 362, '2,000 Lm', 556, 557),
(372, 362, '2,500 Lm', 558, 559),
(373, 362, '3,000 Lm', 560, 561),
(374, 362, '4,000 Lm', 562, 563),
(375, 362, '5,000 Lm', 564, 565),
(376, 362, '6,000 Lm', 566, 567),
(377, 362, '8,000 Lm', 568, 569),
(378, 363, '100 Lm/Ft', 600, 601),
(379, 363, '200 Lm/Ft', 602, 603),
(380, 363, '300 Lm/Ft', 604, 605),
(381, 363, '400 Lm/Ft', 606, 607),
(382, 363, '500 Lm/Ft', 608, 609),
(383, 363, '750 Lm/Ft', 610, 611),
(384, 363, '1,000 Lm/Ft', 612, 613),
(385, 363, '1,500 Lm/Ft', 614, 615),
(386, 22, '1\" or less', 859, 860),
(387, 22, '2\" or less', 861, 862),
(388, 22, '3\" or less', 863, 864),
(389, 22, '4\" or less', 865, 866),
(390, 22, '5\" or less', 867, 868),
(391, 22, '6\" or less', 869, 870),
(392, 22, '7\" or less', 871, 872),
(393, 22, '8\" or less', 873, 874),
(394, 22, '10\" or less', 875, 876),
(395, 22, '12\" or less', 877, 878),
(396, 22, '16\" or less', 879, 880),
(397, 12, 'Night Sky', 439, 442),
(398, 397, 'Night Sky', 440, 441),
(399, 17, '30 Lm/Wt or higher', 625, 626),
(400, 17, '50 Lm/Wt or higher', 627, 628),
(401, 17, '70 Lm/Wt or higher', 629, 630),
(402, 17, '90 Lm/Wt or higher', 631, 632),
(403, 17, '120 Lm/Wt or higher', 633, 634),
(404, 17, '150 Lm/Wt or higher', 635, 636),
(405, 23, 'UL/ETL', 887, 894),
(406, 23, 'Energy', 895, 902),
(407, 23, 'ADA', 903, 910),
(408, 405, 'UL', 888, 889),
(409, 405, 'ETL', 890, 891),
(410, 405, 'CSA', 892, 893),
(411, 406, 'Energy Star**', 896, 897),
(412, 406, 'Title 24**', 898, 899),
(413, 406, 'DLC**', 900, 901),
(414, 407, 'ADA', 904, 905),
(415, 407, 'Made in USA', 906, 907),
(416, 407, 'IBEW', 908, 909),
(417, 240, '30,000 or more', 460, 461),
(418, 240, '50,000 or more', 462, 463),
(419, 240, '75,000 or more', 464, 465),
(420, 240, '100,000 or more', 466, 467),
(421, 240, '150,000 or more', 468, 469),
(423, 241, '25,000 or more TM21', 472, 473),
(424, 241, '35,000 or more TM21', 474, 475),
(425, 241, '60,000 TM21', 476, 477),
(426, 1, 'Manufacturers', 932, 1005),
(427, 426, '1', 933, 934),
(428, 426, '2', 935, 936),
(429, 426, '3', 937, 938),
(430, 426, '4', 939, 940),
(431, 426, '5', 941, 942),
(432, 426, '6', 943, 944),
(433, 426, '7', 945, 946),
(435, 426, '9', 947, 948),
(436, 426, '10', 949, 950),
(438, 426, '12', 951, 952),
(439, 426, '13', 953, 954),
(440, 426, '14', 955, 956),
(442, 1, 'Brands', 1006, 1015),
(443, 442, '4', 1007, 1008),
(444, 442, '2', 1009, 1010),
(446, 198, '208 V', 762, 763),
(448, 2, 'Low Bay', 59, 60),
(449, 2, 'Industrial/Utility', 61, 62),
(450, 4, 'Clean Room', 133, 134),
(451, 4, 'MRI', 135, 136),
(452, 5, 'Rectangular', 143, 144),
(453, 5, 'Linear', 145, 146),
(454, 5, 'Other', 147, 148),
(455, 6, '1 Ft x 4 Ft', 197, 198),
(457, 6, '2 Ft x 2 Ft', 199, 200),
(458, 311, 'Side Lit Continuous', 216, 217),
(459, 311, 'With Side Lit Corners', 218, 219),
(460, 311, 'Wall to Ceiling Lit', 220, 221),
(461, 311, 'Modular', 222, 223),
(462, 311, 'Quick Connect', 224, 225),
(463, 311, 'Daisy Chain', 226, 227),
(464, 313, '12 Ft', 256, 257),
(465, 313, 'more than 12 Ft', 258, 259),
(466, 8, 'Basket', 289, 290),
(467, 8, 'Decorative Diffuser', 291, 292),
(468, 8, 'Clear Lens', 293, 294),
(469, 8, 'Louvers', 295, 296),
(470, 8, 'Shielded', 297, 298),
(471, 10, 'Green', 365, 366),
(472, 10, 'Red', 367, 368),
(473, 10, 'Yellow/Amber', 369, 370),
(474, 180, 'Omni-Directional', 394, 395),
(475, 180, 'Pattern', 396, 397),
(477, 261, 'to less than 1%', 642, 643),
(478, 262, 'Fifth Light DALI', 674, 675),
(479, 262, 'xxx Redwood', 676, 677),
(481, 197, 'Solar', 744, 745),
(482, 216, 'Wood Trimless', 796, 797),
(483, 216, 'Concrete', 798, 799),
(484, 216, 'Concrete Drive Over', 800, 801),
(485, 216, 'Concrete Trimless', 802, 803),
(486, 216, 'Trimless Drive Over', 804, 805),
(487, 216, 'Ground', 806, 807),
(488, 216, 'Masonry', 808, 809),
(489, 216, 'Masonry Trimless', 810, 811),
(490, 216, 'Masonry Drive Over', 812, 813),
(491, 218, 'Direct Burial', 850, 851),
(492, 218, 'Concrete Pour', 852, 853),
(493, 218, 'Drywall Thickness', 854, 855),
(494, 25, '2 Weeks or less', 927, 928),
(495, 25, '4 Weeks or less', 929, 930),
(496, 1, 'Source', 1016, 1033),
(497, 496, 'LED Fixture', 1017, 1018),
(498, 496, 'OLED Fixture', 1019, 1020),
(499, 496, 'LED PAR 20 - Bulb', 1021, 1022),
(500, 362, '10,000 Lm', 570, 571),
(501, 362, '15,000 Lm', 572, 573),
(502, 362, '20,000 Lm', 574, 575),
(503, 362, '25,000 Lm', 576, 577),
(504, 362, '30,000 Lm', 578, 579),
(505, 362, '40,000 Lm', 580, 581),
(506, 362, '50,000 Lm', 582, 583),
(507, 362, '75,000 Lm', 584, 585),
(508, 362, '100,000 Lm', 586, 587),
(509, 362, '125,000 Lm', 588, 589),
(510, 362, '150,000 Lm', 590, 591),
(511, 362, '200,000 Lm', 592, 593),
(512, 362, '300,000 Lm', 594, 595),
(513, 362, '500,000 Lm or more', 596, 597),
(514, 363, '2,000 Lm/Ft', 616, 617),
(515, 363, '2,500 Lm/Ft', 618, 619),
(516, 363, '3,000 or more Lm/Ft', 620, 621),
(517, 19, 'Controls', 709, 736),
(518, 517, 'Integral OC/Daylight', 710, 711),
(519, 517, 'Wireless', 712, 713),
(520, 426, '17', 957, 958),
(521, 426, '18', 959, 960),
(522, 426, '19', 961, 962),
(523, 8, 'Other', 299, 300),
(524, 184, 'Area 90°', 424, 425),
(525, 184, 'Petroleum', 426, 427),
(526, 184, 'Dealership', 428, 429),
(527, 184, 'General', 430, 431),
(528, 199, 'EM Remote', 770, 771),
(529, 6, '2 Ft x 4 Ft', 201, 202),
(530, 6, '4 Ft x 4 Ft', 203, 204),
(531, 22, '18\" or less', 881, 882),
(532, 262, 'xxx LumenTalk', 678, 679),
(533, 262, 'xxx Ethernet', 680, 681),
(534, 496, 'LED PAR 30 - Bulb', 1023, 1024),
(535, 496, 'LED PAR 38 - Bulb', 1025, 1026),
(536, 496, 'LED AR - Bulb', 1027, 1028),
(537, 496, 'LED MR - Bulb', 1029, 1030),
(538, 496, 'LED A - Bulb', 1031, 1032),
(539, 184, 'Volumetric', 432, 433),
(540, 426, '20', 963, 964),
(541, 426, '21', 965, 966),
(542, 426, '22', 967, 968),
(543, 2, 'Modular', 63, 64),
(544, 13, 'Locking Adjustable', 453, 454),
(545, 13, 'Hot Aiming w/Locking', 455, 456),
(546, 198, '240 V', 764, 765),
(547, 8, 'Optical Accessories', 301, 302),
(548, 8, 'xx Flat Diffuser', 303, 304),
(549, 8, 'xx Micro Optics', 305, 306),
(550, 426, '23', 969, 970),
(551, 426, '24', 971, 972),
(552, 426, '25', 973, 974),
(553, 426, '26', 975, 976),
(554, 343, '25 W / Ft or more', 536, 537),
(555, 426, '27', 977, 978),
(556, 262, 'Other LED dimming', 682, 683),
(557, 8, 'Curved/Sloped Diffuser', 307, 308),
(558, 426, '28', 979, 980),
(559, 184, 'Direct View', 434, 435),
(560, 330, '350 - 500 W', 506, 507),
(561, 426, '29', 981, 982),
(562, 426, '30', 983, 984),
(563, 517, 'Motion/Photocell', 714, 715),
(564, 426, '31', 985, 986),
(565, 426, '32', 987, 988),
(566, 442, '5', 1011, 1012),
(567, 517, 'Photocell', 716, 717),
(568, 330, '500 ‐ 750 W', 508, 509),
(569, 330, '750 ‐ 1000 W', 510, 511),
(570, 330, '1000 - 1500 W', 512, 513),
(571, 330, '1500 - 2000 W', 514, 515),
(572, 330, '2000 or more', 516, 517),
(573, 426, '33', 989, 990),
(574, 426, '34', 991, 992),
(575, 426, '35', 993, 994),
(576, 10, 'Tunable White', 371, 372),
(577, 2, 'Wall Wash Linear', 65, 66),
(578, 426, '36', 995, 996),
(579, 6, '18\"', 205, 206),
(580, 311, 'Side to Side', 228, 229),
(581, 426, '37', 997, 998),
(582, 426, '38', 999, 1000),
(583, 184, 'Forward Throw', 436, 437),
(584, 262, 'xxx Lutron Hi-Lume A', 684, 685),
(585, 426, '39', 1001, 1002),
(586, 262, 'xxxx eldoLED', 686, 687),
(587, 262, 'Lutron EcoSystem 5', 688, 689),
(588, 442, '6', 1013, 1014),
(589, 22, '24\" or less. TEST', 883, 884),
(590, 426, '40', 1003, 1004),
(591, 262, 'Hi-lume Premier 3-wire ', 690, 691),
(592, 262, 'Hi-lume Premier EcoSystem ', 692, 693),
(593, 262, 'eldoLED ECO 0-10V', 694, 695),
(594, 262, 'not used', 696, 697),
(595, 262, 'eldoLED SOLO 0-10V', 698, 699),
(596, 262, 'eldoLED SOLO DALI', 700, 701),
(597, 262, 'eldoLED POWE DMX/RDM', 702, 703),
(598, 262, 'xxx not used', 704, 705),
(599, 517, 'Lumentalk™', 718, 719),
(600, 517, 'Fifth Light®', 720, 721),
(601, 517, 'Redwood®', 722, 723),
(602, 517, 'XPoint™ Wireless', 724, 725),
(603, 517, 'Lutron®', 726, 727),
(604, 517, 'Ethernet', 728, 729),
(605, 517, 'nLight®', 730, 731),
(606, 216, 'Recessed Track', 814, 815),
(607, 216, 'Recessed Track Trimless', 816, 817),
(608, 517, 'xxx Advanced Mark 10 LV', 732, 733),
(609, 517, 'Enlighted', 734, 735),
(610, 262, 'Advanced Mark 10 LV', 706, 707);

-- --------------------------------------------------------

--
-- Table structure for table `specs_ranges`
--

CREATE TABLE `specs_ranges` (
  `spec_id` smallint(6) NOT NULL,
  `parent_id` int(11) NOT NULL,
  `spec_min` int(11) DEFAULT NULL,
  `spec_max` int(11) DEFAULT NULL,
  `field_min` varchar(32) NOT NULL,
  `field_max` varchar(32) NOT NULL,
  `range_type` varchar(16) NOT NULL,
  `val_dd` int(10) UNSIGNED DEFAULT NULL,
  `val_dd_decimal` decimal(4,1) UNSIGNED DEFAULT NULL
) ENGINE=InnoDB DEFAULT CHARSET=utf8;

--
-- RELATIONSHIPS FOR TABLE `specs_ranges`:
--

--
-- Dumping data for table `specs_ranges`
--

INSERT INTO `specs_ranges` (`spec_id`, `parent_id`, `spec_min`, `spec_max`, `field_min`, `field_max`, `range_type`, `val_dd`, `val_dd_decimal`) VALUES
(110, 24, NULL, 1, 'warranty', 'warranty', 'lte', 1, NULL),
(111, 24, NULL, 5, 'warranty', 'warranty', 'lte', 5, NULL),
(112, 24, NULL, 10, 'warranty', 'warranty', 'lte', 10, NULL),
(113, 25, 1, NULL, 'stock', 'stock', 'gte', 365, NULL),
(114, 25, 5, NULL, 'stock', 'stock', 'gte', 5, NULL),
(115, 25, 10, NULL, 'stock', 'stock', 'gte', 10, NULL),
(278, 9, 1, NULL, 'multiples_min', 'multiples_max', 'mm', 1, NULL),
(279, 9, 2, NULL, 'multiples_min', 'multiples_max', 'mm', 2, NULL),
(280, 9, 3, NULL, 'multiples_min', 'multiples_max', 'mm', 3, NULL),
(281, 9, 4, NULL, 'multiples_min', 'multiples_max', 'mm', 4, NULL),
(282, 9, 5, NULL, 'multiples_min', 'multiples_max', 'mm', 5, NULL),
(283, 9, 6, NULL, 'multiples_min', 'multiples_max', 'mm', 6, NULL),
(284, 9, 7, NULL, 'multiples_min', 'multiples_max', 'mm', 7, NULL),
(285, 9, 8, NULL, 'multiples_min', 'multiples_max', 'mm', 8, NULL),
(318, 313, NULL, 1, 'linear_2_min', 'linear_2_max', 'mm', NULL, '0.9'),
(319, 313, 1, NULL, 'linear_2_min', 'linear_2_max', 'mm', NULL, '1.0'),
(320, 313, 2, NULL, 'linear_2_min', 'linear_2_max', 'mm', NULL, '2.0'),
(321, 313, 3, NULL, 'linear_2_min', 'linear_2_max', 'mm', NULL, '3.0'),
(322, 313, 4, NULL, 'linear_2_min', 'linear_2_max', 'mm', NULL, '4.0'),
(323, 313, 5, NULL, 'linear_2_min', 'linear_2_max', 'mm', NULL, '5.0'),
(324, 313, 6, NULL, 'linear_2_min', 'linear_2_max', 'mm', NULL, '6.0'),
(325, 313, 7, NULL, 'linear_2_min', 'linear_2_max', 'mm', NULL, '7.0'),
(326, 313, 8, NULL, 'linear_2_min', 'linear_2_max', 'mm', NULL, '8.0'),
(327, 313, 9, NULL, 'linear_2_min', 'linear_2_max', 'mm', NULL, '9.0'),
(328, 313, 10, NULL, 'linear_2_min', 'linear_2_max', 'mm', NULL, '10.0'),
(329, 313, 11, NULL, 'linear_2_min', 'linear_2_max', 'mm', NULL, '11.0'),
(331, 330, NULL, 3, 'watt_min', 'watt_max', 'mmb', NULL, NULL),
(332, 330, 3, 5, 'watt_min', 'watt_max', 'mmb', NULL, NULL),
(333, 330, 5, 10, 'watt_min', 'watt_max', 'mmb', NULL, NULL),
(334, 330, 10, 15, 'watt_min', 'watt_max', 'mmb', NULL, NULL),
(335, 330, 15, 20, 'watt_min', 'watt_max', 'mmb', NULL, NULL),
(336, 330, 20, 30, 'watt_min', 'watt_max', 'mmb', NULL, NULL),
(337, 330, 30, 50, 'watt_min', 'watt_max', 'mmb', NULL, NULL),
(338, 330, 50, 75, 'watt_min', 'watt_max', 'mmb', NULL, NULL),
(339, 330, 75, 100, 'watt_min', 'watt_max', 'mmb', NULL, NULL),
(340, 330, 100, 150, 'watt_min', 'watt_max', 'mmb', NULL, NULL),
(341, 330, 150, 250, 'watt_min', 'watt_max', 'mmb', NULL, NULL),
(342, 330, 250, 350, 'watt_min', 'watt_max', 'mmb', NULL, NULL),
(344, 343, NULL, 1, 'watt_linear_min', 'watt_linear_max', 'mmb', NULL, NULL),
(345, 343, 1, 2, 'watt_linear_min', 'watt_linear_max', 'mmb', NULL, NULL),
(346, 343, 2, 3, 'watt_linear_min', 'watt_linear_max', 'mmb', NULL, NULL),
(347, 343, 3, 5, 'watt_linear_min', 'watt_linear_max', 'mmb', NULL, NULL),
(348, 343, 5, 7, 'watt_linear_min', 'watt_linear_max', 'mmb', NULL, NULL),
(349, 343, 7, 10, 'watt_linear_min', 'watt_linear_max', 'mmb', NULL, NULL),
(350, 343, 10, 15, 'watt_linear_min', 'watt_linear_max', 'mmb', NULL, NULL),
(351, 343, 15, 25, 'watt_linear_min', 'watt_linear_max', 'mmb', NULL, NULL),
(356, 11, NULL, 60, 'cri', 'cri', 'lte', NULL, NULL),
(357, 11, NULL, 70, 'cri', 'cri', 'lte', NULL, NULL),
(358, 11, NULL, 80, 'cri', 'cri', 'lte', NULL, NULL),
(360, 11, NULL, 90, 'cri', 'cri', 'lte', NULL, NULL),
(361, 11, NULL, 95, 'cri', 'cri', 'lte', NULL, NULL),
(364, 362, 1, 150, 'lumens_min', 'lumens_max', 'mmb', NULL, NULL),
(365, 362, 151, 250, 'lumens_min', 'lumens_max', 'mmb', NULL, NULL),
(366, 362, 251, 400, 'lumens_min', 'lumens_max', 'mmb', NULL, NULL),
(367, 362, 401, 650, 'lumens_min', 'lumens_max', 'mmb', NULL, NULL),
(368, 362, 651, 850, 'lumens_min', 'lumens_max', 'mmb', NULL, NULL),
(369, 362, 851, 1250, 'lumens_min', 'lumens_max', 'mmb', NULL, NULL),
(370, 362, 1251, 1750, 'lumens_min', 'lumens_max', 'mmb', NULL, NULL),
(371, 362, 1751, 2250, 'lumens_min', 'lumens_max', 'mmb', NULL, NULL),
(372, 362, 2251, 2750, 'lumens_min', 'lumens_max', 'mmb', NULL, NULL),
(373, 362, 2751, 3500, 'lumens_min', 'lumens_max', 'mmb', NULL, NULL),
(374, 362, 3501, 4500, 'lumens_min', 'lumens_max', 'mmb', NULL, NULL),
(375, 362, 4501, 5500, 'lumens_min', 'lumens_max', 'mmb', NULL, NULL),
(376, 362, 5501, 7000, 'lumens_min', 'lumens_max', 'mmb', NULL, NULL),
(377, 362, 7001, 9000, 'lumens_min', 'lumens_max', 'mmb', NULL, NULL),
(378, 363, 1, 150, 'lumens_linear_min', 'lumens_linear_max', 'mmb', NULL, NULL),
(379, 363, 150, 250, 'lumens_linear_min', 'lumens_linear_max', 'mmb', NULL, NULL),
(380, 363, 250, 350, 'lumens_linear_min', 'lumens_linear_max', 'mmb', NULL, NULL),
(381, 363, 350, 450, 'lumens_linear_min', 'lumens_linear_max', 'mmb', NULL, NULL),
(382, 363, 450, 600, 'lumens_linear_min', 'lumens_linear_max', 'mmb', NULL, NULL),
(383, 363, 600, 800, 'lumens_linear_min', 'lumens_linear_max', 'mmb', NULL, NULL),
(384, 363, 800, 1300, 'lumens_linear_min', 'lumens_linear_max', 'mmb', NULL, NULL),
(385, 363, 1300, 1750, 'lumens_linear_min', 'lumens_linear_max', 'mmb', NULL, NULL),
(386, 22, 1, NULL, 'depth', 'depth', 'gte', NULL, NULL),
(387, 22, 2, NULL, 'depth', 'depth', 'gte', NULL, NULL),
(388, 22, 3, NULL, 'depth', 'depth', 'gte', NULL, NULL),
(389, 22, 4, NULL, 'depth', 'depth', 'gte', NULL, NULL),
(390, 22, 5, NULL, 'depth', 'depth', 'gte', NULL, NULL),
(391, 22, 6, NULL, 'depth', 'depth', 'gte', NULL, NULL),
(392, 22, 7, NULL, 'depth', 'depth', 'gte', NULL, NULL),
(393, 22, 8, NULL, 'depth', 'depth', 'gte', NULL, NULL),
(394, 22, 10, NULL, 'depth', 'depth', 'gte', NULL, NULL),
(395, 22, 12, NULL, 'depth', 'depth', 'gte', NULL, NULL),
(396, 22, 16, NULL, 'depth', 'depth', 'gte', NULL, NULL),
(399, 17, NULL, 30, 'efficacy', 'efficacy', 'lte', NULL, NULL),
(400, 17, NULL, 50, 'efficacy', 'efficacy', 'lte', NULL, NULL),
(401, 17, NULL, 70, 'efficacy', 'efficacy', 'lte', NULL, NULL),
(402, 17, NULL, 90, 'efficacy', 'efficacy', 'lte', NULL, NULL),
(403, 17, NULL, 120, 'efficacy', 'efficacy', 'lte', NULL, NULL),
(404, 17, NULL, 150, 'efficacy', 'efficacy', 'lte', NULL, NULL),
(417, 240, NULL, 30000, 'hours_lm', 'hours_lm', 'lte', NULL, NULL),
(418, 240, NULL, 50000, 'hours_lm', 'hours_lm', 'lte', NULL, NULL),
(419, 240, NULL, 75000, 'hours_lm', 'hours_lm', 'lte', NULL, NULL),
(420, 240, NULL, 100000, 'hours_lm', 'hours_lm', 'lte', NULL, NULL),
(421, 240, NULL, 150000, 'hours_lm', 'hours_lm', 'lte', NULL, NULL),
(423, 241, NULL, 25000, 'hours_tm', 'hours_tm', 'lte', NULL, NULL),
(424, 241, NULL, 35000, 'hours_tm', 'hours_tm', 'lte', NULL, NULL),
(425, 241, NULL, 60000, 'hours_tm', 'hours_tm', 'lte', NULL, NULL),
(464, 313, 12, NULL, 'linear_2_min', 'linear_2_max', 'mm', NULL, '12.0'),
(465, 313, 12, 12, 'linear_2_min', 'linear_2_max', 'mm', NULL, '12.1'),
(494, 25, 14, NULL, 'stock', 'stock', 'gte', 14, NULL),
(495, 25, 28, NULL, 'stock', 'stock', 'gte', 28, NULL),
(500, 362, 9001, 12500, 'lumens_min', 'lumens_max', 'mmb', NULL, NULL),
(501, 362, 12501, 17500, 'lumens_min', 'lumens_max', 'mmb', NULL, NULL),
(502, 362, 17501, 22500, 'lumens_min', 'lumens_max', 'mmb', NULL, NULL),
(503, 362, 22501, 27500, 'lumens_min', 'lumens_max', 'mmb', NULL, NULL),
(504, 362, 27501, 35000, 'lumens_min', 'lumens_max', 'mmb', NULL, NULL),
(505, 362, 35001, 45000, 'lumens_min', 'lumens_max', 'mmb', NULL, NULL),
(506, 362, 45001, 62500, 'lumens_min', 'lumens_max', 'mmb', NULL, NULL),
(507, 362, 62501, 87500, 'lumens_min', 'lumens_max', 'mmb', NULL, NULL),
(508, 362, 87501, 112500, 'lumens_min', 'lumens_max', 'mmb', NULL, NULL),
(509, 362, 112501, 137500, 'lumens_min', 'lumens_max', 'mmb', NULL, NULL),
(510, 362, 137501, 175000, 'lumens_min', 'lumens_max', 'mmb', NULL, NULL),
(511, 362, 175001, 250000, 'lumens_min', 'lumens_max', 'mmb', NULL, NULL),
(512, 362, 250001, 400000, 'lumens_min', 'lumens_max', 'mmb', NULL, NULL),
(513, 362, 400001, NULL, 'lumens_min', 'lumens_max', 'mmb', NULL, NULL),
(514, 363, 1750, 2250, 'lumens_linear_min', 'lumens_linear_max', 'mmb', NULL, NULL),
(515, 363, 2250, 2750, 'lumens_linear_min', 'lumens_linear_max', 'mmb', NULL, NULL),
(516, 363, 3000, NULL, 'lumens_linear_min', 'lumens_linear_max', 'mmb', NULL, NULL),
(531, 22, 18, NULL, 'depth', 'depth', 'gte', NULL, NULL),
(554, 343, 25, NULL, 'watt_linear_min', 'watt_linear_max', 'mmb', NULL, NULL),
(560, 330, 350, 500, 'watt_min', 'watt_max', 'mmb', NULL, NULL),
(568, 330, 500, 750, 'watt_min', 'watt_max', 'mmb', NULL, NULL),
(569, 330, 750, 1000, 'watt_min', 'watt_max', 'mmb', NULL, NULL),
(570, 330, 1000, 1500, 'watt_min', 'watt_max', 'mmb', NULL, NULL),
(571, 330, 1500, 2000, 'watt_min', 'watt_max', 'mmb', NULL, NULL),
(572, 330, 2000, NULL, 'watt_min', 'watt_max', 'mmb', NULL, NULL);

-- --------------------------------------------------------

--
-- Table structure for table `specs_ranges_backup`
--

CREATE TABLE `specs_ranges_backup` (
  `spec_id` smallint(6) NOT NULL,
  `parent_id` int(11) NOT NULL,
  `spec_min` int(11) DEFAULT NULL,
  `spec_max` int(11) DEFAULT NULL,
  `field_min` varchar(32) NOT NULL,
  `field_max` varchar(32) NOT NULL,
  `range_type` varchar(16) NOT NULL,
  `val_dd` int(10) UNSIGNED DEFAULT NULL,
  `val_dd_decimal` decimal(4,1) UNSIGNED DEFAULT NULL
) ENGINE=InnoDB DEFAULT CHARSET=utf8;

--
-- RELATIONSHIPS FOR TABLE `specs_ranges_backup`:
--

--
-- Dumping data for table `specs_ranges_backup`
--

INSERT INTO `specs_ranges_backup` (`spec_id`, `parent_id`, `spec_min`, `spec_max`, `field_min`, `field_max`, `range_type`, `val_dd`, `val_dd_decimal`) VALUES
(110, 24, NULL, 1, 'warranty', 'warranty', 'lte', 1, NULL),
(111, 24, NULL, 5, 'warranty', 'warranty', 'lte', 5, NULL),
(112, 24, NULL, 10, 'warranty', 'warranty', 'lte', 10, NULL),
(113, 25, 1, NULL, 'stock', 'stock', 'gte', 365, NULL),
(114, 25, 5, NULL, 'stock', 'stock', 'gte', 5, NULL),
(115, 25, 10, NULL, 'stock', 'stock', 'gte', 10, NULL),
(278, 9, 1, NULL, 'multiples_min', 'multiples_max', 'mm', 1, NULL),
(279, 9, 2, NULL, 'multiples_min', 'multiples_max', 'mm', 2, NULL),
(280, 9, 3, NULL, 'multiples_min', 'multiples_max', 'mm', 3, NULL),
(281, 9, 4, NULL, 'multiples_min', 'multiples_max', 'mm', 4, NULL),
(282, 9, 5, NULL, 'multiples_min', 'multiples_max', 'mm', 5, NULL),
(283, 9, 6, NULL, 'multiples_min', 'multiples_max', 'mm', 6, NULL),
(284, 9, 7, NULL, 'multiples_min', 'multiples_max', 'mm', 7, NULL),
(285, 9, 8, NULL, 'multiples_min', 'multiples_max', 'mm', 8, NULL),
(318, 313, NULL, 1, 'linear_2_min', 'linear_2_max', 'mm', NULL, '0.9'),
(319, 313, 1, NULL, 'linear_2_min', 'linear_2_max', 'mm', NULL, '1.0'),
(320, 313, 2, NULL, 'linear_2_min', 'linear_2_max', 'mm', NULL, '2.0'),
(321, 313, 3, NULL, 'linear_2_min', 'linear_2_max', 'mm', NULL, '3.0'),
(322, 313, 4, NULL, 'linear_2_min', 'linear_2_max', 'mm', NULL, '4.0'),
(323, 313, 5, NULL, 'linear_2_min', 'linear_2_max', 'mm', NULL, '5.0'),
(324, 313, 6, NULL, 'linear_2_min', 'linear_2_max', 'mm', NULL, '6.0'),
(325, 313, 7, NULL, 'linear_2_min', 'linear_2_max', 'mm', NULL, '7.0'),
(326, 313, 8, NULL, 'linear_2_min', 'linear_2_max', 'mm', NULL, '8.0'),
(327, 313, 9, NULL, 'linear_2_min', 'linear_2_max', 'mm', NULL, '9.0'),
(328, 313, 10, NULL, 'linear_2_min', 'linear_2_max', 'mm', NULL, '10.0'),
(329, 313, 11, NULL, 'linear_2_min', 'linear_2_max', 'mm', NULL, '11.0'),
(331, 330, NULL, 3, 'watt_min', 'watt_max', 'mmb', NULL, NULL),
(332, 330, 3, 5, 'watt_min', 'watt_max', 'mmb', NULL, NULL),
(333, 330, 5, 10, 'watt_min', 'watt_max', 'mmb', NULL, NULL),
(334, 330, 10, 15, 'watt_min', 'watt_max', 'mmb', NULL, NULL),
(335, 330, 15, 20, 'watt_min', 'watt_max', 'mmb', NULL, NULL),
(336, 330, 20, 30, 'watt_min', 'watt_max', 'mmb', NULL, NULL),
(337, 330, 30, 50, 'watt_min', 'watt_max', 'mmb', NULL, NULL),
(338, 330, 50, 75, 'watt_min', 'watt_max', 'mmb', NULL, NULL),
(339, 330, 75, 100, 'watt_min', 'watt_max', 'mmb', NULL, NULL),
(340, 330, 100, 150, 'watt_min', 'watt_max', 'mmb', NULL, NULL),
(341, 330, 150, 250, 'watt_min', 'watt_max', 'mmb', NULL, NULL),
(342, 330, 250, 350, 'watt_min', 'watt_max', 'mmb', NULL, NULL),
(344, 343, NULL, 1, 'watt_linear_min', 'watt_linear_max', 'mmb', NULL, NULL),
(345, 343, 1, 2, 'watt_linear_min', 'watt_linear_max', 'mmb', NULL, NULL),
(346, 343, 2, 3, 'watt_linear_min', 'watt_linear_max', 'mmb', NULL, NULL),
(347, 343, 3, 5, 'watt_linear_min', 'watt_linear_max', 'mmb', NULL, NULL),
(348, 343, 5, 7, 'watt_linear_min', 'watt_linear_max', 'mmb', NULL, NULL),
(349, 343, 7, 10, 'watt_linear_min', 'watt_linear_max', 'mmb', NULL, NULL),
(350, 343, 10, 15, 'watt_linear_min', 'watt_linear_max', 'mmb', NULL, NULL),
(351, 343, 15, 25, 'watt_linear_min', 'watt_linear_max', 'mmb', NULL, NULL),
(356, 11, NULL, 60, 'cri', 'cri', 'lte', NULL, NULL),
(357, 11, NULL, 70, 'cri', 'cri', 'lte', NULL, NULL),
(358, 11, NULL, 80, 'cri', 'cri', 'lte', NULL, NULL),
(360, 11, NULL, 90, 'cri', 'cri', 'lte', NULL, NULL),
(361, 11, NULL, 95, 'cri', 'cri', 'lte', NULL, NULL),
(364, 362, 1, 150, 'lumens_min', 'lumens_max', 'mmb', NULL, NULL),
(365, 362, 151, 250, 'lumens_min', 'lumens_max', 'mmb', NULL, NULL),
(366, 362, 251, 400, 'lumens_min', 'lumens_max', 'mmb', NULL, NULL),
(367, 362, 401, 650, 'lumens_min', 'lumens_max', 'mmb', NULL, NULL),
(368, 362, 651, 850, 'lumens_min', 'lumens_max', 'mmb', NULL, NULL),
(369, 362, 851, 1250, 'lumens_min', 'lumens_max', 'mmb', NULL, NULL),
(370, 362, 1251, 1750, 'lumens_min', 'lumens_max', 'mmb', NULL, NULL),
(371, 362, 1751, 2250, 'lumens_min', 'lumens_max', 'mmb', NULL, NULL),
(372, 362, 2251, 2750, 'lumens_min', 'lumens_max', 'mmb', NULL, NULL),
(373, 362, 2751, 3500, 'lumens_min', 'lumens_max', 'mmb', NULL, NULL),
(374, 362, 3501, 4500, 'lumens_min', 'lumens_max', 'mmb', NULL, NULL),
(375, 362, 4501, 5500, 'lumens_min', 'lumens_max', 'mmb', NULL, NULL),
(376, 362, 5501, 7000, 'lumens_min', 'lumens_max', 'mmb', NULL, NULL),
(377, 362, 7001, 9000, 'lumens_min', 'lumens_max', 'mmb', NULL, NULL),
(378, 363, 1, 150, 'lumens_linear_min', 'lumens_linear_max', 'mmb', NULL, NULL),
(379, 363, 150, 250, 'lumens_linear_min', 'lumens_linear_max', 'mmb', NULL, NULL),
(380, 363, 250, 350, 'lumens_linear_min', 'lumens_linear_max', 'mmb', NULL, NULL),
(381, 363, 350, 450, 'lumens_linear_min', 'lumens_linear_max', 'mmb', NULL, NULL),
(382, 363, 450, 600, 'lumens_linear_min', 'lumens_linear_max', 'mmb', NULL, NULL),
(383, 363, 600, 800, 'lumens_linear_min', 'lumens_linear_max', 'mmb', NULL, NULL),
(384, 363, 800, 1300, 'lumens_linear_min', 'lumens_linear_max', 'mmb', NULL, NULL),
(385, 363, 1300, 1750, 'lumens_linear_min', 'lumens_linear_max', 'mmb', NULL, NULL),
(386, 22, 1, NULL, 'depth', 'depth', 'gte', NULL, NULL),
(387, 22, 2, NULL, 'depth', 'depth', 'gte', NULL, NULL),
(388, 22, 3, NULL, 'depth', 'depth', 'gte', NULL, NULL),
(389, 22, 4, NULL, 'depth', 'depth', 'gte', NULL, NULL),
(390, 22, 5, NULL, 'depth', 'depth', 'gte', NULL, NULL),
(391, 22, 6, NULL, 'depth', 'depth', 'gte', NULL, NULL),
(392, 22, 7, NULL, 'depth', 'depth', 'gte', NULL, NULL),
(393, 22, 8, NULL, 'depth', 'depth', 'gte', NULL, NULL),
(394, 22, 10, NULL, 'depth', 'depth', 'gte', NULL, NULL),
(395, 22, 12, NULL, 'depth', 'depth', 'gte', NULL, NULL),
(396, 22, 16, NULL, 'depth', 'depth', 'gte', NULL, NULL),
(399, 17, NULL, 30, 'efficacy', 'efficacy', 'lte', NULL, NULL),
(400, 17, NULL, 50, 'efficacy', 'efficacy', 'lte', NULL, NULL),
(401, 17, NULL, 70, 'efficacy', 'efficacy', 'lte', NULL, NULL),
(402, 17, NULL, 90, 'efficacy', 'efficacy', 'lte', NULL, NULL),
(403, 17, NULL, 120, 'efficacy', 'efficacy', 'lte', NULL, NULL),
(404, 17, NULL, 150, 'efficacy', 'efficacy', 'lte', NULL, NULL),
(417, 240, NULL, 30000, 'hours_lm', 'hours_lm', 'lte', NULL, NULL),
(418, 240, NULL, 50000, 'hours_lm', 'hours_lm', 'lte', NULL, NULL),
(419, 240, NULL, 75000, 'hours_lm', 'hours_lm', 'lte', NULL, NULL),
(420, 240, NULL, 100000, 'hours_lm', 'hours_lm', 'lte', NULL, NULL),
(421, 240, NULL, 150000, 'hours_lm', 'hours_lm', 'lte', NULL, NULL),
(423, 241, NULL, 25000, 'hours_tm', 'hours_tm', 'lte', NULL, NULL),
(424, 241, NULL, 35000, 'hours_tm', 'hours_tm', 'lte', NULL, NULL),
(425, 241, NULL, 60000, 'hours_tm', 'hours_tm', 'lte', NULL, NULL),
(464, 313, 12, NULL, 'linear_2_min', 'linear_2_max', 'mm', NULL, '12.0'),
(465, 313, 12, 12, 'linear_2_min', 'linear_2_max', 'mm', NULL, '12.1'),
(494, 25, 14, NULL, 'stock', 'stock', 'gte', 14, NULL),
(495, 25, 28, NULL, 'stock', 'stock', 'gte', 28, NULL),
(500, 362, 9001, 12500, 'lumens_min', 'lumens_max', 'mmb', NULL, NULL),
(501, 362, 12501, 17500, 'lumens_min', 'lumens_max', 'mmb', NULL, NULL),
(502, 362, 17501, 22500, 'lumens_min', 'lumens_max', 'mmb', NULL, NULL),
(503, 362, 22501, 27500, 'lumens_min', 'lumens_max', 'mmb', NULL, NULL),
(504, 362, 27501, 35000, 'lumens_min', 'lumens_max', 'mmb', NULL, NULL),
(505, 362, 35001, 45000, 'lumens_min', 'lumens_max', 'mmb', NULL, NULL),
(506, 362, 45001, 62500, 'lumens_min', 'lumens_max', 'mmb', NULL, NULL),
(507, 362, 62501, 87500, 'lumens_min', 'lumens_max', 'mmb', NULL, NULL),
(508, 362, 87501, 112500, 'lumens_min', 'lumens_max', 'mmb', NULL, NULL),
(509, 362, 112501, 137500, 'lumens_min', 'lumens_max', 'mmb', NULL, NULL),
(510, 362, 137501, 175000, 'lumens_min', 'lumens_max', 'mmb', NULL, NULL),
(511, 362, 175001, 250000, 'lumens_min', 'lumens_max', 'mmb', NULL, NULL),
(512, 362, 250001, 400000, 'lumens_min', 'lumens_max', 'mmb', NULL, NULL),
(513, 362, 400001, NULL, 'lumens_min', 'lumens_max', 'mmb', NULL, NULL),
(514, 363, 1750, 2250, 'lumens_linear_min', 'lumens_linear_max', 'mmb', NULL, NULL),
(515, 363, 2250, 2750, 'lumens_linear_min', 'lumens_linear_max', 'mmb', NULL, NULL),
(516, 363, 3000, NULL, 'lumens_linear_min', 'lumens_linear_max', 'mmb', NULL, NULL),
(531, 22, 18, NULL, 'depth', 'depth', 'gte', NULL, NULL),
(554, 343, 25, NULL, 'watt_linear_min', 'watt_linear_max', 'mmb', NULL, NULL),
(560, 330, 350, 500, 'watt_min', 'watt_max', 'mmb', NULL, NULL),
(568, 330, 500, 750, 'watt_min', 'watt_max', 'mmb', NULL, NULL),
(569, 330, 750, 1000, 'watt_min', 'watt_max', 'mmb', NULL, NULL),
(570, 330, 1000, 1500, 'watt_min', 'watt_max', 'mmb', NULL, NULL),
(571, 330, 1500, 2000, 'watt_min', 'watt_max', 'mmb', NULL, NULL),
(572, 330, 2000, NULL, 'watt_min', 'watt_max', 'mmb', NULL, NULL);

-- --------------------------------------------------------

--
-- Table structure for table `specs_ranges_lm_new`
--

CREATE TABLE `specs_ranges_lm_new` (
  `spec_id` smallint(6) NOT NULL,
  `parent_id` int(11) NOT NULL,
  `spec_min` int(11) DEFAULT NULL,
  `spec_max` int(11) DEFAULT NULL,
  `field_min` varchar(32) NOT NULL,
  `field_max` varchar(32) NOT NULL,
  `range_type` varchar(16) NOT NULL,
  `val_dd` int(10) UNSIGNED DEFAULT NULL,
  `val_dd_decimal` decimal(4,1) UNSIGNED DEFAULT NULL
) ENGINE=InnoDB DEFAULT CHARSET=utf8;

--
-- RELATIONSHIPS FOR TABLE `specs_ranges_lm_new`:
--

--
-- Dumping data for table `specs_ranges_lm_new`
--

INSERT INTO `specs_ranges_lm_new` (`spec_id`, `parent_id`, `spec_min`, `spec_max`, `field_min`, `field_max`, `range_type`, `val_dd`, `val_dd_decimal`) VALUES
(110, 24, NULL, 1, 'warranty', 'warranty', 'lte', 1, NULL),
(111, 24, NULL, 5, 'warranty', 'warranty', 'lte', 5, NULL),
(112, 24, NULL, 10, 'warranty', 'warranty', 'lte', 10, NULL),
(113, 25, 1, NULL, 'stock', 'stock', 'gte', 365, NULL),
(114, 25, 5, NULL, 'stock', 'stock', 'gte', 5, NULL),
(115, 25, 10, NULL, 'stock', 'stock', 'gte', 10, NULL),
(278, 9, 1, NULL, 'multiples_min', 'multiples_max', 'mm', 1, NULL),
(279, 9, 2, NULL, 'multiples_min', 'multiples_max', 'mm', 2, NULL),
(280, 9, 3, NULL, 'multiples_min', 'multiples_max', 'mm', 3, NULL),
(281, 9, 4, NULL, 'multiples_min', 'multiples_max', 'mm', 4, NULL),
(282, 9, 5, NULL, 'multiples_min', 'multiples_max', 'mm', 5, NULL),
(283, 9, 6, NULL, 'multiples_min', 'multiples_max', 'mm', 6, NULL),
(284, 9, 7, NULL, 'multiples_min', 'multiples_max', 'mm', 7, NULL),
(285, 9, 8, NULL, 'multiples_min', 'multiples_max', 'mm', 8, NULL),
(318, 313, NULL, 1, 'linear_2_min', 'linear_2_max', 'mm', NULL, '0.9'),
(319, 313, 1, NULL, 'linear_2_min', 'linear_2_max', 'mm', NULL, '1.0'),
(320, 313, 2, NULL, 'linear_2_min', 'linear_2_max', 'mm', NULL, '2.0'),
(321, 313, 3, NULL, 'linear_2_min', 'linear_2_max', 'mm', NULL, '3.0'),
(322, 313, 4, NULL, 'linear_2_min', 'linear_2_max', 'mm', NULL, '4.0'),
(323, 313, 5, NULL, 'linear_2_min', 'linear_2_max', 'mm', NULL, '5.0'),
(324, 313, 6, NULL, 'linear_2_min', 'linear_2_max', 'mm', NULL, '6.0'),
(325, 313, 7, NULL, 'linear_2_min', 'linear_2_max', 'mm', NULL, '7.0'),
(326, 313, 8, NULL, 'linear_2_min', 'linear_2_max', 'mm', NULL, '8.0'),
(327, 313, 9, NULL, 'linear_2_min', 'linear_2_max', 'mm', NULL, '9.0'),
(328, 313, 10, NULL, 'linear_2_min', 'linear_2_max', 'mm', NULL, '10.0'),
(329, 313, 11, NULL, 'linear_2_min', 'linear_2_max', 'mm', NULL, '11.0'),
(331, 330, NULL, 3, 'watt_min', 'watt_max', 'mmb', NULL, NULL),
(332, 330, 3, 5, 'watt_min', 'watt_max', 'mmb', NULL, NULL),
(333, 330, 5, 10, 'watt_min', 'watt_max', 'mmb', NULL, NULL),
(334, 330, 10, 15, 'watt_min', 'watt_max', 'mmb', NULL, NULL),
(335, 330, 15, 20, 'watt_min', 'watt_max', 'mmb', NULL, NULL),
(336, 330, 20, 30, 'watt_min', 'watt_max', 'mmb', NULL, NULL),
(337, 330, 30, 50, 'watt_min', 'watt_max', 'mmb', NULL, NULL),
(338, 330, 50, 75, 'watt_min', 'watt_max', 'mmb', NULL, NULL),
(339, 330, 75, 100, 'watt_min', 'watt_max', 'mmb', NULL, NULL),
(340, 330, 100, 150, 'watt_min', 'watt_max', 'mmb', NULL, NULL),
(341, 330, 150, 250, 'watt_min', 'watt_max', 'mmb', NULL, NULL),
(342, 330, 250, 350, 'watt_min', 'watt_max', 'mmb', NULL, NULL),
(344, 343, NULL, 1, 'watt_linear_min', 'watt_linear_max', 'mmb', NULL, NULL),
(345, 343, 1, 2, 'watt_linear_min', 'watt_linear_max', 'mmb', NULL, NULL),
(346, 343, 2, 3, 'watt_linear_min', 'watt_linear_max', 'mmb', NULL, NULL),
(347, 343, 3, 5, 'watt_linear_min', 'watt_linear_max', 'mmb', NULL, NULL),
(348, 343, 5, 7, 'watt_linear_min', 'watt_linear_max', 'mmb', NULL, NULL),
(349, 343, 7, 10, 'watt_linear_min', 'watt_linear_max', 'mmb', NULL, NULL),
(350, 343, 10, 15, 'watt_linear_min', 'watt_linear_max', 'mmb', NULL, NULL),
(351, 343, 15, 25, 'watt_linear_min', 'watt_linear_max', 'mmb', NULL, NULL),
(356, 11, NULL, 60, 'cri', 'cri', 'lte', NULL, NULL),
(357, 11, NULL, 70, 'cri', 'cri', 'lte', NULL, NULL),
(358, 11, NULL, 80, 'cri', 'cri', 'lte', NULL, NULL),
(360, 11, NULL, 90, 'cri', 'cri', 'lte', NULL, NULL),
(361, 11, NULL, 95, 'cri', 'cri', 'lte', NULL, NULL),
(364, 362, 1, 100, 'lumens_min', 'lumens_max', 'mmb', NULL, NULL),
(365, 362, 100, 300, 'lumens_min', 'lumens_max', 'mmb', NULL, NULL),
(366, 362, 300, 500, 'lumens_min', 'lumens_max', 'mmb', NULL, NULL),
(367, 362, 500, 1000, 'lumens_min', 'lumens_max', 'mmb', NULL, NULL),
(368, 362, 1000, 1500, 'lumens_min', 'lumens_max', 'mmb', NULL, NULL),
(369, 362, 1500, 2500, 'lumens_min', 'lumens_max', 'mmb', NULL, NULL),
(370, 362, 2500, 4000, 'lumens_min', 'lumens_max', 'mmb', NULL, NULL),
(371, 362, 4000, 6000, 'lumens_min', 'lumens_max', 'mmb', NULL, NULL),
(372, 362, 6000, 10000, 'lumens_min', 'lumens_max', 'mmb', NULL, NULL),
(373, 362, 10000, 15000, 'lumens_min', 'lumens_max', 'mmb', NULL, NULL),
(374, 362, 15000, 20000, 'lumens_min', 'lumens_max', 'mmb', NULL, NULL),
(375, 362, 20000, 30000, 'lumens_min', 'lumens_max', 'mmb', NULL, NULL),
(376, 362, 30000, 50000, 'lumens_min', 'lumens_max', 'mmb', NULL, NULL),
(377, 362, 50000, 70000, 'lumens_min', 'lumens_max', 'mmb', NULL, NULL),
(378, 363, 1, 100, 'lumens_linear_min', 'lumens_linear_max', 'mmb', NULL, NULL),
(379, 363, 100, 200, 'lumens_linear_min', 'lumens_linear_max', 'mmb', NULL, NULL),
(380, 363, 200, 350, 'lumens_linear_min', 'lumens_linear_max', 'mmb', NULL, NULL),
(381, 363, 350, 500, 'lumens_linear_min', 'lumens_linear_max', 'mmb', NULL, NULL),
(382, 363, 500, 750, 'lumens_linear_min', 'lumens_linear_max', 'mmb', NULL, NULL),
(383, 363, 750, 1000, 'lumens_linear_min', 'lumens_linear_max', 'mmb', NULL, NULL),
(384, 363, 1000, 1500, 'lumens_linear_min', 'lumens_linear_max', 'mmb', NULL, NULL),
(385, 363, 1500, 2000, 'lumens_linear_min', 'lumens_linear_max', 'mmb', NULL, NULL),
(386, 22, 1, NULL, 'depth', 'depth', 'gte', NULL, NULL),
(387, 22, 2, NULL, 'depth', 'depth', 'gte', NULL, NULL),
(388, 22, 3, NULL, 'depth', 'depth', 'gte', NULL, NULL),
(389, 22, 4, NULL, 'depth', 'depth', 'gte', NULL, NULL),
(390, 22, 5, NULL, 'depth', 'depth', 'gte', NULL, NULL),
(391, 22, 6, NULL, 'depth', 'depth', 'gte', NULL, NULL),
(392, 22, 7, NULL, 'depth', 'depth', 'gte', NULL, NULL),
(393, 22, 8, NULL, 'depth', 'depth', 'gte', NULL, NULL),
(394, 22, 10, NULL, 'depth', 'depth', 'gte', NULL, NULL),
(395, 22, 12, NULL, 'depth', 'depth', 'gte', NULL, NULL),
(396, 22, 16, NULL, 'depth', 'depth', 'gte', NULL, NULL),
(399, 17, NULL, 30, 'efficacy', 'efficacy', 'lte', NULL, NULL),
(400, 17, NULL, 50, 'efficacy', 'efficacy', 'lte', NULL, NULL),
(401, 17, NULL, 70, 'efficacy', 'efficacy', 'lte', NULL, NULL),
(402, 17, NULL, 90, 'efficacy', 'efficacy', 'lte', NULL, NULL),
(403, 17, NULL, 120, 'efficacy', 'efficacy', 'lte', NULL, NULL),
(404, 17, NULL, 150, 'efficacy', 'efficacy', 'lte', NULL, NULL),
(417, 240, NULL, 30000, 'hours_lm', 'hours_lm', 'lte', NULL, NULL),
(418, 240, NULL, 50000, 'hours_lm', 'hours_lm', 'lte', NULL, NULL),
(419, 240, NULL, 75000, 'hours_lm', 'hours_lm', 'lte', NULL, NULL),
(420, 240, NULL, 100000, 'hours_lm', 'hours_lm', 'lte', NULL, NULL),
(421, 240, NULL, 150000, 'hours_lm', 'hours_lm', 'lte', NULL, NULL),
(423, 241, NULL, 25000, 'hours_tm', 'hours_tm', 'lte', NULL, NULL),
(424, 241, NULL, 35000, 'hours_tm', 'hours_tm', 'lte', NULL, NULL),
(425, 241, NULL, 60000, 'hours_tm', 'hours_tm', 'lte', NULL, NULL),
(464, 313, 12, NULL, 'linear_2_min', 'linear_2_max', 'mm', NULL, '12.0'),
(465, 313, 12, 12, 'linear_2_min', 'linear_2_max', 'mm', NULL, '12.1'),
(494, 25, 14, NULL, 'stock', 'stock', 'gte', 14, NULL),
(495, 25, 28, NULL, 'stock', 'stock', 'gte', 28, NULL),
(500, 362, 70000, 100000, 'lumens_min', 'lumens_max', 'mmb', NULL, NULL),
(501, 362, 100000, 150000, 'lumens_min', 'lumens_max', 'mmb', NULL, NULL),
(502, 362, 150000, 250000, 'lumens_min', 'lumens_max', 'mmb', NULL, NULL),
(503, 362, 250000, 400000, 'lumens_min', 'lumens_max', 'mmb', NULL, NULL),
(504, 362, 400000, 600000, 'lumens_min', 'lumens_max', 'mmb', NULL, NULL),
(505, 362, 600000, NULL, 'lumens_min', 'lumens_max', 'mmb', NULL, NULL),
(514, 363, 2000, 3000, 'lumens_linear_min', 'lumens_linear_max', 'mmb', NULL, NULL),
(515, 363, 3000, 4000, 'lumens_linear_min', 'lumens_linear_max', 'mmb', NULL, NULL),
(516, 363, 4000, NULL, 'lumens_linear_min', 'lumens_linear_max', 'mmb', NULL, NULL),
(531, 22, 18, NULL, 'depth', 'depth', 'gte', NULL, NULL),
(554, 343, 25, NULL, 'watt_linear_min', 'watt_linear_max', 'mmb', NULL, NULL),
(560, 330, 350, 500, 'watt_min', 'watt_max', 'mmb', NULL, NULL),
(568, 330, 500, 750, 'watt_min', 'watt_max', 'mmb', NULL, NULL),
(569, 330, 750, 1000, 'watt_min', 'watt_max', 'mmb', NULL, NULL),
(570, 330, 1000, 1500, 'watt_min', 'watt_max', 'mmb', NULL, NULL),
(571, 330, 1500, 2000, 'watt_min', 'watt_max', 'mmb', NULL, NULL),
(572, 330, 2000, NULL, 'watt_min', 'watt_max', 'mmb', NULL, NULL);

-- --------------------------------------------------------

--
-- Table structure for table `specs_ranges_lm_old`
--

CREATE TABLE `specs_ranges_lm_old` (
  `spec_id` smallint(6) NOT NULL,
  `parent_id` int(11) NOT NULL,
  `spec_min` int(11) DEFAULT NULL,
  `spec_max` int(11) DEFAULT NULL,
  `field_min` varchar(32) NOT NULL,
  `field_max` varchar(32) NOT NULL,
  `range_type` varchar(16) NOT NULL,
  `val_dd` int(10) UNSIGNED DEFAULT NULL,
  `val_dd_decimal` decimal(4,1) UNSIGNED DEFAULT NULL
) ENGINE=InnoDB DEFAULT CHARSET=utf8;

--
-- RELATIONSHIPS FOR TABLE `specs_ranges_lm_old`:
--

--
-- Dumping data for table `specs_ranges_lm_old`
--

INSERT INTO `specs_ranges_lm_old` (`spec_id`, `parent_id`, `spec_min`, `spec_max`, `field_min`, `field_max`, `range_type`, `val_dd`, `val_dd_decimal`) VALUES
(110, 24, NULL, 1, 'warranty', 'warranty', 'lte', 1, NULL),
(111, 24, NULL, 5, 'warranty', 'warranty', 'lte', 5, NULL),
(112, 24, NULL, 10, 'warranty', 'warranty', 'lte', 10, NULL),
(113, 25, 1, NULL, 'stock', 'stock', 'gte', 365, NULL),
(114, 25, 5, NULL, 'stock', 'stock', 'gte', 5, NULL),
(115, 25, 10, NULL, 'stock', 'stock', 'gte', 10, NULL),
(278, 9, 1, NULL, 'multiples_min', 'multiples_max', 'mm', 1, NULL),
(279, 9, 2, NULL, 'multiples_min', 'multiples_max', 'mm', 2, NULL),
(280, 9, 3, NULL, 'multiples_min', 'multiples_max', 'mm', 3, NULL),
(281, 9, 4, NULL, 'multiples_min', 'multiples_max', 'mm', 4, NULL),
(282, 9, 5, NULL, 'multiples_min', 'multiples_max', 'mm', 5, NULL),
(283, 9, 6, NULL, 'multiples_min', 'multiples_max', 'mm', 6, NULL),
(284, 9, 7, NULL, 'multiples_min', 'multiples_max', 'mm', 7, NULL),
(285, 9, 8, NULL, 'multiples_min', 'multiples_max', 'mm', 8, NULL),
(318, 313, NULL, 1, 'linear_2_min', 'linear_2_max', 'mm', NULL, '0.9'),
(319, 313, 1, NULL, 'linear_2_min', 'linear_2_max', 'mm', NULL, '1.0'),
(320, 313, 2, NULL, 'linear_2_min', 'linear_2_max', 'mm', NULL, '2.0'),
(321, 313, 3, NULL, 'linear_2_min', 'linear_2_max', 'mm', NULL, '3.0'),
(322, 313, 4, NULL, 'linear_2_min', 'linear_2_max', 'mm', NULL, '4.0'),
(323, 313, 5, NULL, 'linear_2_min', 'linear_2_max', 'mm', NULL, '5.0'),
(324, 313, 6, NULL, 'linear_2_min', 'linear_2_max', 'mm', NULL, '6.0'),
(325, 313, 7, NULL, 'linear_2_min', 'linear_2_max', 'mm', NULL, '7.0'),
(326, 313, 8, NULL, 'linear_2_min', 'linear_2_max', 'mm', NULL, '8.0'),
(327, 313, 9, NULL, 'linear_2_min', 'linear_2_max', 'mm', NULL, '9.0'),
(328, 313, 10, NULL, 'linear_2_min', 'linear_2_max', 'mm', NULL, '10.0'),
(329, 313, 11, NULL, 'linear_2_min', 'linear_2_max', 'mm', NULL, '11.0'),
(331, 330, NULL, 3, 'watt_min', 'watt_max', 'mmb', NULL, NULL),
(332, 330, 3, 5, 'watt_min', 'watt_max', 'mmb', NULL, NULL),
(333, 330, 5, 10, 'watt_min', 'watt_max', 'mmb', NULL, NULL),
(334, 330, 10, 15, 'watt_min', 'watt_max', 'mmb', NULL, NULL),
(335, 330, 15, 20, 'watt_min', 'watt_max', 'mmb', NULL, NULL),
(336, 330, 20, 30, 'watt_min', 'watt_max', 'mmb', NULL, NULL),
(337, 330, 30, 50, 'watt_min', 'watt_max', 'mmb', NULL, NULL),
(338, 330, 50, 75, 'watt_min', 'watt_max', 'mmb', NULL, NULL),
(339, 330, 75, 100, 'watt_min', 'watt_max', 'mmb', NULL, NULL),
(340, 330, 100, 150, 'watt_min', 'watt_max', 'mmb', NULL, NULL),
(341, 330, 150, 250, 'watt_min', 'watt_max', 'mmb', NULL, NULL),
(342, 330, 250, 350, 'watt_min', 'watt_max', 'mmb', NULL, NULL),
(344, 343, NULL, 1, 'watt_linear_min', 'watt_linear_max', 'mmb', NULL, NULL),
(345, 343, 1, 2, 'watt_linear_min', 'watt_linear_max', 'mmb', NULL, NULL),
(346, 343, 2, 3, 'watt_linear_min', 'watt_linear_max', 'mmb', NULL, NULL),
(347, 343, 3, 5, 'watt_linear_min', 'watt_linear_max', 'mmb', NULL, NULL),
(348, 343, 5, 7, 'watt_linear_min', 'watt_linear_max', 'mmb', NULL, NULL),
(349, 343, 7, 10, 'watt_linear_min', 'watt_linear_max', 'mmb', NULL, NULL),
(350, 343, 10, 15, 'watt_linear_min', 'watt_linear_max', 'mmb', NULL, NULL),
(351, 343, 15, 25, 'watt_linear_min', 'watt_linear_max', 'mmb', NULL, NULL),
(356, 11, NULL, 60, 'cri', 'cri', 'lte', NULL, NULL),
(357, 11, NULL, 70, 'cri', 'cri', 'lte', NULL, NULL),
(358, 11, NULL, 80, 'cri', 'cri', 'lte', NULL, NULL),
(360, 11, NULL, 90, 'cri', 'cri', 'lte', NULL, NULL),
(361, 11, NULL, 95, 'cri', 'cri', 'lte', NULL, NULL),
(364, 362, 1, 150, 'lumens_min', 'lumens_max', 'mmb', NULL, NULL),
(365, 362, 151, 250, 'lumens_min', 'lumens_max', 'mmb', NULL, NULL),
(366, 362, 251, 400, 'lumens_min', 'lumens_max', 'mmb', NULL, NULL),
(367, 362, 401, 650, 'lumens_min', 'lumens_max', 'mmb', NULL, NULL),
(368, 362, 651, 850, 'lumens_min', 'lumens_max', 'mmb', NULL, NULL),
(369, 362, 851, 1250, 'lumens_min', 'lumens_max', 'mmb', NULL, NULL),
(370, 362, 1251, 1750, 'lumens_min', 'lumens_max', 'mmb', NULL, NULL),
(371, 362, 1751, 2250, 'lumens_min', 'lumens_max', 'mmb', NULL, NULL),
(372, 362, 2251, 2750, 'lumens_min', 'lumens_max', 'mmb', NULL, NULL),
(373, 362, 2751, 3500, 'lumens_min', 'lumens_max', 'mmb', NULL, NULL),
(374, 362, 3501, 4500, 'lumens_min', 'lumens_max', 'mmb', NULL, NULL),
(375, 362, 4501, 5500, 'lumens_min', 'lumens_max', 'mmb', NULL, NULL),
(376, 362, 5501, 7000, 'lumens_min', 'lumens_max', 'mmb', NULL, NULL),
(377, 362, 7001, 9000, 'lumens_min', 'lumens_max', 'mmb', NULL, NULL),
(378, 363, 1, 150, 'lumens_linear_min', 'lumens_linear_max', 'mmb', NULL, NULL),
(379, 363, 150, 250, 'lumens_linear_min', 'lumens_linear_max', 'mmb', NULL, NULL),
(380, 363, 250, 350, 'lumens_linear_min', 'lumens_linear_max', 'mmb', NULL, NULL),
(381, 363, 350, 450, 'lumens_linear_min', 'lumens_linear_max', 'mmb', NULL, NULL),
(382, 363, 450, 600, 'lumens_linear_min', 'lumens_linear_max', 'mmb', NULL, NULL),
(383, 363, 600, 800, 'lumens_linear_min', 'lumens_linear_max', 'mmb', NULL, NULL),
(384, 363, 800, 1300, 'lumens_linear_min', 'lumens_linear_max', 'mmb', NULL, NULL),
(385, 363, 1300, 1750, 'lumens_linear_min', 'lumens_linear_max', 'mmb', NULL, NULL),
(386, 22, 1, NULL, 'depth', 'depth', 'gte', NULL, NULL),
(387, 22, 2, NULL, 'depth', 'depth', 'gte', NULL, NULL),
(388, 22, 3, NULL, 'depth', 'depth', 'gte', NULL, NULL),
(389, 22, 4, NULL, 'depth', 'depth', 'gte', NULL, NULL),
(390, 22, 5, NULL, 'depth', 'depth', 'gte', NULL, NULL),
(391, 22, 6, NULL, 'depth', 'depth', 'gte', NULL, NULL),
(392, 22, 7, NULL, 'depth', 'depth', 'gte', NULL, NULL),
(393, 22, 8, NULL, 'depth', 'depth', 'gte', NULL, NULL),
(394, 22, 10, NULL, 'depth', 'depth', 'gte', NULL, NULL),
(395, 22, 12, NULL, 'depth', 'depth', 'gte', NULL, NULL),
(396, 22, 16, NULL, 'depth', 'depth', 'gte', NULL, NULL),
(399, 17, NULL, 30, 'efficacy', 'efficacy', 'lte', NULL, NULL),
(400, 17, NULL, 50, 'efficacy', 'efficacy', 'lte', NULL, NULL),
(401, 17, NULL, 70, 'efficacy', 'efficacy', 'lte', NULL, NULL),
(402, 17, NULL, 90, 'efficacy', 'efficacy', 'lte', NULL, NULL),
(403, 17, NULL, 120, 'efficacy', 'efficacy', 'lte', NULL, NULL),
(404, 17, NULL, 150, 'efficacy', 'efficacy', 'lte', NULL, NULL),
(417, 240, NULL, 30000, 'hours_lm', 'hours_lm', 'lte', NULL, NULL),
(418, 240, NULL, 50000, 'hours_lm', 'hours_lm', 'lte', NULL, NULL),
(419, 240, NULL, 75000, 'hours_lm', 'hours_lm', 'lte', NULL, NULL),
(420, 240, NULL, 100000, 'hours_lm', 'hours_lm', 'lte', NULL, NULL),
(421, 240, NULL, 150000, 'hours_lm', 'hours_lm', 'lte', NULL, NULL),
(423, 241, NULL, 25000, 'hours_tm', 'hours_tm', 'lte', NULL, NULL),
(424, 241, NULL, 35000, 'hours_tm', 'hours_tm', 'lte', NULL, NULL),
(425, 241, NULL, 60000, 'hours_tm', 'hours_tm', 'lte', NULL, NULL),
(464, 313, 12, NULL, 'linear_2_min', 'linear_2_max', 'mm', NULL, '12.0'),
(465, 313, 12, 12, 'linear_2_min', 'linear_2_max', 'mm', NULL, '12.1'),
(494, 25, 14, NULL, 'stock', 'stock', 'gte', 14, NULL),
(495, 25, 28, NULL, 'stock', 'stock', 'gte', 28, NULL),
(500, 362, 9001, 12500, 'lumens_min', 'lumens_max', 'mmb', NULL, NULL),
(501, 362, 12501, 17500, 'lumens_min', 'lumens_max', 'mmb', NULL, NULL),
(502, 362, 17501, 22500, 'lumens_min', 'lumens_max', 'mmb', NULL, NULL),
(503, 362, 22501, 27500, 'lumens_min', 'lumens_max', 'mmb', NULL, NULL),
(504, 362, 27501, 35000, 'lumens_min', 'lumens_max', 'mmb', NULL, NULL),
(505, 362, 35001, 45000, 'lumens_min', 'lumens_max', 'mmb', NULL, NULL),
(506, 362, 45001, 62500, 'lumens_min', 'lumens_max', 'mmb', NULL, NULL),
(507, 362, 62501, 87500, 'lumens_min', 'lumens_max', 'mmb', NULL, NULL),
(508, 362, 87501, 112500, 'lumens_min', 'lumens_max', 'mmb', NULL, NULL),
(509, 362, 112501, 137500, 'lumens_min', 'lumens_max', 'mmb', NULL, NULL),
(510, 362, 137501, 175000, 'lumens_min', 'lumens_max', 'mmb', NULL, NULL),
(511, 362, 175001, 250000, 'lumens_min', 'lumens_max', 'mmb', NULL, NULL),
(512, 362, 250001, 400000, 'lumens_min', 'lumens_max', 'mmb', NULL, NULL),
(513, 362, 400001, NULL, 'lumens_min', 'lumens_max', 'mmb', NULL, NULL),
(514, 363, 1750, 2250, 'lumens_linear_min', 'lumens_linear_max', 'mmb', NULL, NULL),
(515, 363, 2250, 2750, 'lumens_linear_min', 'lumens_linear_max', 'mmb', NULL, NULL),
(516, 363, 3000, NULL, 'lumens_linear_min', 'lumens_linear_max', 'mmb', NULL, NULL),
(531, 22, 18, NULL, 'depth', 'depth', 'gte', NULL, NULL),
(554, 343, 25, NULL, 'watt_linear_min', 'watt_linear_max', 'mmb', NULL, NULL),
(560, 330, 350, 500, 'watt_min', 'watt_max', 'mmb', NULL, NULL),
(568, 330, 500, 750, 'watt_min', 'watt_max', 'mmb', NULL, NULL),
(569, 330, 750, 1000, 'watt_min', 'watt_max', 'mmb', NULL, NULL),
(570, 330, 1000, 1500, 'watt_min', 'watt_max', 'mmb', NULL, NULL),
(571, 330, 1500, 2000, 'watt_min', 'watt_max', 'mmb', NULL, NULL),
(572, 330, 2000, NULL, 'watt_min', 'watt_max', 'mmb', NULL, NULL);

-- --------------------------------------------------------

--
-- Table structure for table `users`
--

CREATE TABLE `users` (
  `user_id` int(10) UNSIGNED NOT NULL,
  `first_name` varchar(32) COLLATE utf8mb4_unicode_ci NOT NULL,
  `last_name` varchar(32) COLLATE utf8mb4_unicode_ci NOT NULL,
  `username` varchar(128) COLLATE utf8mb4_unicode_ci NOT NULL,
  `pwd` varchar(255) COLLATE utf8mb4_unicode_ci NOT NULL,
  `role` varchar(10) COLLATE utf8mb4_unicode_ci NOT NULL,
  `status` tinyint(3) UNSIGNED NOT NULL,
  `created` int(10) UNSIGNED NOT NULL,
  `last_login` int(10) UNSIGNED NOT NULL
) ENGINE=InnoDB DEFAULT CHARSET=utf8mb4 COLLATE=utf8mb4_unicode_ci;

--
-- RELATIONSHIPS FOR TABLE `users`:
--

--
-- Dumping data for table `users`
--

INSERT INTO `users` (`user_id`, `first_name`, `last_name`, `username`, `pwd`, `role`, `status`, `created`, `last_login`) VALUES
(1, '', '', 'admin', '$2y$10$dXGYxZhfE3GtoMIFA4tCs.mXNlKUi3t87CE.zce21p902kTtb.iRq', 'admin', 1, 1517580338, 1532956074);

-- --------------------------------------------------------

--
-- Table structure for table `users_auth`
--

CREATE TABLE `users_auth` (
  `id` binary(20) NOT NULL,
  `user_id` int(10) UNSIGNED NOT NULL,
  `validator` char(64) COLLATE utf8mb4_unicode_ci NOT NULL,
  `expires` int(10) UNSIGNED NOT NULL
) ENGINE=InnoDB DEFAULT CHARSET=utf8mb4 COLLATE=utf8mb4_unicode_ci;

--
-- RELATIONSHIPS FOR TABLE `users_auth`:
--

--
-- Dumping data for table `users_auth`
--

INSERT INTO `users_auth` (`id`, `user_id`, `validator`, `expires`) VALUES
(0xec63ebca9c82510fd825085ba9fb393573d5c19b, 1, '326e1f9f87c84f1d60f8e0e01151ef10a0fcee5c229543e4b95c14c07ecb828e', 1533040962),
(0xfd30ef33ae5ea84fba26a85ff74c49a6ac453bd6, 1, '516fe717a004f4059934b8d42b9231ceb63ef4e8f471a4190c3a936d44946d68', 1533042474);

-- --------------------------------------------------------

--
-- Table structure for table `visitors`
--

CREATE TABLE `visitors` (
  `visitor_id` int(10) UNSIGNED NOT NULL,
  `visitor` varchar(128) NOT NULL,
  `code` varchar(10) NOT NULL
) ENGINE=InnoDB DEFAULT CHARSET=utf8;

--
-- RELATIONSHIPS FOR TABLE `visitors`:
--

--
-- Dumping data for table `visitors`
--

INSERT INTO `visitors` (`visitor_id`, `visitor`, `code`) VALUES
(1, 'Test', 'Test'),
(2, 'USAI Lighting', '022016'),
(3, 'Focal Point', '032016'),
(4, 'Element', '042016'),
(5, 'CDO Events', '012016'),
(6, 'Jason Broadhurst', '2016'),
(7, 'Bega', '1052016'),
(8, 'Acuity', '052016');

--
-- Indexes for dumped tables
--

--
-- Indexes for table `admins`
--
ALTER TABLE `admins`
  ADD PRIMARY KEY (`uid`),
  ADD UNIQUE KEY `hashkey` (`hashkey`,`pwd`);

--
-- Indexes for table `brands`
--
ALTER TABLE `brands`
  ADD PRIMARY KEY (`brand_id`),
  ADD UNIQUE KEY `brand` (`brand`);

--
-- Indexes for table `cities`
--
ALTER TABLE `cities`
  ADD PRIMARY KEY (`city_id`),
  ADD KEY `country_id` (`country_id`),
  ADD KEY `region_id` (`region_id`);

--
-- Indexes for table `countries`
--
ALTER TABLE `countries`
  ADD PRIMARY KEY (`country_id`);

--
-- Indexes for table `data_test`
--
ALTER TABLE `data_test`
  ADD PRIMARY KEY (`id`),
  ADD UNIQUE KEY `sku` (`sku`);

--
-- Indexes for table `events`
--
ALTER TABLE `events`
  ADD PRIMARY KEY (`event_id`),
  ADD UNIQUE KEY `sku` (`sku`),
  ADD KEY `sku_media` (`sku_media`);

--
-- Indexes for table `events_images`
--
ALTER TABLE `events_images`
  ADD PRIMARY KEY (`image_id`),
  ADD KEY `event_id` (`event_id`);

--
-- Indexes for table `families`
--
ALTER TABLE `families`
  ADD PRIMARY KEY (`family_id`),
  ADD UNIQUE KEY `family_code` (`family_code`),
  ADD KEY `manf_id` (`manf_id`),
  ADD KEY `family_group` (`family_group`);

--
-- Indexes for table `family_images`
--
ALTER TABLE `family_images`
  ADD PRIMARY KEY (`image_id`),
  ADD KEY `family_id` (`family_id`);

--
-- Indexes for table `family_slider`
--
ALTER TABLE `family_slider`
  ADD UNIQUE KEY `family_code` (`family_code`);

--
-- Indexes for table `family_slider_images`
--
ALTER TABLE `family_slider_images`
  ADD PRIMARY KEY (`id`);

--
-- Indexes for table `guides`
--
ALTER TABLE `guides`
  ADD PRIMARY KEY (`guide_id`),
  ADD UNIQUE KEY `sku` (`sku`);

--
-- Indexes for table `guides_categories`
--
ALTER TABLE `guides_categories`
  ADD PRIMARY KEY (`spec_id`),
  ADD UNIQUE KEY `parent_feature` (`parent_id`,`spec`),
  ADD KEY `parent_id` (`parent_id`);

--
-- Indexes for table `guides_classification`
--
ALTER TABLE `guides_classification`
  ADD PRIMARY KEY (`id`),
  ADD KEY `guide_id` (`guide_id`);

--
-- Indexes for table `guides_images`
--
ALTER TABLE `guides_images`
  ADD PRIMARY KEY (`image_id`),
  ADD KEY `guide_id` (`guide_id`);

--
-- Indexes for table `hs_groups`
--
ALTER TABLE `hs_groups`
  ADD PRIMARY KEY (`hs_group_id`),
  ADD KEY `parent_id` (`parent_id`),
  ADD KEY `spec_id` (`spec_id`);

--
-- Indexes for table `manufacturers`
--
ALTER TABLE `manufacturers`
  ADD PRIMARY KEY (`manf_id`),
  ADD UNIQUE KEY `manf_name` (`manf_name`),
  ADD UNIQUE KEY `code` (`code`),
  ADD KEY `brand_id` (`brand_id`);
ALTER TABLE `manufacturers` ADD FULLTEXT KEY `manf_name_2` (`manf_name`);
ALTER TABLE `manufacturers` ADD FULLTEXT KEY `code_2` (`code`);

--
-- Indexes for table `manufacturer_reps`
--
ALTER TABLE `manufacturer_reps`
  ADD PRIMARY KEY (`manfrep_id`),
  ADD UNIQUE KEY `manf_id_2` (`manf_id`,`rep_id`,`country_id`,`region_id`,`city_id`),
  ADD KEY `manf_id` (`manf_id`),
  ADD KEY `rep_id` (`rep_id`),
  ADD KEY `country_id` (`country_id`),
  ADD KEY `region_id` (`region_id`),
  ADD KEY `city_id` (`city_id`);

--
-- Indexes for table `media_partners`
--
ALTER TABLE `media_partners`
  ADD PRIMARY KEY (`media_id`),
  ADD UNIQUE KEY `sku` (`sku`);

--
-- Indexes for table `news`
--
ALTER TABLE `news`
  ADD PRIMARY KEY (`news_id`),
  ADD UNIQUE KEY `sku` (`sku`),
  ADD KEY `sku_media` (`sku_media`);

--
-- Indexes for table `news_images`
--
ALTER TABLE `news_images`
  ADD PRIMARY KEY (`image_id`),
  ADD KEY `guide_id` (`news_id`);

--
-- Indexes for table `pages_html`
--
ALTER TABLE `pages_html`
  ADD PRIMARY KEY (`page_id`);

--
-- Indexes for table `products`
--
ALTER TABLE `products`
  ADD PRIMARY KEY (`product_id`),
  ADD KEY `manf_id` (`manf_id`),
  ADD KEY `brand_id` (`brand_id`),
  ADD KEY `manf_spec_id` (`manf_spec_id`),
  ADD KEY `brand_spec_id` (`brand_spec_id`),
  ADD KEY `family_id` (`family_id`),
  ADD KEY `fixture_1` (`fixture_1`,`family_id`),
  ADD KEY `fixture_2` (`fixture_2`,`family_id`),
  ADD KEY `fixture_3` (`fixture_3`,`family_id`),
  ADD KEY `fixture_4` (`fixture_4`,`family_id`),
  ADD KEY `mounting_1` (`mounting_1`,`family_id`),
  ADD KEY `mounting_2` (`mounting_2`,`family_id`),
  ADD KEY `mounting_3` (`mounting_3`,`family_id`),
  ADD KEY `mounting_4` (`mounting_4`,`family_id`),
  ADD KEY `environment_1` (`environment_1`,`family_id`),
  ADD KEY `environment_2` (`environment_2`,`family_id`),
  ADD KEY `environment_3` (`environment_3`,`family_id`),
  ADD KEY `environment_4` (`environment_4`,`family_id`),
  ADD KEY `environment_5` (`environment_5`,`family_id`),
  ADD KEY `lumens_min` (`lumens_min`),
  ADD KEY `lumens_max` (`lumens_max`);

--
-- Indexes for table `product_news`
--
ALTER TABLE `product_news`
  ADD PRIMARY KEY (`prod_news_id`),
  ADD UNIQUE KEY `sku` (`sku`);

--
-- Indexes for table `product_news_cats`
--
ALTER TABLE `product_news_cats`
  ADD PRIMARY KEY (`node_id`),
  ADD UNIQUE KEY `parent_feature` (`parent_id`,`name`),
  ADD KEY `parent_id` (`parent_id`);

--
-- Indexes for table `product_news_images`
--
ALTER TABLE `product_news_images`
  ADD PRIMARY KEY (`image_id`),
  ADD KEY `guide_id` (`prod_news_id`);

--
-- Indexes for table `product_news_mapping`
--
ALTER TABLE `product_news_mapping`
  ADD UNIQUE KEY `prod_news_id` (`prod_news_id`,`node_id`),
  ADD KEY `node_id` (`node_id`),
  ADD KEY `active` (`active`);

--
-- Indexes for table `projectslib`
--
ALTER TABLE `projectslib`
  ADD PRIMARY KEY (`projectslib_id`),
  ADD UNIQUE KEY `sku` (`sku`);

--
-- Indexes for table `projectslib_categories`
--
ALTER TABLE `projectslib_categories`
  ADD PRIMARY KEY (`spec_id`),
  ADD UNIQUE KEY `parent_feature` (`parent_id`,`spec`),
  ADD KEY `parent_id` (`parent_id`);

--
-- Indexes for table `projectslib_classification`
--
ALTER TABLE `projectslib_classification`
  ADD PRIMARY KEY (`projectslib_id`);

--
-- Indexes for table `projectslib_families`
--
ALTER TABLE `projectslib_families`
  ADD PRIMARY KEY (`id`),
  ADD UNIQUE KEY `projectslib_id_2` (`projectslib_id`,`family_code`),
  ADD KEY `projectslib_id` (`projectslib_id`),
  ADD KEY `family_code` (`family_code`);

--
-- Indexes for table `projectslib_images`
--
ALTER TABLE `projectslib_images`
  ADD PRIMARY KEY (`image_id`),
  ADD KEY `projectslib_id` (`projectslib_id`);

--
-- Indexes for table `project_gallery`
--
ALTER TABLE `project_gallery`
  ADD PRIMARY KEY (`pr_gallery_id`),
  ADD UNIQUE KEY `sku` (`sku`);

--
-- Indexes for table `project_gallery_cats`
--
ALTER TABLE `project_gallery_cats`
  ADD PRIMARY KEY (`node_id`),
  ADD UNIQUE KEY `parent_feature` (`parent_id`,`name`),
  ADD KEY `parent_id` (`parent_id`);

--
-- Indexes for table `project_gallery_families`
--
ALTER TABLE `project_gallery_families`
  ADD PRIMARY KEY (`id`),
  ADD KEY `family_code` (`family_code`),
  ADD KEY `pr_gallery_id` (`pr_gallery_id`);

--
-- Indexes for table `project_gallery_images`
--
ALTER TABLE `project_gallery_images`
  ADD PRIMARY KEY (`image_id`),
  ADD KEY `pr_gallery_id` (`pr_gallery_id`);

--
-- Indexes for table `project_gallery_mapping`
--
ALTER TABLE `project_gallery_mapping`
  ADD UNIQUE KEY `pr_gallery_id` (`pr_gallery_id`,`node_id`),
  ADD KEY `node_id` (`node_id`,`active`);

--
-- Indexes for table `regions`
--
ALTER TABLE `regions`
  ADD PRIMARY KEY (`region_id`),
  ADD KEY `country_id` (`country_id`);

--
-- Indexes for table `reps`
--
ALTER TABLE `reps`
  ADD PRIMARY KEY (`rep_id`),
  ADD UNIQUE KEY `rep_name` (`rep_name`),
  ADD UNIQUE KEY `code` (`code`),
  ADD KEY `country_id` (`country_id`),
  ADD KEY `region_id` (`region_id`),
  ADD KEY `city_id` (`city_id`);

--
-- Indexes for table `settings`
--
ALTER TABLE `settings`
  ADD PRIMARY KEY (`id`);

--
-- Indexes for table `sliders`
--
ALTER TABLE `sliders`
  ADD PRIMARY KEY (`slider_id`),
  ADD UNIQUE KEY `sku` (`sku`);

--
-- Indexes for table `sliders_images`
--
ALTER TABLE `sliders_images`
  ADD PRIMARY KEY (`image_id`),
  ADD KEY `event_id` (`slider_id`);

--
-- Indexes for table `sliders_pages`
--
ALTER TABLE `sliders_pages`
  ADD PRIMARY KEY (`page_id`);

--
-- Indexes for table `specs`
--
ALTER TABLE `specs`
  ADD PRIMARY KEY (`node_id`),
  ADD UNIQUE KEY `parent_feature` (`parent_id`,`name`),
  ADD KEY `parent_id` (`parent_id`),
  ADD KEY `lft` (`lft`,`rgt`),
  ADD KEY `lft_2` (`lft`);

--
-- Indexes for table `specs_images`
--
ALTER TABLE `specs_images`
  ADD UNIQUE KEY `spec_id` (`spec_id`);

--
-- Indexes for table `specs_list`
--
ALTER TABLE `specs_list`
  ADD PRIMARY KEY (`spec_id`),
  ADD UNIQUE KEY `parent_feature` (`parent_id`,`spec`),
  ADD KEY `parent_id` (`parent_id`),
  ADD KEY `lft` (`lft`,`rgt`),
  ADD KEY `lft_2` (`lft`);

--
-- Indexes for table `specs_list_backup`
--
ALTER TABLE `specs_list_backup`
  ADD PRIMARY KEY (`spec_id`),
  ADD UNIQUE KEY `parent_feature` (`parent_id`,`spec`),
  ADD KEY `parent_id` (`parent_id`),
  ADD KEY `lft` (`lft`,`rgt`),
  ADD KEY `lft_2` (`lft`);

--
-- Indexes for table `specs_list_lm_new`
--
ALTER TABLE `specs_list_lm_new`
  ADD PRIMARY KEY (`spec_id`),
  ADD UNIQUE KEY `parent_feature` (`parent_id`,`spec`),
  ADD KEY `parent_id` (`parent_id`),
  ADD KEY `lft` (`lft`,`rgt`),
  ADD KEY `lft_2` (`lft`);

--
-- Indexes for table `specs_list_lm_old`
--
ALTER TABLE `specs_list_lm_old`
  ADD PRIMARY KEY (`spec_id`),
  ADD UNIQUE KEY `parent_feature` (`parent_id`,`spec`),
  ADD KEY `parent_id` (`parent_id`),
  ADD KEY `lft` (`lft`,`rgt`),
  ADD KEY `lft_2` (`lft`);

--
-- Indexes for table `specs_ranges`
--
ALTER TABLE `specs_ranges`
  ADD PRIMARY KEY (`spec_id`);

--
-- Indexes for table `specs_ranges_backup`
--
ALTER TABLE `specs_ranges_backup`
  ADD PRIMARY KEY (`spec_id`);

--
-- Indexes for table `specs_ranges_lm_new`
--
ALTER TABLE `specs_ranges_lm_new`
  ADD PRIMARY KEY (`spec_id`);

--
-- Indexes for table `specs_ranges_lm_old`
--
ALTER TABLE `specs_ranges_lm_old`
  ADD PRIMARY KEY (`spec_id`);

--
-- Indexes for table `users`
--
ALTER TABLE `users`
  ADD PRIMARY KEY (`user_id`),
  ADD UNIQUE KEY `username` (`username`);

--
-- Indexes for table `users_auth`
--
ALTER TABLE `users_auth`
  ADD PRIMARY KEY (`id`),
  ADD KEY `uid` (`user_id`) USING BTREE;

--
-- Indexes for table `visitors`
--
ALTER TABLE `visitors`
  ADD PRIMARY KEY (`visitor_id`),
  ADD UNIQUE KEY `trackcode` (`code`),
  ADD UNIQUE KEY `visitor` (`visitor`);

--
-- AUTO_INCREMENT for dumped tables
--

--
-- AUTO_INCREMENT for table `admins`
--
ALTER TABLE `admins`
  MODIFY `uid` tinyint(3) UNSIGNED NOT NULL AUTO_INCREMENT, AUTO_INCREMENT=3;

--
-- AUTO_INCREMENT for table `brands`
--
ALTER TABLE `brands`
  MODIFY `brand_id` tinyint(3) UNSIGNED NOT NULL AUTO_INCREMENT, AUTO_INCREMENT=64;

--
-- AUTO_INCREMENT for table `cities`
--
ALTER TABLE `cities`
  MODIFY `city_id` mediumint(8) UNSIGNED NOT NULL AUTO_INCREMENT, AUTO_INCREMENT=91777;

--
-- AUTO_INCREMENT for table `countries`
--
ALTER TABLE `countries`
  MODIFY `country_id` smallint(6) UNSIGNED NOT NULL AUTO_INCREMENT, AUTO_INCREMENT=248;

--
-- AUTO_INCREMENT for table `data_test`
--
ALTER TABLE `data_test`
  MODIFY `id` int(11) NOT NULL AUTO_INCREMENT, AUTO_INCREMENT=12;

--
-- AUTO_INCREMENT for table `events`
--
ALTER TABLE `events`
  MODIFY `event_id` int(10) UNSIGNED NOT NULL AUTO_INCREMENT, AUTO_INCREMENT=61;

--
-- AUTO_INCREMENT for table `events_images`
--
ALTER TABLE `events_images`
  MODIFY `image_id` int(10) UNSIGNED NOT NULL AUTO_INCREMENT, AUTO_INCREMENT=11;

--
-- AUTO_INCREMENT for table `families`
--
ALTER TABLE `families`
  MODIFY `family_id` int(10) UNSIGNED NOT NULL AUTO_INCREMENT, AUTO_INCREMENT=1850;

--
-- AUTO_INCREMENT for table `family_images`
--
ALTER TABLE `family_images`
  MODIFY `image_id` int(10) UNSIGNED NOT NULL AUTO_INCREMENT, AUTO_INCREMENT=5890;

--
-- AUTO_INCREMENT for table `family_slider_images`
--
ALTER TABLE `family_slider_images`
  MODIFY `id` int(10) UNSIGNED NOT NULL AUTO_INCREMENT;

--
-- AUTO_INCREMENT for table `guides`
--
ALTER TABLE `guides`
  MODIFY `guide_id` mediumint(8) UNSIGNED NOT NULL AUTO_INCREMENT, AUTO_INCREMENT=160;

--
-- AUTO_INCREMENT for table `guides_categories`
--
ALTER TABLE `guides_categories`
  MODIFY `spec_id` smallint(5) UNSIGNED NOT NULL AUTO_INCREMENT, AUTO_INCREMENT=105;

--
-- AUTO_INCREMENT for table `guides_classification`
--
ALTER TABLE `guides_classification`
  MODIFY `id` int(10) UNSIGNED NOT NULL AUTO_INCREMENT, AUTO_INCREMENT=519;

--
-- AUTO_INCREMENT for table `guides_images`
--
ALTER TABLE `guides_images`
  MODIFY `image_id` int(10) UNSIGNED NOT NULL AUTO_INCREMENT, AUTO_INCREMENT=650;

--
-- AUTO_INCREMENT for table `hs_groups`
--
ALTER TABLE `hs_groups`
  MODIFY `hs_group_id` smallint(5) UNSIGNED NOT NULL AUTO_INCREMENT, AUTO_INCREMENT=124;

--
-- AUTO_INCREMENT for table `manufacturers`
--
ALTER TABLE `manufacturers`
  MODIFY `manf_id` int(10) UNSIGNED NOT NULL AUTO_INCREMENT, AUTO_INCREMENT=235;

--
-- AUTO_INCREMENT for table `manufacturer_reps`
--
ALTER TABLE `manufacturer_reps`
  MODIFY `manfrep_id` smallint(5) UNSIGNED NOT NULL AUTO_INCREMENT, AUTO_INCREMENT=129;

--
-- AUTO_INCREMENT for table `media_partners`
--
ALTER TABLE `media_partners`
  MODIFY `media_id` int(11) NOT NULL AUTO_INCREMENT, AUTO_INCREMENT=13;

--
-- AUTO_INCREMENT for table `news`
--
ALTER TABLE `news`
  MODIFY `news_id` int(10) UNSIGNED NOT NULL AUTO_INCREMENT, AUTO_INCREMENT=28;

--
-- AUTO_INCREMENT for table `news_images`
--
ALTER TABLE `news_images`
  MODIFY `image_id` int(10) UNSIGNED NOT NULL AUTO_INCREMENT, AUTO_INCREMENT=33;

--
-- AUTO_INCREMENT for table `pages_html`
--
ALTER TABLE `pages_html`
  MODIFY `page_id` tinyint(3) UNSIGNED NOT NULL AUTO_INCREMENT, AUTO_INCREMENT=13;

--
-- AUTO_INCREMENT for table `products`
--
ALTER TABLE `products`
  MODIFY `product_id` int(11) NOT NULL AUTO_INCREMENT, AUTO_INCREMENT=28932;

--
-- AUTO_INCREMENT for table `product_news`
--
ALTER TABLE `product_news`
  MODIFY `prod_news_id` int(10) UNSIGNED NOT NULL AUTO_INCREMENT, AUTO_INCREMENT=162;

--
-- AUTO_INCREMENT for table `product_news_cats`
--
ALTER TABLE `product_news_cats`
  MODIFY `node_id` smallint(5) UNSIGNED NOT NULL AUTO_INCREMENT, AUTO_INCREMENT=113;

--
-- AUTO_INCREMENT for table `product_news_images`
--
ALTER TABLE `product_news_images`
  MODIFY `image_id` int(10) UNSIGNED NOT NULL AUTO_INCREMENT, AUTO_INCREMENT=654;

--
-- AUTO_INCREMENT for table `projectslib`
--
ALTER TABLE `projectslib`
  MODIFY `projectslib_id` mediumint(8) UNSIGNED NOT NULL AUTO_INCREMENT, AUTO_INCREMENT=116;

--
-- AUTO_INCREMENT for table `projectslib_categories`
--
ALTER TABLE `projectslib_categories`
  MODIFY `spec_id` smallint(5) UNSIGNED NOT NULL AUTO_INCREMENT, AUTO_INCREMENT=100;

--
-- AUTO_INCREMENT for table `projectslib_families`
--
ALTER TABLE `projectslib_families`
  MODIFY `id` int(10) UNSIGNED NOT NULL AUTO_INCREMENT, AUTO_INCREMENT=183;

--
-- AUTO_INCREMENT for table `projectslib_images`
--
ALTER TABLE `projectslib_images`
  MODIFY `image_id` int(10) UNSIGNED NOT NULL AUTO_INCREMENT, AUTO_INCREMENT=855;

--
-- AUTO_INCREMENT for table `project_gallery`
--
ALTER TABLE `project_gallery`
  MODIFY `pr_gallery_id` int(10) UNSIGNED NOT NULL AUTO_INCREMENT, AUTO_INCREMENT=122;

--
-- AUTO_INCREMENT for table `project_gallery_cats`
--
ALTER TABLE `project_gallery_cats`
  MODIFY `node_id` smallint(5) UNSIGNED NOT NULL AUTO_INCREMENT, AUTO_INCREMENT=101;

--
-- AUTO_INCREMENT for table `project_gallery_families`
--
ALTER TABLE `project_gallery_families`
  MODIFY `id` int(10) UNSIGNED NOT NULL AUTO_INCREMENT, AUTO_INCREMENT=202;

--
-- AUTO_INCREMENT for table `project_gallery_images`
--
ALTER TABLE `project_gallery_images`
  MODIFY `image_id` int(10) UNSIGNED NOT NULL AUTO_INCREMENT, AUTO_INCREMENT=861;

--
-- AUTO_INCREMENT for table `regions`
--
ALTER TABLE `regions`
  MODIFY `region_id` smallint(5) UNSIGNED NOT NULL AUTO_INCREMENT, AUTO_INCREMENT=2541;

--
-- AUTO_INCREMENT for table `reps`
--
ALTER TABLE `reps`
  MODIFY `rep_id` smallint(5) UNSIGNED NOT NULL AUTO_INCREMENT, AUTO_INCREMENT=15;

--
-- AUTO_INCREMENT for table `settings`
--
ALTER TABLE `settings`
  MODIFY `id` tinyint(4) NOT NULL AUTO_INCREMENT, AUTO_INCREMENT=2;

--
-- AUTO_INCREMENT for table `sliders`
--
ALTER TABLE `sliders`
  MODIFY `slider_id` int(11) UNSIGNED NOT NULL AUTO_INCREMENT, AUTO_INCREMENT=9;

--
-- AUTO_INCREMENT for table `sliders_images`
--
ALTER TABLE `sliders_images`
  MODIFY `image_id` int(10) UNSIGNED NOT NULL AUTO_INCREMENT, AUTO_INCREMENT=716;

--
-- AUTO_INCREMENT for table `sliders_pages`
--
ALTER TABLE `sliders_pages`
  MODIFY `page_id` int(11) NOT NULL AUTO_INCREMENT, AUTO_INCREMENT=21;

--
-- AUTO_INCREMENT for table `specs`
--
ALTER TABLE `specs`
  MODIFY `node_id` smallint(5) UNSIGNED NOT NULL AUTO_INCREMENT, AUTO_INCREMENT=841;

--
-- AUTO_INCREMENT for table `specs_list`
--
ALTER TABLE `specs_list`
  MODIFY `spec_id` smallint(5) UNSIGNED NOT NULL AUTO_INCREMENT, AUTO_INCREMENT=822;

--
-- AUTO_INCREMENT for table `specs_list_backup`
--
ALTER TABLE `specs_list_backup`
  MODIFY `spec_id` smallint(5) UNSIGNED NOT NULL AUTO_INCREMENT, AUTO_INCREMENT=637;

--
-- AUTO_INCREMENT for table `specs_list_lm_new`
--
ALTER TABLE `specs_list_lm_new`
  MODIFY `spec_id` smallint(5) UNSIGNED NOT NULL AUTO_INCREMENT, AUTO_INCREMENT=611;

--
-- AUTO_INCREMENT for table `specs_list_lm_old`
--
ALTER TABLE `specs_list_lm_old`
  MODIFY `spec_id` smallint(5) UNSIGNED NOT NULL AUTO_INCREMENT, AUTO_INCREMENT=611;

--
-- AUTO_INCREMENT for table `users`
--
ALTER TABLE `users`
  MODIFY `user_id` int(10) UNSIGNED NOT NULL AUTO_INCREMENT, AUTO_INCREMENT=2;

--
-- AUTO_INCREMENT for table `visitors`
--
ALTER TABLE `visitors`
  MODIFY `visitor_id` int(10) UNSIGNED NOT NULL AUTO_INCREMENT, AUTO_INCREMENT=9;

--
-- Constraints for dumped tables
--

--
-- Constraints for table `events`
--
ALTER TABLE `events`
  ADD CONSTRAINT `events_ibfk_1` FOREIGN KEY (`sku_media`) REFERENCES `media_partners` (`sku`) ON DELETE CASCADE ON UPDATE CASCADE;

--
-- Constraints for table `events_images`
--
ALTER TABLE `events_images`
  ADD CONSTRAINT `events_images_ibfk_1` FOREIGN KEY (`event_id`) REFERENCES `events` (`event_id`) ON DELETE CASCADE ON UPDATE CASCADE;

--
-- Constraints for table `families`
--
ALTER TABLE `families`
  ADD CONSTRAINT `families_ibfk_1` FOREIGN KEY (`manf_id`) REFERENCES `manufacturers` (`manf_id`) ON DELETE CASCADE ON UPDATE CASCADE;

--
-- Constraints for table `family_images`
--
ALTER TABLE `family_images`
  ADD CONSTRAINT `family_images_ibfk_1` FOREIGN KEY (`family_id`) REFERENCES `families` (`family_id`) ON DELETE CASCADE ON UPDATE CASCADE;

--
-- Constraints for table `guides_classification`
--
ALTER TABLE `guides_classification`
  ADD CONSTRAINT `guides_classification_ibfk_1` FOREIGN KEY (`guide_id`) REFERENCES `guides` (`guide_id`) ON DELETE CASCADE ON UPDATE CASCADE;

--
-- Constraints for table `guides_images`
--
ALTER TABLE `guides_images`
  ADD CONSTRAINT `guides_images_ibfk_1` FOREIGN KEY (`guide_id`) REFERENCES `guides` (`guide_id`) ON DELETE CASCADE ON UPDATE CASCADE;

--
-- Constraints for table `manufacturers`
--
ALTER TABLE `manufacturers`
  ADD CONSTRAINT `manufacturers_ibfk_1` FOREIGN KEY (`brand_id`) REFERENCES `brands` (`brand_id`) ON DELETE CASCADE ON UPDATE CASCADE;

--
-- Constraints for table `manufacturer_reps`
--
ALTER TABLE `manufacturer_reps`
  ADD CONSTRAINT `manufacturer_reps_ibfk_2` FOREIGN KEY (`rep_id`) REFERENCES `reps` (`rep_id`) ON DELETE CASCADE ON UPDATE CASCADE,
  ADD CONSTRAINT `manufacturer_reps_ibfk_3` FOREIGN KEY (`manf_id`) REFERENCES `manufacturers` (`manf_id`) ON DELETE CASCADE ON UPDATE CASCADE;

--
-- Constraints for table `news`
--
ALTER TABLE `news`
  ADD CONSTRAINT `news_ibfk_1` FOREIGN KEY (`sku_media`) REFERENCES `media_partners` (`sku`) ON DELETE CASCADE ON UPDATE CASCADE;

--
-- Constraints for table `news_images`
--
ALTER TABLE `news_images`
  ADD CONSTRAINT `news_images_ibfk_1` FOREIGN KEY (`news_id`) REFERENCES `news` (`news_id`) ON DELETE CASCADE ON UPDATE CASCADE;

--
-- Constraints for table `products`
--
ALTER TABLE `products`
  ADD CONSTRAINT `products_ibfk_1` FOREIGN KEY (`manf_id`) REFERENCES `manufacturers` (`manf_id`) ON DELETE CASCADE ON UPDATE CASCADE;

--
-- Constraints for table `product_news_images`
--
ALTER TABLE `product_news_images`
  ADD CONSTRAINT `product_news_images_ibfk_1` FOREIGN KEY (`prod_news_id`) REFERENCES `product_news` (`prod_news_id`) ON DELETE CASCADE ON UPDATE CASCADE;

--
-- Constraints for table `product_news_mapping`
--
ALTER TABLE `product_news_mapping`
  ADD CONSTRAINT `product_news_mapping_ibfk_1` FOREIGN KEY (`node_id`) REFERENCES `product_news_cats` (`node_id`) ON DELETE CASCADE ON UPDATE CASCADE,
  ADD CONSTRAINT `product_news_mapping_ibfk_2` FOREIGN KEY (`prod_news_id`) REFERENCES `product_news` (`prod_news_id`) ON DELETE CASCADE ON UPDATE CASCADE;

--
-- Constraints for table `projectslib_classification`
--
ALTER TABLE `projectslib_classification`
  ADD CONSTRAINT `projectslib_classification_ibfk_1` FOREIGN KEY (`projectslib_id`) REFERENCES `projectslib` (`projectslib_id`) ON DELETE CASCADE ON UPDATE CASCADE;

--
-- Constraints for table `projectslib_families`
--
ALTER TABLE `projectslib_families`
  ADD CONSTRAINT `projectslib_families_ibfk_1` FOREIGN KEY (`projectslib_id`) REFERENCES `projectslib` (`projectslib_id`) ON DELETE CASCADE ON UPDATE CASCADE,
  ADD CONSTRAINT `projectslib_families_ibfk_2` FOREIGN KEY (`family_code`) REFERENCES `families` (`family_code`) ON DELETE CASCADE ON UPDATE CASCADE;

--
-- Constraints for table `projectslib_images`
--
ALTER TABLE `projectslib_images`
  ADD CONSTRAINT `projectslib_images_ibfk_1` FOREIGN KEY (`projectslib_id`) REFERENCES `projectslib` (`projectslib_id`) ON DELETE CASCADE ON UPDATE CASCADE;

--
-- Constraints for table `project_gallery_families`
--
ALTER TABLE `project_gallery_families`
  ADD CONSTRAINT `project_gallery_families_ibfk_1` FOREIGN KEY (`pr_gallery_id`) REFERENCES `project_gallery` (`pr_gallery_id`) ON DELETE CASCADE ON UPDATE CASCADE;

--
-- Constraints for table `project_gallery_images`
--
ALTER TABLE `project_gallery_images`
  ADD CONSTRAINT `project_gallery_images_ibfk_1` FOREIGN KEY (`pr_gallery_id`) REFERENCES `project_gallery` (`pr_gallery_id`) ON DELETE CASCADE ON UPDATE CASCADE;

--
-- Constraints for table `project_gallery_mapping`
--
ALTER TABLE `project_gallery_mapping`
  ADD CONSTRAINT `project_gallery_mapping_ibfk_1` FOREIGN KEY (`node_id`) REFERENCES `project_gallery_cats` (`node_id`) ON DELETE CASCADE ON UPDATE CASCADE,
  ADD CONSTRAINT `project_gallery_mapping_ibfk_2` FOREIGN KEY (`pr_gallery_id`) REFERENCES `project_gallery` (`pr_gallery_id`) ON DELETE CASCADE ON UPDATE CASCADE;

--
-- Constraints for table `sliders_images`
--
ALTER TABLE `sliders_images`
  ADD CONSTRAINT `sliders_images_ibfk_1` FOREIGN KEY (`slider_id`) REFERENCES `sliders` (`slider_id`) ON DELETE CASCADE ON UPDATE CASCADE;

--
-- Constraints for table `specs_images`
--
ALTER TABLE `specs_images`
  ADD CONSTRAINT `specs_images_ibfk_1` FOREIGN KEY (`spec_id`) REFERENCES `specs_list` (`spec_id`) ON DELETE CASCADE ON UPDATE CASCADE;
COMMIT;

