-- https://www.phpmyadmin.net/
--

START TRANSACTION;



--
-- Database: `webobiavi`
--

-- --------------------------------------------------------

--
-- Table structure for table `ad_visits`
--

CREATE TABLE `ad_visits` (
  `ad_id` int(10) UNSIGNED NOT NULL,
  `visit_date` date NOT NULL,
  `unique_visits` int(7) NOT NULL,
  `total_visits` int(7) NOT NULL
) ENGINE=InnoDB DEFAULT CHARSET=utf8mb4;

--
-- Dumping data for table `ad_visits`
--

INSERT INTO `ad_visits` (`ad_id`, `visit_date`, `unique_visits`, `total_visits`) VALUES
(26, '2020-05-15', 2, 6),
(26, '2020-05-20', 1, 1),
(26, '2020-05-21', 1, 1),
(26, '2020-06-12', 1, 1),
(27, '2020-05-15', 1, 2),
(37, '2020-05-15', 1, 5),
(38, '2020-05-15', 1, 3),
(56, '2020-05-21', 1, 1),
(76, '2020-06-12', 1, 1),
(117, '2020-06-12', 1, 1),
(117, '2020-06-18', 1, 1),
(128, '2020-06-18', 1, 1),
(128, '2020-06-19', 1, 1),
(128, '2020-06-23', 1, 1),
(131, '2020-06-24', 1, 1),
(131, '2020-06-25', 1, 6),
(131, '2020-06-26', 1, 6),
(131, '2020-06-29', 1, 2),
(132, '2020-06-26', 1, 4),
(132, '2020-06-29', 1, 1),
(133, '2020-06-26', 1, 6),
(133, '2020-06-30', 1, 1);

-- --------------------------------------------------------

--
-- Table structure for table `ad_visits_temp`
--

CREATE TABLE `ad_visits_temp` (
  `id` int(10) UNSIGNED NOT NULL,
  `ad_id` int(10) UNSIGNED NOT NULL,
  `ip_address` varbinary(16) NOT NULL,
  `visit_time` int(11) UNSIGNED NOT NULL
) ENGINE=InnoDB DEFAULT CHARSET=utf8mb4;

--
-- Dumping data for table `ad_visits_temp`
--

INSERT INTO `ad_visits_temp` (`id`, `ad_id`, `ip_address`, `visit_time`) VALUES
(1, 26, 0x7f000001, 1591976940),
(2, 37, 0x7f000001, 1589544840),
(3, 38, 0x7f000001, 1589544540),
(4, 27, 0x7f000001, 1589544360),
(5, 56, 0x7f000001, 1590069480),
(6, 117, 0x7f000001, 1592489820),
(7, 76, 0x7f000001, 1591977060),
(8, 128, 0x7f000001, 1592908020),
(9, 131, 0x7f000001, 1593446760),
(10, 133, 0x7f000001, 1593524760),
(11, 132, 0x7f000001, 1593446700);

-- --------------------------------------------------------

--
-- Table structure for table `black_list_email`
--

CREATE TABLE `black_list_email` (
  `id` int(10) UNSIGNED NOT NULL,
  `email` varchar(100) NOT NULL
) ENGINE=InnoDB DEFAULT CHARSET=utf8mb4;

-- --------------------------------------------------------

--
-- Table structure for table `black_list_ip`
--

CREATE TABLE `black_list_ip` (
  `id` int(10) UNSIGNED NOT NULL,
  `ip_address` varbinary(16) NOT NULL
) ENGINE=InnoDB DEFAULT CHARSET=utf8mb4;

-- --------------------------------------------------------

--
-- Table structure for table `categories`
--

CREATE TABLE `categories` (
  `node_id` int(10) UNSIGNED NOT NULL,
  `parent_id` int(10) UNSIGNED NOT NULL,
  `name` varchar(64) COLLATE utf8mb4_unicode_ci NOT NULL,
  `lft` smallint(5) UNSIGNED NOT NULL,
  `rgt` smallint(5) UNSIGNED NOT NULL
) ENGINE=InnoDB DEFAULT CHARSET=utf8mb4 COLLATE=utf8mb4_unicode_ci;

--
-- Dumping data for table `categories`
--

INSERT INTO `categories` (`node_id`, `parent_id`, `name`, `lft`, `rgt`) VALUES
(1, 0, 'Категории', 1, 228),
(2, 1, 'Автo', 2, 41),
(3, 1, 'Електроника', 42, 59),
(4, 1, 'Мода', 60, 95),
(5, 1, 'Имоти', 96, 123),
(7, 5, 'Къщи', 97, 98),
(13, 5, 'Дворно място', 99, 100),
(14, 5, 'Ниви', 101, 102),
(45, 4, 'Мъжки дрехи', 61, 62),
(74, 5, 'Гаражи', 103, 112),
(75, 74, 'Панелни', 104, 105),
(76, 74, 'Тухлени', 106, 107),
(77, 74, 'Мобилни', 108, 109),
(78, 74, 'Паркомясто', 110, 111),
(126, 5, 'Апартаменти', 113, 122),
(127, 126, '1 стайни', 114, 115),
(128, 126, '2 стайни', 116, 117),
(129, 126, 'многостайни', 118, 119),
(130, 126, 'мезонети', 120, 121),
(133, 2, 'Автомобили и джипове', 3, 4),
(134, 2, 'Автобуси и бусове', 5, 6),
(135, 2, 'Мотоциклети и мототехника', 7, 8),
(136, 2, 'Камиони', 9, 10),
(148, 3, 'ТВ', 43, 52),
(149, 3, 'Компютри', 53, 54),
(150, 3, 'Мобилни телефони', 55, 56),
(151, 3, 'Аудио системи', 57, 58),
(152, 148, 'LED', 44, 45),
(153, 148, 'LCD', 46, 47),
(154, 148, 'Plasma', 48, 49),
(155, 148, 'QLED', 50, 51),
(156, 1, 'Дом и Градина', 124, 125),
(157, 1, 'Животни', 126, 127),
(158, 1, 'Работа', 128, 153),
(159, 1, 'Туризъм', 154, 155),
(160, 1, 'Услуги', 156, 197),
(161, 1, 'Други', 198, 199),
(162, 4, 'Женски дрехи', 63, 64),
(163, 4, 'Мъжки обувки', 65, 66),
(164, 4, 'Женски обувки', 67, 68),
(165, 4, 'Парфюми', 69, 76),
(166, 4, 'Козметика', 77, 82),
(167, 165, 'Женски', 70, 71),
(168, 165, 'Мъжки', 72, 73),
(169, 165, 'Unisex', 74, 75),
(171, 166, 'Мъжка', 78, 79),
(172, 166, 'Женска', 80, 81),
(173, 4, 'Бижута', 83, 84),
(174, 4, 'Часовници', 85, 90),
(175, 174, 'Мъжки', 86, 87),
(176, 174, 'Женски', 88, 89),
(177, 4, 'Аксесоари', 91, 92),
(178, 4, 'Подаръци', 93, 94),
(179, 1, 'Бебета и деца', 200, 227),
(180, 179, 'Бебета', 201, 214),
(181, 179, 'Деца', 215, 226),
(182, 180, 'Дрехи', 202, 203),
(183, 180, 'Обувки', 204, 205),
(184, 180, 'Играчки', 206, 207),
(185, 180, 'Аксесоари', 208, 209),
(186, 180, 'Обзавеждане', 210, 211),
(187, 181, 'Дрехи', 216, 217),
(188, 181, 'Обувки', 218, 219),
(189, 181, 'Аксесоари', 220, 221),
(190, 181, 'Обзавеждане', 222, 223),
(191, 181, 'Играчки', 224, 225),
(192, 180, 'За разходка', 212, 213),
(193, 160, 'Курсове и обучения', 157, 158),
(194, 160, 'Почистване', 159, 160),
(195, 160, 'Строително-ремонтни', 161, 162),
(196, 160, 'Транспортни', 163, 164),
(197, 160, 'Финансови', 165, 166),
(198, 160, 'Правни', 167, 168),
(199, 160, 'Легализация и преводи', 169, 170),
(200, 160, 'Събития и кетъринг', 171, 172),
(201, 160, 'Болногледачки', 173, 174),
(202, 160, 'Детегледачки', 175, 176),
(203, 160, 'Фризьорски и козметични', 177, 178),
(204, 160, 'Охранителни', 179, 180),
(205, 160, 'Ясновидство', 181, 182),
(206, 160, 'Ремонт Компютри и офис техника', 183, 184),
(207, 160, 'Занаятчийски', 185, 186),
(208, 160, 'Ремонт бяла и черна техника', 187, 188),
(209, 160, 'Ремонт мобилни телефони', 189, 190),
(210, 160, 'Копирни услуги', 191, 192),
(211, 160, 'Траурни услуги', 193, 194),
(212, 160, 'Други', 195, 196),
(213, 158, 'Строителство', 129, 130),
(214, 158, 'Обслужващ персонал', 131, 132),
(215, 158, 'Икономика', 133, 134),
(216, 158, 'Финанси', 135, 136),
(217, 158, 'ИТ Сектор', 137, 138),
(218, 158, 'Право', 139, 140),
(219, 158, 'Производство', 141, 142),
(220, 158, 'Надомна работа', 143, 144),
(221, 158, 'Администрация', 145, 146),
(222, 158, 'Охранителна дейност', 147, 148),
(223, 158, 'Медицина', 149, 150),
(224, 158, 'Мениджмънт', 151, 152),
(225, 2, 'Каравани и кемпери', 11, 12),
(226, 2, 'Специализирана техника', 13, 14),
(227, 2, 'Ремаркета', 15, 16),
(228, 2, 'Воден транспорт', 17, 40),
(229, 228, 'Моторна яхта', 18, 19),
(230, 228, 'Джет', 20, 21),
(231, 228, 'Ветроходна лодка', 22, 23),
(232, 228, 'Лодка', 24, 25),
(233, 228, 'Надуваема лодка', 26, 27),
(234, 228, 'Двигатели', 28, 39),
(235, 234, 'Suzuki', 29, 30),
(236, 234, 'Yamaha', 31, 32),
(237, 234, 'Honda', 33, 34),
(238, 234, 'Mercury', 35, 36),
(239, 234, 'Други', 37, 38);

-- --------------------------------------------------------

--
-- Table structure for table `listings`
--

CREATE TABLE `listings` (
  `listing_id` int(10) UNSIGNED NOT NULL,
  `category_id` int(10) UNSIGNED NOT NULL,
  `location_id` int(10) UNSIGNED NOT NULL,
  `user_id` int(10) UNSIGNED NOT NULL,
  `title` varchar(100) NOT NULL,
  `description` text NOT NULL,
  `phone` varchar(20) NOT NULL,
  `price` decimal(10,2) UNSIGNED NOT NULL,
  `currency` enum('bgn','eur','usd') NOT NULL,
  `ip_address` varbinary(16) NOT NULL,
  `date_created` datetime NOT NULL,
  `date_modified` datetime NOT NULL,
  `active` tinyint(3) NOT NULL,
  `sponsored` tinyint(3) NOT NULL,
  `blocked` tinyint(3) UNSIGNED NOT NULL,
  `bad_words` tinyint(3) NOT NULL
) ENGINE=InnoDB DEFAULT CHARSET=utf8mb4;

--
-- Dumping data for table `listings`
--

INSERT INTO `listings` (`listing_id`, `category_id`, `location_id`, `user_id`, `title`, `description`, `phone`, `price`, `currency`, `ip_address`, `date_created`, `date_modified`, `active`, `sponsored`, `blocked`, `bad_words`) VALUES
(131, 133, 4953, 23, 'Prodawam wsichko', 'jikgaz', '0912838218', '1111.00', 'bgn', 0x7f000001, '2020-06-23 17:51:40', '2020-06-23 17:51:40', 1, 0, 0, 0),
(132, 133, 30, 23, 'търся кола', 'търся кола или джипка', '091238998', '10000.00', 'bgn', 0x7f000001, '2020-06-24 13:40:21', '2020-06-24 13:40:21', 1, 0, 0, 0),
(133, 3, 3, 23, 'test chat', 'asdasdasd', '901239012903', '123.00', 'bgn', 0x7f000001, '2020-06-25 13:39:43', '2020-06-25 13:39:43', 1, 0, 0, 0);

-- --------------------------------------------------------

--
-- Table structure for table `listings_archive_2020`
--

CREATE TABLE `listings_archive_2020` (
  `listing_id` int(10) UNSIGNED NOT NULL,
  `category_id` int(10) UNSIGNED NOT NULL,
  `location_id` int(10) UNSIGNED NOT NULL,
  `user_id` int(10) UNSIGNED NOT NULL,
  `title` varchar(100) NOT NULL,
  `description` text NOT NULL,
  `phone` varchar(20) NOT NULL,
  `price` decimal(10,2) UNSIGNED NOT NULL,
  `currency` varchar(10) NOT NULL,
  `ip_address` varbinary(16) NOT NULL,
  `date_created` datetime NOT NULL,
  `date_modified` datetime NOT NULL,
  `active` tinyint(3) NOT NULL,
  `sponsored` tinyint(3) NOT NULL,
  `blocked` tinyint(3) UNSIGNED NOT NULL,
  `bad_words` tinyint(3) NOT NULL
) ENGINE=InnoDB DEFAULT CHARSET=utf8mb4;

--
-- Dumping data for table `listings_archive_2020`
--

INSERT INTO `listings_archive_2020` (`listing_id`, `category_id`, `location_id`, `user_id`, `title`, `description`, `phone`, `price`, `currency`, `ip_address`, `date_created`, `date_modified`, `active`, `sponsored`, `blocked`, `bad_words`) VALUES
(1, 133, 21, 23, 'Jikarr', 'sad', '213213213', '22.00', 'bgn', 0x7f000001, '2020-06-02 15:49:37', '2020-06-02 15:49:51', 1, 0, 0, 0),
(2, 7, 16, 23, 'jikagaz', 'uderi', '12', '332.00', 'bgn', 0x7f000001, '2020-06-02 15:47:01', '2020-06-02 15:47:01', 1, 0, 0, 0),
(3, 13, 16, 23, 'udri', 'sad', '123', '213.00', 'bgn', 0x7f000001, '2020-06-02 15:45:09', '2020-06-02 15:45:09', 1, 0, 0, 0),
(4, 45, 18, 23, 'Horogribi', 'tst we', '09891238287', '33.00', 'bgn', 0x7f000001, '2020-06-02 15:43:27', '2020-06-02 15:43:27', 1, 0, 0, 0);

-- --------------------------------------------------------

--
-- Table structure for table `listings_images`
--

CREATE TABLE `listings_images` (
  `id` int(10) UNSIGNED NOT NULL,
  `listing_id` int(10) UNSIGNED NOT NULL,
  `img_src` varchar(128) NOT NULL,
  `disp_order` int(10) UNSIGNED NOT NULL
) ENGINE=InnoDB DEFAULT CHARSET=utf8mb4;

-- --------------------------------------------------------

--
-- Table structure for table `listings_old`
--

CREATE TABLE `listings_old` (
  `listing_id` int(10) UNSIGNED NOT NULL,
  `category_id` int(10) UNSIGNED NOT NULL,
  `location_id` int(10) UNSIGNED NOT NULL,
  `user_id` int(10) UNSIGNED NOT NULL,
  `title` varchar(100) NOT NULL,
  `description` text NOT NULL,
  `phone` varchar(20) NOT NULL,
  `price` decimal(10,2) UNSIGNED NOT NULL,
  `currency` enum('bgn','eur','usd') NOT NULL,
  `ip_address` varbinary(16) NOT NULL,
  `date_created` datetime NOT NULL,
  `date_modified` datetime NOT NULL,
  `active` tinyint(3) NOT NULL,
  `sponsored` tinyint(3) NOT NULL,
  `blocked` tinyint(3) UNSIGNED NOT NULL,
  `bad_words` tinyint(3) NOT NULL
) ENGINE=InnoDB DEFAULT CHARSET=utf8mb4;

--
-- Dumping data for table `listings_old`
--

INSERT INTO `listings_old` (`listing_id`, `category_id`, `location_id`, `user_id`, `title`, `description`, `phone`, `price`, `currency`, `ip_address`, `date_created`, `date_modified`, `active`, `sponsored`, `blocked`, `bad_words`) VALUES
(26, 2, 16, 23, 'продавам касети', 'prodawam porno kassetki sex', '091298328173', '10.00', 'bgn', 0x7f000001, '2020-04-14 19:02:25', '2020-04-14 19:07:07', 1, 0, 1, 1),
(27, 148, 24, 23, 'sex филми', 'jikgaz', '0892213213', '12.00', 'bgn', 0x7f000001, '2020-04-14 19:05:38', '2020-05-20 18:29:38', 0, 0, 0, 1),
(72, 148, 37, 23, 'TВ \"Респром\"', 'хуиасд', '0912939', '19.00', 'bgn', 0x7f000001, '2020-05-18 17:25:15', '2020-05-21 16:46:11', 1, 0, 0, 0),
(73, 148, 34, 23, 'test picx213', 'test again22 132313212', '0912939', '23.00', 'bgn', 0x7f000001, '2020-05-18 17:25:15', '2020-05-21 16:46:11', 1, 0, 0, 0),
(74, 152, 34, 23, 'Tелевизор 3', 'test again22 LED hubaw', '0912939', '550.00', 'bgn', 0x7f000001, '2020-05-18 17:25:15', '2020-05-28 13:33:51', 1, 0, 0, 0),
(75, 148, 34, 23, 'телевизор 4', 'gagavhs', '0912939', '70.00', 'bgn', 0x7f000001, '2020-05-18 17:25:15', '2020-05-21 16:46:11', 1, 0, 0, 0),
(76, 148, 41, 23, 'телевизор Sony', 'uchr', '0912939', '110.00', 'bgn', 0x7f000001, '2020-05-18 17:25:15', '2020-05-21 16:46:11', 1, 0, 0, 0),
(77, 148, 41, 23, 'ТВ Панасоник', 'uchrасдсадсдадса', '0912939', '22.00', 'bgn', 0x7f000001, '2020-05-18 17:25:15', '2020-05-21 16:46:11', 1, 0, 0, 0),
(78, 148, 22, 23, 'Продавам Телевизори', 'всички марки', '0912939', '22.00', 'bgn', 0x7f000001, '2020-05-18 17:25:15', '2020-05-21 16:46:11', 1, 0, 0, 0),
(79, 148, 22, 24, 'LG televizor', '60 incha', '0912939', '22.00', 'bgn', 0x7f000001, '2020-05-18 17:25:15', '2020-05-21 16:46:11', 1, 0, 0, 0),
(80, 148, 20, 24, 'Novi televizori', 'vtora ryka', '0912939', '22.00', 'bgn', 0x7f000001, '2020-05-18 17:25:15', '2020-05-21 16:46:11', 1, 0, 0, 0),
(81, 148, 16, 23, 'TV prodawam ', 'novi', '0912939', '22.00', 'bgn', 0x7f000001, '2020-05-18 17:25:15', '2020-05-21 16:46:11', 1, 0, 0, 0),
(82, 148, 16, 23, 'TV Grundik', 'Dobromir - star e televizora', '0912939', '22.00', 'bgn', 0x7f000001, '2020-05-18 17:25:15', '2020-05-21 16:46:11', 1, 0, 0, 0),
(83, 148, 36, 80, 'TV Now', 'gagacha - star e televizora', '0912939', '22.00', 'bgn', 0x7f000001, '2020-05-18 17:25:15', '2020-05-21 16:46:11', 1, 0, 0, 0),
(112, 13, 16, 23, 'nonbadword тест', '2 non badword тест', '213444', '123.00', 'bgn', 0x7f000001, '2020-06-02 17:22:30', '2020-06-02 17:27:36', 1, 0, 0, 0),
(113, 213, 16, 23, 'Обява за работа', 'Търся работа upd', '0891298389', '1.00', 'bgn', 0x7f000001, '2020-06-02 17:33:59', '2020-06-02 17:43:56', 1, 0, 0, 0),
(114, 213, 19, 25, 'Обява за работа 2', 'Търся работа upd2', '09123091290', '1.00', 'bgn', 0x7f000001, '2020-06-02 17:33:59', '2020-06-02 17:43:56', 1, 0, 0, 0),
(115, 133, 17, 23, 'Продавам BMW', 'bmw-то е счупено', '091290309312', '1000.00', 'bgn', 0x7f000001, '2020-06-02 17:47:34', '2020-06-02 17:47:34', 1, 0, 0, 0),
(116, 14, 19, 23, 'продавам земя', '1 декар', '123231213312', '1000.00', 'eur', 0x7f000001, '2020-06-02 17:48:04', '2020-06-02 17:48:04', 1, 0, 0, 0),
(117, 2, 42, 80, 'правя услуги', 'внос износ и други услуги', '091298328173', '10.00', 'usd', 0x7f000001, '2020-04-14 19:02:25', '2020-04-14 19:07:07', 1, 0, 1, 1),
(118, 45, 21, 24, 'продавам кокошки и петки', 'ассадсадса адса дссадсаддасдсадассад', '012939', '44.00', 'bgn', 0x7f000001, '2020-05-15 14:05:00', '2020-05-15 14:05:00', 1, 0, 0, 0),
(119, 2, 34, 25, 'продавам касети и касетофон', 'prodawam audio kaseti stari', '091298328173', '10.00', 'usd', 0x7f000001, '2020-04-14 19:02:25', '2020-04-14 19:07:07', 1, 0, 1, 1),
(120, 148, 24, 23, 'продажба на прасенца', 'продавам малки прасенца', '0892213213', '100.00', 'eur', 0x7f000001, '2020-04-14 19:05:38', '2020-05-20 18:29:38', 0, 0, 0, 1),
(121, 148, 16, 76, 'киноскоп телевизор', '213213321uchr', '0912939', '20.00', 'usd', 0x7f000001, '2020-05-18 17:25:15', '2020-05-21 16:46:11', 1, 0, 0, 0),
(122, 213, 19, 76, 'Обява за работа', 'Търся работа като машинист на багер', '0891298389', '1000.00', 'eur', 0x7f000001, '2020-06-02 17:33:59', '2020-06-02 17:43:56', 1, 0, 0, 0),
(123, 14, 40, 25, 'продавам земя и животни евтино', '1 декар и 20 магарета + 30 кокошки', '123231213312', '2000.00', 'usd', 0x7f000001, '2020-06-02 17:48:04', '2020-06-02 17:48:04', 1, 0, 0, 0),
(124, 133, 23, 24, 'Продавам Ауди 80', 'става за къща за куче ', '091290309312', '200.00', 'bgn', 0x7f000001, '2020-06-02 17:47:34', '2020-06-02 17:47:34', 1, 0, 0, 0),
(126, 2, 16, 24, 'правя ремонтни услуги', 'ВиК и други ', '091298328173', '50.00', 'bgn', 0x7f000001, '2020-04-14 19:02:25', '2020-04-14 19:07:07', 1, 0, 1, 1),
(127, 133, 16, 81, 'gagacha grebi', 'gagacha grebi', '0981283828', '30.00', 'bgn', 0x7f000001, '2020-06-03 18:04:56', '2020-06-03 18:04:56', 1, 0, 0, 0),
(128, 133, 16, 81, 'продава бутилки за бира - 500мл', 'saddsasad', '08912', '11.00', 'bgn', 0x7f000001, '2020-06-03 18:26:58', '2020-06-03 18:26:58', 1, 0, 0, 0),
(129, 13, 19, 81, 'snimki', 'dsadsa', '0891232132', '22.00', 'bgn', 0x7f000001, '2020-06-03 18:49:58', '2020-06-03 18:49:58', 1, 0, 0, 0),
(130, 156, 17, 81, 'My best listing', 'Lorem Ipsum is simply dummy text of the printing and typesetting industry. Lorem Ipsum has been the industry\'s standard dummy text ever since the 1500s, when an unknown printer took a galley of type and scrambled it to make a type specimen book. It has survived not only five centuries, but also the leap into electronic typesetting, remaining essentially unchanged. It was popularised in the 1960s with the release of Letraset sheets containing Lorem Ipsum passages, and more recently with desktop publishing software like Aldus PageMaker including versions of Lorem Ipsum.Lorem Ipsum is simply dummy text of the printing and typesetting industry. Lorem Ipsum has been the industry\'s standard dummy text ever since the 1500s, when an unknown printer took a galley of type and scrambled it to make a type specimen book. It has survived not only five centuries, but also the leap into electronic typesetting, remaining essentially unchanged. It was popularised in the 1960s with the release of Letraset sheets containing Lorem Ipsum passages, and more recently with desktop publishing software like Aldus PageMaker including versions of Lorem Ipsum.Lorem Ipsum is simply dummy text of the printing and typesetting industry. Lorem Ipsum has been the industry\'s standard dummy text ever since the 1500s, when an unknown printer took a galley of type and scrambled it to make a type specimen book. It has survived not only five centuries, but also the leap into electronic typesetting, remaining essentially unchanged. It was popularised in the 1960s with the release of Letraset sheets containing Lorem Ipsum passages, and more recently with desktop publishing software like Aldus PageMaker including versions of Lorem Ipsum.Lorem Ipsum is simply dummy text of the printing and typesetting industry. Lorem Ipsum has been the industry\'s standard dummy text ever since the 1500s, when an unknown printer took a galley of type and scrambled it to make a type specimen book. It has survived not only five centuries, but also the leap into electronic typesetting, remaining essentially unchanged. It was popularised in the 1960s with the release of Letraset sheets containing Lorem Ipsum passages, and more recently with desktop publishing software like Aldus PageMaker including versions of Lorem Ipsum.', '0912939321', '22.00', 'bgn', 0x7f000001, '2020-06-03 18:52:05', '2020-06-03 19:02:28', 1, 0, 0, 0);

-- --------------------------------------------------------

--
-- Table structure for table `listings_options`
--

CREATE TABLE `listings_options` (
  `id` int(10) UNSIGNED NOT NULL,
  `listing_id` int(10) UNSIGNED NOT NULL,
  `option_id` int(10) NOT NULL
) ENGINE=InnoDB DEFAULT CHARSET=utf8mb4;

--
-- Dumping data for table `listings_options`
--

INSERT INTO `listings_options` (`id`, `listing_id`, `option_id`) VALUES
(1, 26, 0),
(2, 27, 7),
(3, 27, 12),
(9, 28, 3),
(14, 37, 6),
(15, 37, 12),
(16, 47, 0),
(17, 48, 0),
(18, 49, 0),
(19, 74, 0),
(36, 105, 0),
(37, 109, 0),
(43, 112, 0),
(44, 130, 0);

-- --------------------------------------------------------

--
-- Table structure for table `listings_reports`
--

CREATE TABLE `listings_reports` (
  `id` int(10) UNSIGNED NOT NULL,
  `listing_id` int(10) UNSIGNED NOT NULL,
  `report_type` enum('spam','wrong-category','violation','out-of-date','fraud') COLLATE utf8mb4_unicode_ci NOT NULL,
  `report_msg` text COLLATE utf8mb4_unicode_ci NOT NULL
) ENGINE=InnoDB DEFAULT CHARSET=utf8mb4 COLLATE=utf8mb4_unicode_ci;

--
-- Dumping data for table `listings_reports`
--

INSERT INTO `listings_reports` (`id`, `listing_id`, `report_type`, `report_msg`) VALUES
(9, 131, 'wrong-category', 'qwdqwd qwwqeqwe 123 1ed');

-- --------------------------------------------------------

--
-- Table structure for table `locations`
--

CREATE TABLE `locations` (
  `node_id` int(10) UNSIGNED NOT NULL,
  `parent_id` int(10) UNSIGNED NOT NULL,
  `name` varchar(64) COLLATE utf8mb4_unicode_ci NOT NULL,
  `lft` smallint(5) UNSIGNED NOT NULL,
  `rgt` smallint(5) UNSIGNED NOT NULL
) ENGINE=InnoDB DEFAULT CHARSET=utf8mb4 COLLATE=utf8mb4_unicode_ci;

--
-- Dumping data for table `locations`
--

INSERT INTO `locations` (`node_id`, `parent_id`, `name`, `lft`, `rgt`) VALUES
(1, 0, 'Населено място', 1, 10566),
(2, 1, 'Благоевград', 2, 557),
(3, 1, 'Бургас', 558, 1063),
(4, 1, 'Варна', 1064, 1383),
(5, 1, 'Велико Търново', 1384, 2055),
(6, 1, 'Видин', 2056, 2333),
(7, 1, 'Враца', 2334, 2581),
(8, 1, 'Габрово', 2582, 3279),
(9, 1, 'Добрич', 3280, 3711),
(10, 1, 'Кърджали', 3712, 4653),
(11, 1, 'Кюстендил', 4654, 5019),
(12, 1, 'Ловеч', 5020, 5245),
(13, 1, 'Монтана', 5246, 5507),
(14, 1, 'Пазарджик', 5508, 5745),
(15, 1, 'Перник', 5746, 6089),
(16, 1, 'Плевен', 6090, 6335),
(17, 1, 'Пловдив', 6336, 6761),
(18, 1, 'Разград', 6762, 6969),
(19, 1, 'Русе', 6970, 7137),
(20, 1, 'Силистра', 7138, 7375),
(21, 1, 'Сливен', 7376, 7599),
(22, 1, 'София град', 7600, 7677),
(23, 1, 'София област', 7678, 8231),
(24, 1, 'Стара Загора', 8232, 8643),
(25, 1, 'Търговище', 8644, 9037),
(26, 1, 'Хасково', 9038, 9559),
(27, 1, 'Шумен', 9560, 9861),
(28, 1, 'Ямбол', 9862, 10081),
(29, 3, 'Айтос', 559, 560),
(30, 3, 'Александрово', 561, 562),
(31, 3, 'Аспарухово', 563, 564),
(32, 3, 'Атия', 565, 566),
(33, 3, 'Ахелой', 567, 568),
(34, 3, 'Ахтопол', 569, 570),
(35, 3, 'Баня', 571, 572),
(36, 3, 'Бата', 573, 574),
(37, 3, 'Белеврен', 575, 576),
(38, 3, 'Белила', 577, 578),
(39, 3, 'Белодол', 579, 580),
(40, 3, 'Бероново', 581, 582),
(41, 3, 'Билка', 583, 584),
(42, 3, 'Бистрец', 585, 586),
(43, 3, 'Близнак', 587, 588),
(44, 3, 'Богданово', 589, 590),
(45, 3, 'Босилково', 591, 592),
(46, 3, 'Братово', 593, 594),
(47, 3, 'Бродилово', 595, 596),
(48, 3, 'Бръшлян', 597, 598),
(49, 3, 'Брястовец', 599, 600),
(50, 3, 'Бургас', 601, 602),
(51, 3, 'Българи', 603, 604),
(52, 3, 'Българово', 605, 606),
(53, 3, 'Бяла вода', 607, 608),
(54, 3, 'Варвара', 609, 610),
(55, 3, 'Варовник', 611, 612),
(56, 3, 'Ведрово', 613, 614),
(57, 3, 'Везенково', 615, 616),
(58, 3, 'Велика', 617, 618),
(59, 3, 'Велислав', 619, 620),
(60, 3, 'Венец', 621, 622),
(61, 3, 'Веселие', 623, 624),
(62, 3, 'Визица', 625, 626),
(63, 3, 'Винарско', 627, 628),
(64, 3, 'Вишна', 629, 630),
(65, 3, 'Вратица', 631, 632),
(66, 3, 'Вресово', 633, 634),
(67, 3, 'Вълчаново', 635, 636),
(68, 3, 'Вълчин', 637, 638),
(69, 3, 'Вършило', 639, 640),
(70, 3, 'Габерово', 641, 642),
(71, 3, 'Габър', 643, 644),
(72, 3, 'Глумче', 645, 646),
(73, 3, 'Голямо Буково', 647, 648),
(74, 3, 'Горица', 649, 650),
(75, 3, 'Горно Ябълково', 651, 652),
(76, 3, 'Горово', 653, 654),
(77, 3, 'Граматиково', 655, 656),
(78, 3, 'Гранитец', 657, 658),
(79, 3, 'Граничар', 659, 660),
(80, 3, 'Грозден', 661, 662),
(81, 3, 'Гълъбец', 663, 664),
(82, 3, 'Гюльовца', 665, 666),
(83, 3, 'Дебелт', 667, 668),
(84, 3, 'Деветак', 669, 670),
(85, 3, 'Деветинци', 671, 672),
(86, 3, 'Детелина', 673, 674),
(87, 3, 'Димчево', 675, 676),
(88, 3, 'Добра поляна', 677, 678),
(89, 3, 'Добриново', 679, 680),
(90, 3, 'Добромир', 681, 682),
(91, 3, 'Долно Ябълково', 683, 684),
(92, 3, 'Драганово', 685, 686),
(93, 3, 'Драганци', 687, 688),
(94, 3, 'Драгово', 689, 690),
(95, 3, 'Драка', 691, 692),
(96, 3, 'Драчево', 693, 694),
(97, 3, 'Дропла', 695, 696),
(98, 3, 'Дрянковец', 697, 698),
(99, 3, 'Дъбник', 699, 700),
(100, 3, 'Дъбовица', 701, 702),
(101, 3, 'Дъскотна', 703, 704),
(102, 3, 'Дюлево', 705, 706),
(103, 3, 'Дюля', 707, 708),
(104, 3, 'Евренозово', 709, 710),
(105, 3, 'Екзарх Антимово', 711, 712),
(106, 3, 'Емона', 713, 714),
(107, 3, 'Есен', 715, 716),
(108, 3, 'Железник', 717, 718),
(109, 3, 'Желязово', 719, 720),
(110, 3, 'Житосвят', 721, 722),
(111, 3, 'Заберново', 723, 724),
(112, 3, 'Завет', 725, 726),
(113, 3, 'Загорци', 727, 728),
(114, 3, 'Заимчево', 729, 730),
(115, 3, 'Зайчар', 731, 732),
(116, 3, 'Звезда', 733, 734),
(117, 3, 'Звездец', 735, 736),
(118, 3, 'Зетьово', 737, 738),
(119, 3, 'Зидарово', 739, 740),
(120, 3, 'Зимен', 741, 742),
(121, 3, 'Зорница', 743, 744),
(122, 3, 'Извор', 745, 746),
(123, 3, 'Изворище', 747, 748),
(124, 3, 'Изгрев', 749, 750),
(125, 3, 'Индже войвода', 751, 752),
(126, 3, 'Искра', 753, 754),
(127, 3, 'Каблешково', 755, 756),
(128, 3, 'Калово', 757, 758),
(129, 3, 'Каменар', 759, 760),
(130, 3, 'Камено', 761, 762),
(131, 3, 'Каменяк', 763, 764),
(132, 3, 'Камчия', 765, 766),
(133, 3, 'Каравельово', 767, 768),
(134, 3, 'Карагеоргиево', 769, 770),
(135, 3, 'Караново', 771, 772),
(136, 3, 'Карнобат', 773, 774),
(137, 3, 'Кирово', 775, 776),
(138, 3, 'Китен', 777, 778),
(139, 3, 'Кликач', 779, 780),
(140, 3, 'Климаш', 781, 782),
(141, 3, 'Козаре', 783, 784),
(142, 3, 'Козичино', 785, 786),
(143, 3, 'Козница', 787, 788),
(144, 3, 'Кондолово', 789, 790),
(145, 3, 'Константиново', 791, 792),
(146, 3, 'Косовец', 793, 794),
(147, 3, 'Костен', 795, 796),
(148, 3, 'Кости', 797, 798),
(149, 3, 'Кошарица', 799, 800),
(150, 3, 'Крумово градище', 801, 802),
(151, 3, 'Крушевец', 803, 804),
(152, 3, 'Крушово', 805, 806),
(153, 3, 'Кръстина', 807, 808),
(154, 3, 'Кубадин', 809, 810),
(155, 3, 'Ливада', 811, 812),
(156, 3, 'Листец', 813, 814),
(157, 3, 'Лозарево', 815, 816),
(158, 3, 'Лозенец', 817, 818),
(159, 3, 'Лозица', 819, 820),
(160, 3, 'Лъка', 821, 822),
(161, 3, 'Люляково', 823, 824),
(162, 3, 'Лясково', 825, 826),
(163, 3, 'Малина', 827, 828),
(164, 3, 'Малка поляна', 829, 830),
(165, 3, 'Малко Търново', 831, 832),
(166, 3, 'Манолич', 833, 834),
(167, 3, 'Маринка', 835, 836),
(168, 3, 'Медово', 837, 838),
(169, 3, 'Миролюбово', 839, 840),
(170, 3, 'Младежко', 841, 842),
(171, 3, 'Момина църква', 843, 844),
(172, 3, 'Мрежичко', 845, 846),
(173, 3, 'Мъглен', 847, 848),
(174, 3, 'Мъдрино', 849, 850),
(175, 3, 'Невестино', 851, 852),
(176, 3, 'Несебър', 853, 854),
(177, 3, 'Ново Паничарево', 855, 856),
(178, 3, 'Обзор', 857, 858),
(179, 3, 'Огнен', 859, 860),
(180, 3, 'Оризаре', 861, 862),
(181, 3, 'Орлинци', 863, 864),
(182, 3, 'Паницово', 865, 866),
(183, 3, 'Пещерско', 867, 868),
(184, 3, 'Пирне', 869, 870),
(185, 3, 'Писменово', 871, 872),
(186, 3, 'Планиница', 873, 874),
(187, 3, 'Подвис', 875, 876),
(188, 3, 'Подгорец', 877, 878),
(189, 3, 'Полски извор', 879, 880),
(190, 3, 'Поляново', 881, 882),
(191, 3, 'Поморие', 883, 884),
(192, 3, 'Порой', 885, 886),
(193, 3, 'Преображенци', 887, 888),
(194, 3, 'Прилеп', 889, 890),
(195, 3, 'Приморско', 891, 892),
(196, 3, 'Припек', 893, 894),
(197, 3, 'Присад', 895, 896),
(198, 3, 'Приселци', 897, 898),
(199, 3, 'Просеник', 899, 900),
(200, 3, 'Проход', 901, 902),
(201, 3, 'Пчелин', 903, 904),
(202, 3, 'Пънчево', 905, 906),
(203, 3, 'Равадиново', 907, 908),
(204, 3, 'Равда', 909, 910),
(205, 3, 'Равна гора', 911, 912),
(206, 3, 'Равнец', 913, 914),
(207, 3, 'Радойново', 915, 916),
(208, 3, 'Разбойна', 917, 918),
(209, 3, 'Раклиново', 919, 920),
(210, 3, 'Раклица', 921, 922),
(211, 3, 'Раковсково', 923, 924),
(212, 3, 'Резово', 925, 926),
(213, 3, 'Речица', 927, 928),
(214, 3, 'Рожден', 929, 930),
(215, 3, 'Росен', 931, 932),
(216, 3, 'Росеново', 933, 934),
(217, 3, 'Рудина', 935, 936),
(218, 3, 'Рудник', 937, 938),
(219, 3, 'Руен', 939, 940),
(220, 3, 'Рупча', 941, 942),
(221, 3, 'Русокастро', 943, 944),
(222, 3, 'Ръжица', 945, 946),
(223, 3, 'Садово', 947, 948),
(224, 3, 'Сан-Стефано', 949, 950),
(225, 3, 'Свети Влас', 951, 952),
(226, 3, 'Светлина', 953, 954),
(227, 3, 'Свобода', 955, 956),
(228, 3, 'Сигмен', 957, 958),
(229, 3, 'Синеморец', 959, 960),
(230, 3, 'Сини рид', 961, 962),
(231, 3, 'Синьо камене', 963, 964),
(232, 3, 'Скала', 965, 966),
(233, 3, 'Скалак', 967, 968),
(234, 3, 'Славянци', 969, 970),
(235, 3, 'Сливарово', 971, 972),
(236, 3, 'Сливово', 973, 974),
(237, 3, 'Смолник', 975, 976),
(238, 3, 'Снежа', 977, 978),
(239, 3, 'Снягово', 979, 980),
(240, 3, 'Созопол', 981, 982),
(241, 3, 'Соколец', 983, 984),
(242, 3, 'Соколово', 985, 986),
(243, 3, 'Средец', 987, 988),
(244, 3, 'Средна махала', 989, 990),
(245, 3, 'Стоилово', 991, 992),
(246, 3, 'Страцин', 993, 994),
(247, 3, 'Струя', 995, 996),
(248, 3, 'Сунгурларе', 997, 998),
(249, 3, 'Суходол', 999, 1000),
(250, 3, 'Съдиево', 1001, 1002),
(251, 3, 'Съединение', 1003, 1004),
(252, 3, 'Сърнево', 1005, 1006),
(253, 3, 'Твърдица', 1007, 1008),
(254, 3, 'Терзийско', 1009, 1010),
(255, 3, 'Тополица', 1011, 1012),
(256, 3, 'Топчийско', 1013, 1014),
(257, 3, 'Тракийци', 1015, 1016),
(258, 3, 'Трояново', 1017, 1018),
(259, 3, 'Трънак', 1019, 1020),
(260, 3, 'Тръстиково', 1021, 1022),
(261, 3, 'Тънково', 1023, 1024),
(262, 3, 'Фазаново', 1025, 1026),
(263, 3, 'Факия', 1027, 1028),
(264, 3, 'Хаджиите', 1029, 1030),
(265, 3, 'Царево', 1031, 1032),
(266, 3, 'Церковски', 1033, 1034),
(267, 3, 'Череша', 1035, 1036),
(268, 3, 'Черково', 1037, 1038),
(269, 3, 'Черна могила', 1039, 1040),
(270, 3, 'Черни връх', 1041, 1042),
(271, 3, 'Черница', 1043, 1044),
(272, 3, 'Черно море', 1045, 1046),
(273, 3, 'Черноград', 1047, 1048),
(274, 3, 'Черноморец', 1049, 1050),
(275, 3, 'Чубра', 1051, 1052),
(276, 3, 'Чукарка', 1053, 1054),
(277, 3, 'Шиварово', 1055, 1056),
(278, 3, 'Ябълчево', 1057, 1058),
(279, 3, 'Ясеново', 1059, 1060),
(280, 3, 'Ясна поляна', 1061, 1062),
(281, 2, 'Абланица', 3, 4),
(282, 2, 'Аврамово', 5, 6),
(283, 2, 'Бабяк', 7, 8),
(284, 2, 'Балдево', 9, 10),
(285, 2, 'Баничан', 11, 12),
(286, 2, 'Банско', 13, 14),
(287, 2, 'Баня', 15, 16),
(288, 2, 'Баскалци', 17, 18),
(289, 2, 'Бачево', 19, 20),
(290, 2, 'Бел камен', 21, 22),
(291, 2, 'Беласица', 23, 24),
(292, 2, 'Белевехчево', 25, 26),
(293, 2, 'Белица', 27, 28),
(294, 2, 'Бело поле', 29, 30),
(295, 2, 'Бельово', 31, 32),
(296, 2, 'Беслен', 33, 34),
(297, 2, 'Бистрица', 35, 36),
(298, 2, 'Благоевград', 37, 38),
(299, 2, 'Блатска', 39, 40),
(300, 2, 'Боголин', 41, 42),
(301, 2, 'Богородица', 43, 44),
(302, 2, 'Бождово', 45, 46),
(303, 2, 'Боровичене', 47, 48),
(304, 2, 'Борово', 49, 50),
(305, 2, 'Брежани', 51, 52),
(306, 2, 'Брезница', 53, 54),
(307, 2, 'Брестово', 55, 56),
(308, 2, 'Будилци', 57, 58),
(309, 2, 'Буково', 59, 60),
(310, 2, 'Бунцево', 61, 62),
(311, 2, 'Бучино', 63, 64),
(312, 2, 'Българчево', 65, 66),
(313, 2, 'Ваклиново', 67, 68),
(314, 2, 'Велющец', 69, 70),
(315, 2, 'Виногради', 71, 72),
(316, 2, 'Вихрен', 73, 74),
(317, 2, 'Вишлене', 75, 76),
(318, 2, 'Влахи', 77, 78),
(319, 2, 'Волно', 79, 80),
(320, 2, 'Вракуповица', 81, 82),
(321, 2, 'Враня', 83, 84),
(322, 2, 'Вълково', 85, 86),
(323, 2, 'Вълкосел', 87, 88),
(324, 2, 'Габрене', 89, 90),
(325, 2, 'Габрово', 91, 92),
(326, 2, 'Гайтаниново', 93, 94),
(327, 2, 'Гега', 95, 96),
(328, 2, 'Генерал Тодоров', 97, 98),
(329, 2, 'Годешево', 99, 100),
(330, 2, 'Годлево', 101, 102),
(331, 2, 'Голем Цалим', 103, 104),
(332, 2, 'Голешово', 105, 106),
(333, 2, 'Гореме', 107, 108),
(334, 2, 'Горна Брезница', 109, 110),
(335, 2, 'Горна Крушица', 111, 112),
(336, 2, 'Горна Рибница', 113, 114),
(337, 2, 'Горна Сушица', 115, 116),
(338, 2, 'Горно Драглище', 117, 118),
(339, 2, 'Горно Дряново', 119, 120),
(340, 2, 'Горно Краище', 121, 122),
(341, 2, 'Горно Осеново', 123, 124),
(342, 2, 'Горно Спанчево', 125, 126),
(343, 2, 'Горно Хърсово', 127, 128),
(344, 2, 'Горчево', 129, 130),
(345, 2, 'Господинци', 131, 132),
(346, 2, 'Гостун', 133, 134),
(347, 2, 'Гоце Делчев', 135, 136),
(348, 2, 'Градево', 137, 138),
(349, 2, 'Гълъбово', 139, 140),
(350, 2, 'Гърмен', 141, 142),
(351, 2, 'Гюргево', 143, 144),
(352, 2, 'Дагоново', 145, 146),
(353, 2, 'Дамяница', 147, 148),
(354, 2, 'Дебочица', 149, 150),
(355, 2, 'Дебрен', 151, 152),
(356, 2, 'Дебрене', 153, 154),
(357, 2, 'Делвино', 155, 156),
(358, 2, 'Делчево', 157, 158),
(359, 2, 'Джигурово', 159, 160),
(360, 2, 'Добри лаки', 161, 162),
(361, 2, 'Добринище', 163, 164),
(362, 2, 'Добротино', 165, 166),
(363, 2, 'Добърско', 167, 168),
(364, 2, 'Докатичево', 169, 170),
(365, 2, 'Долен', 171, 172),
(366, 2, 'Долене', 173, 174),
(367, 2, 'Долени', 175, 176),
(368, 2, 'Долна Градешница', 177, 178),
(369, 2, 'Долна Крушица', 179, 180),
(370, 2, 'Долна Рибница', 181, 182),
(371, 2, 'Долно Драглище', 183, 184),
(372, 2, 'Долно Дряново', 185, 186),
(373, 2, 'Долно Осеново', 187, 188),
(374, 2, 'Долно Спанчево', 189, 190),
(375, 2, 'Драгуш', 191, 192),
(376, 2, 'Драката', 193, 194),
(377, 2, 'Дрангово', 195, 196),
(378, 2, 'Дренково', 197, 198),
(379, 2, 'Дреновица', 199, 200),
(380, 2, 'Дреново', 201, 202),
(381, 2, 'Дъбница', 203, 204),
(382, 2, 'Дъбрава', 205, 206),
(383, 2, 'Еленово', 207, 208),
(384, 2, 'Елешница', 209, 210),
(385, 2, 'Железница', 211, 212),
(386, 2, 'Жижево', 213, 214),
(387, 2, 'Занога', 215, 216),
(388, 2, 'Зелендол', 217, 218),
(389, 2, 'Златарица', 219, 220),
(390, 2, 'Златолист', 221, 222),
(391, 2, 'Зойчене', 223, 224),
(392, 2, 'Зорница', 225, 226),
(393, 2, 'Иваново', 227, 228),
(394, 2, 'Игралище', 229, 230),
(395, 2, 'Изгрев', 231, 232),
(396, 2, 'Илинден', 233, 234),
(397, 2, 'Илинденци', 235, 236),
(398, 2, 'Кавракирово', 237, 238),
(399, 2, 'Калиманци', 239, 240),
(400, 2, 'Камена', 241, 242),
(401, 2, 'Каменица', 243, 244),
(402, 2, 'Капатово', 245, 246),
(403, 2, 'Катунци', 247, 248),
(404, 2, 'Кашина', 249, 250),
(405, 2, 'Кладенци', 251, 252),
(406, 2, 'Клепало', 253, 254),
(407, 2, 'Клисура', 255, 256),
(408, 2, 'Ключ', 257, 258),
(409, 2, 'Ковачевица', 259, 260),
(410, 2, 'Ковачево', 261, 262),
(411, 2, 'Коларово', 263, 264),
(412, 2, 'Колибите', 265, 266),
(413, 2, 'Конарско', 267, 268),
(414, 2, 'Копривлен', 269, 270),
(415, 2, 'Корница', 271, 272),
(416, 2, 'Кочан', 273, 274),
(417, 2, 'Краище', 275, 276),
(418, 2, 'Кремен', 277, 278),
(419, 2, 'Кресна', 279, 280),
(420, 2, 'Крибул', 281, 282),
(421, 2, 'Кромидово', 283, 284),
(422, 2, 'Крупник', 285, 286),
(423, 2, 'Крушево', 287, 288),
(424, 2, 'Крънджилица', 289, 290),
(425, 2, 'Кръстилци', 291, 292),
(426, 2, 'Кузьово', 293, 294),
(427, 2, 'Кукурахцево', 295, 296),
(428, 2, 'Кулата', 297, 298),
(429, 2, 'Кърланово', 299, 300),
(430, 2, 'Кърналово', 301, 302),
(431, 2, 'Кърпелево', 303, 304),
(432, 2, 'Ладарево', 305, 306),
(433, 2, 'Ласкарево', 307, 308),
(434, 2, 'Лебница', 309, 310),
(435, 2, 'Левуново', 311, 312),
(436, 2, 'Лехово', 313, 314),
(437, 2, 'Лешко', 315, 316),
(438, 2, 'Лешница', 317, 318),
(439, 2, 'Лещен', 319, 320),
(440, 2, 'Лиляново', 321, 322),
(441, 2, 'Лисия', 323, 324),
(442, 2, 'Логодаж', 325, 326),
(443, 2, 'Лозеница', 327, 328),
(444, 2, 'Лъжница', 329, 330),
(445, 2, 'Лъки', 331, 332),
(446, 2, 'Любовище', 333, 334),
(447, 2, 'Любовка', 335, 336),
(448, 2, 'Лютово', 337, 338),
(449, 2, 'Малки Цалим', 339, 340),
(450, 2, 'Марикостиново', 341, 342),
(451, 2, 'Марино поле', 343, 344),
(452, 2, 'Марулево', 345, 346),
(453, 2, 'Марчево', 347, 348),
(454, 2, 'Махалата', 349, 350),
(455, 2, 'Мелник', 351, 352),
(456, 2, 'Мендово', 353, 354),
(457, 2, 'Места', 355, 356),
(458, 2, 'Мечкул', 357, 358),
(459, 2, 'Микрево', 359, 360),
(460, 2, 'Митино', 361, 362),
(461, 2, 'Михнево', 363, 364),
(462, 2, 'Мосомище', 365, 366),
(463, 2, 'Мощанец', 367, 368),
(464, 2, 'Никудин', 369, 370),
(465, 2, 'Нова Ловча', 371, 372),
(466, 2, 'Ново Делчево', 373, 374),
(467, 2, 'Ново Кономлади', 375, 376),
(468, 2, 'Ново Лески', 377, 378),
(469, 2, 'Ново Ходжово', 379, 380),
(470, 2, 'Обел', 381, 382),
(471, 2, 'Обидим', 383, 384),
(472, 2, 'Огняново', 385, 386),
(473, 2, 'Ореше', 387, 388),
(474, 2, 'Орцево', 389, 390),
(475, 2, 'Осеново', 391, 392),
(476, 2, 'Осиково', 393, 394),
(477, 2, 'Осина', 395, 396),
(478, 2, 'Ощава', 397, 398),
(479, 2, 'Падеш', 399, 400),
(480, 2, 'Палат', 401, 402),
(481, 2, 'Палатик', 403, 404),
(482, 2, 'Парил', 405, 406),
(483, 2, 'Петрелик', 407, 408),
(484, 2, 'Петрич', 409, 410),
(485, 2, 'Петрово', 411, 412),
(486, 2, 'Пиперица', 413, 414),
(487, 2, 'Пирин', 415, 416),
(488, 2, 'Плетена', 417, 418),
(489, 2, 'Плоски', 419, 420),
(490, 2, 'Покровник', 421, 422),
(491, 2, 'Полена', 423, 424),
(492, 2, 'Поленица', 425, 426),
(493, 2, 'Полето', 427, 428),
(494, 2, 'Попови ливади', 429, 430),
(495, 2, 'Право бърдо', 431, 432),
(496, 2, 'Първомай', 433, 434),
(497, 2, 'Раздол', 435, 436),
(498, 2, 'Разлог', 437, 438),
(499, 2, 'Ракитна', 439, 440),
(500, 2, 'Рибник', 441, 442),
(501, 2, 'Рибново', 443, 444),
(502, 2, 'Рилци', 445, 446),
(503, 2, 'Рожен', 447, 448),
(504, 2, 'Рупите', 449, 450),
(505, 2, 'Ръждак', 451, 452),
(506, 2, 'Садово', 453, 454),
(507, 2, 'Самуилова крепост', 455, 456),
(508, 2, 'Самуилово', 457, 458),
(509, 2, 'Сандански', 459, 460),
(510, 2, 'Сатовча', 461, 462),
(511, 2, 'Седелец', 463, 464),
(512, 2, 'Селище', 465, 466),
(513, 2, 'Сенокос', 467, 468),
(514, 2, 'Симитли', 469, 470),
(515, 2, 'Склаве', 471, 472),
(516, 2, 'Скребатно', 473, 474),
(517, 2, 'Скрът', 475, 476),
(518, 2, 'Слащен', 477, 478),
(519, 2, 'Сливница', 479, 480),
(520, 2, 'Смолево', 481, 482),
(521, 2, 'Спатово', 483, 484),
(522, 2, 'Стара Кресна', 485, 486),
(523, 2, 'Старчево', 487, 488),
(524, 2, 'Стожа', 489, 490),
(525, 2, 'Струма', 491, 492),
(526, 2, 'Струмешница', 493, 494),
(527, 2, 'Струмяни', 495, 496),
(528, 2, 'Сугарево', 497, 498),
(529, 2, 'Сухострел', 499, 500),
(530, 2, 'Сушица', 501, 502),
(531, 2, 'Теплен', 503, 504),
(532, 2, 'Тешово', 505, 506),
(533, 2, 'Тонско дабе', 507, 508),
(534, 2, 'Тополница', 509, 510),
(535, 2, 'Тросково', 511, 512),
(536, 2, 'Туховища', 513, 514),
(537, 2, 'Филипово', 515, 516),
(538, 2, 'Фъргово', 517, 518),
(539, 2, 'Хаджидимово', 519, 520),
(540, 2, 'Хвостяне', 521, 522),
(541, 2, 'Хотово', 523, 524),
(542, 2, 'Храсна', 525, 526),
(543, 2, 'Хърсово', 527, 528),
(544, 2, 'Цапарево', 529, 530),
(545, 2, 'Церово', 531, 532),
(546, 2, 'Черешница', 533, 534),
(547, 2, 'Черешово', 535, 536),
(548, 2, 'Черна Места', 537, 538),
(549, 2, 'Черниче', 539, 540),
(550, 2, 'Чурилово', 541, 542),
(551, 2, 'Чуричени', 543, 544),
(552, 2, 'Чучулигово', 545, 546),
(553, 2, 'Юруково', 547, 548),
(554, 2, 'Яворница', 549, 550),
(555, 2, 'Яково', 551, 552),
(556, 2, 'Якоруда', 553, 554),
(557, 2, 'Яново', 555, 556),
(558, 9, 'Абрит', 3281, 3282),
(559, 9, 'Александрия', 3283, 3284),
(560, 9, 'Александър Стамболийски', 3285, 3286),
(561, 9, 'Алцек', 3287, 3288),
(562, 9, 'Ангеларий', 3289, 3290),
(563, 9, 'Балик', 3291, 3292),
(564, 9, 'Балканци', 3293, 3294),
(565, 9, 'Балчик', 3295, 3296),
(566, 9, 'Батово', 3297, 3298),
(567, 9, 'Бдинци', 3299, 3300),
(568, 9, 'Бежаново', 3301, 3302),
(569, 9, 'Безводица', 3303, 3304),
(570, 9, 'Безмер', 3305, 3306),
(571, 9, 'Белгун', 3307, 3308),
(572, 9, 'Бенковски', 3309, 3310),
(573, 9, 'Било', 3311, 3312),
(574, 9, 'Бистрец', 3313, 3314),
(575, 9, 'Бобовец', 3315, 3316),
(576, 9, 'Богдан', 3317, 3318),
(577, 9, 'Божан', 3319, 3320),
(578, 9, 'Божаново', 3321, 3322),
(579, 9, 'Божурец', 3323, 3324),
(580, 9, 'Божурово', 3325, 3326),
(581, 9, 'Бонево', 3327, 3328),
(582, 9, 'Бранище', 3329, 3330),
(583, 9, 'Брестница', 3331, 3332),
(584, 9, 'Брястово', 3333, 3334),
(585, 9, 'Българево', 3335, 3336),
(586, 9, 'Ваклино', 3337, 3338),
(587, 9, 'Василево', 3339, 3340),
(588, 9, 'Ведрина', 3341, 3342),
(589, 9, 'Великово', 3343, 3344),
(590, 9, 'Видно', 3345, 3346),
(591, 9, 'Вичово', 3347, 3348),
(592, 9, 'Владимирово', 3349, 3350),
(593, 9, 'Воднянци', 3351, 3352),
(594, 9, 'Войниково', 3353, 3354),
(595, 9, 'Вранино', 3355, 3356),
(596, 9, 'Вратарите', 3357, 3358),
(597, 9, 'Врачанци', 3359, 3360),
(598, 9, 'Габер', 3361, 3362),
(599, 9, 'Генерал Колево', 3363, 3364),
(600, 9, 'Генерал Тошево', 3365, 3366),
(601, 9, 'Гешаново', 3367, 3368),
(602, 9, 'Главанци', 3369, 3370),
(603, 9, 'Горица', 3371, 3372),
(604, 9, 'Горичане', 3373, 3374),
(605, 9, 'Горун', 3375, 3376),
(606, 9, 'Градини', 3377, 3378),
(607, 9, 'Градница', 3379, 3380),
(608, 9, 'Граничар', 3381, 3382),
(609, 9, 'Гурково', 3383, 3384),
(610, 9, 'Гуслар', 3385, 3386),
(611, 9, 'Дебрене', 3387, 3388),
(612, 9, 'Добрево', 3389, 3390),
(613, 9, 'Добрин', 3391, 3392),
(614, 9, 'Добрич', 3393, 3394),
(615, 9, 'Долина', 3395, 3396),
(616, 9, 'Дончево', 3397, 3398),
(617, 9, 'Драганово', 3399, 3400),
(618, 9, 'Дропла', 3401, 3402),
(619, 9, 'Дряновец', 3403, 3404),
(620, 9, 'Дуранкулак', 3405, 3406),
(621, 9, 'Дъбовик', 3407, 3408),
(622, 9, 'Дъбрава', 3409, 3410),
(623, 9, 'Езерец', 3411, 3412),
(624, 9, 'Енево', 3413, 3414),
(625, 9, 'Ефрейтор Бакалово', 3415, 3416),
(626, 9, 'Жегларци', 3417, 3418),
(627, 9, 'Житен', 3419, 3420),
(628, 9, 'Житница', 3421, 3422),
(629, 9, 'Загорци', 3423, 3424),
(630, 9, 'Захари Стояново', 3425, 3426),
(631, 9, 'Земенци', 3427, 3428),
(632, 9, 'Зимница', 3429, 3430),
(633, 9, 'Златия', 3431, 3432),
(634, 9, 'Змеево', 3433, 3434),
(635, 9, 'Зограф', 3435, 3436),
(636, 9, 'Зърнево', 3437, 3438),
(637, 9, 'Изворово', 3439, 3440),
(638, 9, 'Иречек', 3441, 3442),
(639, 9, 'Йовково', 3443, 3444),
(640, 9, 'Каблешково', 3445, 3446),
(641, 9, 'Каварна', 3447, 3448),
(642, 9, 'Калина', 3449, 3450),
(643, 9, 'Камен', 3451, 3452),
(644, 9, 'Камен бряг', 3453, 3454),
(645, 9, 'Капитан Димитрово', 3455, 3456),
(646, 9, 'Карапелит', 3457, 3458),
(647, 9, 'Карвуна', 3459, 3460),
(648, 9, 'Кардам', 3461, 3462),
(649, 9, 'Кладенци', 3463, 3464),
(650, 9, 'Козлодуйци', 3465, 3466),
(651, 9, 'Коларци', 3467, 3468),
(652, 9, 'Конаре', 3469, 3470),
(653, 9, 'Коритен', 3471, 3472),
(654, 9, 'Котленци', 3473, 3474),
(655, 9, 'Кочмар', 3475, 3476),
(656, 9, 'Крагулево', 3477, 3478),
(657, 9, 'Краище', 3479, 3480),
(658, 9, 'Кранево', 3481, 3482),
(659, 9, 'Крапец', 3483, 3484),
(660, 9, 'Красен', 3485, 3486),
(661, 9, 'Кремена', 3487, 3488),
(662, 9, 'Крупен', 3489, 3490),
(663, 9, 'Крушари', 3491, 3492),
(664, 9, 'Къпиново', 3493, 3494),
(665, 9, 'Ловчанци', 3495, 3496),
(666, 9, 'Лозенец', 3497, 3498),
(667, 9, 'Лозница', 3499, 3500),
(668, 9, 'Ломница', 3501, 3502),
(669, 9, 'Люляково', 3503, 3504),
(670, 9, 'Лясково', 3505, 3506),
(671, 9, 'Ляхово', 3507, 3508),
(672, 9, 'Мали извор', 3509, 3510),
(673, 9, 'Малина', 3511, 3512),
(674, 9, 'Малка Смолница', 3513, 3514),
(675, 9, 'Медово', 3515, 3516),
(676, 9, 'Методиево', 3517, 3518),
(677, 9, 'Миладиновци', 3519, 3520),
(678, 9, 'Могилище', 3521, 3522),
(679, 9, 'Нейково', 3523, 3524),
(680, 9, 'Нова Камена', 3525, 3526),
(681, 9, 'Ново Ботево', 3527, 3528),
(682, 9, 'Оброчище', 3529, 3530),
(683, 9, 'Овчарово', 3531, 3532),
(684, 9, 'Огняново', 3533, 3534),
(685, 9, 'Огражден', 3535, 3536),
(686, 9, 'Одринци', 3537, 3538),
(687, 9, 'Одърци', 3539, 3540),
(688, 9, 'Оногур', 3541, 3542),
(689, 9, 'Опанец', 3543, 3544),
(690, 9, 'Орлова могила', 3545, 3546),
(691, 9, 'Орляк', 3547, 3548),
(692, 9, 'Паскалево', 3549, 3550),
(693, 9, 'Петлешково', 3551, 3552),
(694, 9, 'Писарово', 3553, 3554),
(695, 9, 'Плачидол', 3555, 3556),
(696, 9, 'Пленимир', 3557, 3558),
(697, 9, 'Победа', 3559, 3560),
(698, 9, 'Подслон', 3561, 3562),
(699, 9, 'Полковник Дяково', 3563, 3564),
(700, 9, 'Полковник Иваново', 3565, 3566),
(701, 9, 'Полковник Минково', 3567, 3568),
(702, 9, 'Полковник Савово', 3569, 3570),
(703, 9, 'Полковник Свещарово', 3571, 3572),
(704, 9, 'Попгригорово', 3573, 3574),
(705, 9, 'Попгруево', 3575, 3576),
(706, 9, 'Поручик Кърджиево', 3577, 3578),
(707, 9, 'Поручик Чунчево', 3579, 3580),
(708, 9, 'Преселенци', 3581, 3582),
(709, 9, 'Преспа', 3583, 3584),
(710, 9, 'Прилеп', 3585, 3586),
(711, 9, 'Приморци', 3587, 3588),
(712, 9, 'Присад', 3589, 3590),
(713, 9, 'Пролез', 3591, 3592),
(714, 9, 'Професор Златарски', 3593, 3594),
(715, 9, 'Пчеларово', 3595, 3596),
(716, 9, 'Пчелино', 3597, 3598),
(717, 9, 'Пчелник', 3599, 3600),
(718, 9, 'Равнец', 3601, 3602),
(719, 9, 'Раковски', 3603, 3604),
(720, 9, 'Рогачево', 3605, 3606),
(721, 9, 'Рогозина', 3607, 3608),
(722, 9, 'Росен', 3609, 3610),
(723, 9, 'Росеново', 3611, 3612),
(724, 9, 'Росица', 3613, 3614),
(725, 9, 'Самуилово', 3615, 3616),
(726, 9, 'Свети Никола', 3617, 3618),
(727, 9, 'Свобода', 3619, 3620),
(728, 9, 'Северняк', 3621, 3622),
(729, 9, 'Северци', 3623, 3624),
(730, 9, 'Селце', 3625, 3626),
(731, 9, 'Сенокос', 3627, 3628),
(732, 9, 'Септемврийци', 3629, 3630),
(733, 9, 'Сираково', 3631, 3632),
(734, 9, 'Славеево', 3633, 3634),
(735, 9, 'Сливенци', 3635, 3636),
(736, 9, 'Смин', 3637, 3638),
(737, 9, 'Смолница', 3639, 3640),
(738, 9, 'Сноп', 3641, 3642),
(739, 9, 'Снягово', 3643, 3644),
(740, 9, 'Соколник', 3645, 3646),
(741, 9, 'Соколово', 3647, 3648),
(742, 9, 'Спасово', 3649, 3650),
(743, 9, 'Средина', 3651, 3652),
(744, 9, 'Стаевци', 3653, 3654),
(745, 9, 'Стефан Караджа', 3655, 3656),
(746, 9, 'Стефаново', 3657, 3658),
(747, 9, 'Стожер', 3659, 3660),
(748, 9, 'Стражица', 3661, 3662),
(749, 9, 'Сърнец', 3663, 3664),
(750, 9, 'Сърнино', 3665, 3666),
(751, 9, 'Твърдица', 3667, 3668),
(752, 9, 'Телериг', 3669, 3670),
(753, 9, 'Тервел', 3671, 3672),
(754, 9, 'Топола', 3673, 3674),
(755, 9, 'Травник', 3675, 3676),
(756, 9, 'Тригорци', 3677, 3678),
(757, 9, 'Тюленово', 3679, 3680),
(758, 9, 'Тянево', 3681, 3682),
(759, 9, 'Узово', 3683, 3684),
(760, 9, 'Фелдфебел Денково', 3685, 3686),
(761, 9, 'Хаджи Димитър', 3687, 3688),
(762, 9, 'Хитово', 3689, 3690),
(763, 9, 'Храброво', 3691, 3692),
(764, 9, 'Царевец', 3693, 3694),
(765, 9, 'Царичино', 3695, 3696),
(766, 9, 'Църква', 3697, 3698),
(767, 9, 'Челопечене', 3699, 3700),
(768, 9, 'Черна', 3701, 3702),
(769, 9, 'Черноморци', 3703, 3704),
(770, 9, 'Чернооково', 3705, 3706),
(771, 9, 'Честименско', 3707, 3708),
(772, 9, 'Шабла', 3709, 3710),
(773, 8, 'Агатово', 2583, 2584),
(774, 8, 'Азманите', 2585, 2586),
(775, 8, 'Ангелов', 2587, 2588),
(776, 8, 'Армените', 2589, 2590),
(777, 8, 'Армянковци', 2591, 2592),
(778, 8, 'Баевци', 2593, 2594),
(779, 8, 'Балалея', 2595, 2596),
(780, 8, 'Баланите', 2597, 2598),
(781, 8, 'Балванците', 2599, 2600),
(782, 8, 'Балиновци', 2601, 2602),
(783, 8, 'Банари', 2603, 2604),
(784, 8, 'Бангейци', 2605, 2606),
(785, 8, 'Банковци', 2607, 2608),
(786, 8, 'Батошево', 2609, 2610),
(787, 8, 'Бахреци', 2611, 2612),
(788, 8, 'Бекриите', 2613, 2614),
(789, 8, 'Белица', 2615, 2616),
(790, 8, 'Беломъжите', 2617, 2618),
(791, 8, 'Бериево', 2619, 2620),
(792, 8, 'Бижовци', 2621, 2622),
(793, 8, 'Билкини', 2623, 2624),
(794, 8, 'Боазът', 2625, 2626),
(795, 8, 'Бобевци', 2627, 2628),
(796, 8, 'Богатово', 2629, 2630),
(797, 8, 'Богданчовци', 2631, 2632),
(798, 8, 'Боженците', 2633, 2634),
(799, 8, 'Бойновци', 2635, 2636),
(800, 8, 'Бойчета', 2637, 2638),
(801, 8, 'Болтата', 2639, 2640),
(802, 8, 'Борики', 2641, 2642),
(803, 8, 'Борското', 2643, 2644),
(804, 8, 'Брежниците', 2645, 2646),
(805, 8, 'Брънеците', 2647, 2648),
(806, 8, 'Буря', 2649, 2650),
(807, 8, 'Бучуковци', 2651, 2652),
(808, 8, 'Бърдарите', 2653, 2654),
(809, 8, 'Бърдени', 2655, 2656),
(810, 8, 'Бялково', 2657, 2658),
(811, 8, 'Валевци', 2659, 2660),
(812, 8, 'Веленци', 2661, 2662),
(813, 8, 'Велково', 2663, 2664),
(814, 8, 'Велковци', 2665, 2666),
(815, 8, 'Велчовци', 2667, 2668),
(816, 8, 'Ветрово', 2669, 2670),
(817, 8, 'Владовци', 2671, 2672),
(818, 8, 'Влайчовци', 2673, 2674),
(819, 8, 'Власатили', 2675, 2676),
(820, 8, 'Влаховци', 2677, 2678),
(821, 8, 'Войниците', 2679, 2680),
(822, 8, 'Войнишка', 2681, 2682),
(823, 8, 'Врабците', 2683, 2684),
(824, 8, 'Враниловци', 2685, 2686),
(825, 8, 'Вълков дол', 2687, 2688),
(826, 8, 'Вълковци', 2689, 2690),
(827, 8, 'Габрово', 2691, 2692),
(828, 8, 'Гайдари', 2693, 2694),
(829, 8, 'Гайкини', 2695, 2696),
(830, 8, 'Гайтаните', 2697, 2698),
(831, 8, 'Ганчовец', 2699, 2700),
(832, 8, 'Гарван', 2701, 2702),
(833, 8, 'Геновци', 2703, 2704),
(834, 8, 'Генчовци', 2705, 2706),
(835, 8, 'Геня', 2707, 2708),
(836, 8, 'Гергини', 2709, 2710),
(837, 8, 'Геша', 2711, 2712),
(838, 8, 'Гледаци', 2713, 2714),
(839, 8, 'Глутниците', 2715, 2716),
(840, 8, 'Глушка', 2717, 2718),
(841, 8, 'Гоздейка', 2719, 2720),
(842, 8, 'Големи Българени', 2721, 2722),
(843, 8, 'Големи Станчовци', 2723, 2724),
(844, 8, 'Горна Росица', 2725, 2726),
(845, 8, 'Горни Върпища', 2727, 2728),
(846, 8, 'Горни Дамяновци', 2729, 2730),
(847, 8, 'Горни Драгойча', 2731, 2732),
(848, 8, 'Горни Маренци', 2733, 2734),
(849, 8, 'Горни Радковци', 2735, 2736),
(850, 8, 'Горни Цоневци', 2737, 2738),
(851, 8, 'Горнова могила', 2739, 2740),
(852, 8, 'Горяни', 2741, 2742),
(853, 8, 'Гостилица', 2743, 2744),
(854, 8, 'Градище', 2745, 2746),
(855, 8, 'Градница', 2747, 2748),
(856, 8, 'Гръблевци', 2749, 2750),
(857, 8, 'Гъбене', 2751, 2752),
(858, 8, 'Гърня', 2753, 2754),
(859, 8, 'Даевци', 2755, 2756),
(860, 8, 'Дамяново', 2757, 2758),
(861, 8, 'Дебел дял', 2759, 2760),
(862, 8, 'Дебелцово', 2761, 2762),
(863, 8, 'Денчевци', 2763, 2764),
(864, 8, 'Джумриите', 2765, 2766),
(865, 8, 'Джуровци', 2767, 2768),
(866, 8, 'Дивеци', 2769, 2770),
(867, 8, 'Димиевци', 2771, 2772),
(868, 8, 'Дисманица', 2773, 2774),
(869, 8, 'Длъгня', 2775, 2776),
(870, 8, 'Добревци', 2777, 2778),
(871, 8, 'Добрените', 2779, 2780),
(872, 8, 'Добромирка', 2781, 2782),
(873, 8, 'Долни Върпища', 2783, 2784),
(874, 8, 'Долни Драгойча', 2785, 2786),
(875, 8, 'Долни Маренци', 2787, 2788),
(876, 8, 'Долни Радковци', 2789, 2790),
(877, 8, 'Долни Томчевци', 2791, 2792),
(878, 8, 'Донино', 2793, 2794),
(879, 8, 'Донкино', 2795, 2796),
(880, 8, 'Дончовци', 2797, 2798),
(881, 8, 'Доча', 2799, 2800),
(882, 8, 'Драгановци', 2801, 2802),
(883, 8, 'Драганчетата', 2803, 2804),
(884, 8, 'Драгиевци', 2805, 2806),
(885, 8, 'Драгневци', 2807, 2808),
(886, 8, 'Драгомани', 2809, 2810),
(887, 8, 'Драндарите', 2811, 2812),
(888, 8, 'Дряново', 2813, 2814),
(889, 8, 'Думници', 2815, 2816),
(890, 8, 'Дурча', 2817, 2818),
(891, 8, 'Душево', 2819, 2820),
(892, 8, 'Душевски колиби', 2821, 2822),
(893, 8, 'Дървари', 2823, 2824),
(894, 8, 'Дъскарите', 2825, 2826),
(895, 8, 'Езерото', 2827, 2828),
(896, 8, 'Еленците', 2829, 2830),
(897, 8, 'Енев рът', 2831, 2832),
(898, 8, 'Енчовци', 2833, 2834),
(899, 8, 'Живко', 2835, 2836),
(900, 8, 'Жълтеш', 2837, 2838),
(901, 8, 'Зая', 2839, 2840),
(902, 8, 'Здравковец', 2841, 2842),
(903, 8, 'Зеленика', 2843, 2844),
(904, 8, 'Зелено дърво', 2845, 2846),
(905, 8, 'Златевци', 2847, 2848),
(906, 8, 'Иван Димов', 2849, 2850),
(907, 8, 'Иванили', 2851, 2852),
(908, 8, 'Иванковци', 2853, 2854),
(909, 8, 'Иглика', 2855, 2856),
(910, 8, 'Игнатовци', 2857, 2858),
(911, 8, 'Идилево', 2859, 2860),
(912, 8, 'Източник', 2861, 2862),
(913, 8, 'Иринеци', 2863, 2864),
(914, 8, 'Искра', 2865, 2866),
(915, 8, 'Йововци', 2867, 2868),
(916, 8, 'Каломен', 2869, 2870),
(917, 8, 'Калчовци', 2871, 2872),
(918, 8, 'Камещица', 2873, 2874),
(919, 8, 'Караиванца', 2875, 2876),
(920, 8, 'Карали', 2877, 2878),
(921, 8, 'Карамичевци', 2879, 2880),
(922, 8, 'Кастел', 2881, 2882),
(923, 8, 'Катранджии', 2883, 2884),
(924, 8, 'Кашенци', 2885, 2886),
(925, 8, 'Керека', 2887, 2888),
(926, 8, 'Керените', 2889, 2890),
(927, 8, 'Киевци', 2891, 2892),
(928, 8, 'Киселковци', 2893, 2894),
(929, 8, 'Кисийците', 2895, 2896),
(930, 8, 'Кметовци', 2897, 2898),
(931, 8, 'Кметчета', 2899, 2900),
(932, 8, 'Коевци', 2901, 2902),
(933, 8, 'Кози рог', 2903, 2904),
(934, 8, 'Койчовци', 2905, 2906),
(935, 8, 'Колишовци', 2907, 2908),
(936, 8, 'Колю Ганев', 2909, 2910),
(937, 8, 'Конарското', 2911, 2912),
(938, 8, 'Копчелиите', 2913, 2914),
(939, 8, 'Корията', 2915, 2916),
(940, 8, 'Кормянско', 2917, 2918),
(941, 8, 'Косарка', 2919, 2920),
(942, 8, 'Косилка', 2921, 2922),
(943, 8, 'Костадините', 2923, 2924),
(944, 8, 'Костенковци', 2925, 2926),
(945, 8, 'Крамолин', 2927, 2928),
(946, 8, 'Креслювци', 2929, 2930),
(947, 8, 'Крушево', 2931, 2932),
(948, 8, 'Кръвеник', 2933, 2934),
(949, 8, 'Крънча', 2935, 2936),
(950, 8, 'Кръстеняците', 2937, 2938),
(951, 8, 'Кръстец', 2939, 2940),
(952, 8, 'Кукля', 2941, 2942),
(953, 8, 'Куманите', 2943, 2944),
(954, 8, 'Купен', 2945, 2946),
(955, 8, 'Къртипъня', 2947, 2948),
(956, 8, 'Лесичарка', 2949, 2950),
(957, 8, 'Ловнидол', 2951, 2952),
(958, 8, 'Лоза', 2953, 2954),
(959, 8, 'Малини', 2955, 2956),
(960, 8, 'Малки Българени', 2957, 2958),
(961, 8, 'Малки Вършец', 2959, 2960),
(962, 8, 'Малки Станчовци', 2961, 2962),
(963, 8, 'Малуша', 2963, 2964),
(964, 8, 'Малчовци', 2965, 2966),
(965, 8, 'Маневци', 2967, 2968),
(966, 8, 'Маноя', 2969, 2970),
(967, 8, 'Маруцековци', 2971, 2972),
(968, 8, 'Матешовци', 2973, 2974),
(969, 8, 'Междени', 2975, 2976),
(970, 8, 'Мечковица', 2977, 2978),
(971, 8, 'Милевци', 2979, 2980),
(972, 8, 'Милковци', 2981, 2982),
(973, 8, 'Михайловци', 2983, 2984),
(974, 8, 'Миховци', 2985, 2986),
(975, 8, 'Мичковци', 2987, 2988),
(976, 8, 'Младен', 2989, 2990),
(977, 8, 'Млечево', 2991, 2992),
(978, 8, 'Могилите', 2993, 2994),
(979, 8, 'Моровеците', 2995, 2996),
(980, 8, 'Мрахори', 2997, 2998),
(981, 8, 'Мръзеци', 2999, 3000),
(982, 8, 'Музга', 3001, 3002),
(983, 8, 'Муця', 3003, 3004),
(984, 8, 'Недялковци', 3005, 3006),
(985, 8, 'Нейчовци', 3007, 3008),
(986, 8, 'Неновци', 3009, 3010),
(987, 8, 'Никачковци', 3011, 3012),
(988, 8, 'Николаево', 3013, 3014),
(989, 8, 'Николчовци', 3015, 3016),
(990, 8, 'Новаковци', 3017, 3018),
(991, 8, 'Ножерите', 3019, 3020),
(992, 8, 'Носеите', 3021, 3022),
(993, 8, 'Овощарци', 3023, 3024),
(994, 8, 'Околиите', 3025, 3026),
(995, 8, 'Орловци', 3027, 3028),
(996, 8, 'Ошаните', 3029, 3030),
(997, 8, 'Павлевци', 3031, 3032),
(998, 8, 'Парчовци', 3033, 3034),
(999, 8, 'Пейна', 3035, 3036),
(1000, 8, 'Пейовци', 3037, 3038),
(1001, 8, 'Пенковци', 3039, 3040),
(1002, 8, 'Петко Славейков', 3041, 3042),
(1003, 8, 'Петковци', 3043, 3044),
(1004, 8, 'Петровци', 3045, 3046),
(1005, 8, 'Пецовци', 3047, 3048),
(1006, 8, 'Планинци', 3049, 3050),
(1007, 8, 'Плачка', 3051, 3052),
(1008, 8, 'Плачковци', 3053, 3054),
(1009, 8, 'Побък', 3055, 3056),
(1010, 8, 'Попари', 3057, 3058),
(1011, 8, 'Попгергевци', 3059, 3060),
(1012, 8, 'Поповци', 3061, 3062),
(1013, 8, 'Попрайковци', 3063, 3064),
(1014, 8, 'Попска', 3065, 3066),
(1015, 8, 'Поток', 3067, 3068),
(1016, 8, 'Прахали', 3069, 3070),
(1017, 8, 'Престой', 3071, 3072),
(1018, 8, 'Продановци', 3073, 3074),
(1019, 8, 'Пържиграх', 3075, 3076),
(1020, 8, 'Пъртевци', 3077, 3078),
(1021, 8, 'Пърша', 3079, 3080),
(1022, 8, 'Раданчето', 3081, 3082),
(1023, 8, 'Радевци', 3083, 3084),
(1024, 8, 'Радино', 3085, 3086),
(1025, 8, 'Радовци', 3087, 3088),
(1026, 8, 'Радоевци', 3089, 3090),
(1027, 8, 'Раевци', 3091, 3092),
(1028, 8, 'Райновци', 3093, 3094),
(1029, 8, 'Райнушковци', 3095, 3096),
(1030, 8, 'Ралевци', 3097, 3098),
(1031, 8, 'Раховци', 3099, 3100),
(1032, 8, 'Рачевци', 3101, 3102),
(1033, 8, 'Рачовци', 3103, 3104),
(1034, 8, 'Рашовите', 3105, 3106),
(1035, 8, 'Редешковци', 3107, 3108),
(1036, 8, 'Ритя', 3109, 3110),
(1037, 8, 'Руевци', 3111, 3112),
(1038, 8, 'Руйчовци', 3113, 3114),
(1039, 8, 'Руня', 3115, 3116),
(1040, 8, 'Русиновци', 3117, 3118),
(1041, 8, 'Рязковци', 3119, 3120),
(1042, 8, 'Ряховците', 3121, 3122),
(1043, 8, 'Саласука', 3123, 3124),
(1044, 8, 'Свинарски дол', 3125, 3126),
(1045, 8, 'Свирци', 3127, 3128),
(1046, 8, 'Севлиево', 3129, 3130),
(1047, 8, 'Седянковци', 3131, 3132),
(1048, 8, 'Сейковци', 3133, 3134),
(1049, 8, 'Селище', 3135, 3136),
(1050, 8, 'Семерджиите', 3137, 3138),
(1051, 8, 'Сенник', 3139, 3140),
(1052, 8, 'Сечен камък', 3141, 3142),
(1053, 8, 'Скалско', 3143, 3144),
(1054, 8, 'Скорците', 3145, 3146),
(1055, 8, 'Славейково', 3147, 3148),
(1056, 8, 'Сливово', 3149, 3150),
(1057, 8, 'Смиловци', 3151, 3152),
(1058, 8, 'Соколово', 3153, 3154),
(1059, 8, 'Солари', 3155, 3156),
(1060, 8, 'Спанци', 3157, 3158),
(1061, 8, 'Спасовци', 3159, 3160),
(1062, 8, 'Стайновци', 3161, 3162),
(1063, 8, 'Станча', 3163, 3164),
(1064, 8, 'Станчов хан', 3165, 3166),
(1065, 8, 'Старилковци', 3167, 3168),
(1066, 8, 'Стефаново', 3169, 3170),
(1067, 8, 'Стоевци', 3171, 3172),
(1068, 8, 'Стойковци', 3173, 3174),
(1069, 8, 'Стойчовци', 3175, 3176),
(1070, 8, 'Стоките', 3177, 3178),
(1071, 8, 'Столът', 3179, 3180),
(1072, 8, 'Стоманеците', 3181, 3182),
(1073, 8, 'Стражата', 3183, 3184),
(1074, 8, 'Стръмци', 3185, 3186),
(1075, 8, 'Сухолоевци', 3187, 3188),
(1076, 8, 'Съботковци', 3189, 3190),
(1077, 8, 'Сяровци', 3191, 3192),
(1078, 8, 'Табашка', 3193, 3194),
(1079, 8, 'Тодореците', 3195, 3196),
(1080, 8, 'Тодоровци', 3197, 3198),
(1081, 8, 'Тодорчета', 3199, 3200),
(1082, 8, 'Томчевци', 3201, 3202),
(1083, 8, 'Торбалъжите', 3203, 3204),
(1084, 8, 'Трапесковци', 3205, 3206),
(1085, 8, 'Трънито', 3207, 3208),
(1086, 8, 'Трявна', 3209, 3210),
(1087, 8, 'Тумбалово', 3211, 3212),
(1088, 8, 'Туркинча', 3213, 3214),
(1089, 8, 'Търхово', 3215, 3216),
(1090, 8, 'Угорелец', 3217, 3218),
(1091, 8, 'Узуните', 3219, 3220),
(1092, 8, 'Урвата', 3221, 3222),
(1093, 8, 'Фърговци', 3223, 3224),
(1094, 8, 'Фъревци', 3225, 3226),
(1095, 8, 'Фъртуни', 3227, 3228),
(1096, 8, 'Харачерите', 3229, 3230),
(1097, 8, 'Хирево', 3231, 3232),
(1098, 8, 'Христовци', 3233, 3234),
(1099, 8, 'Царева ливада', 3235, 3236),
(1100, 8, 'Цвятковци', 3237, 3238),
(1101, 8, 'Чавеи', 3239, 3240),
(1102, 8, 'Чакалите', 3241, 3242),
(1103, 8, 'Чарково', 3243, 3244),
(1104, 8, 'Червена локва', 3245, 3246),
(1105, 8, 'Черневци', 3247, 3248),
(1106, 8, 'Черновръх', 3249, 3250),
(1107, 8, 'Читаковци', 3251, 3252),
(1108, 8, 'Чукилите', 3253, 3254),
(1109, 8, 'Чуково', 3255, 3256),
(1110, 8, 'Шарани', 3257, 3258),
(1111, 8, 'Шипчените', 3259, 3260),
(1112, 8, 'Шопите', 3261, 3262),
(1113, 8, 'Шумата', 3263, 3264),
(1114, 8, 'Шушня', 3265, 3266),
(1115, 8, 'Ябълковци', 3267, 3268),
(1116, 8, 'Явор', 3269, 3270),
(1117, 8, 'Яворец', 3271, 3272),
(1118, 8, 'Янковци', 3273, 3274),
(1119, 8, 'Янтра', 3275, 3276),
(1120, 8, 'Ясените', 3277, 3278),
(1121, 26, 'Александрово', 9039, 9040),
(1122, 26, 'Ангел войвода', 9041, 9042),
(1123, 26, 'Балкан', 9043, 9044),
(1124, 26, 'Бели дол', 9045, 9046),
(1125, 26, 'Белица', 9047, 9048),
(1126, 26, 'Белополци', 9049, 9050),
(1127, 26, 'Белополяне', 9051, 9052),
(1128, 26, 'Бисер', 9053, 9054),
(1129, 26, 'Богомил', 9055, 9056),
(1130, 26, 'Бодрово', 9057, 9058),
(1131, 26, 'Болярски извор', 9059, 9060),
(1132, 26, 'Бориславци', 9061, 9062),
(1133, 26, 'Ботурче', 9063, 9064),
(1134, 26, 'Боян Ботево', 9065, 9066),
(1135, 26, 'Браница', 9067, 9068),
(1136, 26, 'Брод', 9069, 9070),
(1137, 26, 'Брусевци', 9071, 9072),
(1138, 26, 'Брусино', 9073, 9074),
(1139, 26, 'Брягово', 9075, 9076),
(1140, 26, 'Бряст', 9077, 9078),
(1141, 26, 'Брястово', 9079, 9080),
(1142, 26, 'Бубино', 9081, 9082),
(1143, 26, 'Българин', 9083, 9084),
(1144, 26, 'Българска поляна', 9085, 9086),
(1145, 26, 'Бял кладенец', 9087, 9088),
(1146, 26, 'Бялградец', 9089, 9090),
(1147, 26, 'Варник', 9091, 9092),
(1148, 26, 'Васково', 9093, 9094),
(1149, 26, 'Великан', 9095, 9096),
(1150, 26, 'Ветрушка', 9097, 9098),
(1151, 26, 'Винево', 9099, 9100),
(1152, 26, 'Вис', 9101, 9102),
(1153, 26, 'Владимирово', 9103, 9104),
(1154, 26, 'Воден', 9105, 9106),
(1155, 26, 'Воденци', 9107, 9108),
(1156, 26, 'Войводенец', 9109, 9110),
(1157, 26, 'Войводово', 9111, 9112),
(1158, 26, 'Въгларово', 9113, 9114),
(1159, 26, 'Вълче поле', 9115, 9116),
(1160, 26, 'Върбица', 9117, 9118),
(1161, 26, 'Върбово', 9119, 9120),
(1162, 26, 'Габерово', 9121, 9122),
(1163, 26, 'Гарваново', 9123, 9124),
(1164, 26, 'Генералово', 9125, 9126),
(1165, 26, 'Георги Добрево', 9127, 9128),
(1166, 26, 'Гледка', 9129, 9130),
(1167, 26, 'Глумово', 9131, 9132),
(1168, 26, 'Гнездаре', 9133, 9134),
(1169, 26, 'Големанци', 9135, 9136),
(1170, 26, 'Голобрадово', 9137, 9138),
(1171, 26, 'Голям извор', 9139, 9140),
(1172, 26, 'Голяма долина', 9141, 9142),
(1173, 26, 'Голямо Асеново', 9143, 9144),
(1174, 26, 'Горни Главанак', 9145, 9146),
(1175, 26, 'Горно Войводино', 9147, 9148),
(1176, 26, 'Горно Луково', 9149, 9150),
(1177, 26, 'Горно поле', 9151, 9152),
(1178, 26, 'Горноселци', 9153, 9154),
(1179, 26, 'Горски извор', 9155, 9156),
(1180, 26, 'Горско', 9157, 9158),
(1181, 26, 'Гугутка', 9159, 9160),
(1182, 26, 'Гълъбец', 9161, 9162),
(1183, 26, 'Дервишка могила', 9163, 9164),
(1184, 26, 'Димитровград', 9165, 9166),
(1185, 26, 'Димитровче', 9167, 9168),
(1186, 26, 'Динево', 9169, 9170),
(1187, 26, 'Длъгнево', 9171, 9172),
(1188, 26, 'Добрич', 9173, 9174),
(1189, 26, 'Доброселец', 9175, 9176),
(1190, 26, 'Долни Главанак', 9177, 9178),
(1191, 26, 'Долно Белево', 9179, 9180),
(1192, 26, 'Долно Ботево', 9181, 9182),
(1193, 26, 'Долно Войводино', 9183, 9184),
(1194, 26, 'Долно Големанци', 9185, 9186),
(1195, 26, 'Долно Луково', 9187, 9188),
(1196, 26, 'Долно поле', 9189, 9190),
(1197, 26, 'Долно Съдиево', 9191, 9192),
(1198, 26, 'Долно Черковище', 9193, 9194),
(1199, 26, 'Долноселци', 9195, 9196),
(1200, 26, 'Доситеево', 9197, 9198),
(1201, 26, 'Драбишна', 9199, 9200),
(1202, 26, 'Дрипчево', 9201, 9202),
(1203, 26, 'Дряново', 9203, 9204),
(1204, 26, 'Дъбовец', 9205, 9206),
(1205, 26, 'Елена', 9207, 9208),
(1206, 26, 'Ефрем', 9209, 9210),
(1207, 26, 'Железари', 9211, 9212),
(1208, 26, 'Железино', 9213, 9214),
(1209, 26, 'Жълти бряг', 9215, 9216),
(1210, 26, 'Здравец', 9217, 9218),
(1211, 26, 'Зимовина', 9219, 9220),
(1212, 26, 'Златополе', 9221, 9222),
(1213, 26, 'Златоустово', 9223, 9224),
(1214, 26, 'Зорница', 9225, 9226),
(1215, 26, 'Ивайловград', 9227, 9228),
(1216, 26, 'Иваново', 9229, 9230),
(1217, 26, 'Изворово', 9231, 9232),
(1218, 26, 'Йерусалимово', 9233, 9234),
(1219, 26, 'Казак', 9235, 9236),
(1220, 26, 'Калугерово', 9237, 9238),
(1221, 26, 'Каменна река', 9239, 9240),
(1222, 26, 'Камилски дол', 9241, 9242),
(1223, 26, 'Капитан Андреево', 9243, 9244),
(1224, 26, 'Капитан Петко войвода', 9245, 9246),
(1225, 26, 'Караманци', 9247, 9248),
(1226, 26, 'Карловско', 9249, 9250),
(1227, 26, 'Каснаково', 9251, 9252),
(1228, 26, 'Кладенец', 9253, 9254),
(1229, 26, 'Клокотница', 9255, 9256),
(1230, 26, 'Книжовник', 9257, 9258),
(1231, 26, 'Княжево', 9259, 9260),
(1232, 26, 'Кобилино', 9261, 9262),
(1233, 26, 'Козлец', 9263, 9264),
(1234, 26, 'Коларово', 9265, 9266),
(1235, 26, 'Колец', 9267, 9268),
(1236, 26, 'Кондово', 9269, 9270),
(1237, 26, 'Конници', 9271, 9272),
(1238, 26, 'Константиново', 9273, 9274),
(1239, 26, 'Конуш', 9275, 9276),
(1240, 26, 'Корен', 9277, 9278),
(1241, 26, 'Костилково', 9279, 9280),
(1242, 26, 'Костур', 9281, 9282),
(1243, 26, 'Кралево', 9283, 9284),
(1244, 26, 'Крепост', 9285, 9286),
(1245, 26, 'Криво поле', 9287, 9288),
(1246, 26, 'Крум', 9289, 9290),
(1247, 26, 'Ламбух', 9291, 9292),
(1248, 26, 'Левка', 9293, 9294),
(1249, 26, 'Ленско', 9295, 9296),
(1250, 26, 'Лешниково', 9297, 9298),
(1251, 26, 'Лисово', 9299, 9300),
(1252, 26, 'Лозен', 9301, 9302),
(1253, 26, 'Любеново', 9303, 9304),
(1254, 26, 'Любимец', 9305, 9306),
(1255, 26, 'Лясковец', 9307, 9308),
(1256, 26, 'Маджари', 9309, 9310),
(1257, 26, 'Маджарово', 9311, 9312),
(1258, 26, 'Малево', 9313, 9314),
(1259, 26, 'Малки Воден', 9315, 9316),
(1260, 26, 'Малко Асеново', 9317, 9318),
(1261, 26, 'Малко Брягово', 9319, 9320),
(1262, 26, 'Малко градище', 9321, 9322),
(1263, 26, 'Малко Попово', 9323, 9324),
(1264, 26, 'Малък извор', 9325, 9326),
(1265, 26, 'Манастир', 9327, 9328),
(1266, 26, 'Мандра', 9329, 9330),
(1267, 26, 'Мандрица', 9331, 9332),
(1268, 26, 'Маслиново', 9333, 9334),
(1269, 26, 'Маточина', 9335, 9336),
(1270, 26, 'Меден бук', 9337, 9338),
(1271, 26, 'Мезек', 9339, 9340),
(1272, 26, 'Меричлери', 9341, 9342),
(1273, 26, 'Минерални бани', 9343, 9344),
(1274, 26, 'Михалич', 9345, 9346),
(1275, 26, 'Младиново', 9347, 9348),
(1276, 26, 'Момино', 9349, 9350),
(1277, 26, 'Момково', 9351, 9352),
(1278, 26, 'Мрамор', 9353, 9354),
(1279, 26, 'Мустрак', 9355, 9356),
(1280, 26, 'Навъсен', 9357, 9358),
(1281, 26, 'Надежден', 9359, 9360),
(1282, 26, 'Николово', 9361, 9362),
(1283, 26, 'Нова ливада', 9363, 9364),
(1284, 26, 'Нова Надежда', 9365, 9366),
(1285, 26, 'Овчарово', 9367, 9368),
(1286, 26, 'Одринци', 9369, 9370),
(1287, 26, 'Орешец', 9371, 9372),
(1288, 26, 'Орешино', 9373, 9374),
(1289, 26, 'Орешник', 9375, 9376),
(1290, 26, 'Орлов дол', 9377, 9378),
(1291, 26, 'Орлово', 9379, 9380),
(1292, 26, 'Оряхово', 9381, 9382),
(1293, 26, 'Остър камък', 9383, 9384),
(1294, 26, 'Пашкул', 9385, 9386),
(1295, 26, 'Пашово', 9387, 9388),
(1296, 26, 'Планинец', 9389, 9390),
(1297, 26, 'Планиново', 9391, 9392),
(1298, 26, 'Плевун', 9393, 9394),
(1299, 26, 'Подкрепа', 9395, 9396),
(1300, 26, 'Покрован', 9397, 9398),
(1301, 26, 'Поляново', 9399, 9400),
(1302, 26, 'Поповец', 9401, 9402),
(1303, 26, 'Попско', 9403, 9404),
(1304, 26, 'Преславец', 9405, 9406),
(1305, 26, 'Присадец', 9407, 9408),
(1306, 26, 'Пчелари', 9409, 9410),
(1307, 26, 'Пъстрогор', 9411, 9412),
(1308, 26, 'Пъстроок', 9413, 9414),
(1309, 26, 'Пътниково', 9415, 9416),
(1310, 26, 'Пясъчево', 9417, 9418),
(1311, 26, 'Рабово', 9419, 9420),
(1312, 26, 'Равна гора', 9421, 9422),
(1313, 26, 'Радиево', 9423, 9424),
(1314, 26, 'Радовец', 9425, 9426),
(1315, 26, 'Райкова могила', 9427, 9428),
(1316, 26, 'Райново', 9429, 9430),
(1317, 26, 'Рогозиново', 9431, 9432),
(1318, 26, 'Родопи', 9433, 9434),
(1319, 26, 'Розино', 9435, 9436),
(1320, 26, 'Румелия', 9437, 9438),
(1321, 26, 'Ръженово', 9439, 9440),
(1322, 26, 'Сакарци', 9441, 9442),
(1323, 26, 'Сборино', 9443, 9444),
(1324, 26, 'Светлина', 9445, 9446),
(1325, 26, 'Светослав', 9447, 9448),
(1326, 26, 'Свиленград', 9449, 9450),
(1327, 26, 'Свирачи', 9451, 9452),
(1328, 26, 'Свирково', 9453, 9454),
(1329, 26, 'Селска поляна', 9455, 9456),
(1330, 26, 'Сеноклас', 9457, 9458),
(1331, 26, 'Сив кладенец', 9459, 9460),
(1332, 26, 'Сива река', 9461, 9462),
(1333, 26, 'Силен', 9463, 9464),
(1334, 26, 'Симеоновград', 9465, 9466),
(1335, 26, 'Синапово', 9467, 9468),
(1336, 26, 'Сираково', 9469, 9470),
(1337, 26, 'Скобелево', 9471, 9472),
(1338, 26, 'Славеево', 9473, 9474),
(1339, 26, 'Славяново', 9475, 9476),
(1340, 26, 'Сладун', 9477, 9478),
(1341, 26, 'Смирненци', 9479, 9480),
(1342, 26, 'Соколенци', 9481, 9482),
(1343, 26, 'Спахиево', 9483, 9484),
(1344, 26, 'Срем', 9485, 9486),
(1345, 26, 'Сталево', 9487, 9488),
(1346, 26, 'Стамболийски', 9489, 9490),
(1347, 26, 'Стамболово', 9491, 9492),
(1348, 26, 'Стойково', 9493, 9494),
(1349, 26, 'Странско', 9495, 9496),
(1350, 26, 'Студена', 9497, 9498),
(1351, 26, 'Сусам', 9499, 9500),
(1352, 26, 'Сърница', 9501, 9502),
(1353, 26, 'Татарево', 9503, 9504),
(1354, 26, 'Текето', 9505, 9506),
(1355, 26, 'Тополовград', 9507, 9508),
(1356, 26, 'Тополово', 9509, 9510),
(1357, 26, 'Тракиец', 9511, 9512),
(1358, 26, 'Троян', 9513, 9514),
(1359, 26, 'Тънково', 9515, 9516),
(1360, 26, 'Тянево', 9517, 9518),
(1361, 26, 'Узунджово', 9519, 9520),
(1362, 26, 'Устрем', 9521, 9522),
(1363, 26, 'Филипово', 9523, 9524),
(1364, 26, 'Харманли', 9525, 9526),
(1365, 26, 'Хасково', 9527, 9528),
(1366, 26, 'Хлябово', 9529, 9530),
(1367, 26, 'Хухла', 9531, 9532),
(1368, 26, 'Царева поляна', 9533, 9534),
(1369, 26, 'Черепово', 9535, 9536),
(1370, 26, 'Черна могила', 9537, 9538),
(1371, 26, 'Черни рид', 9539, 9540),
(1372, 26, 'Черничино', 9541, 9542),
(1373, 26, 'Черногорово', 9543, 9544),
(1374, 26, 'Чернодъб', 9545, 9546),
(1375, 26, 'Чукарово', 9547, 9548),
(1376, 26, 'Чучулига', 9549, 9550),
(1377, 26, 'Широка поляна', 9551, 9552),
(1378, 26, 'Шишманово', 9553, 9554),
(1379, 26, 'Щит', 9555, 9556),
(1380, 26, 'Ябълково', 9557, 9558),
(1381, 28, 'Александрово', 9863, 9864),
(1382, 28, 'Асеново', 9865, 9866),
(1383, 28, 'Атолово', 9867, 9868),
(1384, 28, 'Безмер', 9869, 9870),
(1385, 28, 'Богорово', 9871, 9872),
(1386, 28, 'Болярово', 9873, 9874),
(1387, 28, 'Болярско', 9875, 9876),
(1388, 28, 'Борисово', 9877, 9878),
(1389, 28, 'Ботево', 9879, 9880),
(1390, 28, 'Бояджик', 9881, 9882),
(1391, 28, 'Бояново', 9883, 9884),
(1392, 28, 'Веселиново', 9885, 9886),
(1393, 28, 'Видинци', 9887, 9888),
(1394, 28, 'Воден', 9889, 9890),
(1395, 28, 'Воденичане', 9891, 9892),
(1396, 28, 'Войника', 9893, 9894),
(1397, 28, 'Вълча поляна', 9895, 9896),
(1398, 28, 'Вълчи извор', 9897, 9898),
(1399, 28, 'Генерал Инзово', 9899, 9900),
(1400, 28, 'Генерал Тошево', 9901, 9902),
(1401, 28, 'Голям Дервент', 9903, 9904),
(1402, 28, 'Голям манастир', 9905, 9906),
(1403, 28, 'Голямо Крушево', 9907, 9908),
(1404, 28, 'Горска поляна', 9909, 9910),
(1405, 28, 'Гранитово', 9911, 9912),
(1406, 28, 'Гълъбинци', 9913, 9914),
(1407, 28, 'Денница', 9915, 9916),
(1408, 28, 'Джинот', 9917, 9918),
(1409, 28, 'Добрич', 9919, 9920),
(1410, 28, 'Дражево', 9921, 9922),
(1411, 28, 'Драма', 9923, 9924),
(1412, 28, 'Дряново', 9925, 9926),
(1413, 28, 'Дъбово', 9927, 9928),
(1414, 28, 'Елхово', 9929, 9930),
(1415, 28, 'Жребино', 9931, 9932),
(1416, 28, 'Завой', 9933, 9934),
(1417, 28, 'Зимница', 9935, 9936),
(1418, 28, 'Златари', 9937, 9938),
(1419, 28, 'Златиница', 9939, 9940),
(1420, 28, 'Иглика', 9941, 9942),
(1421, 28, 'Изгрев', 9943, 9944),
(1422, 28, 'Иречеково', 9945, 9946),
(1423, 28, 'Кабиле', 9947, 9948),
(1424, 28, 'Калчево', 9949, 9950),
(1425, 28, 'Камен връх', 9951, 9952),
(1426, 28, 'Каменец', 9953, 9954),
(1427, 28, 'Каравелово', 9955, 9956),
(1428, 28, 'Кирилово', 9957, 9958),
(1429, 28, 'Козарево', 9959, 9960),
(1430, 28, 'Коневец', 9961, 9962),
(1431, 28, 'Крайново', 9963, 9964),
(1432, 28, 'Крумово', 9965, 9966),
(1433, 28, 'Кукорево', 9967, 9968),
(1434, 28, 'Лалково', 9969, 9970),
(1435, 28, 'Лесово', 9971, 9972),
(1436, 28, 'Леярово', 9973, 9974),
(1437, 28, 'Лозенец', 9975, 9976),
(1438, 28, 'Люлин', 9977, 9978),
(1439, 28, 'Маленово', 9979, 9980),
(1440, 28, 'Малко Кирилово', 9981, 9982),
(1441, 28, 'Малко Шарково', 9983, 9984),
(1442, 28, 'Маломир', 9985, 9986),
(1443, 28, 'Маломирово', 9987, 9988),
(1444, 28, 'Малък манастир', 9989, 9990),
(1445, 28, 'Мамарчево', 9991, 9992),
(1446, 28, 'Меден кладенец', 9993, 9994),
(1447, 28, 'Межда', 9995, 9996),
(1448, 28, 'Мелница', 9997, 9998),
(1449, 28, 'Миладиновци', 9999, 10000),
(1450, 28, 'Могила', 10001, 10002),
(1451, 28, 'Недялско', 10003, 10004),
(1452, 28, 'Овчи кладенец', 10005, 10006),
(1453, 28, 'Окоп', 10007, 10008),
(1454, 28, 'Оман', 10009, 10010),
(1455, 28, 'Палаузово', 10011, 10012),
(1456, 28, 'Победа', 10013, 10014),
(1457, 28, 'Поляна', 10015, 10016),
(1458, 28, 'Попово', 10017, 10018),
(1459, 28, 'Правдино', 10019, 10020),
(1460, 28, 'Пчела', 10021, 10022),
(1461, 28, 'Първенец', 10023, 10024),
(1462, 28, 'Раздел', 10025, 10026),
(1463, 28, 'Робово', 10027, 10028),
(1464, 28, 'Роза', 10029, 10030),
(1465, 28, 'Ружица', 10031, 10032),
(1466, 28, 'Савино', 10033, 10034),
(1467, 28, 'Саранско', 10035, 10036),
(1468, 28, 'Симеоново', 10037, 10038),
(1469, 28, 'Ситово', 10039, 10040),
(1470, 28, 'Скалица', 10041, 10042),
(1471, 28, 'Славейково', 10043, 10044),
(1472, 28, 'Сламино', 10045, 10046),
(1473, 28, 'Стара река', 10047, 10048),
(1474, 28, 'Стефан Караджово', 10049, 10050),
(1475, 28, 'Стралджа', 10051, 10052),
(1476, 28, 'Странджа', 10053, 10054),
(1477, 28, 'Стройно', 10055, 10056),
(1478, 28, 'Тамарино', 10057, 10058),
(1479, 28, 'Тенево', 10059, 10060),
(1480, 28, 'Трънково', 10061, 10062),
(1481, 28, 'Търнава', 10063, 10064),
(1482, 28, 'Хаджидимитрово', 10065, 10066),
(1483, 28, 'Ханово', 10067, 10068),
(1484, 28, 'Чарган', 10069, 10070),
(1485, 28, 'Чарда', 10071, 10072),
(1486, 28, 'Челник', 10073, 10074),
(1487, 28, 'Чернозем', 10075, 10076),
(1488, 28, 'Шарково', 10077, 10078),
(1489, 28, 'Ямбол', 10079, 10080),
(1490, 10, 'Аврамово', 3713, 3714),
(1491, 10, 'Аврен', 3715, 3716),
(1492, 10, 'Айрово', 3717, 3718),
(1493, 10, 'Албанци', 3719, 3720),
(1494, 10, 'Априлци', 3721, 3722),
(1495, 10, 'Ардино', 3723, 3724),
(1496, 10, 'Ауста', 3725, 3726),
(1497, 10, 'Ахрянско', 3727, 3728),
(1498, 10, 'Багра', 3729, 3730),
(1499, 10, 'Багрилци', 3731, 3732),
(1500, 10, 'Багрянка', 3733, 3734),
(1501, 10, 'Бакалите', 3735, 3736),
(1502, 10, 'Балабаново', 3737, 3738),
(1503, 10, 'Бараци', 3739, 3740),
(1504, 10, 'Башево', 3741, 3742),
(1505, 10, 'Бащино', 3743, 3744),
(1506, 10, 'Бедрово', 3745, 3746),
(1507, 10, 'Безводно', 3747, 3748),
(1508, 10, 'Бели вир', 3749, 3750),
(1509, 10, 'Бели пласт', 3751, 3752),
(1510, 10, 'Бенковски', 3753, 3754),
(1511, 10, 'Беснурка', 3755, 3756),
(1512, 10, 'Биволяне', 3757, 3758),
(1513, 10, 'Бистроглед', 3759, 3760),
(1514, 10, 'Благун', 3761, 3762),
(1515, 10, 'Бленика', 3763, 3764),
(1516, 10, 'Богатино', 3765, 3766),
(1517, 10, 'Божак', 3767, 3768),
(1518, 10, 'Божурци', 3769, 3770),
(1519, 10, 'Бойник', 3771, 3772),
(1520, 10, 'Бойно', 3773, 3774),
(1521, 10, 'Болярци', 3775, 3776),
(1522, 10, 'Боровица', 3777, 3778),
(1523, 10, 'Боровско', 3779, 3780),
(1524, 10, 'Босилица', 3781, 3782),
(1525, 10, 'Бостанци', 3783, 3784),
(1526, 10, 'Брегово', 3785, 3786),
(1527, 10, 'Брежана', 3787, 3788),
(1528, 10, 'Брезен', 3789, 3790),
(1529, 10, 'Брош', 3791, 3792),
(1530, 10, 'Бряговец', 3793, 3794),
(1531, 10, 'Бук', 3795, 3796),
(1532, 10, 'Бърза река', 3797, 3798),
(1533, 10, 'Бързея', 3799, 3800),
(1534, 10, 'Бял извор', 3801, 3802),
(1535, 10, 'Бяла поляна', 3803, 3804),
(1536, 10, 'Бялка', 3805, 3806),
(1537, 10, 'Велешани', 3807, 3808),
(1538, 10, 'Великденче', 3809, 3810),
(1539, 10, 'Верско', 3811, 3812),
(1540, 10, 'Висока', 3813, 3814),
(1541, 10, 'Висока поляна', 3815, 3816),
(1542, 10, 'Вишеград', 3817, 3818),
(1543, 10, 'Водач', 3819, 3820),
(1544, 10, 'Воденичарско', 3821, 3822),
(1545, 10, 'Вождово', 3823, 3824),
(1546, 10, 'Войново', 3825, 3826),
(1547, 10, 'Воловарци', 3827, 3828),
(1548, 10, 'Вранско', 3829, 3830),
(1549, 10, 'Врело', 3831, 3832),
(1550, 10, 'Възел', 3833, 3834),
(1551, 10, 'Вълкович', 3835, 3836),
(1552, 10, 'Вълчанка', 3837, 3838),
(1553, 10, 'Върбен', 3839, 3840),
(1554, 10, 'Върбенци', 3841, 3842),
(1555, 10, 'Върли дол', 3843, 3844),
(1556, 10, 'Върхари', 3845, 3846),
(1557, 10, 'Габрово', 3847, 3848),
(1558, 10, 'Генерал Гешево', 3849, 3850),
(1559, 10, 'Главатарци', 3851, 3852),
(1560, 10, 'Главник', 3853, 3854),
(1561, 10, 'Глухар', 3855, 3856),
(1562, 10, 'Гняздово', 3857, 3858);
INSERT INTO `locations` (`node_id`, `parent_id`, `name`, `lft`, `rgt`) VALUES
(1563, 10, 'Голобрад', 3859, 3860),
(1564, 10, 'Голям Девесил', 3861, 3862),
(1565, 10, 'Голяма бара', 3863, 3864),
(1566, 10, 'Голяма Чинка', 3865, 3866),
(1567, 10, 'Голямо Каменяне', 3867, 3868),
(1568, 10, 'Горна крепост', 3869, 3870),
(1569, 10, 'Горна кула', 3871, 3872),
(1570, 10, 'Горни Юруци', 3873, 3874),
(1571, 10, 'Горно Кирково', 3875, 3876),
(1572, 10, 'Горно Къпиново', 3877, 3878),
(1573, 10, 'Горно Прахово', 3879, 3880),
(1574, 10, 'Горски извор', 3881, 3882),
(1575, 10, 'Горско Дюлево', 3883, 3884),
(1576, 10, 'Гривка', 3885, 3886),
(1577, 10, 'Гривяк', 3887, 3888),
(1578, 10, 'Груево', 3889, 3890),
(1579, 10, 'Гулийка', 3891, 3892),
(1580, 10, 'Гулия', 3893, 3894),
(1581, 10, 'Гургулица', 3895, 3896),
(1582, 10, 'Гърбище', 3897, 3898),
(1583, 10, 'Гъсково', 3899, 3900),
(1584, 10, 'Даскалово', 3901, 3902),
(1585, 10, 'Девесилица', 3903, 3904),
(1586, 10, 'Девесилово', 3905, 3906),
(1587, 10, 'Девинци', 3907, 3908),
(1588, 10, 'Дедец', 3909, 3910),
(1589, 10, 'Дедино', 3911, 3912),
(1590, 10, 'Делвино', 3913, 3914),
(1591, 10, 'Джанка', 3915, 3916),
(1592, 10, 'Джебел', 3917, 3918),
(1593, 10, 'Джелепско', 3919, 3920),
(1594, 10, 'Джерово', 3921, 3922),
(1595, 10, 'Доборско', 3923, 3924),
(1596, 10, 'Добриново', 3925, 3926),
(1597, 10, 'Добринци', 3927, 3928),
(1598, 10, 'Добромирци', 3929, 3930),
(1599, 10, 'Дойранци', 3931, 3932),
(1600, 10, 'Долище', 3933, 3934),
(1601, 10, 'Долна крепост', 3935, 3936),
(1602, 10, 'Долна кула', 3937, 3938),
(1603, 10, 'Долни Юруци', 3939, 3940),
(1604, 10, 'Долно Къпиново', 3941, 3942),
(1605, 10, 'Долно Прахово', 3943, 3944),
(1606, 10, 'Домище', 3945, 3946),
(1607, 10, 'Драганово', 3947, 3948),
(1608, 10, 'Дрангово', 3949, 3950),
(1609, 10, 'Дружинци', 3951, 3952),
(1610, 10, 'Друмче', 3953, 3954),
(1611, 10, 'Дрянова глава', 3955, 3956),
(1612, 10, 'Душинково', 3957, 3958),
(1613, 10, 'Душка', 3959, 3960),
(1614, 10, 'Дъждино', 3961, 3962),
(1615, 10, 'Дъждовник', 3963, 3964),
(1616, 10, 'Дъждовница', 3965, 3966),
(1617, 10, 'Дънгово', 3967, 3968),
(1618, 10, 'Дюлица', 3969, 3970),
(1619, 10, 'Дядовско', 3971, 3972),
(1620, 10, 'Дядовци', 3973, 3974),
(1621, 10, 'Егрек', 3975, 3976),
(1622, 10, 'Едрино', 3977, 3978),
(1623, 10, 'Енчец', 3979, 3980),
(1624, 10, 'Еньовче', 3981, 3982),
(1625, 10, 'Еровете', 3983, 3984),
(1626, 10, 'Железник', 3985, 3986),
(1627, 10, 'Желъдово', 3987, 3988),
(1628, 10, 'Женда', 3989, 3990),
(1629, 10, 'Жинзифово', 3991, 3992),
(1630, 10, 'Житарник', 3993, 3994),
(1631, 10, 'Житница', 3995, 3996),
(1632, 10, 'Жълти рид', 3997, 3998),
(1633, 10, 'Жълтика', 3999, 4000),
(1634, 10, 'Жълтуша', 4001, 4002),
(1635, 10, 'Завоя', 4003, 4004),
(1636, 10, 'Загорски', 4005, 4006),
(1637, 10, 'Загорско', 4007, 4008),
(1638, 10, 'Зайчино', 4009, 4010),
(1639, 10, 'Звездел', 4011, 4012),
(1640, 10, 'Звезделина', 4013, 4014),
(1641, 10, 'Звезден', 4015, 4016),
(1642, 10, 'Звиница', 4017, 4018),
(1643, 10, 'Звънарка', 4019, 4020),
(1644, 10, 'Звъника', 4021, 4022),
(1645, 10, 'Звънче', 4023, 4024),
(1646, 10, 'Здравчец', 4025, 4026),
(1647, 10, 'Зелениково', 4027, 4028),
(1648, 10, 'Зимзелен', 4029, 4030),
(1649, 10, 'Зиморница', 4031, 4032),
(1650, 10, 'Златолист', 4033, 4034),
(1651, 10, 'Зорница', 4035, 4036),
(1652, 10, 'Иванци', 4037, 4038),
(1653, 10, 'Илийско', 4039, 4040),
(1654, 10, 'Илиница', 4041, 4042),
(1655, 10, 'Искра', 4043, 4044),
(1656, 10, 'Йончово', 4045, 4046),
(1657, 10, 'Каблешково', 4047, 4048),
(1658, 10, 'Казаците', 4049, 4050),
(1659, 10, 'Калайджиево', 4051, 4052),
(1660, 10, 'Калинка', 4053, 4054),
(1661, 10, 'Калоянци', 4055, 4056),
(1662, 10, 'Каменарци', 4057, 4058),
(1663, 10, 'Каменец', 4059, 4060),
(1664, 10, 'Каменка', 4061, 4062),
(1665, 10, 'Каменяне', 4063, 4064),
(1666, 10, 'Кандилка', 4065, 4066),
(1667, 10, 'Каняк', 4067, 4068),
(1668, 10, 'Карамфил', 4069, 4070),
(1669, 10, 'Качулка', 4071, 4072),
(1670, 10, 'Каялоба', 4073, 4074),
(1671, 10, 'Кирково', 4075, 4076),
(1672, 10, 'Китна', 4077, 4078),
(1673, 10, 'Китница', 4079, 4080),
(1674, 10, 'Кобиляне', 4081, 4082),
(1675, 10, 'Ковил', 4083, 4084),
(1676, 10, 'Кожухарци', 4085, 4086),
(1677, 10, 'Козица', 4087, 4088),
(1678, 10, 'Козлево', 4089, 4090),
(1679, 10, 'Кокиче', 4091, 4092),
(1680, 10, 'Кокошане', 4093, 4094),
(1681, 10, 'Комунига', 4095, 4096),
(1682, 10, 'Конево', 4097, 4098),
(1683, 10, 'Контил', 4099, 4100),
(1684, 10, 'Конче', 4101, 4102),
(1685, 10, 'Копитник', 4103, 4104),
(1686, 10, 'Кос', 4105, 4106),
(1687, 10, 'Костино', 4107, 4108),
(1688, 10, 'Костурино', 4109, 4110),
(1689, 10, 'Котлари', 4111, 4112),
(1690, 10, 'Крайно село', 4113, 4114),
(1691, 10, 'Кран', 4115, 4116),
(1692, 10, 'Красино', 4117, 4118),
(1693, 10, 'Кремен', 4119, 4120),
(1694, 10, 'Кременец', 4121, 4122),
(1695, 10, 'Крилатица', 4123, 4124),
(1696, 10, 'Крин', 4125, 4126),
(1697, 10, 'Кроячево', 4127, 4128),
(1698, 10, 'Крумовград', 4129, 4130),
(1699, 10, 'Крушевска', 4131, 4132),
(1700, 10, 'Крушка', 4133, 4134),
(1701, 10, 'Кукуряк', 4135, 4136),
(1702, 10, 'Купците', 4137, 4138),
(1703, 10, 'Куцово', 4139, 4140),
(1704, 10, 'Къклица', 4141, 4142),
(1705, 10, 'Кърджали', 4143, 4144),
(1706, 10, 'Кърчовско', 4145, 4146),
(1707, 10, 'Кьосево', 4147, 4148),
(1708, 10, 'Лале', 4149, 4150),
(1709, 10, 'Латинка', 4151, 4152),
(1710, 10, 'Лебед', 4153, 4154),
(1711, 10, 'Левци', 4155, 4156),
(1712, 10, 'Ленище', 4157, 4158),
(1713, 10, 'Летовник', 4159, 4160),
(1714, 10, 'Лещарка', 4161, 4162),
(1715, 10, 'Лимец', 4163, 4164),
(1716, 10, 'Лисиците', 4165, 4166),
(1717, 10, 'Лозенградци', 4167, 4168),
(1718, 10, 'Луличка', 4169, 4170),
(1719, 10, 'Лъвово', 4171, 4172),
(1720, 10, 'Любино', 4173, 4174),
(1721, 10, 'Люляково', 4175, 4176),
(1722, 10, 'Лясково', 4177, 4178),
(1723, 10, 'Майсторово', 4179, 4180),
(1724, 10, 'Мак', 4181, 4182),
(1725, 10, 'Македонци', 4183, 4184),
(1726, 10, 'Малка Чинка', 4185, 4186),
(1727, 10, 'Малко Каменяне', 4187, 4188),
(1728, 10, 'Малкоч', 4189, 4190),
(1729, 10, 'Малък Девесил', 4191, 4192),
(1730, 10, 'Манчево', 4193, 4194),
(1731, 10, 'Мартино', 4195, 4196),
(1732, 10, 'Медевци', 4197, 4198),
(1733, 10, 'Метлика', 4199, 4200),
(1734, 10, 'Метличина', 4201, 4202),
(1735, 10, 'Метличка', 4203, 4204),
(1736, 10, 'Миладиново', 4205, 4206),
(1737, 10, 'Минзухар', 4207, 4208),
(1738, 10, 'Мишевско', 4209, 4210),
(1739, 10, 'Млечино', 4211, 4212),
(1740, 10, 'Могиляне', 4213, 4214),
(1741, 10, 'Момина сълза', 4215, 4216),
(1742, 10, 'Момчилград', 4217, 4218),
(1743, 10, 'Морянци', 4219, 4220),
(1744, 10, 'Мост', 4221, 4222),
(1745, 10, 'Мрежичко', 4223, 4224),
(1746, 10, 'Мурга', 4225, 4226),
(1747, 10, 'Мургово', 4227, 4228),
(1748, 10, 'Мусево', 4229, 4230),
(1749, 10, 'Мъглене', 4231, 4232),
(1750, 10, 'Мъдрец', 4233, 4234),
(1751, 10, 'Нане', 4235, 4236),
(1752, 10, 'Нановица', 4237, 4238),
(1753, 10, 'Небеска', 4239, 4240),
(1754, 10, 'Невестино', 4241, 4242),
(1755, 10, 'Ненково', 4243, 4244),
(1756, 10, 'Неофит Бозвелиево', 4245, 4246),
(1757, 10, 'Нови пазар', 4247, 4248),
(1758, 10, 'Новоселище', 4249, 4250),
(1759, 10, 'Ночево', 4251, 4252),
(1760, 10, 'Обичник', 4253, 4254),
(1761, 10, 'Овчари', 4255, 4256),
(1762, 10, 'Овчево', 4257, 4258),
(1763, 10, 'Опълченско', 4259, 4260),
(1764, 10, 'Орех', 4261, 4262),
(1765, 10, 'Орешари', 4263, 4264),
(1766, 10, 'Орешница', 4265, 4266),
(1767, 10, 'Орлица', 4267, 4268),
(1768, 10, 'Островец', 4269, 4270),
(1769, 10, 'Островица', 4271, 4272),
(1770, 10, 'Охлювец', 4273, 4274),
(1771, 10, 'Падало', 4275, 4276),
(1772, 10, 'Падина', 4277, 4278),
(1773, 10, 'Пазарци', 4279, 4280),
(1774, 10, 'Паничково', 4281, 4282),
(1775, 10, 'Панчево', 4283, 4284),
(1776, 10, 'Папрат', 4285, 4286),
(1777, 10, 'Паспал', 4287, 4288),
(1778, 10, 'Патица', 4289, 4290),
(1779, 10, 'Пашинци', 4291, 4292),
(1780, 10, 'Пелин', 4293, 4294),
(1781, 10, 'Пеньово', 4295, 4296),
(1782, 10, 'Пепелище', 4297, 4298),
(1783, 10, 'Перперек', 4299, 4300),
(1784, 10, 'Перуника', 4301, 4302),
(1785, 10, 'Песнопой', 4303, 4304),
(1786, 10, 'Петелово', 4305, 4306),
(1787, 10, 'Петлино', 4307, 4308),
(1788, 10, 'Пиявец', 4309, 4310),
(1789, 10, 'Плазище', 4311, 4312),
(1790, 10, 'Плешинци', 4313, 4314),
(1791, 10, 'Пловка', 4315, 4316),
(1792, 10, 'Повет', 4317, 4318),
(1793, 10, 'Подвръх', 4319, 4320),
(1794, 10, 'Подкова', 4321, 4322),
(1795, 10, 'Подрумче', 4323, 4324),
(1796, 10, 'Полковник Желязово', 4325, 4326),
(1797, 10, 'Полянец', 4327, 4328),
(1798, 10, 'Постник', 4329, 4330),
(1799, 10, 'Поточарка', 4331, 4332),
(1800, 10, 'Поточе', 4333, 4334),
(1801, 10, 'Поточница', 4335, 4336),
(1802, 10, 'Правдолюб', 4337, 4338),
(1803, 10, 'Пресека', 4339, 4340),
(1804, 10, 'Прилепци', 4341, 4342),
(1805, 10, 'Припек', 4343, 4344),
(1806, 10, 'Прогрес', 4345, 4346),
(1807, 10, 'Пропаст', 4347, 4348),
(1808, 10, 'Пряпорец', 4349, 4350),
(1809, 10, 'Птичар', 4351, 4352),
(1810, 10, 'Пчеларово', 4353, 4354),
(1811, 10, 'Пъдарци', 4355, 4356),
(1812, 10, 'Първенци', 4357, 4358),
(1813, 10, 'Първица', 4359, 4360),
(1814, 10, 'Равен', 4361, 4362),
(1815, 10, 'Ралица', 4363, 4364),
(1816, 10, 'Раличево', 4365, 4366),
(1817, 10, 'Рани лист', 4367, 4368),
(1818, 10, 'Растник', 4369, 4370),
(1819, 10, 'Резбарци', 4371, 4372),
(1820, 10, 'Рибарци', 4373, 4374),
(1821, 10, 'Рибино', 4375, 4376),
(1822, 10, 'Ридино', 4377, 4378),
(1823, 10, 'Ридово', 4379, 4380),
(1824, 10, 'Рогач', 4381, 4382),
(1825, 10, 'Рогозари', 4383, 4384),
(1826, 10, 'Рогозче', 4385, 4386),
(1827, 10, 'Родопско', 4387, 4388),
(1828, 10, 'Рожденско', 4389, 4390),
(1829, 10, 'Рудина', 4391, 4392),
(1830, 10, 'Русалина', 4393, 4394),
(1831, 10, 'Русалско', 4395, 4396),
(1832, 10, 'Ручей', 4397, 4398),
(1833, 10, 'Рът', 4399, 4400),
(1834, 10, 'Садовица', 4401, 4402),
(1835, 10, 'Самовила', 4403, 4404),
(1836, 10, 'Самодива', 4405, 4406),
(1837, 10, 'Самокитка', 4407, 4408),
(1838, 10, 'Сбор', 4409, 4410),
(1839, 10, 'Сватбаре', 4411, 4412),
(1840, 10, 'Светлен', 4413, 4414),
(1841, 10, 'Светулка', 4415, 4416),
(1842, 10, 'Свобода', 4417, 4418),
(1843, 10, 'Свободиново', 4419, 4420),
(1844, 10, 'Севдалина', 4421, 4422),
(1845, 10, 'Седефче', 4423, 4424),
(1846, 10, 'Седлари', 4425, 4426),
(1847, 10, 'Седларци', 4427, 4428),
(1848, 10, 'Седловина', 4429, 4430),
(1849, 10, 'Секирка', 4431, 4432),
(1850, 10, 'Сенце', 4433, 4434),
(1851, 10, 'Сестринско', 4435, 4436),
(1852, 10, 'Синделци', 4437, 4438),
(1853, 10, 'Синигер', 4439, 4440),
(1854, 10, 'Синчец', 4441, 4442),
(1855, 10, 'Сипей', 4443, 4444),
(1856, 10, 'Сипец', 4445, 4446),
(1857, 10, 'Скалак', 4447, 4448),
(1858, 10, 'Скалина', 4449, 4450),
(1859, 10, 'Скалище', 4451, 4452),
(1860, 10, 'Скална глава', 4453, 4454),
(1861, 10, 'Скърбино', 4455, 4456),
(1862, 10, 'Сладкодум', 4457, 4458),
(1863, 10, 'Сливарка', 4459, 4460),
(1864, 10, 'Слънчоглед', 4461, 4462),
(1865, 10, 'Снежинка', 4463, 4464),
(1866, 10, 'Соколино', 4465, 4466),
(1867, 10, 'Соколите', 4467, 4468),
(1868, 10, 'Соколско', 4469, 4470),
(1869, 10, 'Соколяне', 4471, 4472),
(1870, 10, 'Солище', 4473, 4474),
(1871, 10, 'Софийци', 4475, 4476),
(1872, 10, 'Сполука', 4477, 4478),
(1873, 10, 'Срединка', 4479, 4480),
(1874, 10, 'Среднево', 4481, 4482),
(1875, 10, 'Средска', 4483, 4484),
(1876, 10, 'Средско', 4485, 4486),
(1877, 10, 'Срънско', 4487, 4488),
(1878, 10, 'Стар читак', 4489, 4490),
(1879, 10, 'Старейшино', 4491, 4492),
(1880, 10, 'Стари чал', 4493, 4494),
(1881, 10, 'Старо място', 4495, 4496),
(1882, 10, 'Старово', 4497, 4498),
(1883, 10, 'Стоманци', 4499, 4500),
(1884, 10, 'Стояново', 4501, 4502),
(1885, 10, 'Стражевци', 4503, 4504),
(1886, 10, 'Стражец', 4505, 4506),
(1887, 10, 'Стражница', 4507, 4508),
(1888, 10, 'Странджево', 4509, 4510),
(1889, 10, 'Страхил войвода', 4511, 4512),
(1890, 10, 'Стремово', 4513, 4514),
(1891, 10, 'Стремци', 4515, 4516),
(1892, 10, 'Стрижба', 4517, 4518),
(1893, 10, 'Студен кладенец', 4519, 4520),
(1894, 10, 'Сухово', 4521, 4522),
(1895, 10, 'Сърнак', 4523, 4524),
(1896, 10, 'Сярци', 4525, 4526),
(1897, 10, 'Татково', 4527, 4528),
(1898, 10, 'Татул', 4529, 4530),
(1899, 10, 'Телчарка', 4531, 4532),
(1900, 10, 'Теменуга', 4533, 4534),
(1901, 10, 'Тинтява', 4535, 4536),
(1902, 10, 'Тихомир', 4537, 4538),
(1903, 10, 'Токачка', 4539, 4540),
(1904, 10, 'Тополка', 4541, 4542),
(1905, 10, 'Тополчане', 4543, 4544),
(1906, 10, 'Три могили', 4545, 4546),
(1907, 10, 'Търна', 4547, 4548),
(1908, 10, 'Търновци', 4549, 4550),
(1909, 10, 'Търносливка', 4551, 4552),
(1910, 10, 'Тютюнче', 4553, 4554),
(1911, 10, 'Устрен', 4555, 4556),
(1912, 10, 'Фотиново', 4557, 4558),
(1913, 10, 'Хаджийско', 4559, 4560),
(1914, 10, 'Хисар', 4561, 4562),
(1915, 10, 'Ходжовци', 4563, 4564),
(1916, 10, 'Храстово', 4565, 4566),
(1917, 10, 'Хромица', 4567, 4568),
(1918, 10, 'Царевец', 4569, 4570),
(1919, 10, 'Царино', 4571, 4572),
(1920, 10, 'Цвятово', 4573, 4574),
(1921, 10, 'Църквица', 4575, 4576),
(1922, 10, 'Чавка', 4577, 4578),
(1923, 10, 'Чайка', 4579, 4580),
(1924, 10, 'Чакаларово', 4581, 4582),
(1925, 10, 'Чакалци', 4583, 4584),
(1926, 10, 'Чал', 4585, 4586),
(1927, 10, 'Чеганци', 4587, 4588),
(1928, 10, 'Червена скала', 4589, 4590),
(1929, 10, 'Черешица', 4591, 4592),
(1930, 10, 'Черешка', 4593, 4594),
(1931, 10, 'Черна нива', 4595, 4596),
(1932, 10, 'Черна скала', 4597, 4598),
(1933, 10, 'Чернигово', 4599, 4600),
(1934, 10, 'Черничево', 4601, 4602),
(1935, 10, 'Чернооки', 4603, 4604),
(1936, 10, 'Черноочене', 4605, 4606),
(1937, 10, 'Черньовци', 4607, 4608),
(1938, 10, 'Чилик', 4609, 4610),
(1939, 10, 'Чифлик', 4611, 4612),
(1940, 10, 'Чичево', 4613, 4614),
(1941, 10, 'Чобанка', 4615, 4616),
(1942, 10, 'Чомаково', 4617, 4618),
(1943, 10, 'Чорбаджийско', 4619, 4620),
(1944, 10, 'Чубрика', 4621, 4622),
(1945, 10, 'Чуково', 4623, 4624),
(1946, 10, 'Шипок', 4625, 4626),
(1947, 10, 'Широко поле', 4627, 4628),
(1948, 10, 'Шопци', 4629, 4630),
(1949, 10, 'Шумнатица', 4631, 4632),
(1950, 10, 'Щерна', 4633, 4634),
(1951, 10, 'Юнаци', 4635, 4636),
(1952, 10, 'Ябълковец', 4637, 4638),
(1953, 10, 'Ябълчени', 4639, 4640),
(1954, 10, 'Яворово', 4641, 4642),
(1955, 10, 'Яковица', 4643, 4644),
(1956, 10, 'Ямино', 4645, 4646),
(1957, 10, 'Янино', 4647, 4648),
(1958, 10, 'Яребица', 4649, 4650),
(1959, 10, 'Ястреб', 4651, 4652),
(1960, 11, 'Бабино', 4655, 4656),
(1961, 11, 'Бабинска река', 4657, 4658),
(1962, 11, 'Багренци', 4659, 4660),
(1963, 11, 'Бадино', 4661, 4662),
(1964, 11, 'Баланово', 4663, 4664),
(1965, 11, 'Бараково', 4665, 4666),
(1966, 11, 'Берсин', 4667, 4668),
(1967, 11, 'Бистрица', 4669, 4670),
(1968, 11, 'Блажиево', 4671, 4672),
(1969, 11, 'Блатец', 4673, 4674),
(1970, 11, 'Блатино', 4675, 4676),
(1971, 11, 'Блато', 4677, 4678),
(1972, 11, 'Бобешино', 4679, 4680),
(1973, 11, 'Бобов дол', 4681, 4682),
(1974, 11, 'Бобошево', 4683, 4684),
(1975, 11, 'Богослов', 4685, 4686),
(1976, 11, 'Боровец', 4687, 4688),
(1977, 11, 'Брест', 4689, 4690),
(1978, 11, 'Буново', 4691, 4692),
(1979, 11, 'Бураново', 4693, 4694),
(1980, 11, 'Бъзовица', 4695, 4696),
(1981, 11, 'Ваксево', 4697, 4698),
(1982, 11, 'Ветрен', 4699, 4700),
(1983, 11, 'Висока могила', 4701, 4702),
(1984, 11, 'Вратца', 4703, 4704),
(1985, 11, 'Вуково', 4705, 4706),
(1986, 11, 'Габрешевци', 4707, 4708),
(1987, 11, 'Гирчевци', 4709, 4710),
(1988, 11, 'Голема Фуча', 4711, 4712),
(1989, 11, 'Големо село', 4713, 4714),
(1990, 11, 'Голям Върбовник', 4715, 4716),
(1991, 11, 'Горановци', 4717, 4718),
(1992, 11, 'Горна Брестница', 4719, 4720),
(1993, 11, 'Горна Гращица', 4721, 4722),
(1994, 11, 'Горна Козница', 4723, 4724),
(1995, 11, 'Горни Коритен', 4725, 4726),
(1996, 11, 'Горно Кобиле', 4727, 4728),
(1997, 11, 'Горно Уйно', 4729, 4730),
(1998, 11, 'Грамаде', 4731, 4732),
(1999, 11, 'Грамаждано', 4733, 4734),
(2000, 11, 'Граница', 4735, 4736),
(2001, 11, 'Гурбановци', 4737, 4738),
(2002, 11, 'Гърбино', 4739, 4740),
(2003, 11, 'Гърляно', 4741, 4742),
(2004, 11, 'Гюешево', 4743, 4744),
(2005, 11, 'Дворище', 4745, 4746),
(2006, 11, 'Делян', 4747, 4748),
(2007, 11, 'Джерман', 4749, 4750),
(2008, 11, 'Длъхчево-Сабляр', 4751, 4752),
(2009, 11, 'Добри дол', 4753, 4754),
(2010, 11, 'Доброво', 4755, 4756),
(2011, 11, 'Дождевица', 4757, 4758),
(2012, 11, 'Долистово', 4759, 4760),
(2013, 11, 'Долна Гращица', 4761, 4762),
(2014, 11, 'Долна Козница', 4763, 4764),
(2015, 11, 'Долни Коритен', 4765, 4766),
(2016, 11, 'Долно Кобиле', 4767, 4768),
(2017, 11, 'Долно село', 4769, 4770),
(2018, 11, 'Долно Уйно', 4771, 4772),
(2019, 11, 'Драговищица', 4773, 4774),
(2020, 11, 'Драгодан', 4775, 4776),
(2021, 11, 'Драгойчинци', 4777, 4778),
(2022, 11, 'Друмохар', 4779, 4780),
(2023, 11, 'Дупница', 4781, 4782),
(2024, 11, 'Дяково', 4783, 4784),
(2025, 11, 'Еремия', 4785, 4786),
(2026, 11, 'Жабокрът', 4787, 4788),
(2027, 11, 'Жеравино', 4789, 4790),
(2028, 11, 'Жиленци', 4791, 4792),
(2029, 11, 'Згурово', 4793, 4794),
(2030, 11, 'Злогош', 4795, 4796),
(2031, 11, 'Ивановци', 4797, 4798),
(2032, 11, 'Илия', 4799, 4800),
(2033, 11, 'Кадровица', 4801, 4802),
(2034, 11, 'Каменик', 4803, 4804),
(2035, 11, 'Каменичка Скакавица', 4805, 4806),
(2036, 11, 'Катрище', 4807, 4808),
(2037, 11, 'Киселица', 4809, 4810),
(2038, 11, 'Коняво', 4811, 4812),
(2039, 11, 'Копиловци', 4813, 4814),
(2040, 11, 'Коприва', 4815, 4816),
(2041, 11, 'Коркина', 4817, 4818),
(2042, 11, 'Косово', 4819, 4820),
(2043, 11, 'Кочериново', 4821, 4822),
(2044, 11, 'Крайни дол', 4823, 4824),
(2045, 11, 'Крайници', 4825, 4826),
(2046, 11, 'Кременик', 4827, 4828),
(2047, 11, 'Крумово', 4829, 4830),
(2048, 11, 'Кутугерци', 4831, 4832),
(2049, 11, 'Кършалево', 4833, 4834),
(2050, 11, 'Кюстендил', 4835, 4836),
(2051, 11, 'Лелинци', 4837, 4838),
(2052, 11, 'Леска', 4839, 4840),
(2053, 11, 'Лиляч', 4841, 4842),
(2054, 11, 'Лисец', 4843, 4844),
(2055, 11, 'Лозно', 4845, 4846),
(2056, 11, 'Локвата', 4847, 4848),
(2057, 11, 'Ломница', 4849, 4850),
(2058, 11, 'Мазарачево', 4851, 4852),
(2059, 11, 'Мала Фуча', 4853, 4854),
(2060, 11, 'Мали Върбовник', 4855, 4856),
(2061, 11, 'Мало село', 4857, 4858),
(2062, 11, 'Метохия', 4859, 4860),
(2063, 11, 'Мламолово', 4861, 4862),
(2064, 11, 'Мурсалево', 4863, 4864),
(2065, 11, 'Мърводол', 4865, 4866),
(2066, 11, 'Невестино', 4867, 4868),
(2067, 11, 'Неделкова Гращица', 4869, 4870),
(2068, 11, 'Николичевци', 4871, 4872),
(2069, 11, 'Нови чифлик', 4873, 4874),
(2070, 11, 'Ново село', 4875, 4876),
(2071, 11, 'Новоселяне', 4877, 4878),
(2072, 11, 'Овчарци', 4879, 4880),
(2073, 11, 'Падала', 4881, 4882),
(2074, 11, 'Палатово', 4883, 4884),
(2075, 11, 'Паничарево', 4885, 4886),
(2076, 11, 'Паничище', 4887, 4888),
(2077, 11, 'Пастра', 4889, 4890),
(2078, 11, 'Пастух', 4891, 4892),
(2079, 11, 'Пелатиково', 4893, 4894),
(2080, 11, 'Пиперево', 4895, 4896),
(2081, 11, 'Пиперков чифлик', 4897, 4898),
(2082, 11, 'Побит камък', 4899, 4900),
(2083, 11, 'Полетинци', 4901, 4902),
(2084, 11, 'Полска Скакавица', 4903, 4904),
(2085, 11, 'Пороминово', 4905, 4906),
(2086, 11, 'Преколница', 4907, 4908),
(2087, 11, 'Радловци', 4909, 4910),
(2088, 11, 'Раждавица', 4911, 4912),
(2089, 11, 'Раково', 4913, 4914),
(2090, 11, 'Раненци', 4915, 4916),
(2091, 11, 'Рашка Гращица', 4917, 4918),
(2092, 11, 'Режинци', 4919, 4920),
(2093, 11, 'Ресилово', 4921, 4922),
(2094, 11, 'Рила', 4923, 4924),
(2095, 11, 'Рилски манастир', 4925, 4926),
(2096, 11, 'Ръсово', 4927, 4928),
(2097, 11, 'Савойски', 4929, 4930),
(2098, 11, 'Сажденик', 4931, 4932),
(2099, 11, 'Самораново', 4933, 4934),
(2100, 11, 'Сапарева баня', 4935, 4936),
(2101, 11, 'Сапарево', 4937, 4938),
(2102, 11, 'Скрино', 4939, 4940),
(2103, 11, 'Скриняно', 4941, 4942),
(2104, 11, 'Слатино', 4943, 4944),
(2105, 11, 'Слокощица', 4945, 4946),
(2106, 11, 'Смоличано', 4947, 4948),
(2107, 11, 'Смочево', 4949, 4950),
(2108, 11, 'Соволяно', 4951, 4952),
(2109, 11, 'Сопово', 4953, 4954),
(2110, 11, 'Средорек', 4955, 4956),
(2111, 11, 'Стенско', 4957, 4958),
(2112, 11, 'Стоб', 4959, 4960),
(2113, 11, 'Страдалово', 4961, 4962),
(2114, 11, 'Сушица', 4963, 4964),
(2115, 11, 'Таваличево', 4965, 4966),
(2116, 11, 'Тишаново', 4967, 4968),
(2117, 11, 'Тополница', 4969, 4970),
(2118, 11, 'Трекляно', 4971, 4972),
(2119, 11, 'Търновлаг', 4973, 4974),
(2120, 11, 'Търсино', 4975, 4976),
(2121, 11, 'Усойка', 4977, 4978),
(2122, 11, 'Уши', 4979, 4980),
(2123, 11, 'Фролош', 4981, 4982),
(2124, 11, 'Церовица', 4983, 4984),
(2125, 11, 'Циклово', 4985, 4986),
(2126, 11, 'Црешново', 4987, 4988),
(2127, 11, 'Църварица', 4989, 4990),
(2128, 11, 'Цървена ябълка', 4991, 4992),
(2129, 11, 'Цървендол', 4993, 4994),
(2130, 11, 'Цървеняно', 4995, 4996),
(2131, 11, 'Цървище', 4997, 4998),
(2132, 11, 'Чеканец', 4999, 5000),
(2133, 11, 'Червен брег', 5001, 5002),
(2134, 11, 'Четирци', 5003, 5004),
(2135, 11, 'Чешлянци', 5005, 5006),
(2136, 11, 'Чудинци', 5007, 5008),
(2137, 11, 'Шатрово', 5009, 5010),
(2138, 11, 'Шипочано', 5011, 5012),
(2139, 11, 'Шишковци', 5013, 5014),
(2140, 11, 'Ябълково', 5015, 5016),
(2141, 11, 'Яхиново', 5017, 5018),
(2142, 12, 'Абланица', 5021, 5022),
(2143, 12, 'Александрово', 5023, 5024),
(2144, 12, 'Априлци', 5025, 5026),
(2145, 12, 'Бабинци', 5027, 5028),
(2146, 12, 'Балабанско', 5029, 5030),
(2147, 12, 'Балканец', 5031, 5032),
(2148, 12, 'Батулци', 5033, 5034),
(2149, 12, 'Баховица', 5035, 5036),
(2150, 12, 'Бежаново', 5037, 5038),
(2151, 12, 'Беленци', 5039, 5040),
(2152, 12, 'Бели Осъм', 5041, 5042),
(2153, 12, 'Белиш', 5043, 5044),
(2154, 12, 'Борима', 5045, 5046),
(2155, 12, 'Брестница', 5047, 5048),
(2156, 12, 'Брестово', 5049, 5050),
(2157, 12, 'Българене', 5051, 5052),
(2158, 12, 'Български извор', 5053, 5054),
(2159, 12, 'Василковска махала', 5055, 5056),
(2160, 12, 'Васильово', 5057, 5058),
(2161, 12, 'Велчево', 5059, 5060),
(2162, 12, 'Владиня', 5061, 5062),
(2163, 12, 'Врабево', 5063, 5064),
(2164, 12, 'Галата', 5065, 5066),
(2165, 12, 'Глогово', 5067, 5068),
(2166, 12, 'Гложене', 5069, 5070),
(2167, 12, 'Голец', 5071, 5072),
(2168, 12, 'Голям извор', 5073, 5074),
(2169, 12, 'Голяма Брестница', 5075, 5076),
(2170, 12, 'Голяма Желязна', 5077, 5078),
(2171, 12, 'Горан', 5079, 5080),
(2172, 12, 'Горно Павликене', 5081, 5082),
(2173, 12, 'Горно трапе', 5083, 5084),
(2174, 12, 'Горско Сливово', 5085, 5086),
(2175, 12, 'Гостиня', 5087, 5088),
(2176, 12, 'Градежница', 5089, 5090),
(2177, 12, 'Гумощник', 5091, 5092),
(2178, 12, 'Дебнево', 5093, 5094),
(2179, 12, 'Деветаки', 5095, 5096),
(2180, 12, 'Дерманци', 5097, 5098),
(2181, 12, 'Дивчовото', 5099, 5100),
(2182, 12, 'Добревци', 5101, 5102),
(2183, 12, 'Добродан', 5103, 5104),
(2184, 12, 'Дойренци', 5105, 5106),
(2185, 12, 'Драгана', 5107, 5108),
(2186, 12, 'Драшкова поляна', 5109, 5110),
(2187, 12, 'Дренов', 5111, 5112),
(2188, 12, 'Дъбен', 5113, 5114),
(2189, 12, 'Дъбрава', 5115, 5116),
(2190, 12, 'Дъбравата', 5117, 5118),
(2191, 12, 'Дълбок дол', 5119, 5120),
(2192, 12, 'Златна Панега', 5121, 5122),
(2193, 12, 'Изворче', 5123, 5124),
(2194, 12, 'Йоглав', 5125, 5126),
(2195, 12, 'Казачево', 5127, 5128),
(2196, 12, 'Калейца', 5129, 5130),
(2197, 12, 'Каленик', 5131, 5132),
(2198, 12, 'Карлуково', 5133, 5134),
(2199, 12, 'Катунец', 5135, 5136),
(2200, 12, 'Киркова махала', 5137, 5138),
(2201, 12, 'Кирчево', 5139, 5140),
(2202, 12, 'Крушуна', 5141, 5142),
(2203, 12, 'Къкрина', 5143, 5144),
(2204, 12, 'Кърпачево', 5145, 5146),
(2205, 12, 'Лесидрен', 5147, 5148),
(2206, 12, 'Летница', 5149, 5150),
(2207, 12, 'Лешница', 5151, 5152),
(2208, 12, 'Лисец', 5153, 5154),
(2209, 12, 'Ловеч', 5155, 5156),
(2210, 12, 'Ломец', 5157, 5158),
(2211, 12, 'Луковит', 5159, 5160),
(2212, 12, 'Малиново', 5161, 5162),
(2213, 12, 'Малка Желязна', 5163, 5164),
(2214, 12, 'Малък извор', 5165, 5166),
(2215, 12, 'Микре', 5167, 5168),
(2216, 12, 'Орешак', 5169, 5170),
(2217, 12, 'Орешене', 5171, 5172),
(2218, 12, 'Орляне', 5173, 5174),
(2219, 12, 'Патрешко', 5175, 5176),
(2220, 12, 'Петревене', 5177, 5178),
(2221, 12, 'Пещерна', 5179, 5180),
(2222, 12, 'Прелом', 5181, 5182),
(2223, 12, 'Пресяка', 5183, 5184),
(2224, 12, 'Радювене', 5185, 5186),
(2225, 12, 'Рибарица', 5187, 5188),
(2226, 12, 'Румянцево', 5189, 5190),
(2227, 12, 'Скандалото', 5191, 5192),
(2228, 12, 'Скобелево', 5193, 5194),
(2229, 12, 'Славщица', 5195, 5196),
(2230, 12, 'Славяни', 5197, 5198),
(2231, 12, 'Слатина', 5199, 5200),
(2232, 12, 'Сливек', 5201, 5202),
(2233, 12, 'Смочан', 5203, 5204),
(2234, 12, 'Соколово', 5205, 5206),
(2235, 12, 'Сопот', 5207, 5208),
(2236, 12, 'Старо село', 5209, 5210),
(2237, 12, 'Стефаново', 5211, 5212),
(2238, 12, 'Тепава', 5213, 5214),
(2239, 12, 'Терзийско', 5215, 5216),
(2240, 12, 'Тетевен', 5217, 5218),
(2241, 12, 'Тодоричене', 5219, 5220),
(2242, 12, 'Торос', 5221, 5222),
(2243, 12, 'Троян', 5223, 5224),
(2244, 12, 'Угърчин', 5225, 5226),
(2245, 12, 'Умаревци', 5227, 5228),
(2246, 12, 'Хлевене', 5229, 5230),
(2247, 12, 'Чавдарци', 5231, 5232),
(2248, 12, 'Черни Вит', 5233, 5234),
(2249, 12, 'Черни Осъм', 5235, 5236),
(2250, 12, 'Чифлик', 5237, 5238),
(2251, 12, 'Шипково', 5239, 5240),
(2252, 12, 'Ъглен', 5241, 5242),
(2253, 12, 'Ябланица', 5243, 5244),
(2254, 13, 'Аспарухово', 5247, 5248),
(2255, 13, 'Балювица', 5249, 5250),
(2256, 13, 'Безденица', 5251, 5252),
(2257, 13, 'Бели брег', 5253, 5254),
(2258, 13, 'Бели брод', 5255, 5256),
(2259, 13, 'Белимел', 5257, 5258),
(2260, 13, 'Белотинци', 5259, 5260),
(2261, 13, 'Берковица', 5261, 5262),
(2262, 13, 'Бистрилица', 5263, 5264),
(2263, 13, 'Благово', 5265, 5266),
(2264, 13, 'Бойчиновци', 5267, 5268),
(2265, 13, 'Бокиловци', 5269, 5270),
(2266, 13, 'Боровци', 5271, 5272),
(2267, 13, 'Ботево', 5273, 5274),
(2268, 13, 'Брусарци', 5275, 5276),
(2269, 13, 'Буковец', 5277, 5278),
(2270, 13, 'Бъзовец', 5279, 5280),
(2271, 13, 'Бързия', 5281, 5282),
(2272, 13, 'Василовци', 5283, 5284),
(2273, 13, 'Видлица', 5285, 5286),
(2274, 13, 'Винище', 5287, 5288),
(2275, 13, 'Вирове', 5289, 5290),
(2276, 13, 'Владимирово', 5291, 5292),
(2277, 13, 'Войници', 5293, 5294),
(2278, 13, 'Вълчедръм', 5295, 5296),
(2279, 13, 'Вършец', 5297, 5298),
(2280, 13, 'Габровница', 5299, 5300),
(2281, 13, 'Гаврил Геново', 5301, 5302),
(2282, 13, 'Гаганица', 5303, 5304),
(2283, 13, 'Георги Дамяново', 5305, 5306),
(2284, 13, 'Главановци', 5307, 5308),
(2285, 13, 'Говежда', 5309, 5310),
(2286, 13, 'Горна Бела речка', 5311, 5312),
(2287, 13, 'Горна Вереница', 5313, 5314),
(2288, 13, 'Горна Ковачица', 5315, 5316),
(2289, 13, 'Горна Лука', 5317, 5318),
(2290, 13, 'Горни Цибър', 5319, 5320),
(2291, 13, 'Горно Озирово', 5321, 5322),
(2292, 13, 'Горно Церовене', 5323, 5324),
(2293, 13, 'Громшин', 5325, 5326),
(2294, 13, 'Дива Слатина', 5327, 5328),
(2295, 13, 'Добри дол', 5329, 5330),
(2296, 13, 'Доктор Йосифово', 5331, 5332),
(2297, 13, 'Долна Бела речка', 5333, 5334),
(2298, 13, 'Долна Вереница', 5335, 5336),
(2299, 13, 'Долна Рикса', 5337, 5338),
(2300, 13, 'Долни Цибър', 5339, 5340),
(2301, 13, 'Долно Белотинци', 5341, 5342),
(2302, 13, 'Долно Линево', 5343, 5344),
(2303, 13, 'Долно Озирово', 5345, 5346),
(2304, 13, 'Долно Церовене', 5347, 5348),
(2305, 13, 'Дондуково', 5349, 5350),
(2306, 13, 'Драганица', 5351, 5352),
(2307, 13, 'Дъбова махала', 5353, 5354),
(2308, 13, 'Дълги дел', 5355, 5356),
(2309, 13, 'Дългоделци', 5357, 5358),
(2310, 13, 'Еловица', 5359, 5360),
(2311, 13, 'Ерден', 5361, 5362),
(2312, 13, 'Железна', 5363, 5364),
(2313, 13, 'Замфир', 5365, 5366),
(2314, 13, 'Замфирово', 5367, 5368),
(2315, 13, 'Златия', 5369, 5370),
(2316, 13, 'Игнатово', 5371, 5372),
(2317, 13, 'Каменна Рикса', 5373, 5374),
(2318, 13, 'Киселево', 5375, 5376),
(2319, 13, 'Клисурица', 5377, 5378),
(2320, 13, 'Клисурски манастир', 5379, 5380),
(2321, 13, 'Княжева махала', 5381, 5382),
(2322, 13, 'Кобиляк', 5383, 5384),
(2323, 13, 'Ковачица', 5385, 5386),
(2324, 13, 'Комарево', 5387, 5388),
(2325, 13, 'Комощица', 5389, 5390),
(2326, 13, 'Копиловци', 5391, 5392),
(2327, 13, 'Костенци', 5393, 5394),
(2328, 13, 'Котеновци', 5395, 5396),
(2329, 13, 'Крапчене', 5397, 5398),
(2330, 13, 'Крива бара', 5399, 5400),
(2331, 13, 'Лесковец', 5401, 5402),
(2332, 13, 'Лехчево', 5403, 5404),
(2333, 13, 'Липен', 5405, 5406),
(2334, 13, 'Лом', 5407, 5408),
(2335, 13, 'Мадан', 5409, 5410),
(2336, 13, 'Мартиново', 5411, 5412),
(2337, 13, 'Медковец', 5413, 5414),
(2338, 13, 'Мездрея', 5415, 5416),
(2339, 13, 'Меляне', 5417, 5418),
(2340, 13, 'Митровци', 5419, 5420),
(2341, 13, 'Мокреш', 5421, 5422),
(2342, 13, 'Монтана', 5423, 5424),
(2343, 13, 'Мърчево', 5425, 5426),
(2344, 13, 'Николово', 5427, 5428),
(2345, 13, 'Одоровци', 5429, 5430),
(2346, 13, 'Орсоя', 5431, 5432),
(2347, 13, 'Охрид', 5433, 5434),
(2348, 13, 'Палилула', 5435, 5436),
(2349, 13, 'Песочница', 5437, 5438),
(2350, 13, 'Пишурка', 5439, 5440),
(2351, 13, 'Помеждин', 5441, 5442),
(2352, 13, 'Портитовци', 5443, 5444),
(2353, 13, 'Превала', 5445, 5446),
(2354, 13, 'Пърличево', 5447, 5448),
(2355, 13, 'Равна', 5449, 5450),
(2356, 13, 'Разград', 5451, 5452),
(2357, 13, 'Расово', 5453, 5454),
(2358, 13, 'Рашовица', 5455, 5456),
(2359, 13, 'Септемврийци', 5457, 5458),
(2360, 13, 'Славотин', 5459, 5460),
(2361, 13, 'Слатина', 5461, 5462),
(2362, 13, 'Сливата', 5463, 5464),
(2363, 13, 'Сливовик', 5465, 5466),
(2364, 13, 'Смирненски', 5467, 5468),
(2365, 13, 'Смоляновци', 5469, 5470),
(2366, 13, 'Спанчевци', 5471, 5472),
(2367, 13, 'Сталийска махала', 5473, 5474),
(2368, 13, 'Станево', 5475, 5476),
(2369, 13, 'Стояново', 5477, 5478),
(2370, 13, 'Стубел', 5479, 5480),
(2371, 13, 'Студено буче', 5481, 5482),
(2372, 13, 'Сумер', 5483, 5484),
(2373, 13, 'Трайково', 5485, 5486),
(2374, 13, 'Трифоново', 5487, 5488),
(2375, 13, 'Цветкова бара', 5489, 5490),
(2376, 13, 'Челюстница', 5491, 5492),
(2377, 13, 'Чемиш', 5493, 5494),
(2378, 13, 'Черешовица', 5495, 5496),
(2379, 13, 'Черкаски', 5497, 5498),
(2380, 13, 'Черни връх', 5499, 5500),
(2381, 13, 'Чипровци', 5501, 5502),
(2382, 13, 'Ягодово', 5503, 5504),
(2383, 13, 'Якимово', 5505, 5506),
(2384, 14, 'Абланица', 5509, 5510),
(2385, 14, 'Аканджиево', 5511, 5512),
(2386, 14, 'Алеко Константиново', 5513, 5514),
(2387, 14, 'Алендарова', 5515, 5516),
(2388, 14, 'Априлци', 5517, 5518),
(2389, 14, 'Баня', 5519, 5520),
(2390, 14, 'Батак', 5521, 5522),
(2391, 14, 'Белово', 5523, 5524),
(2392, 14, 'Биркова', 5525, 5526),
(2393, 14, 'Блатница', 5527, 5528),
(2394, 14, 'Бозьова', 5529, 5530),
(2395, 14, 'Боримечково', 5531, 5532),
(2396, 14, 'Бошуля', 5533, 5534),
(2397, 14, 'Братаница', 5535, 5536),
(2398, 14, 'Брацигово', 5537, 5538),
(2399, 14, 'Бутрева', 5539, 5540),
(2400, 14, 'Бъта', 5541, 5542),
(2401, 14, 'Бяга', 5543, 5544),
(2402, 14, 'Варвара', 5545, 5546),
(2403, 14, 'Велинград', 5547, 5548),
(2404, 14, 'Величково', 5549, 5550),
(2405, 14, 'Ветрен', 5551, 5552),
(2406, 14, 'Ветрен дол', 5553, 5554),
(2407, 14, 'Виноградец', 5555, 5556),
(2408, 14, 'Враненци', 5557, 5558),
(2409, 14, 'Всемирци', 5559, 5560),
(2410, 14, 'Габровица', 5561, 5562),
(2411, 14, 'Гелеменово', 5563, 5564),
(2412, 14, 'Главиница', 5565, 5566),
(2413, 14, 'Говедаре', 5567, 5568),
(2414, 14, 'Голямо Белово', 5569, 5570),
(2415, 14, 'Горна Биркова', 5571, 5572),
(2416, 14, 'Горна Дъбева', 5573, 5574),
(2417, 14, 'Горно вършило', 5575, 5576),
(2418, 14, 'Грашево', 5577, 5578),
(2419, 14, 'Дебръщица', 5579, 5580),
(2420, 14, 'Динката', 5581, 5582),
(2421, 14, 'Добровница', 5583, 5584),
(2422, 14, 'Долна Дъбева', 5585, 5586),
(2423, 14, 'Долно вършило', 5587, 5588),
(2424, 14, 'Дорково', 5589, 5590),
(2425, 14, 'Драгиново', 5591, 5592),
(2426, 14, 'Драгор', 5593, 5594),
(2427, 14, 'Дъбравите', 5595, 5596),
(2428, 14, 'Дюлево', 5597, 5598),
(2429, 14, 'Елшица', 5599, 5600),
(2430, 14, 'Жребичко', 5601, 5602),
(2431, 14, 'Звъничево', 5603, 5604),
(2432, 14, 'Злокучене', 5605, 5606),
(2433, 14, 'Ивайло', 5607, 5608),
(2434, 14, 'Исперихово', 5609, 5610),
(2435, 14, 'Калугерово', 5611, 5612),
(2436, 14, 'Кандови', 5613, 5614),
(2437, 14, 'Капитан Димитриево', 5615, 5616),
(2438, 14, 'Карабунар', 5617, 5618),
(2439, 14, 'Ковачево', 5619, 5620),
(2440, 14, 'Козарско', 5621, 5622),
(2441, 14, 'Костандово', 5623, 5624),
(2442, 14, 'Крали Марко', 5625, 5626),
(2443, 14, 'Кръстава', 5627, 5628),
(2444, 14, 'Левски', 5629, 5630),
(2445, 14, 'Лесичово', 5631, 5632),
(2446, 14, 'Лозен', 5633, 5634),
(2447, 14, 'Ляхово', 5635, 5636),
(2448, 14, 'Мало Конаре', 5637, 5638),
(2449, 14, 'Медени поляни', 5639, 5640),
(2450, 14, 'Мененкьово', 5641, 5642),
(2451, 14, 'Мирянци', 5643, 5644),
(2452, 14, 'Мокрище', 5645, 5646),
(2453, 14, 'Момина клисура', 5647, 5648),
(2454, 14, 'Нова махала', 5649, 5650),
(2455, 14, 'Оборище', 5651, 5652),
(2456, 14, 'Овчеполци', 5653, 5654),
(2457, 14, 'Огняново', 5655, 5656),
(2458, 14, 'Пазарджик', 5657, 5658),
(2459, 14, 'Памидово', 5659, 5660),
(2460, 14, 'Панагюрище', 5661, 5662),
(2461, 14, 'Панагюрски колонии', 5663, 5664),
(2462, 14, 'Паталеница', 5665, 5666),
(2463, 14, 'Пашови', 5667, 5668),
(2464, 14, 'Пещера', 5669, 5670),
(2465, 14, 'Пищигово', 5671, 5672),
(2466, 14, 'Побит камък', 5673, 5674),
(2467, 14, 'Поибрене', 5675, 5676),
(2468, 14, 'Попинци', 5677, 5678),
(2469, 14, 'Равногор', 5679, 5680),
(2470, 14, 'Радилово', 5681, 5682),
(2471, 14, 'Ракитово', 5683, 5684),
(2472, 14, 'Розово', 5685, 5686),
(2473, 14, 'Росен', 5687, 5688),
(2474, 14, 'Рохлева', 5689, 5690),
(2475, 14, 'Сарая', 5691, 5692),
(2476, 14, 'Сбор', 5693, 5694),
(2477, 14, 'Света Петка', 5695, 5696),
(2478, 14, 'Свети Константин', 5697, 5698),
(2479, 14, 'Свобода', 5699, 5700),
(2480, 14, 'Семчиново', 5701, 5702),
(2481, 14, 'Септември', 5703, 5704),
(2482, 14, 'Сестримо', 5705, 5706),
(2483, 14, 'Симеоновец', 5707, 5708),
(2484, 14, 'Синитово', 5709, 5710),
(2485, 14, 'Славовица', 5711, 5712),
(2486, 14, 'Смилец', 5713, 5714),
(2487, 14, 'Сребриново', 5715, 5716),
(2488, 14, 'Стрелча', 5717, 5718),
(2489, 14, 'Сърница', 5719, 5720),
(2490, 14, 'Тополи дол', 5721, 5722),
(2491, 14, 'Фотиново', 5723, 5724),
(2492, 14, 'Хаджиево', 5725, 5726),
(2493, 14, 'Цар Асен', 5727, 5728),
(2494, 14, 'Цветино', 5729, 5730),
(2495, 14, 'Церово', 5731, 5732),
(2496, 14, 'Црънча', 5733, 5734),
(2497, 14, 'Черногорово', 5735, 5736),
(2498, 14, 'Чолакова', 5737, 5738),
(2499, 14, 'Щърково', 5739, 5740),
(2500, 14, 'Юнаците', 5741, 5742),
(2501, 14, 'Юндола', 5743, 5744),
(2502, 15, 'Арзан', 5747, 5748),
(2503, 15, 'Бабица', 5749, 5750),
(2504, 15, 'Байкалско', 5751, 5752),
(2505, 15, 'Банище', 5753, 5754),
(2506, 15, 'Банкя', 5755, 5756),
(2507, 15, 'Батановци', 5757, 5758),
(2508, 15, 'Бегуновци', 5759, 5760),
(2509, 15, 'Беланица', 5761, 5762),
(2510, 15, 'Берайнци', 5763, 5764),
(2511, 15, 'Беренде', 5765, 5766),
(2512, 15, 'Билинци', 5767, 5768),
(2513, 15, 'Блатешница', 5769, 5770),
(2514, 15, 'Бобораци', 5771, 5772),
(2515, 15, 'Богданов дол', 5773, 5774),
(2516, 15, 'Богойна', 5775, 5776),
(2517, 15, 'Борнарево', 5777, 5778),
(2518, 15, 'Боснек', 5779, 5780),
(2519, 15, 'Бохова', 5781, 5782),
(2520, 15, 'Брезник', 5783, 5784),
(2521, 15, 'Брезнишки извор', 5785, 5786),
(2522, 15, 'Брусник', 5787, 5788),
(2523, 15, 'Бусинци', 5789, 5790),
(2524, 15, 'Бутроинци', 5791, 5792),
(2525, 15, 'Велиново', 5793, 5794),
(2526, 15, 'Велковци', 5795, 5796),
(2527, 15, 'Видрар', 5797, 5798),
(2528, 15, 'Видрица', 5799, 5800),
(2529, 15, 'Вискяр', 5801, 5802),
(2530, 15, 'Витановци', 5803, 5804),
(2531, 15, 'Владимир', 5805, 5806),
(2532, 15, 'Врабча', 5807, 5808),
(2533, 15, 'Враня стена', 5809, 5810),
(2534, 15, 'Вукан', 5811, 5812),
(2535, 15, 'Габровдол', 5813, 5814),
(2536, 15, 'Гигинци', 5815, 5816),
(2537, 15, 'Главановци', 5817, 5818),
(2538, 15, 'Глоговица', 5819, 5820),
(2539, 15, 'Гоз', 5821, 5822),
(2540, 15, 'Големо Бучино', 5823, 5824),
(2541, 15, 'Горна Врабча', 5825, 5826),
(2542, 15, 'Горна Глоговица', 5827, 5828),
(2543, 15, 'Горна Диканя', 5829, 5830),
(2544, 15, 'Горна Мелна', 5831, 5832),
(2545, 15, 'Горна Секирна', 5833, 5834),
(2546, 15, 'Горни Романци', 5835, 5836),
(2547, 15, 'Горочевци', 5837, 5838),
(2548, 15, 'Гълъбник', 5839, 5840),
(2549, 15, 'Гърло', 5841, 5842),
(2550, 15, 'Дебели лаг', 5843, 5844),
(2551, 15, 'Джинчовци', 5845, 5846),
(2552, 15, 'Дивля', 5847, 5848),
(2553, 15, 'Дивотино', 5849, 5850),
(2554, 15, 'Докьовци', 5851, 5852),
(2555, 15, 'Долна Врабча', 5853, 5854),
(2556, 15, 'Долна Диканя', 5855, 5856),
(2557, 15, 'Долна Мелна', 5857, 5858),
(2558, 15, 'Долна Секирна', 5859, 5860),
(2559, 15, 'Долни Раковец', 5861, 5862),
(2560, 15, 'Долни Романци', 5863, 5864),
(2561, 15, 'Драгичево', 5865, 5866),
(2562, 15, 'Драгомирово', 5867, 5868),
(2563, 15, 'Дрен', 5869, 5870),
(2564, 15, 'Друган', 5871, 5872),
(2565, 15, 'Душинци', 5873, 5874),
(2566, 15, 'Дълга лука', 5875, 5876),
(2567, 15, 'Егълница', 5877, 5878),
(2568, 15, 'Ездимирци', 5879, 5880),
(2569, 15, 'Еловдол', 5881, 5882),
(2570, 15, 'Еловица', 5883, 5884),
(2571, 15, 'Ерул', 5885, 5886),
(2572, 15, 'Жабляно', 5887, 5888),
(2573, 15, 'Жедна', 5889, 5890),
(2574, 15, 'Житуша', 5891, 5892),
(2575, 15, 'Забел', 5893, 5894),
(2576, 15, 'Завала', 5895, 5896),
(2577, 15, 'Зелениград', 5897, 5898),
(2578, 15, 'Земен', 5899, 5900),
(2579, 15, 'Зидарци', 5901, 5902),
(2580, 15, 'Извор', 5903, 5904),
(2581, 15, 'Калище', 5905, 5906),
(2582, 15, 'Калотинци', 5907, 5908),
(2583, 15, 'Касилаг', 5909, 5910),
(2584, 15, 'Кладница', 5911, 5912),
(2585, 15, 'Кленовик', 5913, 5914),
(2586, 15, 'Ковачевци', 5915, 5916),
(2587, 15, 'Кожинци', 5917, 5918),
(2588, 15, 'Кондофрей', 5919, 5920),
(2589, 15, 'Конска', 5921, 5922),
(2590, 15, 'Копаница', 5923, 5924),
(2591, 15, 'Косача', 5925, 5926),
(2592, 15, 'Костуринци', 5927, 5928),
(2593, 15, 'Кошарево', 5929, 5930),
(2594, 15, 'Кошарите', 5931, 5932),
(2595, 15, 'Кралев дол', 5933, 5934),
(2596, 15, 'Красава', 5935, 5936),
(2597, 15, 'Кривонос', 5937, 5938),
(2598, 15, 'Къшле', 5939, 5940),
(2599, 15, 'Лева река', 5941, 5942),
(2600, 15, 'Лесковец', 5943, 5944),
(2601, 15, 'Лешниковци', 5945, 5946),
(2602, 15, 'Лобош', 5947, 5948),
(2603, 15, 'Ломница', 5949, 5950),
(2604, 15, 'Люлин', 5951, 5952),
(2605, 15, 'Лялинци', 5953, 5954),
(2606, 15, 'Мещица', 5955, 5956),
(2607, 15, 'Милкьовци', 5957, 5958),
(2608, 15, 'Милославци', 5959, 5960),
(2609, 15, 'Мракетинци', 5961, 5962),
(2610, 15, 'Мрамор', 5963, 5964),
(2611, 15, 'Мурено', 5965, 5966),
(2612, 15, 'Муртинци', 5967, 5968),
(2613, 15, 'Насалевци', 5969, 5970),
(2614, 15, 'Негованци', 5971, 5972),
(2615, 15, 'Неделково', 5973, 5974),
(2616, 15, 'Непразненци', 5975, 5976),
(2617, 15, 'Николаево', 5977, 5978),
(2618, 15, 'Ноевци', 5979, 5980),
(2619, 15, 'Одраница', 5981, 5982),
(2620, 15, 'Озърновци', 5983, 5984),
(2621, 15, 'Падине', 5985, 5986),
(2622, 15, 'Парамун', 5987, 5988),
(2623, 15, 'Пенкьовци', 5989, 5990),
(2624, 15, 'Перник', 5991, 5992),
(2625, 15, 'Пещера', 5993, 5994),
(2626, 15, 'Планиница', 5995, 5996),
(2627, 15, 'Поцърненци', 5997, 5998),
(2628, 15, 'Прибой', 5999, 6000),
(2629, 15, 'Проданча', 6001, 6002),
(2630, 15, 'Радибош', 6003, 6004),
(2631, 15, 'Радово', 6005, 6006),
(2632, 15, 'Радомир', 6007, 6008),
(2633, 15, 'Радуй', 6009, 6010),
(2634, 15, 'Ракиловци', 6011, 6012),
(2635, 15, 'Рани луг', 6013, 6014),
(2636, 15, 'Расник', 6015, 6016),
(2637, 15, 'Раянци', 6017, 6018),
(2638, 15, 'Ребро', 6019, 6020),
(2639, 15, 'Режанци', 6021, 6022),
(2640, 15, 'Реяновци', 6023, 6024),
(2641, 15, 'Рударци', 6025, 6026),
(2642, 15, 'Ръжавец', 6027, 6028),
(2643, 15, 'Садовик', 6029, 6030),
(2644, 15, 'Светля', 6031, 6032),
(2645, 15, 'Селищен дол', 6033, 6034),
(2646, 15, 'Сирищник', 6035, 6036),
(2647, 15, 'Слаковци', 6037, 6038),
(2648, 15, 'Слатино', 6039, 6040),
(2649, 15, 'Слишовци', 6041, 6042),
(2650, 15, 'Смиров дол', 6043, 6044),
(2651, 15, 'Сопица', 6045, 6046),
(2652, 15, 'Стайчовци', 6047, 6048),
(2653, 15, 'Станьовци', 6049, 6050),
(2654, 15, 'Старо село', 6051, 6052),
(2655, 15, 'Стефаново', 6053, 6054),
(2656, 15, 'Стрезимировци', 6055, 6056),
(2657, 15, 'Студен извор', 6057, 6058),
(2658, 15, 'Студена', 6059, 6060),
(2659, 15, 'Трън', 6061, 6062),
(2660, 15, 'Туроковци', 6063, 6064),
(2661, 15, 'Углярци', 6065, 6066),
(2662, 15, 'Филиповци', 6067, 6068),
(2663, 15, 'Цегриловци', 6069, 6070),
(2664, 15, 'Чепино', 6071, 6072),
(2665, 15, 'Червена могила', 6073, 6074),
(2666, 15, 'Черна гора', 6075, 6076),
(2667, 15, 'Чуйпетлово', 6077, 6078),
(2668, 15, 'Чуковец', 6079, 6080),
(2669, 15, 'Шипковица', 6081, 6082),
(2670, 15, 'Ярджиловци', 6083, 6084),
(2671, 15, 'Ярловци', 6085, 6086),
(2672, 15, 'Ярославци', 6087, 6088),
(2673, 16, 'Асеново', 6091, 6092),
(2674, 16, 'Асеновци', 6093, 6094),
(2675, 16, 'Аспарухово', 6095, 6096),
(2676, 16, 'Байкал', 6097, 6098),
(2677, 16, 'Бацова махала', 6099, 6100),
(2678, 16, 'Беглеж', 6101, 6102),
(2679, 16, 'Белене', 6103, 6104),
(2680, 16, 'Биволаре', 6105, 6106),
(2681, 16, 'Божурица', 6107, 6108),
(2682, 16, 'Божурлук', 6109, 6110),
(2683, 16, 'Борислав', 6111, 6112),
(2684, 16, 'Бохот', 6113, 6114),
(2685, 16, 'Брегаре', 6115, 6116),
(2686, 16, 'Бреница', 6117, 6118),
(2687, 16, 'Брест', 6119, 6120),
(2688, 16, 'Бресте', 6121, 6122),
(2689, 16, 'Брестовец', 6123, 6124),
(2690, 16, 'Бръшляница', 6125, 6126),
(2691, 16, 'Буковлък', 6127, 6128),
(2692, 16, 'Българене', 6129, 6130),
(2693, 16, 'Бъркач', 6131, 6132),
(2694, 16, 'Бяла вода', 6133, 6134),
(2695, 16, 'Варана', 6135, 6136),
(2696, 16, 'Въбел', 6137, 6138),
(2697, 16, 'Вълчитрън', 6139, 6140),
(2698, 16, 'Върбица', 6141, 6142),
(2699, 16, 'Гиген', 6143, 6144),
(2700, 16, 'Глава', 6145, 6146),
(2701, 16, 'Горна Митрополия', 6147, 6148),
(2702, 16, 'Горни Дъбник', 6149, 6150),
(2703, 16, 'Горник', 6151, 6152),
(2704, 16, 'Горталово', 6153, 6154),
(2705, 16, 'Гостиля', 6155, 6156),
(2706, 16, 'Градина', 6157, 6158),
(2707, 16, 'Градище', 6159, 6160),
(2708, 16, 'Гривица', 6161, 6162),
(2709, 16, 'Гулянци', 6163, 6164),
(2710, 16, 'Дебово', 6165, 6166),
(2711, 16, 'Девенци', 6167, 6168),
(2712, 16, 'Деков', 6169, 6170),
(2713, 16, 'Дисевица', 6171, 6172),
(2714, 16, 'Долна Митрополия', 6173, 6174),
(2715, 16, 'Долни Вит', 6175, 6176),
(2716, 16, 'Долни Дъбник', 6177, 6178),
(2717, 16, 'Долни Луковит', 6179, 6180),
(2718, 16, 'Драгаш войвода', 6181, 6182),
(2719, 16, 'Дъбован', 6183, 6184),
(2720, 16, 'Евлогиево', 6185, 6186),
(2721, 16, 'Еница', 6187, 6188),
(2722, 16, 'Жернов', 6189, 6190),
(2723, 16, 'Загражден', 6191, 6192),
(2724, 16, 'Згалево', 6193, 6194),
(2725, 16, 'Изгрев', 6195, 6196),
(2726, 16, 'Искър', 6197, 6198),
(2727, 16, 'Каменец', 6199, 6200),
(2728, 16, 'Катерица', 6201, 6202),
(2729, 16, 'Кнежа', 6203, 6204),
(2730, 16, 'Козар Белене', 6205, 6206),
(2731, 16, 'Коиловци', 6207, 6208),
(2732, 16, 'Койнаре', 6209, 6210),
(2733, 16, 'Комарево', 6211, 6212),
(2734, 16, 'Крета', 6213, 6214),
(2735, 16, 'Крушовене', 6215, 6216),
(2736, 16, 'Крушовица', 6217, 6218),
(2737, 16, 'Кулина вода', 6219, 6220),
(2738, 16, 'Къртожабене', 6221, 6222),
(2739, 16, 'Къшин', 6223, 6224),
(2740, 16, 'Лазарово', 6225, 6226),
(2741, 16, 'Ласкар', 6227, 6228),
(2742, 16, 'Левски', 6229, 6230),
(2743, 16, 'Ленково', 6231, 6232),
(2744, 16, 'Лепица', 6233, 6234),
(2745, 16, 'Лозица', 6235, 6236),
(2746, 16, 'Любеново', 6237, 6238),
(2747, 16, 'Малчика', 6239, 6240),
(2748, 16, 'Мечка', 6241, 6242),
(2749, 16, 'Милковица', 6243, 6244),
(2750, 16, 'Муселиево', 6245, 6246),
(2751, 16, 'Николаево', 6247, 6248),
(2752, 16, 'Никопол', 6249, 6250),
(2753, 16, 'Новачене', 6251, 6252),
(2754, 16, 'Обнова', 6253, 6254),
(2755, 16, 'Одърне', 6255, 6256),
(2756, 16, 'Опанец', 6257, 6258),
(2757, 16, 'Ореховица', 6259, 6260),
(2758, 16, 'Пелишат', 6261, 6262),
(2759, 16, 'Петокладенци', 6263, 6264),
(2760, 16, 'Петърница', 6265, 6266),
(2761, 16, 'Писарово', 6267, 6268),
(2762, 16, 'Плевен', 6269, 6270),
(2763, 16, 'Победа', 6271, 6272),
(2764, 16, 'Подем', 6273, 6274),
(2765, 16, 'Пордим', 6275, 6276),
(2766, 16, 'Радишево', 6277, 6278),
(2767, 16, 'Радомирци', 6279, 6280),
(2768, 16, 'Ракита', 6281, 6282),
(2769, 16, 'Ралево', 6283, 6284),
(2770, 16, 'Реселец', 6285, 6286),
(2771, 16, 'Рибен', 6287, 6288),
(2772, 16, 'Рупци', 6289, 6290),
(2773, 16, 'Садовец', 6291, 6292),
(2774, 16, 'Санадиново', 6293, 6294),
(2775, 16, 'Славовица', 6295, 6296),
(2776, 16, 'Славяново', 6297, 6298),
(2777, 16, 'Сомовит', 6299, 6300),
(2778, 16, 'Ставерци', 6301, 6302),
(2779, 16, 'Староселци', 6303, 6304),
(2780, 16, 'Стежерово', 6305, 6306),
(2781, 16, 'Сухаче', 6307, 6308),
(2782, 16, 'Татари', 6309, 6310),
(2783, 16, 'Телиш', 6311, 6312),
(2784, 16, 'Тодорово', 6313, 6314),
(2785, 16, 'Тотлебен', 6315, 6316),
(2786, 16, 'Трънчовица', 6317, 6318),
(2787, 16, 'Тръстеник', 6319, 6320),
(2788, 16, 'Тученица', 6321, 6322),
(2789, 16, 'Търнене', 6323, 6324),
(2790, 16, 'Червен бряг', 6325, 6326),
(2791, 16, 'Черковица', 6327, 6328),
(2792, 16, 'Чомаковци', 6329, 6330),
(2793, 16, 'Шияково', 6331, 6332),
(2794, 16, 'Ясен', 6333, 6334),
(2795, 17, 'Анево', 6337, 6338),
(2796, 17, 'Асеновград', 6339, 6340),
(2797, 17, 'Ахматово', 6341, 6342),
(2798, 17, 'Бабек', 6343, 6344),
(2799, 17, 'Балкан махала', 6345, 6346),
(2800, 17, 'Баня', 6347, 6348),
(2801, 17, 'Бачково', 6349, 6350),
(2802, 17, 'Бегово', 6351, 6352),
(2803, 17, 'Бегунци', 6353, 6354),
(2804, 17, 'Белащица', 6355, 6356),
(2805, 17, 'Белица', 6357, 6358),
(2806, 17, 'Беловица', 6359, 6360),
(2807, 17, 'Белозем', 6361, 6362),
(2808, 17, 'Бенковски', 6363, 6364),
(2809, 17, 'Богдан', 6365, 6366),
(2810, 17, 'Богданица', 6367, 6368),
(2811, 17, 'Бойково', 6369, 6370),
(2812, 17, 'Болярино', 6371, 6372),
(2813, 17, 'Болярци', 6373, 6374),
(2814, 17, 'Бор', 6375, 6376),
(2815, 17, 'Борец', 6377, 6378),
(2816, 17, 'Борово', 6379, 6380),
(2817, 17, 'Боянци', 6381, 6382),
(2818, 17, 'Браниполе', 6383, 6384),
(2819, 17, 'Брезово', 6385, 6386),
(2820, 17, 'Брестник', 6387, 6388),
(2821, 17, 'Брестовица', 6389, 6390),
(2822, 17, 'Брягово', 6391, 6392),
(2823, 17, 'Буково', 6393, 6394),
(2824, 17, 'Бяла река', 6395, 6396),
(2825, 17, 'Васил Левски', 6397, 6398),
(2826, 17, 'Ведраре', 6399, 6400),
(2827, 17, 'Виница', 6401, 6402),
(2828, 17, 'Воден', 6403, 6404),
(2829, 17, 'Войводиново', 6405, 6406),
(2830, 17, 'Войнягово', 6407, 6408),
(2831, 17, 'Войсил', 6409, 6410),
(2832, 17, 'Врата', 6411, 6412),
(2833, 17, 'Върбен', 6413, 6414),
(2834, 17, 'Главатар', 6415, 6416),
(2835, 17, 'Голям чардак', 6417, 6418),
(2836, 17, 'Горна махала', 6419, 6420),
(2837, 17, 'Горни Домлян', 6421, 6422),
(2838, 17, 'Горнослав', 6423, 6424),
(2839, 17, 'Градина', 6425, 6426),
(2840, 17, 'Граф Игнатиево', 6427, 6428),
(2841, 17, 'Гълъбово', 6429, 6430),
(2842, 17, 'Дедово', 6431, 6432),
(2843, 17, 'Джурково', 6433, 6434),
(2844, 17, 'Динк', 6435, 6436),
(2845, 17, 'Добралък', 6437, 6438),
(2846, 17, 'Добри дол', 6439, 6440),
(2847, 17, 'Добростан', 6441, 6442),
(2848, 17, 'Долна махала', 6443, 6444),
(2849, 17, 'Долнослав', 6445, 6446),
(2850, 17, 'Домлян', 6447, 6448),
(2851, 17, 'Драгойново', 6449, 6450),
(2852, 17, 'Драгомир', 6451, 6452),
(2853, 17, 'Дрангово', 6453, 6454),
(2854, 17, 'Дряново', 6455, 6456),
(2855, 17, 'Дуванлии', 6457, 6458),
(2856, 17, 'Дъбене', 6459, 6460),
(2857, 17, 'Дълбок извор', 6461, 6462),
(2858, 17, 'Дълго поле', 6463, 6464),
(2859, 17, 'Езерово', 6465, 6466),
(2860, 17, 'Желязно', 6467, 6468),
(2861, 17, 'Житница', 6469, 6470),
(2862, 17, 'Жълт камък', 6471, 6472),
(2863, 17, 'Здравец', 6473, 6474),
(2864, 17, 'Зелениково', 6475, 6476),
(2865, 17, 'Златитрап', 6477, 6478),
(2866, 17, 'Златовръх', 6479, 6480),
(2867, 17, 'Златосел', 6481, 6482),
(2868, 17, 'Иван Вазово', 6483, 6484),
(2869, 17, 'Иганово', 6485, 6486),
(2870, 17, 'Избеглии', 6487, 6488),
(2871, 17, 'Извор', 6489, 6490),
(2872, 17, 'Искра', 6491, 6492),
(2873, 17, 'Йоаким Груево', 6493, 6494),
(2874, 17, 'Кадиево', 6495, 6496),
(2875, 17, 'Калековец', 6497, 6498),
(2876, 17, 'Калофер', 6499, 6500),
(2877, 17, 'Калояново', 6501, 6502),
(2878, 17, 'Каравелово', 6503, 6504),
(2879, 17, 'Караджалово', 6505, 6506),
(2880, 17, 'Караджово', 6507, 6508),
(2881, 17, 'Карлово', 6509, 6510),
(2882, 17, 'Катуница', 6511, 6512),
(2883, 17, 'Климент', 6513, 6514),
(2884, 17, 'Клисура', 6515, 6516),
(2885, 17, 'Козаново', 6517, 6518),
(2886, 17, 'Конуш', 6519, 6520),
(2887, 17, 'Косово', 6521, 6522),
(2888, 17, 'Костиево', 6523, 6524),
(2889, 17, 'Кочево', 6525, 6526),
(2890, 17, 'Красново', 6527, 6528),
(2891, 17, 'Крислово', 6529, 6530),
(2892, 17, 'Кричим', 6531, 6532),
(2893, 17, 'Крумово', 6533, 6534),
(2894, 17, 'Крушево', 6535, 6536),
(2895, 17, 'Крушово', 6537, 6538),
(2896, 17, 'Кръстевич', 6539, 6540),
(2897, 17, 'Куклен', 6541, 6542),
(2898, 17, 'Куртово', 6543, 6544),
(2899, 17, 'Куртово Конаре', 6545, 6546),
(2900, 17, 'Кърнаре', 6547, 6548),
(2901, 17, 'Леново', 6549, 6550),
(2902, 17, 'Лилково', 6551, 6552),
(2903, 17, 'Лъкавица', 6553, 6554),
(2904, 17, 'Лъки', 6555, 6556),
(2905, 17, 'Любен', 6557, 6558),
(2906, 17, 'Лясково', 6559, 6560),
(2907, 17, 'Мало Крушево', 6561, 6562),
(2908, 17, 'Малък чардак', 6563, 6564),
(2909, 17, 'Манастир', 6565, 6566),
(2910, 17, 'Маноле', 6567, 6568),
(2911, 17, 'Манолско Конаре', 6569, 6570),
(2912, 17, 'Марино поле', 6571, 6572),
(2913, 17, 'Марково', 6573, 6574),
(2914, 17, 'Милево', 6575, 6576),
(2915, 17, 'Михилци', 6577, 6578),
(2916, 17, 'Момино село', 6579, 6580),
(2917, 17, 'Моминско', 6581, 6582),
(2918, 17, 'Московец', 6583, 6584),
(2919, 17, 'Мостово', 6585, 6586),
(2920, 17, 'Мраченик', 6587, 6588),
(2921, 17, 'Мулдава', 6589, 6590),
(2922, 17, 'Мътеница', 6591, 6592),
(2923, 17, 'Найден Герово', 6593, 6594),
(2924, 17, 'Нареченски бани', 6595, 6596),
(2925, 17, 'Неделево', 6597, 6598),
(2926, 17, 'Новаково', 6599, 6600),
(2927, 17, 'Нови извор', 6601, 6602),
(2928, 17, 'Ново Железаре', 6603, 6604),
(2929, 17, 'Ново село', 6605, 6606),
(2930, 17, 'Орешец', 6607, 6608),
(2931, 17, 'Оризари', 6609, 6610),
(2932, 17, 'Отец Кирилово', 6611, 6612),
(2933, 17, 'Отец Паисиево', 6613, 6614),
(2934, 17, 'Паничери', 6615, 6616),
(2935, 17, 'Патриарх Евтимово', 6617, 6618),
(2936, 17, 'Певците', 6619, 6620),
(2937, 17, 'Перущица', 6621, 6622),
(2938, 17, 'Песнопой', 6623, 6624),
(2939, 17, 'Пловдив', 6625, 6626),
(2940, 17, 'Поповица', 6627, 6628),
(2941, 17, 'Поройна', 6629, 6630),
(2942, 17, 'Правище', 6631, 6632),
(2943, 17, 'Православен', 6633, 6634),
(2944, 17, 'Пролом', 6635, 6636),
(2945, 17, 'Пъдарско', 6637, 6638),
(2946, 17, 'Първенец', 6639, 6640),
(2947, 17, 'Първомай', 6641, 6642),
(2948, 17, 'Радиново', 6643, 6644),
(2949, 17, 'Раковски', 6645, 6646),
(2950, 17, 'Рогош', 6647, 6648),
(2951, 17, 'Розино', 6649, 6650),
(2952, 17, 'Розовец', 6651, 6652),
(2953, 17, 'Руен', 6653, 6654),
(2954, 17, 'Ръжево', 6655, 6656),
(2955, 17, 'Ръжево Конаре', 6657, 6658),
(2956, 17, 'Садово', 6659, 6660),
(2957, 17, 'Свежен', 6661, 6662),
(2958, 17, 'Селци', 6663, 6664),
(2959, 17, 'Сини връх', 6665, 6666),
(2960, 17, 'Ситово', 6667, 6668),
(2961, 17, 'Скобелево', 6669, 6670),
(2962, 17, 'Скутаре', 6671, 6672),
(2963, 17, 'Слатина', 6673, 6674),
(2964, 17, 'Соколица', 6675, 6676),
(2965, 17, 'Сопот', 6677, 6678),
(2966, 17, 'Стамболийски', 6679, 6680),
(2967, 17, 'Старо Железаре', 6681, 6682),
(2968, 17, 'Старосел', 6683, 6684),
(2969, 17, 'Стоево', 6685, 6686),
(2970, 17, 'Столетово', 6687, 6688),
(2971, 17, 'Стрелци', 6689, 6690),
(2972, 17, 'Строево', 6691, 6692),
(2973, 17, 'Стряма', 6693, 6694),
(2974, 17, 'Сухозем', 6695, 6696),
(2975, 17, 'Съединение', 6697, 6698),
(2976, 17, 'Сърнегор', 6699, 6700),
(2977, 17, 'Татарево', 6701, 6702),
(2978, 17, 'Тополово', 6703, 6704),
(2979, 17, 'Три могили', 6705, 6706),
(2980, 17, 'Триводици', 6707, 6708),
(2981, 17, 'Трилистник', 6709, 6710),
(2982, 17, 'Труд', 6711, 6712),
(2983, 17, 'Тюркмен', 6713, 6714),
(2984, 17, 'Узуново', 6715, 6716),
(2985, 17, 'Устина', 6717, 6718),
(2986, 17, 'Хисаря', 6719, 6720),
(2987, 17, 'Храбрино', 6721, 6722),
(2988, 17, 'Христо Даново', 6723, 6724),
(2989, 17, 'Цалапица', 6725, 6726),
(2990, 17, 'Цар Калоян', 6727, 6728),
(2991, 17, 'Царацово', 6729, 6730),
(2992, 17, 'Царимир', 6731, 6732),
(2993, 17, 'Церетелево', 6733, 6734),
(2994, 17, 'Чалъкови', 6735, 6736),
(2995, 17, 'Червен', 6737, 6738),
(2996, 17, 'Черничево', 6739, 6740),
(2997, 17, 'Черноземен', 6741, 6742),
(2998, 17, 'Чехларе', 6743, 6744),
(2999, 17, 'Чешнегирово', 6745, 6746),
(3000, 17, 'Чоба', 6747, 6748),
(3001, 17, 'Чурен', 6749, 6750),
(3002, 17, 'Шишманци', 6751, 6752),
(3003, 17, 'Югово', 6753, 6754),
(3004, 17, 'Яврово', 6755, 6756),
(3005, 17, 'Ягодово', 6757, 6758),
(3006, 17, 'Ясно поле', 6759, 6760),
(3007, 18, 'Балкански', 6763, 6764),
(3008, 18, 'Бели Лом', 6765, 6766),
(3009, 18, 'Белинци', 6767, 6768),
(3010, 18, 'Беловец', 6769, 6770),
(3011, 18, 'Бисерци', 6771, 6772),
(3012, 18, 'Благоево', 6773, 6774),
(3013, 18, 'Богданци', 6775, 6776),
(3014, 18, 'Богомилци', 6777, 6778),
(3015, 18, 'Божурово', 6779, 6780),
(3016, 18, 'Брестовене', 6781, 6782),
(3017, 18, 'Бърдоква', 6783, 6784),
(3018, 18, 'Вазово', 6785, 6786),
(3019, 18, 'Веселец', 6787, 6788),
(3020, 18, 'Веселина', 6789, 6790),
(3021, 18, 'Владимировци', 6791, 6792),
(3022, 18, 'Гецово', 6793, 6794),
(3023, 18, 'Голям извор', 6795, 6796),
(3024, 18, 'Голям Поровец', 6797, 6798);
INSERT INTO `locations` (`node_id`, `parent_id`, `name`, `lft`, `rgt`) VALUES
(3025, 18, 'Голяма вода', 6799, 6800),
(3026, 18, 'Горичево', 6801, 6802),
(3027, 18, 'Гороцвет', 6803, 6804),
(3028, 18, 'Градина', 6805, 6806),
(3029, 18, 'Делчево', 6807, 6808),
(3030, 18, 'Драгомъж', 6809, 6810),
(3031, 18, 'Дряновец', 6811, 6812),
(3032, 18, 'Духовец', 6813, 6814),
(3033, 18, 'Дянково', 6815, 6816),
(3034, 18, 'Езерче', 6817, 6818),
(3035, 18, 'Желязковец', 6819, 6820),
(3036, 18, 'Завет', 6821, 6822),
(3037, 18, 'Задруга', 6823, 6824),
(3038, 18, 'Звънарци', 6825, 6826),
(3039, 18, 'Здравец', 6827, 6828),
(3040, 18, 'Иван Шишманово', 6829, 6830),
(3041, 18, 'Исперих', 6831, 6832),
(3042, 18, 'Йонково', 6833, 6834),
(3043, 18, 'Каменар', 6835, 6836),
(3044, 18, 'Каменово', 6837, 6838),
(3045, 18, 'Кара Михал', 6839, 6840),
(3046, 18, 'Китанчево', 6841, 6842),
(3047, 18, 'Киченица', 6843, 6844),
(3048, 18, 'Конево', 6845, 6846),
(3049, 18, 'Костанденец', 6847, 6848),
(3050, 18, 'Кривица', 6849, 6850),
(3051, 18, 'Крояч', 6851, 6852),
(3052, 18, 'Кубрат', 6853, 6854),
(3053, 18, 'Къпиновци', 6855, 6856),
(3054, 18, 'Липник', 6857, 6858),
(3055, 18, 'Ловско', 6859, 6860),
(3056, 18, 'Лозница', 6861, 6862),
(3057, 18, 'Лудогорци', 6863, 6864),
(3058, 18, 'Лъвино', 6865, 6866),
(3059, 18, 'Малко Йонково', 6867, 6868),
(3060, 18, 'Малък Поровец', 6869, 6870),
(3061, 18, 'Манастирско', 6871, 6872),
(3062, 18, 'Манастирци', 6873, 6874),
(3063, 18, 'Медовене', 6875, 6876),
(3064, 18, 'Мортагоново', 6877, 6878),
(3065, 18, 'Мъдрево', 6879, 6880),
(3066, 18, 'Недоклан', 6881, 6882),
(3067, 18, 'Ножарово', 6883, 6884),
(3068, 18, 'Осенец', 6885, 6886),
(3069, 18, 'Острово', 6887, 6888),
(3070, 18, 'Островче', 6889, 6890),
(3071, 18, 'Печеница', 6891, 6892),
(3072, 18, 'Побит камък', 6893, 6894),
(3073, 18, 'Подайва', 6895, 6896),
(3074, 18, 'Пороище', 6897, 6898),
(3075, 18, 'Прелез', 6899, 6900),
(3076, 18, 'Просторно', 6901, 6902),
(3077, 18, 'Пчелина', 6903, 6904),
(3078, 18, 'Равно', 6905, 6906),
(3079, 18, 'Радинград', 6907, 6908),
(3080, 18, 'Разград', 6909, 6910),
(3081, 18, 'Райнино', 6911, 6912),
(3082, 18, 'Раковски', 6913, 6914),
(3083, 18, 'Савин', 6915, 6916),
(3084, 18, 'Самуил', 6917, 6918),
(3085, 18, 'Свещари', 6919, 6920),
(3086, 18, 'Севар', 6921, 6922),
(3087, 18, 'Сейдол', 6923, 6924),
(3088, 18, 'Сеслав', 6925, 6926),
(3089, 18, 'Синя вода', 6927, 6928),
(3090, 18, 'Средоселци', 6929, 6930),
(3091, 18, 'Старо селище', 6931, 6932),
(3092, 18, 'Стражец', 6933, 6934),
(3093, 18, 'Студенец', 6935, 6936),
(3094, 18, 'Сушево', 6937, 6938),
(3095, 18, 'Тертер', 6939, 6940),
(3096, 18, 'Тодорово', 6941, 6942),
(3097, 18, 'Топчии', 6943, 6944),
(3098, 18, 'Точилари', 6945, 6946),
(3099, 18, 'Трапище', 6947, 6948),
(3100, 18, 'Тръбач', 6949, 6950),
(3101, 18, 'Ушинци', 6951, 6952),
(3102, 18, 'Хума', 6953, 6954),
(3103, 18, 'Хърсово', 6955, 6956),
(3104, 18, 'Цар Калоян', 6957, 6958),
(3105, 18, 'Черковна', 6959, 6960),
(3106, 18, 'Чудомир', 6961, 6962),
(3107, 18, 'Юпер', 6963, 6964),
(3108, 18, 'Яким Груево', 6965, 6966),
(3109, 18, 'Ясеновец', 6967, 6968),
(3110, 19, 'Бабово', 6971, 6972),
(3111, 19, 'Баниска', 6973, 6974),
(3112, 19, 'Басарбово', 6975, 6976),
(3113, 19, 'Батин', 6977, 6978),
(3114, 19, 'Батишница', 6979, 6980),
(3115, 19, 'Белцов', 6981, 6982),
(3116, 19, 'Беляново', 6983, 6984),
(3117, 19, 'Бистренци', 6985, 6986),
(3118, 19, 'Божичен', 6987, 6988),
(3119, 19, 'Борисово', 6989, 6990),
(3120, 19, 'Борово', 6991, 6992),
(3121, 19, 'Босилковци', 6993, 6994),
(3122, 19, 'Ботров', 6995, 6996),
(3123, 19, 'Брестовица', 6997, 6998),
(3124, 19, 'Бръшлен', 6999, 7000),
(3125, 19, 'Бъзовец', 7001, 7002),
(3126, 19, 'Бъзън', 7003, 7004),
(3127, 19, 'Бяла', 7005, 7006),
(3128, 19, 'Ветово', 7007, 7008),
(3129, 19, 'Волово', 7009, 7010),
(3130, 19, 'Глоджево', 7011, 7012),
(3131, 19, 'Голямо Враново', 7013, 7014),
(3132, 19, 'Горно Абланово', 7015, 7016),
(3133, 19, 'Две могили', 7017, 7018),
(3134, 19, 'Джулюница', 7019, 7020),
(3135, 19, 'Долна Студена', 7021, 7022),
(3136, 19, 'Долно Абланово', 7023, 7024),
(3137, 19, 'Дряновец', 7025, 7026),
(3138, 19, 'Екзарх Йосиф', 7027, 7028),
(3139, 19, 'Иваново', 7029, 7030),
(3140, 19, 'Караманово', 7031, 7032),
(3141, 19, 'Каран Върбовка', 7033, 7034),
(3142, 19, 'Кацелово', 7035, 7036),
(3143, 19, 'Копривец', 7037, 7038),
(3144, 19, 'Кошарна', 7039, 7040),
(3145, 19, 'Кошов', 7041, 7042),
(3146, 19, 'Красен', 7043, 7044),
(3147, 19, 'Кривина', 7045, 7046),
(3148, 19, 'Кривня', 7047, 7048),
(3149, 19, 'Лом Черковна', 7049, 7050),
(3150, 19, 'Малко Враново', 7051, 7052),
(3151, 19, 'Мартен', 7053, 7054),
(3152, 19, 'Мечка', 7055, 7056),
(3153, 19, 'Могилино', 7057, 7058),
(3154, 19, 'Николово', 7059, 7060),
(3155, 19, 'Нисово', 7061, 7062),
(3156, 19, 'Новград', 7063, 7064),
(3157, 19, 'Ново село', 7065, 7066),
(3158, 19, 'Обретеник', 7067, 7068),
(3159, 19, 'Острица', 7069, 7070),
(3160, 19, 'Пейчиново', 7071, 7072),
(3161, 19, 'Пепелина', 7073, 7074),
(3162, 19, 'Пет кладенци', 7075, 7076),
(3163, 19, 'Пиперково', 7077, 7078),
(3164, 19, 'Пиргово', 7079, 7080),
(3165, 19, 'Писанец', 7081, 7082),
(3166, 19, 'Полско Косово', 7083, 7084),
(3167, 19, 'Помен', 7085, 7086),
(3168, 19, 'Просена', 7087, 7088),
(3169, 19, 'Русе', 7089, 7090),
(3170, 19, 'Ряхово', 7091, 7092),
(3171, 19, 'Сандрово', 7093, 7094),
(3172, 19, 'Сваленик', 7095, 7096),
(3173, 19, 'Семерджиево', 7097, 7098),
(3174, 19, 'Сеново', 7099, 7100),
(3175, 19, 'Сливо поле', 7101, 7102),
(3176, 19, 'Смирненски', 7103, 7104),
(3177, 19, 'Стамболово', 7105, 7106),
(3178, 19, 'Стърмен', 7107, 7108),
(3179, 19, 'Табачка', 7109, 7110),
(3180, 19, 'Тетово', 7111, 7112),
(3181, 19, 'Тръстеник', 7113, 7114),
(3182, 19, 'Хотанца', 7115, 7116),
(3183, 19, 'Ценово', 7117, 7118),
(3184, 19, 'Церовец', 7119, 7120),
(3185, 19, 'Червен', 7121, 7122),
(3186, 19, 'Червена вода', 7123, 7124),
(3187, 19, 'Черешово', 7125, 7126),
(3188, 19, 'Чилнов', 7127, 7128),
(3189, 19, 'Широково', 7129, 7130),
(3190, 19, 'Щръклево', 7131, 7132),
(3191, 19, 'Юделник', 7133, 7134),
(3192, 19, 'Ястребово', 7135, 7136),
(3193, 27, 'Александрово', 9561, 9562),
(3194, 27, 'Байково', 9563, 9564),
(3195, 27, 'Беджене', 9565, 9566),
(3196, 27, 'Белокопитово', 9567, 9568),
(3197, 27, 'Благово', 9569, 9570),
(3198, 27, 'Близнаци', 9571, 9572),
(3199, 27, 'Божурово', 9573, 9574),
(3200, 27, 'Борци', 9575, 9576),
(3201, 27, 'Боян', 9577, 9578),
(3202, 27, 'Браничево', 9579, 9580),
(3203, 27, 'Буйновица', 9581, 9582),
(3204, 27, 'Бял бряг', 9583, 9584),
(3205, 27, 'Бяла река', 9585, 9586),
(3206, 27, 'Васил Друмев', 9587, 9588),
(3207, 27, 'Векилски', 9589, 9590),
(3208, 27, 'Велики Преслав', 9591, 9592),
(3209, 27, 'Велино', 9593, 9594),
(3210, 27, 'Венец', 9595, 9596),
(3211, 27, 'Веселиново', 9597, 9598),
(3212, 27, 'Ветрище', 9599, 9600),
(3213, 27, 'Вехтово', 9601, 9602),
(3214, 27, 'Висока поляна', 9603, 9604),
(3215, 27, 'Войвода', 9605, 9606),
(3216, 27, 'Вълнари', 9607, 9608),
(3217, 27, 'Върбак', 9609, 9610),
(3218, 27, 'Върбица', 9611, 9612),
(3219, 27, 'Върбяне', 9613, 9614),
(3220, 27, 'Габрица', 9615, 9616),
(3221, 27, 'Градище', 9617, 9618),
(3222, 27, 'Гусла', 9619, 9620),
(3223, 27, 'Денница', 9621, 9622),
(3224, 27, 'Дибич', 9623, 9624),
(3225, 27, 'Длъжко', 9625, 9626),
(3226, 27, 'Добри Войниково', 9627, 9628),
(3227, 27, 'Дойранци', 9629, 9630),
(3228, 27, 'Долина', 9631, 9632),
(3229, 27, 'Драгоево', 9633, 9634),
(3230, 27, 'Дренци', 9635, 9636),
(3231, 27, 'Друмево', 9637, 9638),
(3232, 27, 'Единаковци', 9639, 9640),
(3233, 27, 'Енево', 9641, 9642),
(3234, 27, 'Желъд', 9643, 9644),
(3235, 27, 'Живково', 9645, 9646),
(3236, 27, 'Жилино', 9647, 9648),
(3237, 27, 'Загориче', 9649, 9650),
(3238, 27, 'Зайчино ореше', 9651, 9652),
(3239, 27, 'Звегор', 9653, 9654),
(3240, 27, 'Златар', 9655, 9656),
(3241, 27, 'Златна нива', 9657, 9658),
(3242, 27, 'Иваново', 9659, 9660),
(3243, 27, 'Ивански', 9661, 9662),
(3244, 27, 'Иглика', 9663, 9664),
(3245, 27, 'Избул', 9665, 9666),
(3246, 27, 'Изгрев', 9667, 9668),
(3247, 27, 'Илия Блъсково', 9669, 9670),
(3248, 27, 'Имренчево', 9671, 9672),
(3249, 27, 'Калино', 9673, 9674),
(3250, 27, 'Каменяк', 9675, 9676),
(3251, 27, 'Каолиново', 9677, 9678),
(3252, 27, 'Капитан Петко', 9679, 9680),
(3253, 27, 'Каравелово', 9681, 9682),
(3254, 27, 'Каспичан', 9683, 9684),
(3255, 27, 'Кладенец', 9685, 9686),
(3256, 27, 'Климент', 9687, 9688),
(3257, 27, 'Конево', 9689, 9690),
(3258, 27, 'Коньовец', 9691, 9692),
(3259, 27, 'Косово', 9693, 9694),
(3260, 27, 'Костена река', 9695, 9696),
(3261, 27, 'Кочово', 9697, 9698),
(3262, 27, 'Крайгорци', 9699, 9700),
(3263, 27, 'Красен дол', 9701, 9702),
(3264, 27, 'Крива река', 9703, 9704),
(3265, 27, 'Кълново', 9705, 9706),
(3266, 27, 'Кьолмен', 9707, 9708),
(3267, 27, 'Кюлевча', 9709, 9710),
(3268, 27, 'Лиси връх', 9711, 9712),
(3269, 27, 'Ловец', 9713, 9714),
(3270, 27, 'Лозево', 9715, 9716),
(3271, 27, 'Лятно', 9717, 9718),
(3272, 27, 'Мадара', 9719, 9720),
(3273, 27, 'Маломир', 9721, 9722),
(3274, 27, 'Мараш', 9723, 9724),
(3275, 27, 'Марково', 9725, 9726),
(3276, 27, 'Менгишево', 9727, 9728),
(3277, 27, 'Методиево', 9729, 9730),
(3278, 27, 'Миланово', 9731, 9732),
(3279, 27, 'Мировци', 9733, 9734),
(3280, 27, 'Могила', 9735, 9736),
(3281, 27, 'Мокреш', 9737, 9738),
(3282, 27, 'Мостич', 9739, 9740),
(3283, 27, 'Наум', 9741, 9742),
(3284, 27, 'Никола Козлево', 9743, 9744),
(3285, 27, 'Нова бяла река', 9745, 9746),
(3286, 27, 'Нови пазар', 9747, 9748),
(3287, 27, 'Ново Янково', 9749, 9750),
(3288, 27, 'Новосел', 9751, 9752),
(3289, 27, 'Овчарово', 9753, 9754),
(3290, 27, 'Омарчево', 9755, 9756),
(3291, 27, 'Осеновец', 9757, 9758),
(3292, 27, 'Осмар', 9759, 9760),
(3293, 27, 'Памукчии', 9761, 9762),
(3294, 27, 'Панайот Волово', 9763, 9764),
(3295, 27, 'Пет могили', 9765, 9766),
(3296, 27, 'Писарево', 9767, 9768),
(3297, 27, 'Плиска', 9769, 9770),
(3298, 27, 'Правенци', 9771, 9772),
(3299, 27, 'Преселка', 9773, 9774),
(3300, 27, 'Пристое', 9775, 9776),
(3301, 27, 'Радко Димитриево', 9777, 9778),
(3302, 27, 'Развигорово', 9779, 9780),
(3303, 27, 'Риш', 9781, 9782),
(3304, 27, 'Ружица', 9783, 9784),
(3305, 27, 'Салманово', 9785, 9786),
(3306, 27, 'Сечище', 9787, 9788),
(3307, 27, 'Сини вир', 9789, 9790),
(3308, 27, 'Сливак', 9791, 9792),
(3309, 27, 'Смядово', 9793, 9794),
(3310, 27, 'Средковец', 9795, 9796),
(3311, 27, 'Средня', 9797, 9798),
(3312, 27, 'Стан', 9799, 9800),
(3313, 27, 'Становец', 9801, 9802),
(3314, 27, 'Станянци', 9803, 9804),
(3315, 27, 'Стоян Михайловски', 9805, 9806),
(3316, 27, 'Страхилица', 9807, 9808),
(3317, 27, 'Струино', 9809, 9810),
(3318, 27, 'Студеница', 9811, 9812),
(3319, 27, 'Суха река', 9813, 9814),
(3320, 27, 'Сушина', 9815, 9816),
(3321, 27, 'Тервел', 9817, 9818),
(3322, 27, 'Тимарево', 9819, 9820),
(3323, 27, 'Тодор Икономово', 9821, 9822),
(3324, 27, 'Трем', 9823, 9824),
(3325, 27, 'Троица', 9825, 9826),
(3326, 27, 'Тръница', 9827, 9828),
(3327, 27, 'Тушовица', 9829, 9830),
(3328, 27, 'Тъкач', 9831, 9832),
(3329, 27, 'Хан Крум', 9833, 9834),
(3330, 27, 'Хитрино', 9835, 9836),
(3331, 27, 'Хърсово', 9837, 9838),
(3332, 27, 'Цани Гинчево', 9839, 9840),
(3333, 27, 'Царев брод', 9841, 9842),
(3334, 27, 'Църквица', 9843, 9844),
(3335, 27, 'Черенча', 9845, 9846),
(3336, 27, 'Черна', 9847, 9848),
(3337, 27, 'Черни връх', 9849, 9850),
(3338, 27, 'Черноглавци', 9851, 9852),
(3339, 27, 'Чернооково', 9853, 9854),
(3340, 27, 'Шумен', 9855, 9856),
(3341, 27, 'Янково', 9857, 9858),
(3342, 27, 'Ясенково', 9859, 9860),
(3343, 20, 'Айдемир', 7139, 7140),
(3344, 20, 'Алеково', 7141, 7142),
(3345, 20, 'Алфатар', 7143, 7144),
(3346, 20, 'Антимово', 7145, 7146),
(3347, 20, 'Бабук', 7147, 7148),
(3348, 20, 'Бащино', 7149, 7150),
(3349, 20, 'Белица', 7151, 7152),
(3350, 20, 'Бистра', 7153, 7154),
(3351, 20, 'Богданци', 7155, 7156),
(3352, 20, 'Богорово', 7157, 7158),
(3353, 20, 'Боил', 7159, 7160),
(3354, 20, 'Босна', 7161, 7162),
(3355, 20, 'Брадвари', 7163, 7164),
(3356, 20, 'Бреница', 7165, 7166),
(3357, 20, 'Българка', 7167, 7168),
(3358, 20, 'Варненци', 7169, 7170),
(3359, 20, 'Васил Левски', 7171, 7172),
(3360, 20, 'Ветрен', 7173, 7174),
(3361, 20, 'Водно', 7175, 7176),
(3362, 20, 'Войново', 7177, 7178),
(3363, 20, 'Вокил', 7179, 7180),
(3364, 20, 'Вълкан', 7181, 7182),
(3365, 20, 'Върбино', 7183, 7184),
(3366, 20, 'Гарван', 7185, 7186),
(3367, 20, 'Главан', 7187, 7188),
(3368, 20, 'Главиница', 7189, 7190),
(3369, 20, 'Голеш', 7191, 7192),
(3370, 20, 'Господиново', 7193, 7194),
(3371, 20, 'Грънчарово', 7195, 7196),
(3372, 20, 'Давидово', 7197, 7198),
(3373, 20, 'Дичево', 7199, 7200),
(3374, 20, 'Добротица', 7201, 7202),
(3375, 20, 'Добруджанка', 7203, 7204),
(3376, 20, 'Долец', 7205, 7206),
(3377, 20, 'Долно Ряхово', 7207, 7208),
(3378, 20, 'Дулово', 7209, 7210),
(3379, 20, 'Дунавец', 7211, 7212),
(3380, 20, 'Зарица', 7213, 7214),
(3381, 20, 'Зарник', 7215, 7216),
(3382, 20, 'Зафирово', 7217, 7218),
(3383, 20, 'Звенимир', 7219, 7220),
(3384, 20, 'Зебил', 7221, 7222),
(3385, 20, 'Златоклас', 7223, 7224),
(3386, 20, 'Ирник', 7225, 7226),
(3387, 20, 'Искра', 7227, 7228),
(3388, 20, 'Йорданово', 7229, 7230),
(3389, 20, 'Казимир', 7231, 7232),
(3390, 20, 'Кайнарджа', 7233, 7234),
(3391, 20, 'Калипетрово', 7235, 7236),
(3392, 20, 'Калугерене', 7237, 7238),
(3393, 20, 'Каменци', 7239, 7240),
(3394, 20, 'Козяк', 7241, 7242),
(3395, 20, 'Коларово', 7243, 7244),
(3396, 20, 'Колобър', 7245, 7246),
(3397, 20, 'Косара', 7247, 7248),
(3398, 20, 'Краново', 7249, 7250),
(3399, 20, 'Кутловица', 7251, 7252),
(3400, 20, 'Листец', 7253, 7254),
(3401, 20, 'Любен', 7255, 7256),
(3402, 20, 'Малък Преславец', 7257, 7258),
(3403, 20, 'Межден', 7259, 7260),
(3404, 20, 'Нова Попина', 7261, 7262),
(3405, 20, 'Нова Черна', 7263, 7264),
(3406, 20, 'Ножарево', 7265, 7266),
(3407, 20, 'Овен', 7267, 7268),
(3408, 20, 'Окорш', 7269, 7270),
(3409, 20, 'Орешене', 7271, 7272),
(3410, 20, 'Осен', 7273, 7274),
(3411, 20, 'Падина', 7275, 7276),
(3412, 20, 'Паисиево', 7277, 7278),
(3413, 20, 'Подлес', 7279, 7280),
(3414, 20, 'Пожарево', 7281, 7282),
(3415, 20, 'Полковник Ламбриново', 7283, 7284),
(3416, 20, 'Полковник Таслаково', 7285, 7286),
(3417, 20, 'Полковник Чолаково', 7287, 7288),
(3418, 20, 'Поляна', 7289, 7290),
(3419, 20, 'Попина', 7291, 7292),
(3420, 20, 'Попкралево', 7293, 7294),
(3421, 20, 'Попрусаново', 7295, 7296),
(3422, 20, 'Поройно', 7297, 7298),
(3423, 20, 'Посев', 7299, 7300),
(3424, 20, 'Правда', 7301, 7302),
(3425, 20, 'Преславци', 7303, 7304),
(3426, 20, 'Професор Иширково', 7305, 7306),
(3427, 20, 'Прохлада', 7307, 7308),
(3428, 20, 'Раздел', 7309, 7310),
(3429, 20, 'Руйно', 7311, 7312),
(3430, 20, 'Светослав', 7313, 7314),
(3431, 20, 'Секулово', 7315, 7316),
(3432, 20, 'Силистра', 7317, 7318),
(3433, 20, 'Ситово', 7319, 7320),
(3434, 20, 'Скала', 7321, 7322),
(3435, 20, 'Слатина', 7323, 7324),
(3436, 20, 'Смилец', 7325, 7326),
(3437, 20, 'Сокол', 7327, 7328),
(3438, 20, 'Срацимир', 7329, 7330),
(3439, 20, 'Сребърна', 7331, 7332),
(3440, 20, 'Средище', 7333, 7334),
(3441, 20, 'Старо село', 7335, 7336),
(3442, 20, 'Стефан Караджа', 7337, 7338),
(3443, 20, 'Стрелково', 7339, 7340),
(3444, 20, 'Суходол', 7341, 7342),
(3445, 20, 'Сърпово', 7343, 7344),
(3446, 20, 'Сяново', 7345, 7346),
(3447, 20, 'Тутракан', 7347, 7348),
(3448, 20, 'Търновци', 7349, 7350),
(3449, 20, 'Цар Асен', 7351, 7352),
(3450, 20, 'Цар Самуил', 7353, 7354),
(3451, 20, 'Царев дол', 7355, 7356),
(3452, 20, 'Ценович', 7357, 7358),
(3453, 20, 'Черковна', 7359, 7360),
(3454, 20, 'Черник', 7361, 7362),
(3455, 20, 'Черногор', 7363, 7364),
(3456, 20, 'Чернолик', 7365, 7366),
(3457, 20, 'Чуковец', 7367, 7368),
(3458, 20, 'Шуменци', 7369, 7370),
(3459, 20, 'Яребица', 7371, 7372),
(3460, 20, 'Ястребна', 7373, 7374),
(3461, 21, 'Асеновец', 7377, 7378),
(3462, 21, 'Баня', 7379, 7380),
(3463, 21, 'Биково', 7381, 7382),
(3464, 21, 'Бинкос', 7383, 7384),
(3465, 21, 'Блатец', 7385, 7386),
(3466, 21, 'Близнец', 7387, 7388),
(3467, 21, 'Богданово', 7389, 7390),
(3468, 21, 'Божевци', 7391, 7392),
(3469, 21, 'Бозаджии', 7393, 7394),
(3470, 21, 'Боринци', 7395, 7396),
(3471, 21, 'Боров дол', 7397, 7398),
(3472, 21, 'Братан', 7399, 7400),
(3473, 21, 'Брястово', 7401, 7402),
(3474, 21, 'Бял кладенец', 7403, 7404),
(3475, 21, 'Бяла', 7405, 7406),
(3476, 21, 'Бяла паланка', 7407, 7408),
(3477, 21, 'Въглен', 7409, 7410),
(3478, 21, 'Гавраилово', 7411, 7412),
(3479, 21, 'Гергевец', 7413, 7414),
(3480, 21, 'Глуфишево', 7415, 7416),
(3481, 21, 'Глушник', 7417, 7418),
(3482, 21, 'Голямо Чочовени', 7419, 7420),
(3483, 21, 'Горно Александрово', 7421, 7422),
(3484, 21, 'Градец', 7423, 7424),
(3485, 21, 'Градско', 7425, 7426),
(3486, 21, 'Графитово', 7427, 7428),
(3487, 21, 'Драгоданово', 7429, 7430),
(3488, 21, 'Дъбова', 7431, 7432),
(3489, 21, 'Дядово', 7433, 7434),
(3490, 21, 'Езеро', 7435, 7436),
(3491, 21, 'Еленово', 7437, 7438),
(3492, 21, 'Желю войвода', 7439, 7440),
(3493, 21, 'Жеравна', 7441, 7442),
(3494, 21, 'Жълт бряг', 7443, 7444),
(3495, 21, 'Загорци', 7445, 7446),
(3496, 21, 'Зайчари', 7447, 7448),
(3497, 21, 'Злати войвода', 7449, 7450),
(3498, 21, 'Изгрев', 7451, 7452),
(3499, 21, 'Ичера', 7453, 7454),
(3500, 21, 'Калояново', 7455, 7456),
(3501, 21, 'Камен', 7457, 7458),
(3502, 21, 'Каменово', 7459, 7460),
(3503, 21, 'Караново', 7461, 7462),
(3504, 21, 'Катунище', 7463, 7464),
(3505, 21, 'Кермен', 7465, 7466),
(3506, 21, 'Кипилово', 7467, 7468),
(3507, 21, 'Ковачите', 7469, 7470),
(3508, 21, 'Коньово', 7471, 7472),
(3509, 21, 'Кортен', 7473, 7474),
(3510, 21, 'Котел', 7475, 7476),
(3511, 21, 'Крива круша', 7477, 7478),
(3512, 21, 'Крушаре', 7479, 7480),
(3513, 21, 'Любенец', 7481, 7482),
(3514, 21, 'Любенова махала', 7483, 7484),
(3515, 21, 'Малко село', 7485, 7486),
(3516, 21, 'Малко Чочовени', 7487, 7488),
(3517, 21, 'Медвен', 7489, 7490),
(3518, 21, 'Мечкарево', 7491, 7492),
(3519, 21, 'Младово', 7493, 7494),
(3520, 21, 'Млекарево', 7495, 7496),
(3521, 21, 'Мокрен', 7497, 7498),
(3522, 21, 'Научене', 7499, 7500),
(3523, 21, 'Нейково', 7501, 7502),
(3524, 21, 'Николаево', 7503, 7504),
(3525, 21, 'Нова Загора', 7505, 7506),
(3526, 21, 'Новачево', 7507, 7508),
(3527, 21, 'Новоселец', 7509, 7510),
(3528, 21, 'Омарчево', 7511, 7512),
(3529, 21, 'Оризари', 7513, 7514),
(3530, 21, 'Орлово', 7515, 7516),
(3531, 21, 'Остра могила', 7517, 7518),
(3532, 21, 'Панаретовци', 7519, 7520),
(3533, 21, 'Пет могили', 7521, 7522),
(3534, 21, 'Питово', 7523, 7524),
(3535, 21, 'Полско Пъдарево', 7525, 7526),
(3536, 21, 'Прохорово', 7527, 7528),
(3537, 21, 'Пъдарево', 7529, 7530),
(3538, 21, 'Радево', 7531, 7532),
(3539, 21, 'Радецки', 7533, 7534),
(3540, 21, 'Раково', 7535, 7536),
(3541, 21, 'Самуилово', 7537, 7538),
(3542, 21, 'Сборище', 7539, 7540),
(3543, 21, 'Седларево', 7541, 7542),
(3544, 21, 'Селиминово', 7543, 7544),
(3545, 21, 'Скобелево', 7545, 7546),
(3546, 21, 'Сливен', 7547, 7548),
(3547, 21, 'Сокол', 7549, 7550),
(3548, 21, 'Соколарци', 7551, 7552),
(3549, 21, 'Сотиря', 7553, 7554),
(3550, 21, 'Средорек', 7555, 7556),
(3551, 21, 'Стара река', 7557, 7558),
(3552, 21, 'Старо село', 7559, 7560),
(3553, 21, 'Стоил войвода', 7561, 7562),
(3554, 21, 'Стрелци', 7563, 7564),
(3555, 21, 'Струпец', 7565, 7566),
(3556, 21, 'Събрано', 7567, 7568),
(3557, 21, 'Съдиево', 7569, 7570),
(3558, 21, 'Съдийско поле', 7571, 7572),
(3559, 21, 'Сърцево', 7573, 7574),
(3560, 21, 'Твърдица', 7575, 7576),
(3561, 21, 'Тича', 7577, 7578),
(3562, 21, 'Тополчане', 7579, 7580),
(3563, 21, 'Топузево', 7581, 7582),
(3564, 21, 'Трапоклово', 7583, 7584),
(3565, 21, 'Филаретово', 7585, 7586),
(3566, 21, 'Ценино', 7587, 7588),
(3567, 21, 'Червенаково', 7589, 7590),
(3568, 21, 'Чинтулово', 7591, 7592),
(3569, 21, 'Чокоба', 7593, 7594),
(3570, 21, 'Шивачево', 7595, 7596),
(3571, 21, 'Ябланово', 7597, 7598),
(3572, 1, 'Смолян', 10082, 10565),
(3573, 3572, 'Аламовци', 10083, 10084),
(3574, 3572, 'Алиговска', 10085, 10086),
(3575, 3572, 'Арда', 10087, 10088),
(3576, 3572, 'Арпаджик', 10089, 10090),
(3577, 3572, 'Баблон', 10091, 10092),
(3578, 3572, 'Баните', 10093, 10094),
(3579, 3572, 'Барутин', 10095, 10096),
(3580, 3572, 'Беден', 10097, 10098),
(3581, 3572, 'Белев дол', 10099, 10100),
(3582, 3572, 'Билянска', 10101, 10102),
(3583, 3572, 'Богутево', 10103, 10104),
(3584, 3572, 'Боево', 10105, 10106),
(3585, 3572, 'Борие', 10107, 10108),
(3586, 3572, 'Борика', 10109, 10110),
(3587, 3572, 'Бориково', 10111, 10112),
(3588, 3572, 'Борино', 10113, 10114),
(3589, 3572, 'Бориново', 10115, 10116),
(3590, 3572, 'Боровина', 10117, 10118),
(3591, 3572, 'Босилково', 10119, 10120),
(3592, 3572, 'Бостина', 10121, 10122),
(3593, 3572, 'Бреза', 10123, 10124),
(3594, 3572, 'Брезе', 10125, 10126),
(3595, 3572, 'Бръщен', 10127, 10128),
(3596, 3572, 'Буйново', 10129, 10130),
(3597, 3572, 'Буката', 10131, 10132),
(3598, 3572, 'Букаците', 10133, 10134),
(3599, 3572, 'Букова поляна', 10135, 10136),
(3600, 3572, 'Буково', 10137, 10138),
(3601, 3572, 'Бурево', 10139, 10140),
(3602, 3572, 'Бърчево', 10141, 10142),
(3603, 3572, 'Бяла река', 10143, 10144),
(3604, 3572, 'Вехтино', 10145, 10146),
(3605, 3572, 'Виево', 10147, 10148),
(3606, 3572, 'Високите', 10149, 10150),
(3607, 3572, 'Витина', 10151, 10152),
(3608, 3572, 'Вишнево', 10153, 10154),
(3609, 3572, 'Влахово', 10155, 10156),
(3610, 3572, 'Водата', 10157, 10158),
(3611, 3572, 'Водни пад', 10159, 10160),
(3612, 3572, 'Войкова лъка', 10161, 10162),
(3613, 3572, 'Вранинци', 10163, 10164),
(3614, 3572, 'Вълчан', 10165, 10166),
(3615, 3572, 'Вълчан дол', 10167, 10168),
(3616, 3572, 'Върба', 10169, 10170),
(3617, 3572, 'Върбина', 10171, 10172),
(3618, 3572, 'Върбово', 10173, 10174),
(3619, 3572, 'Въргов дол', 10175, 10176),
(3620, 3572, 'Върли дол', 10177, 10178),
(3621, 3572, 'Върлино', 10179, 10180),
(3622, 3572, 'Габрина', 10181, 10182),
(3623, 3572, 'Габрица', 10183, 10184),
(3624, 3572, 'Галище', 10185, 10186),
(3625, 3572, 'Гела', 10187, 10188),
(3626, 3572, 'Глогино', 10189, 10190),
(3627, 3572, 'Гоздевица', 10191, 10192),
(3628, 3572, 'Горна Арда', 10193, 10194),
(3629, 3572, 'Горово', 10195, 10196),
(3630, 3572, 'Градът', 10197, 10198),
(3631, 3572, 'Грамаде', 10199, 10200),
(3632, 3572, 'Гращица', 10201, 10202),
(3633, 3572, 'Грохотно', 10203, 10204),
(3634, 3572, 'Гудевица', 10205, 10206),
(3635, 3572, 'Гълъбово', 10207, 10208),
(3636, 3572, 'Гърнати', 10209, 10210),
(3637, 3572, 'Гьоврен', 10211, 10212),
(3638, 3572, 'Давидково', 10213, 10214),
(3639, 3572, 'Две тополи', 10215, 10216),
(3640, 3572, 'Дебеляново', 10217, 10218),
(3641, 3572, 'Девин', 10219, 10220),
(3642, 3572, 'Диманово', 10221, 10222),
(3643, 3572, 'Димово', 10223, 10224),
(3644, 3572, 'Дирало', 10225, 10226),
(3645, 3572, 'Добрева череша', 10227, 10228),
(3646, 3572, 'Долен', 10229, 10230),
(3647, 3572, 'Долие', 10231, 10232),
(3648, 3572, 'Доспат', 10233, 10234),
(3649, 3572, 'Дрянка', 10235, 10236),
(3650, 3572, 'Дряновец', 10237, 10238),
(3651, 3572, 'Дунево', 10239, 10240),
(3652, 3572, 'Дуня', 10241, 10242),
(3653, 3572, 'Дъбова', 10243, 10244),
(3654, 3572, 'Еленка', 10245, 10246),
(3655, 3572, 'Еленска', 10247, 10248),
(3656, 3572, 'Елховец', 10249, 10250),
(3657, 3572, 'Ельово', 10251, 10252),
(3658, 3572, 'Ерма река', 10253, 10254),
(3659, 3572, 'Жребево', 10255, 10256),
(3660, 3572, 'Забърдо', 10257, 10258),
(3661, 3572, 'Загражден', 10259, 10260),
(3662, 3572, 'Заевите', 10261, 10262),
(3663, 3572, 'Златоград', 10263, 10264),
(3664, 3572, 'Змеица', 10265, 10266),
(3665, 3572, 'Змиево', 10267, 10268),
(3666, 3572, 'Зорница', 10269, 10270),
(3667, 3572, 'Иваново', 10271, 10272),
(3668, 3572, 'Изгрев', 10273, 10274),
(3669, 3572, 'Исьовци', 10275, 10276),
(3670, 3572, 'Касапско', 10277, 10278),
(3671, 3572, 'Катраница', 10279, 10280),
(3672, 3572, 'Кестен', 10281, 10282),
(3673, 3572, 'Киселчово', 10283, 10284),
(3674, 3572, 'Кожари', 10285, 10286),
(3675, 3572, 'Козарка', 10287, 10288),
(3676, 3572, 'Кокорово', 10289, 10290),
(3677, 3572, 'Кокорци', 10291, 10292),
(3678, 3572, 'Кориите', 10293, 10294),
(3679, 3572, 'Коритата', 10295, 10296),
(3680, 3572, 'Кочани', 10297, 10298),
(3681, 3572, 'Кошница', 10299, 10300),
(3682, 3572, 'Крайна', 10301, 10302),
(3683, 3572, 'Кремене', 10303, 10304),
(3684, 3572, 'Крушев дол', 10305, 10306),
(3685, 3572, 'Кръстатица', 10307, 10308),
(3686, 3572, 'Кукувица', 10309, 10310),
(3687, 3572, 'Кундево', 10311, 10312),
(3688, 3572, 'Купен', 10313, 10314),
(3689, 3572, 'Кутела', 10315, 10316),
(3690, 3572, 'Кушла', 10317, 10318),
(3691, 3572, 'Късак', 10319, 10320),
(3692, 3572, 'Левочево', 10321, 10322),
(3693, 3572, 'Леска', 10323, 10324),
(3694, 3572, 'Лещак', 10325, 10326),
(3695, 3572, 'Ливаде', 10327, 10328),
(3696, 3572, 'Лилеково', 10329, 10330),
(3697, 3572, 'Липец', 10331, 10332),
(3698, 3572, 'Ловци', 10333, 10334),
(3699, 3572, 'Лъка', 10335, 10336),
(3700, 3572, 'Любча', 10337, 10338),
(3701, 3572, 'Люлка', 10339, 10340),
(3702, 3572, 'Лясково', 10341, 10342),
(3703, 3572, 'Магарджица', 10343, 10344),
(3704, 3572, 'Мадан', 10345, 10346),
(3705, 3572, 'Малево', 10347, 10348),
(3706, 3572, 'Малка Арда', 10349, 10350),
(3707, 3572, 'Малко Крушево', 10351, 10352),
(3708, 3572, 'Миле', 10353, 10354),
(3709, 3572, 'Милково', 10355, 10356),
(3710, 3572, 'Митовска', 10357, 10358),
(3711, 3572, 'Михалково', 10359, 10360),
(3712, 3572, 'Могилица', 10361, 10362),
(3713, 3572, 'Момчиловци', 10363, 10364),
(3714, 3572, 'Мочуре', 10365, 10366),
(3715, 3572, 'Мугла', 10367, 10368),
(3716, 3572, 'Мъглища', 10369, 10370),
(3717, 3572, 'Мързян', 10371, 10372),
(3718, 3572, 'Надарци', 10373, 10374),
(3719, 3572, 'Неделино', 10375, 10376),
(3720, 3572, 'Оглед', 10377, 10378),
(3721, 3572, 'Оградна', 10379, 10380),
(3722, 3572, 'Орехово', 10381, 10382),
(3723, 3572, 'Орешец', 10383, 10384),
(3724, 3572, 'Оряховец', 10385, 10386),
(3725, 3572, 'Осиково', 10387, 10388),
(3726, 3572, 'Остри пазлак', 10389, 10390),
(3727, 3572, 'Острица', 10391, 10392),
(3728, 3572, 'Павелско', 10393, 10394),
(3729, 3572, 'Петково', 10395, 10396),
(3730, 3572, 'Петров дол', 10397, 10398),
(3731, 3572, 'Печинска', 10399, 10400),
(3732, 3572, 'Пещера', 10401, 10402),
(3733, 3572, 'Писаница', 10403, 10404),
(3734, 3572, 'Планинско', 10405, 10406),
(3735, 3572, 'Планинци', 10407, 10408),
(3736, 3572, 'Пловдивци', 10409, 10410),
(3737, 3572, 'Подвис', 10411, 10412),
(3738, 3572, 'Полковник Серафимово', 10413, 10414),
(3739, 3572, 'Поляна', 10415, 10416),
(3740, 3572, 'Попрелка', 10417, 10418),
(3741, 3572, 'Потока', 10419, 10420),
(3742, 3572, 'Пресока', 10421, 10422),
(3743, 3572, 'Проглед', 10423, 10424),
(3744, 3572, 'Равнил', 10425, 10426),
(3745, 3572, 'Равнината', 10427, 10428),
(3746, 3572, 'Равнища', 10429, 10430),
(3747, 3572, 'Равно нивище', 10431, 10432),
(3748, 3572, 'Река', 10433, 10434),
(3749, 3572, 'Речани', 10435, 10436),
(3750, 3572, 'Рибен дол', 10437, 10438),
(3751, 3572, 'Рибница', 10439, 10440),
(3752, 3572, 'Ровина', 10441, 10442),
(3753, 3572, 'Рудозем', 10443, 10444),
(3754, 3572, 'Рустан', 10445, 10446),
(3755, 3572, 'Селище', 10447, 10448),
(3756, 3572, 'Селча', 10449, 10450),
(3757, 3572, 'Сивино', 10451, 10452),
(3758, 3572, 'Славейно', 10453, 10454),
(3759, 3572, 'Сливка', 10455, 10456),
(3760, 3572, 'Сливово', 10457, 10458),
(3761, 3572, 'Смилян', 10459, 10460),
(3762, 3572, 'Смолян', 10461, 10462),
(3763, 3572, 'Соколовци', 10463, 10464),
(3764, 3572, 'Солища', 10465, 10466),
(3765, 3572, 'Сопотот', 10467, 10468),
(3766, 3572, 'Средец', 10469, 10470),
(3767, 3572, 'Средногорци', 10471, 10472),
(3768, 3572, 'Средок', 10473, 10474),
(3769, 3572, 'Стайчин дол', 10475, 10476),
(3770, 3572, 'Старцево', 10477, 10478),
(3771, 3572, 'Стикъл', 10479, 10480),
(3772, 3572, 'Стойките', 10481, 10482),
(3773, 3572, 'Стоманево', 10483, 10484),
(3774, 3572, 'Стража', 10485, 10486),
(3775, 3572, 'Страшимир', 10487, 10488),
(3776, 3572, 'Студена', 10489, 10490),
(3777, 3572, 'Студенец', 10491, 10492),
(3778, 3572, 'Стърница', 10493, 10494),
(3779, 3572, 'Сърнино', 10495, 10496),
(3780, 3572, 'Тешел', 10497, 10498),
(3781, 3572, 'Тикале', 10499, 10500),
(3782, 3572, 'Траве', 10501, 10502),
(3783, 3572, 'Требище', 10503, 10504),
(3784, 3572, 'Триград', 10505, 10506),
(3785, 3572, 'Турян', 10507, 10508),
(3786, 3572, 'Тънка бара', 10509, 10510),
(3787, 3572, 'Тънкото', 10511, 10512),
(3788, 3572, 'Търън', 10513, 10514),
(3789, 3572, 'Уручевци', 10515, 10516),
(3790, 3572, 'Ухловица', 10517, 10518),
(3791, 3572, 'Фабрика', 10519, 10520),
(3792, 3572, 'Фатово', 10521, 10522),
(3793, 3572, 'Хасовица', 10523, 10524),
(3794, 3572, 'Хвойна', 10525, 10526),
(3795, 3572, 'Цацаровци', 10527, 10528),
(3796, 3572, 'Цирка', 10529, 10530),
(3797, 3572, 'Црънча', 10531, 10532),
(3798, 3572, 'Чавдар', 10533, 10534),
(3799, 3572, 'Чала', 10535, 10536),
(3800, 3572, 'Чамла', 10537, 10538),
(3801, 3572, 'Чепеларе', 10539, 10540),
(3802, 3572, 'Чепинци', 10541, 10542),
(3803, 3572, 'Чеплетен', 10543, 10544),
(3804, 3572, 'Черешките', 10545, 10546),
(3805, 3572, 'Черешово', 10547, 10548),
(3806, 3572, 'Черешовска река', 10549, 10550),
(3807, 3572, 'Чокманово', 10551, 10552),
(3808, 3572, 'Чурка', 10553, 10554),
(3809, 3572, 'Чуруково', 10555, 10556),
(3810, 3572, 'Чучур', 10557, 10558),
(3811, 3572, 'Шаренска', 10559, 10560),
(3812, 3572, 'Широка лъка', 10561, 10562),
(3813, 3572, 'Ягодина', 10563, 10564),
(3814, 22, 'Балша', 7601, 7602),
(3815, 22, 'Банкя', 7603, 7604),
(3816, 22, 'Бистрица', 7605, 7606),
(3817, 22, 'Бусманци', 7607, 7608),
(3818, 22, 'Бухово', 7609, 7610),
(3819, 22, 'Владая', 7611, 7612),
(3820, 22, 'Войнеговци', 7613, 7614),
(3821, 22, 'Волуяк', 7615, 7616),
(3822, 22, 'Герман', 7617, 7618),
(3823, 22, 'Горни Богров', 7619, 7620),
(3824, 22, 'Доброславци', 7621, 7622),
(3825, 22, 'Долни Богров', 7623, 7624),
(3826, 22, 'Долни Пасарел', 7625, 7626),
(3827, 22, 'Железница', 7627, 7628),
(3828, 22, 'Желява', 7629, 7630),
(3829, 22, 'Житен', 7631, 7632),
(3830, 22, 'Иваняне', 7633, 7634),
(3831, 22, 'Казичене', 7635, 7636),
(3832, 22, 'Клисура', 7637, 7638),
(3833, 22, 'Кокаляне', 7639, 7640),
(3834, 22, 'Кривина', 7641, 7642),
(3835, 22, 'Кубратово', 7643, 7644),
(3836, 22, 'Кътина', 7645, 7646),
(3837, 22, 'Лозен', 7647, 7648),
(3838, 22, 'Локорско', 7649, 7650),
(3839, 22, 'Мало Бучино', 7651, 7652),
(3840, 22, 'Мировяне', 7653, 7654),
(3841, 22, 'Мрамор', 7655, 7656),
(3842, 22, 'Мърчаево', 7657, 7658),
(3843, 22, 'Негован', 7659, 7660),
(3844, 22, 'Нови Искър', 7661, 7662),
(3845, 22, 'Панчарево', 7663, 7664),
(3846, 22, 'Плана', 7665, 7666),
(3847, 22, 'Подгумер', 7667, 7668),
(3848, 22, 'Световрачене', 7669, 7670),
(3849, 22, 'София', 7671, 7672),
(3850, 22, 'Чепинци', 7673, 7674),
(3851, 22, 'Яна', 7675, 7676),
(3852, 23, 'Алдомировци', 7679, 7680),
(3853, 23, 'Алино', 7681, 7682),
(3854, 23, 'Антон', 7683, 7684),
(3855, 23, 'Априлово', 7685, 7686),
(3856, 23, 'Байлово', 7687, 7688),
(3857, 23, 'Бакьово', 7689, 7690),
(3858, 23, 'Бальовци', 7691, 7692),
(3859, 23, 'Банчовци', 7693, 7694),
(3860, 23, 'Батулия', 7695, 7696),
(3861, 23, 'Бахалин', 7697, 7698),
(3862, 23, 'Безден', 7699, 7700),
(3863, 23, 'Бели Искър', 7701, 7702),
(3864, 23, 'Белица', 7703, 7704),
(3865, 23, 'Белопопци', 7705, 7706),
(3866, 23, 'Белчин', 7707, 7708),
(3867, 23, 'Белчински бани', 7709, 7710),
(3868, 23, 'Бенковски', 7711, 7712),
(3869, 23, 'Беренде', 7713, 7714),
(3870, 23, 'Беренде извор', 7715, 7716),
(3871, 23, 'Бов', 7717, 7718),
(3872, 23, 'Богданлия', 7719, 7720),
(3873, 23, 'Богдановци', 7721, 7722),
(3874, 23, 'Богьовци', 7723, 7724),
(3875, 23, 'Боерица', 7725, 7726),
(3876, 23, 'Боженица', 7727, 7728),
(3877, 23, 'Божурище', 7729, 7730),
(3878, 23, 'Бойковец', 7731, 7732),
(3879, 23, 'Борика', 7733, 7734),
(3880, 23, 'Ботевград', 7735, 7736),
(3881, 23, 'Бракьовци', 7737, 7738),
(3882, 23, 'Братушково', 7739, 7740),
(3883, 23, 'Брезе', 7741, 7742),
(3884, 23, 'Брезовдол', 7743, 7744),
(3885, 23, 'Брестака', 7745, 7746),
(3886, 23, 'Брусен', 7747, 7748),
(3887, 23, 'Бузяковци', 7749, 7750),
(3888, 23, 'Буковец', 7751, 7752),
(3889, 23, 'Букоровци', 7753, 7754),
(3890, 23, 'Буново', 7755, 7756),
(3891, 23, 'Бучин проход', 7757, 7758),
(3892, 23, 'Бърдо', 7759, 7760),
(3893, 23, 'Бърложница', 7761, 7762),
(3894, 23, 'Бърля', 7763, 7764),
(3895, 23, 'Вакарел', 7765, 7766),
(3896, 23, 'Василовци', 7767, 7768),
(3897, 23, 'Венковец', 7769, 7770),
(3898, 23, 'Веринско', 7771, 7772),
(3899, 23, 'Видраре', 7773, 7774),
(3900, 23, 'Вишан', 7775, 7776),
(3901, 23, 'Владиславци', 7777, 7778),
(3902, 23, 'Владо Тричков', 7779, 7780),
(3903, 23, 'Врачеш', 7781, 7782),
(3904, 23, 'Връдловци', 7783, 7784),
(3905, 23, 'Върбница', 7785, 7786),
(3906, 23, 'Габер', 7787, 7788),
(3907, 23, 'Габра', 7789, 7790),
(3908, 23, 'Габровница', 7791, 7792),
(3909, 23, 'Гайтанево', 7793, 7794),
(3910, 23, 'Гинци', 7795, 7796),
(3911, 23, 'Говедарци', 7797, 7798),
(3912, 23, 'Годеч', 7799, 7800),
(3913, 23, 'Голак', 7801, 7802),
(3914, 23, 'Голема Раковица', 7803, 7804),
(3915, 23, 'Големо Малово', 7805, 7806),
(3916, 23, 'Голеш', 7807, 7808),
(3917, 23, 'Голяновци', 7809, 7810),
(3918, 23, 'Горна Василица', 7811, 7812),
(3919, 23, 'Горна Малина', 7813, 7814),
(3920, 23, 'Горни Окол', 7815, 7816),
(3921, 23, 'Горно Камарци', 7817, 7818),
(3922, 23, 'Горно село', 7819, 7820),
(3923, 23, 'Горунака', 7821, 7822),
(3924, 23, 'Градец', 7823, 7824),
(3925, 23, 'Григорево', 7825, 7826),
(3926, 23, 'Грълска падина', 7827, 7828),
(3927, 23, 'Губеш', 7829, 7830),
(3928, 23, 'Губислав', 7831, 7832),
(3929, 23, 'Гургулят', 7833, 7834),
(3930, 23, 'Гурково', 7835, 7836),
(3931, 23, 'Гурмазово', 7837, 7838),
(3932, 23, 'Гуцал', 7839, 7840),
(3933, 23, 'Гълъбовци', 7841, 7842),
(3934, 23, 'Делян', 7843, 7844),
(3935, 23, 'Джамузовци', 7845, 7846),
(3936, 23, 'Джурово', 7847, 7848),
(3937, 23, 'Добравица', 7849, 7850),
(3938, 23, 'Добърчин', 7851, 7852),
(3939, 23, 'Доганово', 7853, 7854),
(3940, 23, 'Долна баня', 7855, 7856),
(3941, 23, 'Долна Василица', 7857, 7858),
(3942, 23, 'Долна Малина', 7859, 7860),
(3943, 23, 'Долна Невля', 7861, 7862),
(3944, 23, 'Долни Окол', 7863, 7864),
(3945, 23, 'Долно Камарци', 7865, 7866),
(3946, 23, 'Долно ново село', 7867, 7868),
(3947, 23, 'Доспей', 7869, 7870),
(3948, 23, 'Драговищица', 7871, 7872),
(3949, 23, 'Драгоил', 7873, 7874),
(3950, 23, 'Драгоман', 7875, 7876),
(3951, 23, 'Драготинци', 7877, 7878),
(3952, 23, 'Драгушиново', 7879, 7880),
(3953, 23, 'Дреатин', 7881, 7882),
(3954, 23, 'Дреново', 7883, 7884),
(3955, 23, 'Дружево', 7885, 7886),
(3956, 23, 'Дръмша', 7887, 7888),
(3957, 23, 'Душанци', 7889, 7890),
(3958, 23, 'Еленов дол', 7891, 7892),
(3959, 23, 'Елешница', 7893, 7894),
(3960, 23, 'Елин Пелин', 7895, 7896),
(3962, 24, 'Александрово', 8233, 8234),
(3963, 24, 'Априлово', 8235, 8236),
(3964, 24, 'Арнаутито', 8237, 8238),
(3965, 24, 'Асен', 8239, 8240),
(3966, 24, 'Бащино', 8241, 8242),
(3967, 24, 'Бели бряг', 8243, 8244),
(3968, 24, 'Бенковски', 8245, 8246),
(3969, 24, 'Богомилово', 8247, 8248),
(3970, 24, 'Боздуганово', 8249, 8250),
(3971, 24, 'Борилово', 8251, 8252),
(3972, 24, 'Борово', 8253, 8254),
(3973, 24, 'Борущица', 8255, 8256),
(3974, 24, 'Братя Даскалови', 8257, 8258),
(3975, 24, 'Братя Кунчеви', 8259, 8260),
(3976, 24, 'Брестова', 8261, 8262),
(3977, 24, 'Бузовград', 8263, 8264),
(3978, 24, 'Бъдеще', 8265, 8266),
(3979, 24, 'Българене', 8267, 8268),
(3980, 24, 'Бънзарето', 8269, 8270),
(3981, 24, 'Бял извор', 8271, 8272),
(3982, 24, 'Бяло поле', 8273, 8274),
(3983, 24, 'Васил Левски', 8275, 8276),
(3984, 24, 'Великово', 8277, 8278),
(3985, 24, 'Венец', 8279, 8280),
(3986, 24, 'Верен', 8281, 8282),
(3987, 24, 'Ветрен', 8283, 8284),
(3988, 24, 'Виден', 8285, 8286),
(3989, 24, 'Винарово', 8287, 8288),
(3990, 24, 'Воденичарово', 8289, 8290),
(3991, 24, 'Воловарово', 8291, 8292),
(3992, 24, 'Габарево', 8293, 8294),
(3993, 24, 'Гита', 8295, 8296),
(3994, 24, 'Главан', 8297, 8298),
(3995, 24, 'Гледачево', 8299, 8300),
(3996, 24, 'Голям дол', 8301, 8302),
(3997, 24, 'Голямо Дряново', 8303, 8304),
(3998, 24, 'Горно Белево', 8305, 8306),
(3999, 24, 'Горно Ботево', 8307, 8308),
(4000, 24, 'Горно Изворово', 8309, 8310),
(4001, 24, 'Горно ново село', 8311, 8312),
(4002, 24, 'Горно Сахране', 8313, 8314),
(4003, 24, 'Горно Черковище', 8315, 8316),
(4004, 24, 'Гранит', 8317, 8318),
(4005, 24, 'Гурково', 8319, 8320),
(4006, 24, 'Гълъбово', 8321, 8322),
(4007, 24, 'Даскал-Атанасово', 8323, 8324),
(4008, 24, 'Дворище', 8325, 8326),
(4009, 24, 'Димитриево', 8327, 8328),
(4010, 24, 'Димовци', 8329, 8330),
(4011, 24, 'Диня', 8331, 8332),
(4012, 24, 'Долно изворово', 8333, 8334),
(4013, 24, 'Долно ново село', 8335, 8336),
(4014, 24, 'Долно Сахране', 8337, 8338),
(4015, 24, 'Дунавци', 8339, 8340),
(4016, 24, 'Дъбово', 8341, 8342),
(4017, 24, 'Дълбоки', 8343, 8344),
(4018, 24, 'Държава', 8345, 8346),
(4019, 24, 'Държавен', 8347, 8348),
(4020, 24, 'Едрево', 8349, 8350),
(4021, 24, 'Еленино', 8351, 8352),
(4022, 24, 'Елхово', 8353, 8354),
(4023, 24, 'Енина', 8355, 8356),
(4024, 24, 'Жерговец', 8357, 8358),
(4025, 24, 'Жълтопоп', 8359, 8360),
(4026, 24, 'Загоре', 8361, 8362),
(4027, 24, 'Землен', 8363, 8364),
(4028, 24, 'Зетьово', 8365, 8366),
(4029, 24, 'Зимница', 8367, 8368),
(4030, 24, 'Златирът', 8369, 8370),
(4031, 24, 'Златна ливада', 8371, 8372),
(4032, 24, 'Змейово', 8373, 8374),
(4033, 24, 'Знаменосец', 8375, 8376),
(4034, 24, 'Изворово', 8377, 8378),
(4035, 24, 'Искрица', 8379, 8380),
(4036, 24, 'Казанка', 8381, 8382),
(4037, 24, 'Казанлък', 8383, 8384),
(4038, 24, 'Калитиново', 8385, 8386),
(4039, 24, 'Калояновец', 8387, 8388),
(4040, 24, 'Кирилово', 8389, 8390),
(4041, 24, 'Княжевско', 8391, 8392),
(4042, 24, 'Ковач', 8393, 8394),
(4043, 24, 'Ковачево', 8395, 8396),
(4044, 24, 'Козаревец', 8397, 8398),
(4045, 24, 'Коларово', 8399, 8400),
(4046, 24, 'Колена', 8401, 8402),
(4047, 24, 'Колю Мариново', 8403, 8404),
(4048, 24, 'Конаре', 8405, 8406),
(4049, 24, 'Константиновец', 8407, 8408),
(4050, 24, 'Копринка', 8409, 8410),
(4051, 24, 'Кравино', 8411, 8412),
(4052, 24, 'Крън', 8413, 8414),
(4053, 24, 'Кънчево', 8415, 8416),
(4054, 24, 'Ловец', 8417, 8418),
(4055, 24, 'Лозен', 8419, 8420),
(4056, 24, 'Любеново', 8421, 8422),
(4057, 24, 'Люляк', 8423, 8424),
(4058, 24, 'Лява река', 8425, 8426),
(4059, 24, 'Лясково', 8427, 8428),
(4060, 24, 'Маджерито', 8429, 8430),
(4061, 24, 'Малка Верея', 8431, 8432),
(4062, 24, 'Малко Дряново', 8433, 8434),
(4063, 24, 'Малко Кадиево', 8435, 8436),
(4064, 24, 'Малко Тръново', 8437, 8438),
(4065, 24, 'Малък дол', 8439, 8440),
(4066, 24, 'Манолово', 8441, 8442),
(4067, 24, 'Марково', 8443, 8444),
(4068, 24, 'Маца', 8445, 8446),
(4069, 24, 'Медникарово', 8447, 8448),
(4070, 24, 'Медово', 8449, 8450),
(4071, 24, 'Мирово', 8451, 8452),
(4072, 24, 'Михайлово', 8453, 8454),
(4073, 24, 'Могила', 8455, 8456),
(4074, 24, 'Могилово', 8457, 8458),
(4075, 24, 'Мусачево', 8459, 8460),
(4076, 24, 'Мъглиж', 8461, 8462),
(4077, 24, 'Мъдрец', 8463, 8464),
(4078, 24, 'Найденово', 8465, 8466),
(4079, 24, 'Николаево', 8467, 8468),
(4080, 24, 'Нова махала', 8469, 8470),
(4081, 24, 'Ново село', 8471, 8472),
(4082, 24, 'Обручище', 8473, 8474),
(4083, 24, 'Овощник', 8475, 8476),
(4084, 24, 'Овчарци', 8477, 8478),
(4085, 24, 'Опан', 8479, 8480),
(4086, 24, 'Опълченец', 8481, 8482),
(4087, 24, 'Оризово', 8483, 8484),
(4088, 24, 'Оряховица', 8485, 8486),
(4089, 24, 'Осетеново', 8487, 8488),
(4090, 24, 'Осларка', 8489, 8490),
(4091, 24, 'Остра могила', 8491, 8492),
(4092, 24, 'Павел баня', 8493, 8494),
(4093, 24, 'Памукчии', 8495, 8496),
(4094, 24, 'Паничерево', 8497, 8498),
(4095, 24, 'Партизанин', 8499, 8500),
(4096, 24, 'Петрово', 8501, 8502),
(4097, 24, 'Плодовитово', 8503, 8504),
(4098, 24, 'Плоска могила', 8505, 8506),
(4099, 24, 'Подслон', 8507, 8508),
(4100, 24, 'Полски Градец', 8509, 8510),
(4101, 24, 'Помощник', 8511, 8512),
(4102, 24, 'Православ', 8513, 8514),
(4103, 24, 'Преславен', 8515, 8516),
(4104, 24, 'Пряпорец', 8517, 8518),
(4105, 24, 'Пчелиново', 8519, 8520),
(4106, 24, 'Пшеничево', 8521, 8522),
(4107, 24, 'Пъстрен', 8523, 8524),
(4108, 24, 'Пъстрово', 8525, 8526),
(4109, 24, 'Раднево', 8527, 8528),
(4110, 24, 'Радунци', 8529, 8530),
(4111, 24, 'Разделна', 8531, 8532),
(4112, 24, 'Ракитница', 8533, 8534),
(4113, 24, 'Рисиманово', 8535, 8536),
(4114, 24, 'Розово', 8537, 8538),
(4115, 24, 'Руманя', 8539, 8540),
(4116, 24, 'Рупките', 8541, 8542),
(4117, 24, 'Ръжена', 8543, 8544),
(4118, 24, 'Самуилово', 8545, 8546),
(4119, 24, 'Свобода', 8547, 8548),
(4120, 24, 'Свободен', 8549, 8550),
(4121, 24, 'Селце', 8551, 8552),
(4122, 24, 'Скобелево', 8553, 8554),
(4123, 24, 'Славянин', 8555, 8556),
(4124, 24, 'Сладък кладенец', 8557, 8558),
(4125, 24, 'Сливито', 8559, 8560),
(4126, 24, 'Спасово', 8561, 8562),
(4127, 24, 'Средец', 8563, 8564),
(4128, 24, 'Средно градище', 8565, 8566),
(4129, 24, 'Средногорово', 8567, 8568),
(4130, 24, 'Стара Загора', 8569, 8570),
(4131, 24, 'Старозагорски бани', 8571, 8572),
(4132, 24, 'Столетово', 8573, 8574),
(4133, 24, 'Стоян-Заимово', 8575, 8576),
(4134, 24, 'Стрелец', 8577, 8578),
(4135, 24, 'Сулица', 8579, 8580),
(4136, 24, 'Съединение', 8581, 8582),
(4137, 24, 'Сърневец', 8583, 8584),
(4138, 24, 'Сърнево', 8585, 8586),
(4139, 24, 'Тихомирово', 8587, 8588),
(4140, 24, 'Тополяне', 8589, 8590),
(4141, 24, 'Тракия', 8591, 8592),
(4142, 24, 'Трояново', 8593, 8594),
(4143, 24, 'Трънково', 8595, 8596),
(4144, 24, 'Тулово', 8597, 8598),
(4145, 24, 'Турия', 8599, 8600),
(4146, 24, 'Тъжа', 8601, 8602),
(4147, 24, 'Търничени', 8603, 8604),
(4148, 24, 'Хаджидимитрово', 8605, 8606),
(4149, 24, 'Хан Аспарухово', 8607, 8608),
(4150, 24, 'Християново', 8609, 8610),
(4151, 24, 'Хрищени', 8611, 8612),
(4152, 24, 'Целина', 8613, 8614),
(4153, 24, 'Ценово', 8615, 8616),
(4154, 24, 'Черганово', 8617, 8618),
(4155, 24, 'Черна гора', 8619, 8620),
(4156, 24, 'Чирпан', 8621, 8622),
(4157, 24, 'Шаново', 8623, 8624),
(4158, 24, 'Шейново', 8625, 8626),
(4159, 24, 'Шипка', 8627, 8628),
(4160, 24, 'Юлиево', 8629, 8630),
(4161, 24, 'Яворовец', 8631, 8632),
(4162, 24, 'Яворово', 8633, 8634),
(4163, 24, 'Ягода', 8635, 8636),
(4164, 24, 'Яздач', 8637, 8638),
(4165, 24, 'Ясеново', 8639, 8640),
(4166, 24, 'Ястребово', 8641, 8642),
(4167, 23, 'Елов дол', 7897, 7898),
(4168, 23, 'Етрополе', 7899, 7900),
(4169, 23, 'Желен', 7901, 7902),
(4170, 23, 'Живково', 7903, 7904),
(4171, 23, 'Завидовци', 7905, 7906),
(4172, 23, 'Заноге', 7907, 7908),
(4173, 23, 'Заселе', 7909, 7910),
(4174, 23, 'Зимевица', 7911, 7912),
(4175, 23, 'Златица', 7913, 7914),
(4176, 23, 'Златуша', 7915, 7916),
(4177, 23, 'Злокучене', 7917, 7918),
(4178, 23, 'Извор', 7919, 7920),
(4179, 23, 'Илинден', 7921, 7922),
(4180, 23, 'Искрец', 7923, 7924),
(4181, 23, 'Ихтиман', 7925, 7926),
(4182, 23, 'Каленовци', 7927, 7928),
(4183, 23, 'Калотина', 7929, 7930),
(4184, 23, 'Калугерово', 7931, 7932),
(4185, 23, 'Камбелевци', 7933, 7934),
(4186, 23, 'Каменица', 7935, 7936),
(4187, 23, 'Караполци', 7937, 7938),
(4188, 23, 'Карлиево', 7939, 7940),
(4189, 23, 'Клисура', 7941, 7942),
(4190, 23, 'Ковачевци', 7943, 7944),
(4191, 23, 'Комщица', 7945, 7946),
(4192, 23, 'Копривщица', 7947, 7948),
(4193, 23, 'Костадинкино', 7949, 7950),
(4194, 23, 'Костенец', 7951, 7952),
(4196, 23, 'Костинброд', 7953, 7954),
(4197, 23, 'Краево', 7955, 7956),
(4198, 23, 'Круша', 7957, 7958),
(4199, 23, 'Крушовица', 7959, 7960),
(4200, 23, 'Лакатник', 7961, 7962),
(4203, 23, 'Летница', 7963, 7964),
(4204, 23, 'Липинци', 7965, 7966),
(4205, 23, 'Лисец', 7967, 7968),
(4206, 23, 'Литаково', 7969, 7970),
(4207, 23, 'Лопушня', 7971, 7972),
(4208, 23, 'Лопян', 7973, 7974),
(4209, 23, 'Луково', 7975, 7976),
(4210, 23, 'Лъга', 7977, 7978),
(4211, 23, 'Любница', 7979, 7980),
(4212, 23, 'Маджаре', 7981, 7982),
(4213, 23, 'Макоцево', 7983, 7984),
(4214, 23, 'Мала Раковица', 7985, 7986),
(4215, 23, 'Мала църква', 7987, 7988),
(4216, 23, 'Малки Искър', 7989, 7990),
(4217, 23, 'Мало Малово', 7991, 7992),
(4218, 23, 'Манаселска река', 7993, 7994),
(4219, 23, 'Манастирище', 7995, 7996),
(4220, 23, 'Марица', 7997, 7998),
(4221, 23, 'Мечковци', 7999, 8000),
(4222, 23, 'Миланово', 8001, 8002),
(4223, 23, 'Мирково', 8003, 8004),
(4224, 23, 'Мирово', 8005, 8006),
(4225, 23, 'Момин проход', 8007, 8008),
(4226, 23, 'Мургаш', 8009, 8010),
(4227, 23, 'Мусачево', 8011, 8012),
(4228, 23, 'Мухово', 8013, 8014),
(4229, 23, 'Начево', 8015, 8016),
(4230, 23, 'Негушево', 8017, 8018),
(4231, 23, 'Неделище', 8019, 8020),
(4232, 23, 'Нейкьовец', 8021, 8022),
(4233, 23, 'Несла', 8023, 8024),
(4234, 23, 'Новачене', 8025, 8026),
(4235, 23, 'Нови хан', 8027, 8028),
(4236, 23, 'Ново бърдо', 8029, 8030),
(4237, 23, 'Ново село', 8031, 8032),
(4238, 23, 'Огняново', 8033, 8034),
(4239, 23, 'Огоя', 8035, 8036),
(4240, 23, 'Опицвет', 8037, 8038),
(4241, 23, 'Оплетня', 8039, 8040),
(4242, 23, 'Оселна', 8041, 8042),
(4243, 23, 'Осеновлаг', 8043, 8044),
(4244, 23, 'Осиковица', 8045, 8046),
(4245, 23, 'Осиковска Лакавица', 8047, 8048),
(4246, 23, 'Осоица', 8049, 8050),
(4247, 23, 'Очуша', 8051, 8052),
(4248, 23, 'Пановци', 8053, 8054),
(4249, 23, 'Пауново', 8055, 8056),
(4250, 23, 'Петково', 8057, 8058),
(4251, 23, 'Петрич', 8059, 8060),
(4252, 23, 'Петърч', 8061, 8062),
(4253, 23, 'Пирдоп', 8063, 8064),
(4254, 23, 'Пищане', 8065, 8066),
(4255, 23, 'Плъзище', 8067, 8068),
(4256, 23, 'Повалиръж', 8069, 8070),
(4257, 23, 'Подгорие', 8071, 8072),
(4258, 23, 'Пожарево', 8073, 8074),
(4259, 23, 'Полянци', 8075, 8076),
(4260, 23, 'Понор', 8077, 8078),
(4261, 23, 'Поповци', 8079, 8080),
(4262, 23, 'Поповяне', 8081, 8082),
(4263, 23, 'Потоп', 8083, 8084),
(4264, 23, 'Правец', 8085, 8086),
(4265, 23, 'Правешка Лакавица', 8087, 8088),
(4266, 23, 'Прекръсте', 8089, 8090),
(4267, 23, 'Преспа', 8091, 8092),
(4268, 23, 'Продановци', 8093, 8094),
(4269, 23, 'Пролеша', 8095, 8096),
(4270, 23, 'Пчелин', 8097, 8098),
(4271, 23, 'Равна', 8099, 8100),
(4272, 23, 'Равнище', 8101, 8102),
(4273, 23, 'Равно поле', 8103, 8104),
(4274, 23, 'Радотина', 8105, 8106),
(4275, 23, 'Радуил', 8107, 8108),
(4276, 23, 'Радуловци', 8109, 8110),
(4277, 23, 'Разбоище', 8111, 8112),
(4278, 23, 'Разлив', 8113, 8114),
(4279, 23, 'Райово', 8115, 8116),
(4280, 23, 'Ракита', 8117, 8118),
(4281, 23, 'Рашково', 8119, 8120),
(4282, 23, 'Раяновци', 8121, 8122),
(4283, 23, 'Реброво', 8123, 8124),
(4284, 23, 'Редина', 8125, 8126),
(4285, 23, 'Рельово', 8127, 8128),
(4286, 23, 'Рибарица', 8129, 8130),
(4287, 23, 'Ропот', 8131, 8132),
(4288, 23, 'Росоман', 8133, 8134),
(4289, 23, 'Ръжана', 8135, 8136),
(4290, 23, 'Самоков', 8137, 8138),
(4291, 23, 'Саранци', 8139, 8140),
(4292, 23, 'Свети Спас', 8141, 8142),
(4293, 23, 'Свидня', 8143, 8144),
(4294, 23, 'Своге', 8145, 8146),
(4295, 23, 'Своде', 8147, 8148),
(4296, 23, 'Селянин', 8149, 8150),
(4297, 23, 'Скравена', 8151, 8152),
(4298, 23, 'Сливница', 8153, 8154),
(4299, 23, 'Смолско', 8155, 8156),
(4300, 23, 'Смолча', 8157, 8158),
(4301, 23, 'Стамболово', 8159, 8160),
(4302, 23, 'Станинци', 8161, 8162),
(4303, 23, 'Столник', 8163, 8164),
(4304, 23, 'Стъргел', 8165, 8166),
(4305, 23, 'Табан', 8167, 8168),
(4306, 23, 'Томпсън', 8169, 8170),
(4307, 23, 'Трудовец', 8171, 8172),
(4308, 23, 'Туден', 8173, 8174),
(4309, 23, 'Хвърчил', 8175, 8176),
(4310, 23, 'Хераково', 8177, 8178),
(4311, 23, 'Храбърско', 8179, 8180),
(4312, 23, 'Царичина', 8181, 8182),
(4313, 23, 'Цацаровци', 8183, 8184),
(4314, 23, 'Церецел', 8185, 8186),
(4315, 23, 'Церово', 8187, 8188),
(4316, 23, 'Цръклевци', 8189, 8190),
(4317, 23, 'Църквище', 8191, 8192),
(4318, 23, 'Чавдар', 8193, 8194),
(4319, 23, 'Чеканец', 8195, 8196),
(4320, 23, 'Чеканчево', 8197, 8198),
(4321, 23, 'Челопеч', 8199, 8200),
(4322, 23, 'Чепърлинци', 8201, 8202),
(4323, 23, 'Черковище', 8203, 8204),
(4324, 23, 'Черньово', 8205, 8206),
(4325, 23, 'Чибаовци', 8207, 8208),
(4326, 23, 'Чорул', 8209, 8210),
(4327, 23, 'Чуковезер', 8211, 8212),
(4328, 23, 'Чурек', 8213, 8214),
(4329, 23, 'Шипочане', 8215, 8216),
(4330, 23, 'Широки дол', 8217, 8218),
(4331, 23, 'Шума', 8219, 8220),
(4332, 23, 'Ябланица', 8221, 8222),
(4333, 23, 'Ялботина', 8223, 8224),
(4334, 23, 'Ямна', 8225, 8226),
(4335, 23, 'Яребковица', 8227, 8228),
(4336, 23, 'Ярлов', 8229, 8230),
(4337, 25, 'Алваново', 8645, 8646),
(4338, 25, 'Александрово', 8647, 8648),
(4339, 25, 'Антоново', 8649, 8650),
(4340, 25, 'Априлово', 8651, 8652),
(4341, 25, 'Баба Тонка', 8653, 8654),
(4342, 25, 'Банковец', 8655, 8656),
(4343, 25, 'Баячево', 8657, 8658),
(4344, 25, 'Беломорци', 8659, 8660),
(4345, 25, 'Берковски', 8661, 8662),
(4346, 25, 'Бистра', 8663, 8664),
(4347, 25, 'Богомолско', 8665, 8666),
(4348, 25, 'Божурка', 8667, 8668),
(4349, 25, 'Бракница', 8669, 8670),
(4350, 25, 'Братово', 8671, 8672),
(4351, 25, 'Буйново', 8673, 8674),
(4352, 25, 'Букак', 8675, 8676),
(4353, 25, 'Буховци', 8677, 8678),
(4354, 25, 'Българаново', 8679, 8680),
(4355, 25, 'Вардун', 8681, 8682),
(4356, 25, 'Васил Левски', 8683, 8684),
(4357, 25, 'Великденче', 8685, 8686),
(4358, 25, 'Великовци', 8687, 8688),
(4359, 25, 'Величка', 8689, 8690),
(4360, 25, 'Вельово', 8691, 8692),
(4361, 25, 'Веренци', 8693, 8694),
(4362, 25, 'Веселец', 8695, 8696),
(4363, 25, 'Висок', 8697, 8698),
(4364, 25, 'Водица', 8699, 8700),
(4365, 25, 'Врани кон', 8701, 8702),
(4366, 25, 'Гагово', 8703, 8704),
(4367, 25, 'Глашатай', 8705, 8706),
(4368, 25, 'Глогинка', 8707, 8708),
(4369, 25, 'Голямо градище', 8709, 8710),
(4370, 25, 'Голямо Доляне', 8711, 8712),
(4371, 25, 'Голямо ново', 8713, 8714),
(4372, 25, 'Голямо Соколово', 8715, 8716),
(4373, 25, 'Голямо църквище', 8717, 8718),
(4374, 25, 'Горица', 8719, 8720),
(4375, 25, 'Горна Златица', 8721, 8722),
(4376, 25, 'Горна Кабда', 8723, 8724),
(4377, 25, 'Горна Хубавка', 8725, 8726),
(4378, 25, 'Горно Козарево', 8727, 8728),
(4379, 25, 'Горно Новково', 8729, 8730),
(4380, 25, 'Горско Абланово', 8731, 8732),
(4381, 25, 'Горско село', 8733, 8734),
(4382, 25, 'Градинка', 8735, 8736),
(4383, 25, 'Греевци', 8737, 8738),
(4384, 25, 'Гърчиново', 8739, 8740),
(4385, 25, 'Давидово', 8741, 8742),
(4386, 25, 'Девино', 8743, 8744),
(4387, 25, 'Длъжка поляна', 8745, 8746),
(4388, 25, 'Добротица', 8747, 8748),
(4389, 25, 'Долец', 8749, 8750),
(4390, 25, 'Долна Златица', 8751, 8752),
(4391, 25, 'Долна Кабда', 8753, 8754),
(4392, 25, 'Долна Хубавка', 8755, 8756),
(4393, 25, 'Долно Козарево', 8757, 8758),
(4394, 25, 'Долно Новково', 8759, 8760),
(4395, 25, 'Драгановец', 8761, 8762),
(4396, 25, 'Дралфа', 8763, 8764),
(4397, 25, 'Дриново', 8765, 8766),
(4398, 25, 'Дъбравица', 8767, 8768),
(4399, 25, 'Дългач', 8769, 8770),
(4400, 25, 'Еленово', 8771, 8772),
(4401, 25, 'Железари', 8773, 8774),
(4402, 25, 'Заветно', 8775, 8776),
(4403, 25, 'Зараево', 8777, 8778),
(4404, 25, 'Захари Стояново', 8779, 8780),
(4405, 25, 'Звезда', 8781, 8782),
(4406, 25, 'Звездица', 8783, 8784),
(4407, 25, 'Здравец', 8785, 8786),
(4408, 25, 'Зелена морава', 8787, 8788),
(4409, 25, 'Змейно', 8789, 8790),
(4410, 25, 'Иванча', 8791, 8792),
(4411, 25, 'Изворово', 8793, 8794),
(4412, 25, 'Илийно', 8795, 8796),
(4413, 25, 'Калнище', 8797, 8798),
(4414, 25, 'Камбурово', 8799, 8800),
(4415, 25, 'Капище', 8801, 8802),
(4416, 25, 'Кардам', 8803, 8804),
(4417, 25, 'Кестеново', 8805, 8806),
(4418, 25, 'Китино', 8807, 8808),
(4419, 25, 'Ковачевец', 8809, 8810),
(4420, 25, 'Козица', 8811, 8812),
(4421, 25, 'Козма презвитер', 8813, 8814),
(4422, 25, 'Конак', 8815, 8816),
(4423, 25, 'Коноп', 8817, 8818),
(4424, 25, 'Копрец', 8819, 8820),
(4425, 25, 'Кошничари', 8821, 8822),
(4426, 25, 'Крайполе', 8823, 8824),
(4427, 25, 'Кралево', 8825, 8826),
(4428, 25, 'Красноселци', 8827, 8828),
(4429, 25, 'Крепча', 8829, 8830),
(4430, 25, 'Крушолак', 8831, 8832),
(4431, 25, 'Кръшно', 8833, 8834),
(4432, 25, 'Къпинец', 8835, 8836),
(4433, 25, 'Кьосевци', 8837, 8838),
(4434, 25, 'Лиляк', 8839, 8840),
(4435, 25, 'Ловец', 8841, 8842),
(4436, 25, 'Ломци', 8843, 8844),
(4437, 25, 'Любичево', 8845, 8846),
(4438, 25, 'Люблен', 8847, 8848),
(4439, 25, 'Макариополско', 8849, 8850),
(4440, 25, 'Маково', 8851, 8852),
(4441, 25, 'Малка Черковна', 8853, 8854),
(4442, 25, 'Малоградец', 8855, 8856),
(4443, 25, 'Манастирица', 8857, 8858),
(4444, 25, 'Манушевци', 8859, 8860),
(4445, 25, 'Марчино', 8861, 8862),
(4446, 25, 'Медовина', 8863, 8864),
(4447, 25, 'Мечово', 8865, 8866),
(4448, 25, 'Миладиновци', 8867, 8868),
(4449, 25, 'Милино', 8869, 8870),
(4450, 25, 'Мировец', 8871, 8872),
(4451, 25, 'Могилец', 8873, 8874),
(4452, 25, 'Момино', 8875, 8876),
(4453, 25, 'Моравица', 8877, 8878),
(4454, 25, 'Моравка', 8879, 8880),
(4455, 25, 'Надарево', 8881, 8882),
(4456, 25, 'Обител', 8883, 8884),
(4457, 25, 'Овчарово', 8885, 8886),
(4458, 25, 'Омуртаг', 8887, 8888),
(4459, 25, 'Опака', 8889, 8890),
(4460, 25, 'Орач', 8891, 8892),
(4461, 25, 'Осен', 8893, 8894),
(4462, 25, 'Осиково', 8895, 8896),
(4463, 25, 'Острец', 8897, 8898),
(4464, 25, 'Пайдушко', 8899, 8900),
(4465, 25, 'Паламарца', 8901, 8902),
(4466, 25, 'Панайот Хитово', 8903, 8904),
(4467, 25, 'Паничино', 8905, 8906),
(4468, 25, 'Певец', 8907, 8908),
(4469, 25, 'Петрино', 8909, 8910),
(4470, 25, 'Пиринец', 8911, 8912);
INSERT INTO `locations` (`node_id`, `parent_id`, `name`, `lft`, `rgt`) VALUES
(4471, 25, 'Плъстина', 8913, 8914),
(4472, 25, 'Подгорица', 8915, 8916),
(4473, 25, 'Помощица', 8917, 8918),
(4474, 25, 'Попово', 8919, 8920),
(4475, 25, 'Поройно', 8921, 8922),
(4476, 25, 'Посабина', 8923, 8924),
(4477, 25, 'Преселец', 8925, 8926),
(4478, 25, 'Пресиян', 8927, 8928),
(4479, 25, 'Пресяк', 8929, 8930),
(4480, 25, 'Присойна', 8931, 8932),
(4481, 25, 'Пробуда', 8933, 8934),
(4482, 25, 'Пролаз', 8935, 8936),
(4483, 25, 'Птичево', 8937, 8938),
(4484, 25, 'Пчелно', 8939, 8940),
(4485, 25, 'Пъдарино', 8941, 8942),
(4486, 25, 'Първан', 8943, 8944),
(4487, 25, 'Равно село', 8945, 8946),
(4488, 25, 'Разбойна', 8947, 8948),
(4489, 25, 'Разделци', 8949, 8950),
(4490, 25, 'Ралица', 8951, 8952),
(4491, 25, 'Росина', 8953, 8954),
(4492, 25, 'Росица', 8955, 8956),
(4493, 25, 'Руец', 8957, 8958),
(4494, 25, 'Рътлина', 8959, 8960),
(4495, 25, 'Садина', 8961, 8962),
(4496, 25, 'Светлен', 8963, 8964),
(4497, 25, 'Свирчово', 8965, 8966),
(4498, 25, 'Свободица', 8967, 8968),
(4499, 25, 'Семерци', 8969, 8970),
(4500, 25, 'Славяново', 8971, 8972),
(4501, 25, 'Слънчовец', 8973, 8974),
(4502, 25, 'Станец', 8975, 8976),
(4503, 25, 'Стара речка', 8977, 8978),
(4504, 25, 'Старчище', 8979, 8980),
(4505, 25, 'Стеврек', 8981, 8982),
(4506, 25, 'Стойново', 8983, 8984),
(4507, 25, 'Стража', 8985, 8986),
(4508, 25, 'Стройновци', 8987, 8988),
(4509, 25, 'Съединение', 8989, 8990),
(4510, 25, 'Таймище', 8991, 8992),
(4511, 25, 'Твърдинци', 8993, 8994),
(4512, 25, 'Тиховец', 8995, 8996),
(4513, 25, 'Трескавец', 8997, 8998),
(4514, 25, 'Тръстика', 8999, 9000),
(4515, 25, 'Тъпчилещово', 9001, 9002),
(4516, 25, 'Търговище', 9003, 9004),
(4517, 25, 'Търновца', 9005, 9006),
(4518, 25, 'Угледно', 9007, 9008),
(4519, 25, 'Халваджийско', 9009, 9010),
(4520, 25, 'Цар Асен', 9011, 9012),
(4521, 25, 'Царевци', 9013, 9014),
(4522, 25, 'Цветница', 9015, 9016),
(4523, 25, 'Церовище', 9017, 9018),
(4524, 25, 'Чеканци', 9019, 9020),
(4525, 25, 'Черковна', 9021, 9022),
(4526, 25, 'Черна вода', 9023, 9024),
(4527, 25, 'Черни бряг', 9025, 9026),
(4528, 25, 'Чернокапци', 9027, 9028),
(4529, 25, 'Шишковица', 9029, 9030),
(4530, 25, 'Язовец', 9031, 9032),
(4531, 25, 'Яребично', 9033, 9034),
(4532, 25, 'Ястребино', 9035, 9036),
(4533, 4, 'Аврен', 1065, 1066),
(4534, 4, 'Аксаково', 1067, 1068),
(4535, 4, 'Арковна', 1069, 1070),
(4536, 4, 'Аспарухово', 1071, 1072),
(4537, 4, 'Баново', 1073, 1074),
(4538, 4, 'Белоградец', 1075, 1076),
(4539, 4, 'Белослав', 1077, 1078),
(4540, 4, 'Бенковски', 1079, 1080),
(4541, 4, 'Близнаци', 1081, 1082),
(4542, 4, 'Блъсково', 1083, 1084),
(4543, 4, 'Бозвелийско', 1085, 1086),
(4544, 4, 'Болярци', 1087, 1088),
(4545, 4, 'Боряна', 1089, 1090),
(4546, 4, 'Ботево', 1091, 1092),
(4547, 4, 'Бояна', 1093, 1094),
(4548, 4, 'Брестак', 1095, 1096),
(4549, 4, 'Булаир', 1097, 1098),
(4550, 4, 'Бърдарево', 1099, 1100),
(4551, 4, 'Бързица', 1101, 1102),
(4552, 4, 'Бяла', 1103, 1104),
(4553, 4, 'Варна', 1105, 1106),
(4554, 4, 'Величково', 1107, 1108),
(4555, 4, 'Венелин', 1109, 1110),
(4556, 4, 'Венчан', 1111, 1112),
(4557, 4, 'Ветрино', 1113, 1114),
(4558, 4, 'Водица', 1115, 1116),
(4559, 4, 'Войводино', 1117, 1118),
(4560, 4, 'Въглен', 1119, 1120),
(4561, 4, 'Вълчи дол', 1121, 1122),
(4562, 4, 'Габърница', 1123, 1124),
(4563, 4, 'Генерал Кантарджиево', 1125, 1126),
(4564, 4, 'Генерал Киселово', 1127, 1128),
(4565, 4, 'Генерал Колево', 1129, 1130),
(4566, 4, 'Голица', 1131, 1132),
(4567, 4, 'Горен чифлик', 1133, 1134),
(4568, 4, 'Горица', 1135, 1136),
(4569, 4, 'Господиново', 1137, 1138),
(4570, 4, 'Градинарово', 1139, 1140),
(4571, 4, 'Гроздьово', 1141, 1142),
(4572, 4, 'Дебелец', 1143, 1144),
(4573, 4, 'Девня', 1145, 1146),
(4574, 4, 'Детелина', 1147, 1148),
(4575, 4, 'Добри дол', 1149, 1150),
(4576, 4, 'Добрина', 1151, 1152),
(4577, 4, 'Доброглед', 1153, 1154),
(4578, 4, 'Доброплодно', 1155, 1156),
(4579, 4, 'Добротич', 1157, 1158),
(4580, 4, 'Долище', 1159, 1160),
(4581, 4, 'Долни чифлик', 1161, 1162),
(4582, 4, 'Дръндар', 1163, 1164),
(4583, 4, 'Дъбравино', 1165, 1166),
(4584, 4, 'Дългопол', 1167, 1168),
(4585, 4, 'Дюлино', 1169, 1170),
(4586, 4, 'Езерово', 1171, 1172),
(4587, 4, 'Есеница', 1173, 1174),
(4588, 4, 'Житница', 1175, 1176),
(4589, 4, 'Засмяно', 1177, 1178),
(4590, 4, 'Звездица', 1179, 1180),
(4591, 4, 'Звънец', 1181, 1182),
(4592, 4, 'Здравец', 1183, 1184),
(4593, 4, 'Златина', 1185, 1186),
(4594, 4, 'Зорница', 1187, 1188),
(4595, 4, 'Игнатиево', 1189, 1190),
(4596, 4, 'Изворник', 1191, 1192),
(4597, 4, 'Изворско', 1193, 1194),
(4598, 4, 'Изгрев', 1195, 1196),
(4599, 4, 'Искър', 1197, 1198),
(4600, 4, 'Казашка река', 1199, 1200),
(4601, 4, 'Казашко', 1201, 1202),
(4602, 4, 'Калиманци', 1203, 1204),
(4603, 4, 'Калоян', 1205, 1206),
(4604, 4, 'Камен дял', 1207, 1208),
(4605, 4, 'Каменар', 1209, 1210),
(4606, 4, 'Караманите', 1211, 1212),
(4607, 4, 'Кипра', 1213, 1214),
(4608, 4, 'Китен', 1215, 1216),
(4609, 4, 'Китка', 1217, 1218),
(4610, 4, 'Кичево', 1219, 1220),
(4611, 4, 'Климентово', 1221, 1222),
(4612, 4, 'Комарево', 1223, 1224),
(4613, 4, 'Комунари', 1225, 1226),
(4614, 4, 'Константиново', 1227, 1228),
(4615, 4, 'Кракра', 1229, 1230),
(4616, 4, 'Красимир', 1231, 1232),
(4617, 4, 'Кривини', 1233, 1234),
(4618, 4, 'Кривня', 1235, 1236),
(4619, 4, 'Крумово', 1237, 1238),
(4620, 4, 'Круша', 1239, 1240),
(4621, 4, 'Куманово', 1241, 1242),
(4622, 4, 'Левски', 1243, 1244),
(4623, 4, 'Лопушна', 1245, 1246),
(4624, 4, 'Любен Каравелово', 1247, 1248),
(4625, 4, 'Манастир', 1249, 1250),
(4626, 4, 'Медовец', 1251, 1252),
(4627, 4, 'Метличина', 1253, 1254),
(4628, 4, 'Михалич', 1255, 1256),
(4629, 4, 'Млада гвардия', 1257, 1258),
(4630, 4, 'Момчилово', 1259, 1260),
(4631, 4, 'Невша', 1261, 1262),
(4632, 4, 'Неново', 1263, 1264),
(4633, 4, 'Неофит Рилски', 1265, 1266),
(4634, 4, 'Николаевка', 1267, 1268),
(4635, 4, 'Нова Шипка', 1269, 1270),
(4636, 4, 'Новаково', 1271, 1272),
(4637, 4, 'Ново Оряхово', 1273, 1274),
(4638, 4, 'Оборище', 1275, 1276),
(4639, 4, 'Овчага', 1277, 1278),
(4640, 4, 'Орешак', 1279, 1280),
(4641, 4, 'Осеново', 1281, 1282),
(4642, 4, 'Падина', 1283, 1284),
(4643, 4, 'Партизани', 1285, 1286),
(4644, 4, 'Петров дол', 1287, 1288),
(4645, 4, 'Поляците', 1289, 1290),
(4646, 4, 'Попович', 1291, 1292),
(4647, 4, 'Припек', 1293, 1294),
(4648, 4, 'Приселци', 1295, 1296),
(4649, 4, 'Провадия', 1297, 1298),
(4650, 4, 'Просечен', 1299, 1300),
(4651, 4, 'Пчелник', 1301, 1302),
(4652, 4, 'Равна', 1303, 1304),
(4653, 4, 'Равна гора', 1305, 1306),
(4654, 4, 'Радан войвода', 1307, 1308),
(4655, 4, 'Радево', 1309, 1310),
(4656, 4, 'Разделна', 1311, 1312),
(4657, 4, 'Рояк', 1313, 1314),
(4658, 4, 'Рудник', 1315, 1316),
(4659, 4, 'Сава', 1317, 1318),
(4660, 4, 'Садово', 1319, 1320),
(4661, 4, 'Самотино', 1321, 1322),
(4662, 4, 'Синдел', 1323, 1324),
(4663, 4, 'Славейково', 1325, 1326),
(4664, 4, 'Сладка вода', 1327, 1328),
(4665, 4, 'Слънчево', 1329, 1330),
(4666, 4, 'Снежина', 1331, 1332),
(4667, 4, 'Солник', 1333, 1334),
(4668, 4, 'Средно село', 1335, 1336),
(4669, 4, 'Старо Оряхово', 1337, 1338),
(4670, 4, 'Староселец', 1339, 1340),
(4671, 4, 'Стефан Караджа', 1341, 1342),
(4672, 4, 'Страхил', 1343, 1344),
(4673, 4, 'Страшимирово', 1345, 1346),
(4674, 4, 'Суворово', 1347, 1348),
(4675, 4, 'Тополи', 1349, 1350),
(4676, 4, 'Тръстиково', 1351, 1352),
(4677, 4, 'Тутраканци', 1353, 1354),
(4678, 4, 'Храброво', 1355, 1356),
(4679, 4, 'Царевци', 1357, 1358),
(4680, 4, 'Цонево', 1359, 1360),
(4681, 4, 'Чайка', 1361, 1362),
(4682, 4, 'Червенци', 1363, 1364),
(4683, 4, 'Черковна', 1365, 1366),
(4684, 4, 'Чернево', 1367, 1368),
(4685, 4, 'Черноок', 1369, 1370),
(4686, 4, 'Шкорпиловци', 1371, 1372),
(4687, 4, 'Щипско', 1373, 1374),
(4688, 4, 'Юнак', 1375, 1376),
(4689, 4, 'Юнец', 1377, 1378),
(4690, 4, 'Ягнило', 1379, 1380),
(4691, 4, 'Яребична', 1381, 1382),
(4692, 6, 'Акациево', 2057, 2058),
(4693, 6, 'Антимово', 2059, 2060),
(4694, 6, 'Арчар', 2061, 2062),
(4695, 6, 'Балей', 2063, 2064),
(4696, 6, 'Бела', 2065, 2066),
(4697, 6, 'Бела Рада', 2067, 2068),
(4698, 6, 'Бело поле', 2069, 2070),
(4699, 6, 'Белоградчик', 2071, 2072),
(4700, 6, 'Бойница', 2073, 2074),
(4701, 6, 'Бориловец', 2075, 2076),
(4702, 6, 'Боровица', 2077, 2078),
(4703, 6, 'Ботево', 2079, 2080),
(4704, 6, 'Бояново', 2081, 2082),
(4705, 6, 'Бранковци', 2083, 2084),
(4706, 6, 'Брегово', 2085, 2086),
(4707, 6, 'Буковец', 2087, 2088),
(4708, 6, 'Вещица', 2089, 2090),
(4709, 6, 'Видин', 2091, 2092),
(4710, 6, 'Винарово', 2093, 2094),
(4711, 6, 'Владиченци', 2095, 2096),
(4712, 6, 'Водна', 2097, 2098),
(4713, 6, 'Воднянци', 2099, 2100),
(4714, 6, 'Войница', 2101, 2102),
(4715, 6, 'Връв', 2103, 2104),
(4716, 6, 'Вълчек', 2105, 2106),
(4717, 6, 'Върба', 2107, 2108),
(4718, 6, 'Върбово', 2109, 2110),
(4719, 6, 'Върбовчец', 2111, 2112),
(4720, 6, 'Въртоп', 2113, 2114),
(4721, 6, 'Гайтанци', 2115, 2116),
(4722, 6, 'Генерал Мариново', 2117, 2118),
(4723, 6, 'Големаново', 2119, 2120),
(4724, 6, 'Гомотарци', 2121, 2122),
(4725, 6, 'Горни Лом', 2123, 2124),
(4726, 6, 'Градец', 2125, 2126),
(4727, 6, 'Градсковски колиби', 2127, 2128),
(4728, 6, 'Грамада', 2129, 2130),
(4729, 6, 'Гранитово', 2131, 2132),
(4730, 6, 'Граничак', 2133, 2134),
(4731, 6, 'Гъмзово', 2135, 2136),
(4732, 6, 'Гюргич', 2137, 2138),
(4733, 6, 'Делейна', 2139, 2140),
(4734, 6, 'Димово', 2141, 2142),
(4735, 6, 'Динковица', 2143, 2144),
(4736, 6, 'Динково', 2145, 2146),
(4737, 6, 'Долни Бошняк', 2147, 2148),
(4738, 6, 'Долни Лом', 2149, 2150),
(4739, 6, 'Дражинци', 2151, 2152),
(4740, 6, 'Дреновец', 2153, 2154),
(4741, 6, 'Дружба', 2155, 2156),
(4742, 6, 'Дунавци', 2157, 2158),
(4743, 6, 'Дъбравка', 2159, 2160),
(4744, 6, 'Дълго поле', 2161, 2162),
(4745, 6, 'Държаница', 2163, 2164),
(4746, 6, 'Жеглица', 2165, 2166),
(4747, 6, 'Ивановци', 2167, 2168),
(4748, 6, 'Извор', 2169, 2170),
(4749, 6, 'Извор махала', 2171, 2172),
(4750, 6, 'Иново', 2173, 2174),
(4751, 6, 'Каленик', 2175, 2176),
(4752, 6, 'Калина', 2177, 2178),
(4753, 6, 'Каниц', 2179, 2180),
(4754, 6, 'Капитановци', 2181, 2182),
(4755, 6, 'Карбинци', 2183, 2184),
(4756, 6, 'Киреево', 2185, 2186),
(4757, 6, 'Кладоруб', 2187, 2188),
(4758, 6, 'Косово', 2189, 2190),
(4759, 6, 'Коста Перчево', 2191, 2192),
(4760, 6, 'Костичовци', 2193, 2194),
(4761, 6, 'Кошава', 2195, 2196),
(4762, 6, 'Крачимир', 2197, 2198),
(4763, 6, 'Куделин', 2199, 2200),
(4764, 6, 'Кула', 2201, 2202),
(4765, 6, 'Кутово', 2203, 2204),
(4766, 6, 'Лагошевци', 2205, 2206),
(4767, 6, 'Майор Узуново', 2207, 2208),
(4768, 6, 'Макреш', 2209, 2210),
(4769, 6, 'Мали Дреновец', 2211, 2212),
(4770, 6, 'Медешевци', 2213, 2214),
(4771, 6, 'Медовница', 2215, 2216),
(4772, 6, 'Милчина лъка', 2217, 2218),
(4773, 6, 'Неговановци', 2219, 2220),
(4774, 6, 'Ново село', 2221, 2222),
(4775, 6, 'Новоселци', 2223, 2224),
(4776, 6, 'Орешец', 2225, 2226),
(4777, 6, 'Острокапци', 2227, 2228),
(4778, 6, 'Ошане', 2229, 2230),
(4779, 6, 'Периловец', 2231, 2232),
(4780, 6, 'Пешаково', 2233, 2234),
(4781, 6, 'Плакудер', 2235, 2236),
(4782, 6, 'Плешивец', 2237, 2238),
(4783, 6, 'Подгоре', 2239, 2240),
(4784, 6, 'Покрайна', 2241, 2242),
(4785, 6, 'Полетковци', 2243, 2244),
(4786, 6, 'Праужда', 2245, 2246),
(4787, 6, 'Пролазница', 2247, 2248),
(4788, 6, 'Протопопинци', 2249, 2250),
(4789, 6, 'Рабиша', 2251, 2252),
(4790, 6, 'Раброво', 2253, 2254),
(4791, 6, 'Ракитница', 2255, 2256),
(4792, 6, 'Раковица', 2257, 2258),
(4793, 6, 'Раяновци', 2259, 2260),
(4794, 6, 'Репляна', 2261, 2262),
(4795, 6, 'Роглец', 2263, 2264),
(4796, 6, 'Ружинци', 2265, 2266),
(4797, 6, 'Рупци', 2267, 2268),
(4798, 6, 'Салаш', 2269, 2270),
(4799, 6, 'Септемврийци', 2271, 2272),
(4800, 6, 'Синаговци', 2273, 2274),
(4801, 6, 'Скомля', 2275, 2276),
(4802, 6, 'Слана бара', 2277, 2278),
(4803, 6, 'Сланотрън', 2279, 2280),
(4804, 6, 'Сливовник', 2281, 2282),
(4805, 6, 'Срацимирово', 2283, 2284),
(4806, 6, 'Средогрив', 2285, 2286),
(4807, 6, 'Стакевци', 2287, 2288),
(4808, 6, 'Старопатица', 2289, 2290),
(4809, 6, 'Струиндол', 2291, 2292),
(4810, 6, 'Тияновци', 2293, 2294),
(4811, 6, 'Толовица', 2295, 2296),
(4812, 6, 'Тополовец', 2297, 2298),
(4813, 6, 'Тошевци', 2299, 2300),
(4814, 6, 'Търговище', 2301, 2302),
(4815, 6, 'Търняне', 2303, 2304),
(4816, 6, 'Флорентин', 2305, 2306),
(4817, 6, 'Цар Симеоново', 2307, 2308),
(4818, 6, 'Цар Шишманово', 2309, 2310),
(4819, 6, 'Цар-Петрово', 2311, 2312),
(4820, 6, 'Черно поле', 2313, 2314),
(4821, 6, 'Чифлик', 2315, 2316),
(4822, 6, 'Чичил', 2317, 2318),
(4823, 6, 'Чупрене', 2319, 2320),
(4824, 6, 'Шипикова махала', 2321, 2322),
(4825, 6, 'Шипот', 2323, 2324),
(4826, 6, 'Шишенци', 2325, 2326),
(4827, 6, 'Яньовец', 2327, 2328),
(4828, 6, 'Ярловица', 2329, 2330),
(4829, 6, 'Ясен', 2331, 2332),
(4830, 7, 'Алтимир', 2335, 2336),
(4831, 7, 'Баница', 2337, 2338),
(4832, 7, 'Баурене', 2339, 2340),
(4833, 7, 'Бели извор', 2341, 2342),
(4834, 7, 'Боденец', 2343, 2344),
(4835, 7, 'Борован', 2345, 2346),
(4836, 7, 'Ботево', 2347, 2348),
(4837, 7, 'Ботуня', 2349, 2350),
(4838, 7, 'Брусен', 2351, 2352),
(4839, 7, 'Буковец', 2353, 2354),
(4840, 7, 'Бутан', 2355, 2356),
(4841, 7, 'Бърдарски геран', 2357, 2358),
(4842, 7, 'Бързина', 2359, 2360),
(4843, 7, 'Бъркачево', 2361, 2362),
(4844, 7, 'Бяла Слатина', 2363, 2364),
(4845, 7, 'Веслец', 2365, 2366),
(4846, 7, 'Вировско', 2367, 2368),
(4847, 7, 'Власатица', 2369, 2370),
(4848, 7, 'Войводово', 2371, 2372),
(4849, 7, 'Враняк', 2373, 2374),
(4850, 7, 'Враца', 2375, 2376),
(4851, 7, 'Върбешница', 2377, 2378),
(4852, 7, 'Върбица', 2379, 2380),
(4853, 7, 'Габаре', 2381, 2382),
(4854, 7, 'Галатин', 2383, 2384),
(4855, 7, 'Галиче', 2385, 2386),
(4856, 7, 'Галово', 2387, 2388),
(4857, 7, 'Главаци', 2389, 2390),
(4858, 7, 'Гложене', 2391, 2392),
(4859, 7, 'Големо Бабино', 2393, 2394),
(4860, 7, 'Голямо Пещене', 2395, 2396),
(4861, 7, 'Горна Бешовица', 2397, 2398),
(4862, 7, 'Горна Кремена', 2399, 2400),
(4863, 7, 'Горни Вадин', 2401, 2402),
(4864, 7, 'Горно Пещене', 2403, 2404),
(4865, 7, 'Градешница', 2405, 2406),
(4866, 7, 'Девене', 2407, 2408),
(4867, 7, 'Добролево', 2409, 2410),
(4868, 7, 'Добруша', 2411, 2412),
(4869, 7, 'Долна Бешовица', 2413, 2414),
(4870, 7, 'Долна Кремена', 2415, 2416),
(4871, 7, 'Долни Вадин', 2417, 2418),
(4872, 7, 'Драшан', 2419, 2420),
(4873, 7, 'Дърманци', 2421, 2422),
(4874, 7, 'Елисейна', 2423, 2424),
(4875, 7, 'Зверино', 2425, 2426),
(4876, 7, 'Згориград', 2427, 2428),
(4877, 7, 'Злидол', 2429, 2430),
(4878, 7, 'Игнатица', 2431, 2432),
(4879, 7, 'Кален', 2433, 2434),
(4880, 7, 'Камено поле', 2435, 2436),
(4881, 7, 'Караш', 2437, 2438),
(4882, 7, 'Козлодуй', 2439, 2440),
(4883, 7, 'Комарево', 2441, 2442),
(4884, 7, 'Костелево', 2443, 2444),
(4885, 7, 'Краводер', 2445, 2446),
(4886, 7, 'Крапец', 2447, 2448),
(4887, 7, 'Крета', 2449, 2450),
(4888, 7, 'Крива бара', 2451, 2452),
(4889, 7, 'Криводол', 2453, 2454),
(4890, 7, 'Крушовица', 2455, 2456),
(4891, 7, 'Кунино', 2457, 2458),
(4892, 7, 'Курново', 2459, 2460),
(4893, 7, 'Лесковец', 2461, 2462),
(4894, 7, 'Лесура', 2463, 2464),
(4895, 7, 'Лик', 2465, 2466),
(4896, 7, 'Лиляче', 2467, 2468),
(4897, 7, 'Липница', 2469, 2470),
(4898, 7, 'Лютаджик', 2471, 2472),
(4899, 7, 'Лютиброд', 2473, 2474),
(4900, 7, 'Лютидол', 2475, 2476),
(4901, 7, 'Мало Пещене', 2477, 2478),
(4902, 7, 'Малорад', 2479, 2480),
(4903, 7, 'Манастирище', 2481, 2482),
(4904, 7, 'Марково равнище', 2483, 2484),
(4905, 7, 'Мездра', 2485, 2486),
(4906, 7, 'Мизия', 2487, 2488),
(4907, 7, 'Михайлово', 2489, 2490),
(4908, 7, 'Моравица', 2491, 2492),
(4909, 7, 'Мраморен', 2493, 2494),
(4910, 7, 'Нефела', 2495, 2496),
(4911, 7, 'Нивянин', 2497, 2498),
(4912, 7, 'Оряхово', 2499, 2500),
(4913, 7, 'Оселна', 2501, 2502),
(4914, 7, 'Осен', 2503, 2504),
(4915, 7, 'Ослен Криводол', 2505, 2506),
(4916, 7, 'Остров', 2507, 2508),
(4917, 7, 'Оходен', 2509, 2510),
(4918, 7, 'Очиндол', 2511, 2512),
(4919, 7, 'Паволче', 2513, 2514),
(4920, 7, 'Попица', 2515, 2516),
(4921, 7, 'Пудрия', 2517, 2518),
(4922, 7, 'Радовене', 2519, 2520),
(4923, 7, 'Ракево', 2521, 2522),
(4924, 7, 'Ребърково', 2523, 2524),
(4925, 7, 'Рогозен', 2525, 2526),
(4926, 7, 'Роман', 2527, 2528),
(4927, 7, 'Руска Бела', 2529, 2530),
(4928, 7, 'Сараево', 2531, 2532),
(4929, 7, 'Селановци', 2533, 2534),
(4930, 7, 'Синьо бърдо', 2535, 2536),
(4931, 7, 'Сираково', 2537, 2538),
(4932, 7, 'Соколаре', 2539, 2540),
(4933, 7, 'Софрониево', 2541, 2542),
(4934, 7, 'Средни рът', 2543, 2544),
(4935, 7, 'Старо село', 2545, 2546),
(4936, 7, 'Стояновци', 2547, 2548),
(4937, 7, 'Струпец', 2549, 2550),
(4938, 7, 'Типченица', 2551, 2552),
(4939, 7, 'Тишевица', 2553, 2554),
(4940, 7, 'Тлачене', 2555, 2556),
(4941, 7, 'Три кладенци', 2557, 2558),
(4942, 7, 'Търнава', 2559, 2560),
(4943, 7, 'Търнак', 2561, 2562),
(4944, 7, 'Уровене', 2563, 2564),
(4945, 7, 'Фурен', 2565, 2566),
(4946, 7, 'Хайредин', 2567, 2568),
(4947, 7, 'Хубавене', 2569, 2570),
(4948, 7, 'Хърлец', 2571, 2572),
(4949, 7, 'Цаконица', 2573, 2574),
(4950, 7, 'Царевец', 2575, 2576),
(4951, 7, 'Челопек', 2577, 2578),
(4952, 7, 'Чирен', 2579, 2580),
(4953, 5, 'Алеково', 1385, 1386),
(4954, 5, 'Александрово', 1387, 1388),
(4955, 5, 'Аплаци', 1389, 1390),
(4956, 5, 'Арбанаси', 1391, 1392),
(4957, 5, 'Асеново', 1393, 1394),
(4958, 5, 'Багалевци', 1395, 1396),
(4959, 5, 'Бадевци', 1397, 1398),
(4960, 5, 'Баевци', 1399, 1400),
(4961, 5, 'Баждари', 1401, 1402),
(4962, 5, 'Балван', 1403, 1404),
(4963, 5, 'Балканци', 1405, 1406),
(4964, 5, 'Балуци', 1407, 1408),
(4965, 5, 'Батак', 1409, 1410),
(4966, 5, 'Беброво', 1411, 1412),
(4967, 5, 'Бейковци', 1413, 1414),
(4968, 5, 'Белчевци', 1415, 1416),
(4969, 5, 'Беляковец', 1417, 1418),
(4970, 5, 'Берковци', 1419, 1420),
(4971, 5, 'Бижовци', 1421, 1422),
(4972, 5, 'Благоево', 1423, 1424),
(4973, 5, 'Блъсковци', 1425, 1426),
(4974, 5, 'Богданско', 1427, 1428),
(4975, 5, 'Бойковци', 1429, 1430),
(4976, 5, 'Бойчеви колиби', 1431, 1432),
(4977, 5, 'Бойчовци', 1433, 1434),
(4978, 5, 'Босевци', 1435, 1436),
(4979, 5, 'Бочковци', 1437, 1438),
(4980, 5, 'Бояновци', 1439, 1440),
(4981, 5, 'Бранковци', 1441, 1442),
(4982, 5, 'Брезово', 1443, 1444),
(4983, 5, 'Бръчковци', 1445, 1446),
(4984, 5, 'Бряговица', 1447, 1448),
(4985, 5, 'Буйновци', 1449, 1450),
(4986, 5, 'Буковец', 1451, 1452),
(4987, 5, 'Бутово', 1453, 1454),
(4988, 5, 'Българско Сливово', 1455, 1456),
(4989, 5, 'Бяла река', 1457, 1458),
(4990, 5, 'Бяла черква', 1459, 1460),
(4991, 5, 'Бялковци', 1461, 1462),
(4992, 5, 'Валето', 1463, 1464),
(4993, 5, 'Вардим', 1465, 1466),
(4994, 5, 'Велико Търново', 1467, 1468),
(4995, 5, 'Велковци', 1469, 1470),
(4996, 5, 'Велчево', 1471, 1472),
(4997, 5, 'Велювци', 1473, 1474),
(4998, 5, 'Веселина', 1475, 1476),
(4999, 5, 'Ветринци', 1477, 1478),
(5000, 5, 'Виларе', 1479, 1480),
(5001, 5, 'Виноград', 1481, 1482),
(5002, 5, 'Високовци', 1483, 1484),
(5003, 5, 'Вишовград', 1485, 1486),
(5004, 5, 'Владислав', 1487, 1488),
(5005, 5, 'Водно', 1489, 1490),
(5006, 5, 'Водолей', 1491, 1492),
(5007, 5, 'Войнежа', 1493, 1494),
(5008, 5, 'Вонеща вода', 1495, 1496),
(5009, 5, 'Въглевци', 1497, 1498),
(5010, 5, 'Вълчовци', 1499, 1500),
(5011, 5, 'Върбица', 1501, 1502),
(5012, 5, 'Върбовка', 1503, 1504),
(5013, 5, 'Вързилковци', 1505, 1506),
(5014, 5, 'Вързулица', 1507, 1508),
(5015, 5, 'Върлинка', 1509, 1510),
(5016, 5, 'Габрака', 1511, 1512),
(5017, 5, 'Габровци', 1513, 1514),
(5018, 5, 'Ганев дол', 1515, 1516),
(5019, 5, 'Гащевци', 1517, 1518),
(5020, 5, 'Глоговец', 1519, 1520),
(5021, 5, 'Големани', 1521, 1522),
(5022, 5, 'Големаните', 1523, 1524),
(5023, 5, 'Горановци', 1525, 1526),
(5024, 5, 'Горен Еневец', 1527, 1528),
(5025, 5, 'Горна Липница', 1529, 1530),
(5026, 5, 'Горна Оряховица', 1531, 1532),
(5027, 5, 'Горна Студена', 1533, 1534),
(5028, 5, 'Горна Хаджийска', 1535, 1536),
(5029, 5, 'Горни край', 1537, 1538),
(5030, 5, 'Горни Танчевци', 1539, 1540),
(5031, 5, 'Горска', 1541, 1542),
(5032, 5, 'Горски горен Тръмбеш', 1543, 1544),
(5033, 5, 'Горски долен Тръмбеш', 1545, 1546),
(5034, 5, 'Горски Сеновец', 1547, 1548),
(5035, 5, 'Горско Калугерово', 1549, 1550),
(5036, 5, 'Горско Косово', 1551, 1552),
(5037, 5, 'Горско ново село', 1553, 1554),
(5038, 5, 'Горско Писарево', 1555, 1556),
(5039, 5, 'Граматици', 1557, 1558),
(5040, 5, 'Гърдевци', 1559, 1560),
(5041, 5, 'Давери', 1561, 1562),
(5042, 5, 'Дайновци', 1563, 1564),
(5043, 5, 'Дебелец', 1565, 1566),
(5044, 5, 'Дебели рът', 1567, 1568),
(5045, 5, 'Деветаците', 1569, 1570),
(5046, 5, 'Дедина', 1571, 1572),
(5047, 5, 'Дединци', 1573, 1574),
(5048, 5, 'Делова махала', 1575, 1576),
(5049, 5, 'Деляновци', 1577, 1578),
(5050, 5, 'Дечковци', 1579, 1580),
(5051, 5, 'Джулюница', 1581, 1582),
(5052, 5, 'Димитровци', 1583, 1584),
(5053, 5, 'Димовци', 1585, 1586),
(5054, 5, 'Димча', 1587, 1588),
(5055, 5, 'Дичин', 1589, 1590),
(5056, 5, 'Добревци', 1591, 1592),
(5057, 5, 'Добри дял', 1593, 1594),
(5058, 5, 'Дойновци', 1595, 1596),
(5059, 5, 'Долен Еневец', 1597, 1598),
(5060, 5, 'Долна Липница', 1599, 1600),
(5061, 5, 'Долна Оряховица', 1601, 1602),
(5062, 5, 'Долни Дамяновци', 1603, 1604),
(5063, 5, 'Долни Марян', 1605, 1606),
(5064, 5, 'Долни Танчевци', 1607, 1608),
(5065, 5, 'Долно Шивачево', 1609, 1610),
(5066, 5, 'Донковци', 1611, 1612),
(5067, 5, 'Драганово', 1613, 1614),
(5068, 5, 'Драгановци', 1615, 1616),
(5069, 5, 'Драганосковци', 1617, 1618),
(5070, 5, 'Драгижево', 1619, 1620),
(5071, 5, 'Драгийци', 1621, 1622),
(5072, 5, 'Драгневци', 1623, 1624),
(5073, 5, 'Драгомирово', 1625, 1626),
(5074, 5, 'Дрента', 1627, 1628),
(5075, 5, 'Дуковци', 1629, 1630),
(5076, 5, 'Дунавци', 1631, 1632),
(5077, 5, 'Дуровци', 1633, 1634),
(5078, 5, 'Дълги припек', 1635, 1636),
(5079, 5, 'Дърлевци', 1637, 1638),
(5080, 5, 'Дъскот', 1639, 1640),
(5081, 5, 'Елена', 1641, 1642),
(5082, 5, 'Емен', 1643, 1644),
(5083, 5, 'Железарци', 1645, 1646),
(5084, 5, 'Зеленик', 1647, 1648),
(5085, 5, 'Златарица', 1649, 1650),
(5086, 5, 'Иванивановци', 1651, 1652),
(5087, 5, 'Ивановци', 1653, 1654),
(5088, 5, 'Иванча', 1655, 1656),
(5089, 5, 'Игнатовци', 1657, 1658),
(5090, 5, 'Илаков рът', 1659, 1660),
(5091, 5, 'Илевци', 1661, 1662),
(5092, 5, 'Илиювци', 1663, 1664),
(5093, 5, 'Йовчевци', 1665, 1666),
(5094, 5, 'Кавлак', 1667, 1668),
(5095, 5, 'Калайджии', 1669, 1670),
(5096, 5, 'Камен', 1671, 1672),
(5097, 5, 'Каменари', 1673, 1674),
(5098, 5, 'Кантари', 1675, 1676),
(5099, 5, 'Караиванци', 1677, 1678),
(5100, 5, 'Караисен', 1679, 1680),
(5101, 5, 'Карандили', 1681, 1682),
(5102, 5, 'Каранци', 1683, 1684),
(5103, 5, 'Кесарево', 1685, 1686),
(5104, 5, 'Килифарево', 1687, 1688),
(5105, 5, 'Киревци', 1689, 1690),
(5106, 5, 'Кисьовци', 1691, 1692),
(5107, 5, 'Кладни дял', 1693, 1694),
(5108, 5, 'Климентово', 1695, 1696),
(5109, 5, 'Клъшка река', 1697, 1698),
(5110, 5, 'Коевци', 1699, 1700),
(5111, 5, 'Кожлювци', 1701, 1702),
(5112, 5, 'Козаревец', 1703, 1704),
(5113, 5, 'Козловец', 1705, 1706),
(5114, 5, 'Козя река', 1707, 1708),
(5115, 5, 'Колари', 1709, 1710),
(5116, 5, 'Константин', 1711, 1712),
(5117, 5, 'Косевци', 1713, 1714),
(5118, 5, 'Костел', 1715, 1716),
(5119, 5, 'Котуци', 1717, 1718),
(5120, 5, 'Красно градище', 1719, 1720),
(5121, 5, 'Крилювци', 1721, 1722),
(5122, 5, 'Крумчевци', 1723, 1724),
(5123, 5, 'Крушето', 1725, 1726),
(5124, 5, 'Куцаровци', 1727, 1728),
(5125, 5, 'Куцина', 1729, 1730),
(5126, 5, 'Къпиново', 1731, 1732),
(5127, 5, 'Лагерите', 1733, 1734),
(5128, 5, 'Лазарци', 1735, 1736),
(5129, 5, 'Леденик', 1737, 1738),
(5130, 5, 'Лесиче', 1739, 1740),
(5131, 5, 'Лесичери', 1741, 1742),
(5132, 5, 'Лозен', 1743, 1744),
(5133, 5, 'Любенци', 1745, 1746),
(5134, 5, 'Лясковец', 1747, 1748),
(5135, 5, 'Майско', 1749, 1750),
(5136, 5, 'Малки чифлик', 1751, 1752),
(5137, 5, 'Малчовци', 1753, 1754),
(5138, 5, 'Марафелци', 1755, 1756),
(5139, 5, 'Марговци', 1757, 1758),
(5140, 5, 'Мариновци', 1759, 1760),
(5141, 5, 'Марян', 1761, 1762),
(5142, 5, 'Масларево', 1763, 1764),
(5143, 5, 'Махалници', 1765, 1766),
(5144, 5, 'Мерданя', 1767, 1768),
(5145, 5, 'Мийковци', 1769, 1770),
(5146, 5, 'Миндя', 1771, 1772),
(5147, 5, 'Миневци', 1773, 1774),
(5148, 5, 'Мирово', 1775, 1776),
(5149, 5, 'Мирчовци', 1777, 1778),
(5150, 5, 'Михалци', 1779, 1780),
(5151, 5, 'Мишеморков хан', 1781, 1782),
(5152, 5, 'Момин сбор', 1783, 1784),
(5153, 5, 'Морава', 1785, 1786),
(5154, 5, 'Мусина', 1787, 1788),
(5155, 5, 'Мъртвината', 1789, 1790),
(5156, 5, 'Нацовци', 1791, 1792),
(5157, 5, 'Недан', 1793, 1794),
(5158, 5, 'Недялковци', 1795, 1796),
(5159, 5, 'Нешевци', 1797, 1798),
(5160, 5, 'Николаево', 1799, 1800),
(5161, 5, 'Николовци', 1801, 1802),
(5162, 5, 'Николчовци', 1803, 1804),
(5163, 5, 'Никюп', 1805, 1806),
(5164, 5, 'Ничовци', 1807, 1808),
(5165, 5, 'Нова Върбовка', 1809, 1810),
(5166, 5, 'Ново градище', 1811, 1812),
(5167, 5, 'Ново село', 1813, 1814),
(5168, 5, 'Новогорци', 1815, 1816),
(5169, 5, 'Нюшковци', 1817, 1818),
(5170, 5, 'Обединение', 1819, 1820),
(5171, 5, 'Овощна', 1821, 1822),
(5172, 5, 'Овча могила', 1823, 1824),
(5173, 5, 'Ореш', 1825, 1826),
(5174, 5, 'Орловец', 1827, 1828),
(5175, 5, 'Осенарите', 1829, 1830),
(5176, 5, 'Павел', 1831, 1832),
(5177, 5, 'Павликени', 1833, 1834),
(5178, 5, 'Паисий', 1835, 1836),
(5179, 5, 'Палици', 1837, 1838),
(5180, 5, 'Папратлива', 1839, 1840),
(5181, 5, 'Паскалевец', 1841, 1842),
(5182, 5, 'Патреш', 1843, 1844),
(5183, 5, 'Пейковци', 1845, 1846),
(5184, 5, 'Петко Каравелово', 1847, 1848),
(5185, 5, 'Петковци', 1849, 1850),
(5186, 5, 'Пирамидата', 1851, 1852),
(5187, 5, 'Писарево', 1853, 1854),
(5188, 5, 'Плаково', 1855, 1856),
(5189, 5, 'Пожерник', 1857, 1858),
(5190, 5, 'Поликраище', 1859, 1860),
(5191, 5, 'Полски Сеновец', 1861, 1862),
(5192, 5, 'Полски Тръмбеш', 1863, 1864),
(5193, 5, 'Поповци', 1865, 1866),
(5194, 5, 'Попрусевци', 1867, 1868),
(5195, 5, 'Попска', 1869, 1870),
(5196, 5, 'Правда', 1871, 1872),
(5197, 5, 'Присово', 1873, 1874),
(5198, 5, 'Продановци', 1875, 1876),
(5199, 5, 'Пушево', 1877, 1878),
(5200, 5, 'Пчелище', 1879, 1880),
(5201, 5, 'Първомайци', 1881, 1882),
(5202, 5, 'Пъровци', 1883, 1884),
(5203, 5, 'Равново', 1885, 1886),
(5204, 5, 'Раданово', 1887, 1888),
(5205, 5, 'Радковци', 1889, 1890),
(5206, 5, 'Радовци', 1891, 1892),
(5207, 5, 'Разсоха', 1893, 1894),
(5208, 5, 'Райковци', 1895, 1896),
(5209, 5, 'Райновци', 1897, 1898),
(5210, 5, 'Ралиновци', 1899, 1900),
(5211, 5, 'Рашевци', 1901, 1902),
(5212, 5, 'Раювци', 1903, 1904),
(5213, 5, 'Ребревци', 1905, 1906),
(5214, 5, 'Резач', 1907, 1908),
(5215, 5, 'Рекичка', 1909, 1910),
(5216, 5, 'Ресен', 1911, 1912),
(5217, 5, 'Родина', 1913, 1914),
(5218, 5, 'Росица', 1915, 1916),
(5219, 5, 'Росно', 1917, 1918),
(5220, 5, 'Русаля', 1919, 1920),
(5221, 5, 'Русковци', 1921, 1922),
(5222, 5, 'Руховци', 1923, 1924),
(5223, 5, 'Самоводене', 1925, 1926),
(5224, 5, 'Самсиите', 1927, 1928),
(5225, 5, 'Светославци', 1929, 1930),
(5226, 5, 'Свищов', 1931, 1932),
(5227, 5, 'Сеймените', 1933, 1934),
(5228, 5, 'Семковци', 1935, 1936),
(5229, 5, 'Сливовица', 1937, 1938),
(5230, 5, 'Сломер', 1939, 1940),
(5231, 5, 'Совата', 1941, 1942),
(5232, 5, 'Средни колиби', 1943, 1944),
(5233, 5, 'Средно село', 1945, 1946),
(5234, 5, 'Стамболово', 1947, 1948),
(5235, 5, 'Стефан Стамболово', 1949, 1950),
(5236, 5, 'Стойчевци', 1951, 1952),
(5237, 5, 'Стояновци', 1953, 1954),
(5238, 5, 'Стражица', 1955, 1956),
(5239, 5, 'Страхилово', 1957, 1958),
(5240, 5, 'Стрелец', 1959, 1960),
(5241, 5, 'Султани', 1961, 1962),
(5242, 5, 'Суха река', 1963, 1964),
(5243, 5, 'Сухиндол', 1965, 1966),
(5244, 5, 'Сушица', 1967, 1968),
(5245, 5, 'Събковци', 1969, 1970),
(5246, 5, 'Сърненци', 1971, 1972),
(5247, 5, 'Теменуга', 1973, 1974),
(5248, 5, 'Терзиите', 1975, 1976),
(5249, 5, 'Титевци', 1977, 1978),
(5250, 5, 'Тодоровци', 1979, 1980),
(5251, 5, 'Тодювци', 1981, 1982),
(5252, 5, 'Томбето', 1983, 1984),
(5253, 5, 'Топузи', 1985, 1986),
(5254, 5, 'Трънковци', 1987, 1988),
(5255, 5, 'Тумбевци', 1989, 1990),
(5256, 5, 'Тънки рът', 1991, 1992),
(5257, 5, 'Търкашени', 1993, 1994),
(5258, 5, 'Угорялковци', 1995, 1996),
(5259, 5, 'Ушевци', 1997, 1998),
(5260, 5, 'Хаджидимитрово', 1999, 2000),
(5261, 5, 'Харваловци', 2001, 2002),
(5262, 5, 'Хотница', 2003, 2004),
(5263, 5, 'Христовци', 2005, 2006),
(5264, 5, 'Хъневци', 2007, 2008),
(5265, 5, 'Царевец', 2009, 2010),
(5266, 5, 'Царски извор', 2011, 2012),
(5267, 5, 'Цвеклювци', 2013, 2014),
(5268, 5, 'Цепераните', 2015, 2016),
(5269, 5, 'Церова кория', 2017, 2018),
(5270, 5, 'Цонковци', 2019, 2020),
(5271, 5, 'Чавдарци', 2021, 2022),
(5272, 5, 'Чакали', 2023, 2024),
(5273, 5, 'Червена', 2025, 2026),
(5274, 5, 'Червенковци', 2027, 2028),
(5275, 5, 'Черни дял', 2029, 2030),
(5276, 5, 'Чешма', 2031, 2032),
(5277, 5, 'Чистово', 2033, 2034),
(5278, 5, 'Чуката', 2035, 2036),
(5279, 5, 'Шемшево', 2037, 2038),
(5280, 5, 'Шереметя', 2039, 2040),
(5281, 5, 'Шиливери', 2041, 2042),
(5282, 5, 'Шилковци', 2043, 2044),
(5283, 5, 'Шодековци', 2045, 2046),
(5284, 5, 'Шубеци', 2047, 2048),
(5285, 5, 'Яковци', 2049, 2050),
(5286, 5, 'Ялово', 2051, 2052),
(5287, 5, 'Янтра', 2053, 2054);

-- --------------------------------------------------------

--
-- Table structure for table `messages`
--

CREATE TABLE `messages` (
  `message_id` int(10) UNSIGNED NOT NULL,
  `conversation_id` int(10) UNSIGNED NOT NULL,
  `from_user_id` int(10) UNSIGNED NOT NULL,
  `to_user_id` int(10) UNSIGNED NOT NULL,
  `message` text NOT NULL,
  `date_created` datetime NOT NULL,
  `status` varchar(20) NOT NULL DEFAULT 'unread'
) ENGINE=InnoDB DEFAULT CHARSET=utf8mb4;

--
-- Dumping data for table `messages`
--

INSERT INTO `messages` (`message_id`, `conversation_id`, `from_user_id`, `to_user_id`, `message`, `date_created`, `status`) VALUES
(59, 2, 81, 23, 'zdrasti, kak sme?', '2020-06-25 13:47:48', 'read'),
(60, 2, 23, 81, 'Zdrasti, az sym dobre 👏🤢👒🤬🤮🤢', '2020-06-25 13:49:13', 'read'),
(61, 2, 23, 81, 'a ti kak si ? 🤬', '2020-06-25 13:49:35', 'read'),
(62, 2, 81, 23, 'Бивам, тъкмо мисля да ходя да пия една бира :)🤩', '2020-06-25 14:15:55', 'read'),
(63, 2, 81, 23, 'Или две кой знае!', '2020-06-25 14:22:14', 'read'),
(64, 2, 23, 81, 'Поне 5 изпий! то с две пролет не става!🤩🤣🤣🤣🤣🤣', '2020-06-25 14:44:32', 'unread'),
(67, 5, 26, 23, 'Batko ima li matrial ?', '2020-06-25 19:17:16', 'read'),
(68, 5, 23, 26, 'Ima ima :) 🤩🤩🤩🤩🤩', '2020-06-25 19:18:54', 'read'),
(69, 5, 26, 23, 'jikgaz - test!', '2020-06-26 13:21:52', 'read'),
(75, 8, 24, 23, 'zdrasti kuch kake ?', '2020-06-30 16:46:31', 'read');

-- --------------------------------------------------------

--
-- Table structure for table `messages_archive`
--

CREATE TABLE `messages_archive` (
  `id` int(10) UNSIGNED NOT NULL,
  `conversation_id` int(10) UNSIGNED NOT NULL,
  `user_id` int(10) UNSIGNED NOT NULL,
  `date_created` datetime NOT NULL,
  `archived` tinyint(3) NOT NULL
) ENGINE=InnoDB DEFAULT CHARSET=utf8mb4;

--
-- Dumping data for table `messages_archive`
--

INSERT INTO `messages_archive` (`id`, `conversation_id`, `user_id`, `date_created`, `archived`) VALUES
(1, 5, 26, '2020-06-29 15:39:54', 1);

-- --------------------------------------------------------

--
-- Table structure for table `messages_conv_list_link`
--

CREATE TABLE `messages_conv_list_link` (
  `conversation_id` int(10) UNSIGNED NOT NULL,
  `listing_id` int(10) UNSIGNED NOT NULL,
  `from_user_id` int(10) UNSIGNED NOT NULL,
  `to_user_id` int(10) UNSIGNED NOT NULL,
  `status` tinyint(1) NOT NULL COMMENT '1 = active, 0 = blocked',
  `created_at` datetime NOT NULL COMMENT 'is necesary???'
) ENGINE=InnoDB DEFAULT CHARSET=utf8mb4;

--
-- Dumping data for table `messages_conv_list_link`
--

INSERT INTO `messages_conv_list_link` (`conversation_id`, `listing_id`, `from_user_id`, `to_user_id`, `status`, `created_at`) VALUES
(2, 133, 81, 23, 1, '2020-06-25 13:47:48'),
(5, 131, 26, 23, 1, '2020-06-25 19:17:16'),
(8, 133, 24, 23, 1, '2020-06-30 16:46:31');

-- --------------------------------------------------------

--
-- Table structure for table `messages_important`
--

CREATE TABLE `messages_important` (
  `id` int(10) UNSIGNED NOT NULL,
  `conversation_id` int(10) UNSIGNED NOT NULL,
  `user_id` int(10) UNSIGNED NOT NULL,
  `date_created` datetime NOT NULL
) ENGINE=InnoDB DEFAULT CHARSET=utf8mb4;

--
-- Dumping data for table `messages_important`
--

INSERT INTO `messages_important` (`id`, `conversation_id`, `user_id`, `date_created`) VALUES
(10, 8, 23, '2020-06-30 17:37:08');

-- --------------------------------------------------------

--
-- Table structure for table `options`
--

CREATE TABLE `options` (
  `node_id` int(10) UNSIGNED NOT NULL,
  `parent_id` int(10) UNSIGNED NOT NULL,
  `name` varchar(64) COLLATE utf8mb4_unicode_ci NOT NULL,
  `lft` smallint(5) UNSIGNED NOT NULL,
  `rgt` smallint(5) UNSIGNED NOT NULL,
  `category_id` int(10) UNSIGNED NOT NULL
) ENGINE=InnoDB DEFAULT CHARSET=utf8mb4 COLLATE=utf8mb4_unicode_ci;

--
-- Dumping data for table `options`
--

INSERT INTO `options` (`node_id`, `parent_id`, `name`, `lft`, `rgt`, `category_id`) VALUES
(1, 0, 'Опции', 1, 18, 1),
(2, 1, 'Цвят', 2, 5, 5),
(3, 2, 'Зелен', 3, 4, 5),
(4, 2, 'Червен', 4, 5, 5),
(5, 1, 'Марка', 6, 10, 2),
(6, 5, 'BMW', 6, 7, 2),
(7, 5, 'AUDI', 7, 8, 2),
(8, 5, 'Opel', 8, 9, 2),
(9, 5, 'VW', 9, 10, 2),
(10, 1, 'Година', 10, 15, 2),
(11, 10, '2010', 11, 12, 2),
(12, 10, '2011', 12, 13, 2),
(13, 10, '2012', 13, 14, 2),
(14, 10, '2013', 14, 15, 2);

-- --------------------------------------------------------

--
-- Table structure for table `permissions`
--

CREATE TABLE `permissions` (
  `perm_id` int(10) UNSIGNED NOT NULL,
  `perm_description` varchar(50) NOT NULL
) ENGINE=InnoDB DEFAULT CHARSET=utf8mb4;

--
-- Dumping data for table `permissions`
--

INSERT INTO `permissions` (`perm_id`, `perm_description`) VALUES
(10, 'can manage perms'),
(11, 'can manage users'),
(12, 'can create admin');

-- --------------------------------------------------------

--
-- Table structure for table `roles`
--

CREATE TABLE `roles` (
  `role_id` int(10) UNSIGNED NOT NULL,
  `role_name` varchar(50) NOT NULL
) ENGINE=InnoDB DEFAULT CHARSET=utf8mb4;

--
-- Dumping data for table `roles`
--

INSERT INTO `roles` (`role_id`, `role_name`) VALUES
(10, 'SuperAdmin');

-- --------------------------------------------------------

--
-- Table structure for table `role_perm_link`
--

CREATE TABLE `role_perm_link` (
  `role_id` int(10) UNSIGNED NOT NULL,
  `perm_id` int(10) UNSIGNED NOT NULL
) ENGINE=InnoDB DEFAULT CHARSET=utf8mb4;

--
-- Dumping data for table `role_perm_link`
--

INSERT INTO `role_perm_link` (`role_id`, `perm_id`) VALUES
(10, 10),
(10, 11),
(10, 12);

-- --------------------------------------------------------

--
-- Table structure for table `searches`
--

CREATE TABLE `searches` (
  `search_query` varchar(255) NOT NULL,
  `results_count` int(10) UNSIGNED NOT NULL,
  `searches_count` int(10) UNSIGNED NOT NULL
) ENGINE=InnoDB DEFAULT CHARSET=utf8mb4;

--
-- Dumping data for table `searches`
--

INSERT INTO `searches` (`search_query`, `results_count`, `searches_count`) VALUES
('989', 0, 1),
('dasdsa', 0, 3),
('sex', 2, 6),
('test', 0, 1),
('касет', 1, 5),
('касети', 1, 2),
('касетки', 0, 2),
('кокошки', 1, 2),
('продавам', 2, 15),
('продавам касети', 1, 9),
('тест', 0, 2),
('тест 123', 0, 3);

-- --------------------------------------------------------

--
-- Table structure for table `stop_words`
--

CREATE TABLE `stop_words` (
  `id` int(10) NOT NULL,
  `word` varchar(64) NOT NULL
) ENGINE=InnoDB DEFAULT CHARSET=utf8mb4;

--
-- Dumping data for table `stop_words`
--

INSERT INTO `stop_words` (`id`, `word`) VALUES
(1, 'sex'),
(86, 'porno');

-- --------------------------------------------------------

--
-- Table structure for table `users`
--

CREATE TABLE `users` (
  `user_id` int(10) UNSIGNED NOT NULL,
  `first_name` varchar(32) COLLATE utf8mb4_unicode_ci NOT NULL,
  `last_name` varchar(32) COLLATE utf8mb4_unicode_ci NOT NULL,
  `username` varchar(128) COLLATE utf8mb4_unicode_ci NOT NULL,
  `pwd` varchar(255) COLLATE utf8mb4_unicode_ci NOT NULL,
  `role` varchar(15) COLLATE utf8mb4_unicode_ci NOT NULL,
  `status` tinyint(3) UNSIGNED NOT NULL,
  `created` int(10) UNSIGNED NOT NULL,
  `last_login` int(10) UNSIGNED NOT NULL
) ENGINE=InnoDB DEFAULT CHARSET=utf8mb4 COLLATE=utf8mb4_unicode_ci;

--
-- Dumping data for table `users`
--

INSERT INTO `users` (`user_id`, `first_name`, `last_name`, `username`, `pwd`, `role`, `status`, `created`, `last_login`) VALUES
(1, 'Admin', 'Admin', 'admin', '$2y$10$NqLtD.Sz9bOYCdpDhswtW.gZRmgck7jer1KFfCQLNhfdUIiaVBq3.', 'admin', 1, 1542664093, 1593184680),
(23, 'Иван', 'Балсамаджиев', 'balsama@abv.bg', '$2y$10$6BZuGuR6Dj9KKB2QQF/3MueryraSVIa7zE8egkuqzV21dlI6YvMoi', 'user', 1, 1568122948, 1593524802),
(24, 'Jelko', 'jelkov', 'jelk@abv.bg', '$2y$10$eqnzVj04SQyNsvBVO1m8DO9F5DltKIL5n.jdfij9cjM3jlOvV8y9.', 'user', 1, 1571047045, 1593524770),
(25, 'Stancho', 'Georgiev', 'stg11@abv.bg', '$2y$10$Ccwaz9D93XVRBqBrwYlFn.eef3hcdFQzkRjMzsOmhAHS3tCDpN6U6', 'user', 1, 1571047200, 1571047200),
(26, 'Karo', 'Karov', 'karov@abv.bg', '$2y$10$SibU6nFBGgSgHbGDorSnROnX/J3A32MeTINC13z3z/mdQQ2xIO8Vm', 'user', 1, 1571052880, 1593448366),
(27, 'Vasi', 'Kolev', 'vasilenwebso@gmail.com', '$2y$10$RjeLuZl23XeJS2D1Y/4/KuC8EqJ40MyzkH09o63q4lsr7L7wCCnGq', 'user', 1, 1584546726, 1587735922),
(76, 'teeasd', 'teas', 'awqvfwkrqpz_1584962447@tfbnw.net', '$2y$10$lF1UlFMne5HivsaF9v3Kn.ZIKgriSPnJvyrkAWFuFzpOFFogvBED6', 'user', 1, 1585066758, 1585066819),
(80, 'Ava', 'Occhinoescu', 'wqvfwkrqpz_1584962447@tfbnw.net', '$2y$10$ZGMJTtQA/SzkhQWf.3Muqu6soqU0UYzG9Gbi.P0WhIW5uFyusOH5K', 'user', 1, 1585125221, 1585131183),
(81, 'Kиро', 'Киров', 'kirov@abv.bg', '$2y$10$tFpDwT4ZeuS5B85hs7cRseBwnybNmbJyCryaG2BSb6PpFXhyM.roi', 'user', 1, 1589470033, 1593083654);

-- --------------------------------------------------------

--
-- Table structure for table `users_auth`
--

CREATE TABLE `users_auth` (
  `id` binary(20) NOT NULL,
  `user_id` int(10) UNSIGNED NOT NULL,
  `validator` char(64) COLLATE utf8mb4_unicode_ci NOT NULL,
  `expires` int(10) UNSIGNED NOT NULL
) ENGINE=InnoDB DEFAULT CHARSET=utf8mb4 COLLATE=utf8mb4_unicode_ci;

--
-- Dumping data for table `users_auth`
--

INSERT INTO `users_auth` (`id`, `user_id`, `validator`, `expires`) VALUES
(0x2d70db840816c74daaa3cca852b795e273eaeb26, 23, 'a46cbe9c084658a243ebc39b0299192efd79e9ff1329fc373100e929cade834e', 1593611202),
(0x6ab93df9e128b12793e15e5aeac5653def3c8831, 27, '88f0ebcc0c0d01828586eb48e5022cbf450e7274243667fae99a8f47a7f89f30', 1587822322),
(0x91eeff0cde26c814b02bfeb8e5581f3cf1c82374, 1, '03a00163b6729560d6a3806950ad54cf05c5a8d63f5152ea2d04bef09771c885', 1593271080),
(0x92e1ed31f0d7e06bacec6b188960ccafdd95a728, 23, 'f161a36d169e400ffd3baf44e72f9d2535b38fa77bb9fdb6dc1a159c49b0a4c0', 1593534892);

-- --------------------------------------------------------

--
-- Table structure for table `users_auth_ip`
--

CREATE TABLE `users_auth_ip` (
  `id` int(11) NOT NULL,
  `user_id` int(10) UNSIGNED NOT NULL,
  `ip_address` varbinary(16) NOT NULL,
  `date` int(10) UNSIGNED NOT NULL
) ENGINE=InnoDB DEFAULT CHARSET=utf8mb4;

--
-- Dumping data for table `users_auth_ip`
--

INSERT INTO `users_auth_ip` (`id`, `user_id`, `ip_address`, `date`) VALUES
(2, 23, 0x9600000a, 1587416400),
(3, 23, 0x8a0c0c01, 1587416400),
(4, 24, 0x9600000b, 1587416400),
(5, 24, 0x8a0b0c01, 1587416400),
(6, 23, 0x7f000001, 1593464400),
(7, 81, 0x7f000001, 1593032400),
(8, 26, 0x7f000001, 1593378000),
(9, 24, 0x7f000001, 1593464400);

-- --------------------------------------------------------

--
-- Table structure for table `users_blocked`
--

CREATE TABLE `users_blocked` (
  `id` int(10) UNSIGNED NOT NULL,
  `user_id` int(10) UNSIGNED NOT NULL,
  `blocked` tinyint(3) NOT NULL
) ENGINE=InnoDB DEFAULT CHARSET=utf8mb4;

--
-- Dumping data for table `users_blocked`
--

INSERT INTO `users_blocked` (`id`, `user_id`, `blocked`) VALUES
(1, 23, 1);

-- --------------------------------------------------------

--
-- Table structure for table `users_data`
--

CREATE TABLE `users_data` (
  `id` int(10) UNSIGNED NOT NULL,
  `user_id` int(10) UNSIGNED NOT NULL,
  `phone` varchar(20) NOT NULL,
  `region` varchar(30) NOT NULL
) ENGINE=InnoDB DEFAULT CHARSET=utf8mb4;

--
-- Dumping data for table `users_data`
--

INSERT INTO `users_data` (`id`, `user_id`, `phone`, `region`) VALUES
(1, 23, '08972374732', 'Търголяс'),
(15, 81, '123', 'кърджали');

-- --------------------------------------------------------

--
-- Table structure for table `user_role_link`
--

CREATE TABLE `user_role_link` (
  `user_id` int(10) UNSIGNED NOT NULL,
  `role_id` int(10) UNSIGNED NOT NULL
) ENGINE=InnoDB DEFAULT CHARSET=utf8mb4;

--
-- Dumping data for table `user_role_link`
--

INSERT INTO `user_role_link` (`user_id`, `role_id`) VALUES
(1, 10);

--
-- Indexes for dumped tables
--

--
-- Indexes for table `ad_visits`
--
ALTER TABLE `ad_visits`
  ADD PRIMARY KEY (`ad_id`,`visit_date`);

--
-- Indexes for table `ad_visits_temp`
--
ALTER TABLE `ad_visits_temp`
  ADD PRIMARY KEY (`id`),
  ADD KEY `ad_id` (`ad_id`);

--
-- Indexes for table `black_list_email`
--
ALTER TABLE `black_list_email`
  ADD PRIMARY KEY (`id`);

--
-- Indexes for table `black_list_ip`
--
ALTER TABLE `black_list_ip`
  ADD PRIMARY KEY (`id`);

--
-- Indexes for table `categories`
--
ALTER TABLE `categories`
  ADD PRIMARY KEY (`node_id`),
  ADD UNIQUE KEY `parent_id` (`parent_id`,`name`),
  ADD KEY `lft` (`lft`),
  ADD KEY `rgt` (`rgt`) USING BTREE;

--
-- Indexes for table `listings`
--
ALTER TABLE `listings`
  ADD PRIMARY KEY (`listing_id`),
  ADD KEY `user_id` (`user_id`),
  ADD KEY `category_id` (`category_id`),
  ADD KEY `location_id` (`location_id`);
ALTER TABLE `listings` ADD FULLTEXT KEY `title` (`title`,`description`);

--
-- Indexes for table `listings_archive_2020`
--
ALTER TABLE `listings_archive_2020`
  ADD PRIMARY KEY (`listing_id`),
  ADD KEY `user_id` (`user_id`),
  ADD KEY `category_id` (`category_id`),
  ADD KEY `location_id` (`location_id`);

--
-- Indexes for table `listings_images`
--
ALTER TABLE `listings_images`
  ADD PRIMARY KEY (`id`),
  ADD KEY `listing_id` (`listing_id`);

--
-- Indexes for table `listings_old`
--
ALTER TABLE `listings_old`
  ADD PRIMARY KEY (`listing_id`),
  ADD KEY `user_id` (`user_id`),
  ADD KEY `category_id` (`category_id`),
  ADD KEY `location_id` (`location_id`);
ALTER TABLE `listings_old` ADD FULLTEXT KEY `title` (`title`,`description`);

--
-- Indexes for table `listings_options`
--
ALTER TABLE `listings_options`
  ADD PRIMARY KEY (`id`),
  ADD KEY `listing_id` (`listing_id`),
  ADD KEY `option_id` (`option_id`);

--
-- Indexes for table `listings_reports`
--
ALTER TABLE `listings_reports`
  ADD PRIMARY KEY (`id`),
  ADD KEY `listing_id` (`listing_id`);

--
-- Indexes for table `locations`
--
ALTER TABLE `locations`
  ADD PRIMARY KEY (`node_id`),
  ADD UNIQUE KEY `parent_id` (`parent_id`,`name`),
  ADD KEY `lft` (`lft`) USING BTREE,
  ADD KEY `rgt` (`rgt`) USING BTREE;

--
-- Indexes for table `messages`
--
ALTER TABLE `messages`
  ADD PRIMARY KEY (`message_id`),
  ADD KEY `conversation_id` (`conversation_id`),
  ADD KEY `from_user_id` (`from_user_id`),
  ADD KEY `to_user_id` (`to_user_id`);

--
-- Indexes for table `messages_archive`
--
ALTER TABLE `messages_archive`
  ADD PRIMARY KEY (`id`),
  ADD KEY `conversation_id` (`conversation_id`),
  ADD KEY `from_user_id` (`user_id`);

--
-- Indexes for table `messages_conv_list_link`
--
ALTER TABLE `messages_conv_list_link`
  ADD PRIMARY KEY (`conversation_id`),
  ADD KEY `listing_id` (`listing_id`),
  ADD KEY `from_user_id` (`from_user_id`),
  ADD KEY `to_user_id` (`to_user_id`);

--
-- Indexes for table `messages_important`
--
ALTER TABLE `messages_important`
  ADD PRIMARY KEY (`id`),
  ADD KEY `conversation_id` (`conversation_id`),
  ADD KEY `from_user_id` (`user_id`);

--
-- Indexes for table `options`
--
ALTER TABLE `options`
  ADD PRIMARY KEY (`node_id`),
  ADD UNIQUE KEY `parent_id` (`parent_id`,`name`),
  ADD KEY `lft` (`lft`),
  ADD KEY `rgt` (`rgt`),
  ADD KEY `category_id` (`category_id`) USING BTREE;

--
-- Indexes for table `permissions`
--
ALTER TABLE `permissions`
  ADD PRIMARY KEY (`perm_id`);

--
-- Indexes for table `roles`
--
ALTER TABLE `roles`
  ADD PRIMARY KEY (`role_id`);

--
-- Indexes for table `role_perm_link`
--
ALTER TABLE `role_perm_link`
  ADD KEY `perm_id` (`perm_id`),
  ADD KEY `role_id` (`role_id`);

--
-- Indexes for table `searches`
--
ALTER TABLE `searches`
  ADD UNIQUE KEY `search_query` (`search_query`);

--
-- Indexes for table `stop_words`
--
ALTER TABLE `stop_words`
  ADD PRIMARY KEY (`id`);

--
-- Indexes for table `users`
--
ALTER TABLE `users`
  ADD PRIMARY KEY (`user_id`),
  ADD UNIQUE KEY `username` (`username`);

--
-- Indexes for table `users_auth`
--
ALTER TABLE `users_auth`
  ADD PRIMARY KEY (`id`),
  ADD KEY `uid` (`user_id`) USING BTREE;

--
-- Indexes for table `users_auth_ip`
--
ALTER TABLE `users_auth_ip`
  ADD PRIMARY KEY (`id`),
  ADD KEY `user_id` (`user_id`);

--
-- Indexes for table `users_blocked`
--
ALTER TABLE `users_blocked`
  ADD PRIMARY KEY (`id`),
  ADD UNIQUE KEY `user_id` (`user_id`);

--
-- Indexes for table `users_data`
--
ALTER TABLE `users_data`
  ADD PRIMARY KEY (`id`),
  ADD UNIQUE KEY `id` (`id`),
  ADD UNIQUE KEY `user_id_2` (`user_id`),
  ADD KEY `user_id` (`user_id`);

--
-- Indexes for table `user_role_link`
--
ALTER TABLE `user_role_link`
  ADD KEY `user_id` (`user_id`),
  ADD KEY `role` (`role_id`);

--
-- AUTO_INCREMENT for dumped tables
--

--
-- AUTO_INCREMENT for table `ad_visits_temp`
--
ALTER TABLE `ad_visits_temp`
  MODIFY `id` int(10) UNSIGNED NOT NULL AUTO_INCREMENT, AUTO_INCREMENT=12;

--
-- AUTO_INCREMENT for table `black_list_email`
--
ALTER TABLE `black_list_email`
  MODIFY `id` int(10) UNSIGNED NOT NULL AUTO_INCREMENT, AUTO_INCREMENT=21;

--
-- AUTO_INCREMENT for table `black_list_ip`
--
ALTER TABLE `black_list_ip`
  MODIFY `id` int(10) UNSIGNED NOT NULL AUTO_INCREMENT, AUTO_INCREMENT=43;

--
-- AUTO_INCREMENT for table `categories`
--
ALTER TABLE `categories`
  MODIFY `node_id` int(10) UNSIGNED NOT NULL AUTO_INCREMENT, AUTO_INCREMENT=240;

--
-- AUTO_INCREMENT for table `listings`
--
ALTER TABLE `listings`
  MODIFY `listing_id` int(10) UNSIGNED NOT NULL AUTO_INCREMENT, AUTO_INCREMENT=134;

--
-- AUTO_INCREMENT for table `listings_archive_2020`
--
ALTER TABLE `listings_archive_2020`
  MODIFY `listing_id` int(10) UNSIGNED NOT NULL AUTO_INCREMENT, AUTO_INCREMENT=14;

--
-- AUTO_INCREMENT for table `listings_images`
--
ALTER TABLE `listings_images`
  MODIFY `id` int(10) UNSIGNED NOT NULL AUTO_INCREMENT, AUTO_INCREMENT=104;

--
-- AUTO_INCREMENT for table `listings_old`
--
ALTER TABLE `listings_old`
  MODIFY `listing_id` int(10) UNSIGNED NOT NULL AUTO_INCREMENT, AUTO_INCREMENT=131;

--
-- AUTO_INCREMENT for table `listings_options`
--
ALTER TABLE `listings_options`
  MODIFY `id` int(10) UNSIGNED NOT NULL AUTO_INCREMENT, AUTO_INCREMENT=45;

--
-- AUTO_INCREMENT for table `listings_reports`
--
ALTER TABLE `listings_reports`
  MODIFY `id` int(10) UNSIGNED NOT NULL AUTO_INCREMENT, AUTO_INCREMENT=17;

--
-- AUTO_INCREMENT for table `locations`
--
ALTER TABLE `locations`
  MODIFY `node_id` int(10) UNSIGNED NOT NULL AUTO_INCREMENT, AUTO_INCREMENT=5288;

--
-- AUTO_INCREMENT for table `messages`
--
ALTER TABLE `messages`
  MODIFY `message_id` int(10) UNSIGNED NOT NULL AUTO_INCREMENT, AUTO_INCREMENT=76;

--
-- AUTO_INCREMENT for table `messages_archive`
--
ALTER TABLE `messages_archive`
  MODIFY `id` int(10) UNSIGNED NOT NULL AUTO_INCREMENT, AUTO_INCREMENT=9;

--
-- AUTO_INCREMENT for table `messages_conv_list_link`
--
ALTER TABLE `messages_conv_list_link`
  MODIFY `conversation_id` int(10) UNSIGNED NOT NULL AUTO_INCREMENT, AUTO_INCREMENT=9;

--
-- AUTO_INCREMENT for table `messages_important`
--
ALTER TABLE `messages_important`
  MODIFY `id` int(10) UNSIGNED NOT NULL AUTO_INCREMENT, AUTO_INCREMENT=12;

--
-- AUTO_INCREMENT for table `options`
--
ALTER TABLE `options`
  MODIFY `node_id` int(10) UNSIGNED NOT NULL AUTO_INCREMENT, AUTO_INCREMENT=15;

--
-- AUTO_INCREMENT for table `permissions`
--
ALTER TABLE `permissions`
  MODIFY `perm_id` int(10) UNSIGNED NOT NULL AUTO_INCREMENT, AUTO_INCREMENT=13;

--
-- AUTO_INCREMENT for table `roles`
--
ALTER TABLE `roles`
  MODIFY `role_id` int(10) UNSIGNED NOT NULL AUTO_INCREMENT, AUTO_INCREMENT=11;

--
-- AUTO_INCREMENT for table `stop_words`
--
ALTER TABLE `stop_words`
  MODIFY `id` int(10) NOT NULL AUTO_INCREMENT, AUTO_INCREMENT=89;

--
-- AUTO_INCREMENT for table `users`
--
ALTER TABLE `users`
  MODIFY `user_id` int(10) UNSIGNED NOT NULL AUTO_INCREMENT, AUTO_INCREMENT=83;

--
-- AUTO_INCREMENT for table `users_auth_ip`
--
ALTER TABLE `users_auth_ip`
  MODIFY `id` int(11) NOT NULL AUTO_INCREMENT, AUTO_INCREMENT=10;

--
-- AUTO_INCREMENT for table `users_blocked`
--
ALTER TABLE `users_blocked`
  MODIFY `id` int(10) UNSIGNED NOT NULL AUTO_INCREMENT, AUTO_INCREMENT=7;

--
-- AUTO_INCREMENT for table `users_data`
--
ALTER TABLE `users_data`
  MODIFY `id` int(10) UNSIGNED NOT NULL AUTO_INCREMENT, AUTO_INCREMENT=18;

--
-- Constraints for dumped tables
--

--
-- Constraints for table `listings`
--
ALTER TABLE `listings`
  ADD CONSTRAINT `listings_ibfk_1` FOREIGN KEY (`user_id`) REFERENCES `users` (`user_id`) ON DELETE CASCADE ON UPDATE CASCADE,
  ADD CONSTRAINT `listings_ibfk_2` FOREIGN KEY (`category_id`) REFERENCES `categories` (`node_id`) ON DELETE CASCADE ON UPDATE CASCADE,
  ADD CONSTRAINT `listings_ibfk_3` FOREIGN KEY (`location_id`) REFERENCES `locations` (`node_id`) ON DELETE CASCADE ON UPDATE CASCADE;

--
-- Constraints for table `listings_images`
--
ALTER TABLE `listings_images`
  ADD CONSTRAINT `listings_images_ibfk_1` FOREIGN KEY (`listing_id`) REFERENCES `listings` (`listing_id`) ON DELETE CASCADE ON UPDATE CASCADE;

--
-- Constraints for table `listings_reports`
--
ALTER TABLE `listings_reports`
  ADD CONSTRAINT `listings_reports_ibfk_1` FOREIGN KEY (`listing_id`) REFERENCES `listings` (`listing_id`) ON DELETE CASCADE ON UPDATE CASCADE;

--
-- Constraints for table `messages`
--
ALTER TABLE `messages`
  ADD CONSTRAINT `messages_ibfk_1` FOREIGN KEY (`conversation_id`) REFERENCES `messages_conv_list_link` (`conversation_id`) ON DELETE CASCADE ON UPDATE CASCADE,
  ADD CONSTRAINT `messages_ibfk_2` FOREIGN KEY (`from_user_id`) REFERENCES `users` (`user_id`) ON DELETE CASCADE ON UPDATE CASCADE,
  ADD CONSTRAINT `messages_ibfk_3` FOREIGN KEY (`to_user_id`) REFERENCES `users` (`user_id`) ON DELETE CASCADE ON UPDATE CASCADE;

--
-- Constraints for table `messages_conv_list_link`
--
ALTER TABLE `messages_conv_list_link`
  ADD CONSTRAINT `messages_conv_list_link_ibfk_1` FOREIGN KEY (`listing_id`) REFERENCES `listings` (`listing_id`) ON DELETE CASCADE ON UPDATE CASCADE,
  ADD CONSTRAINT `messages_conv_list_link_ibfk_2` FOREIGN KEY (`from_user_id`) REFERENCES `users` (`user_id`) ON DELETE CASCADE ON UPDATE CASCADE,
  ADD CONSTRAINT `messages_conv_list_link_ibfk_3` FOREIGN KEY (`to_user_id`) REFERENCES `users` (`user_id`) ON DELETE CASCADE ON UPDATE CASCADE;

--
-- Constraints for table `role_perm_link`
--
ALTER TABLE `role_perm_link`
  ADD CONSTRAINT `role_perm_link_cnstr_1` FOREIGN KEY (`perm_id`) REFERENCES `permissions` (`perm_id`) ON DELETE CASCADE ON UPDATE CASCADE,
  ADD CONSTRAINT `role_perm_link_cnstr_2` FOREIGN KEY (`role_id`) REFERENCES `roles` (`role_id`) ON DELETE CASCADE ON UPDATE CASCADE;

--
-- Constraints for table `users_auth_ip`
--
ALTER TABLE `users_auth_ip`
  ADD CONSTRAINT `users_auth_ip_ibfk_1` FOREIGN KEY (`user_id`) REFERENCES `users` (`user_id`) ON DELETE CASCADE ON UPDATE CASCADE;

--
-- Constraints for table `users_blocked`
--
ALTER TABLE `users_blocked`
  ADD CONSTRAINT `users_blocked_ibfk_1` FOREIGN KEY (`user_id`) REFERENCES `users` (`user_id`);

--
-- Constraints for table `users_data`
--
ALTER TABLE `users_data`
  ADD CONSTRAINT `users_data_ibfk_1` FOREIGN KEY (`user_id`) REFERENCES `users` (`user_id`) ON DELETE CASCADE ON UPDATE CASCADE;

--
-- Constraints for table `user_role_link`
--
ALTER TABLE `user_role_link`
  ADD CONSTRAINT `user_role_link_cnstr_1` FOREIGN KEY (`user_id`) REFERENCES `users` (`user_id`) ON DELETE CASCADE ON UPDATE CASCADE,
  ADD CONSTRAINT `user_role_link_cnstr_2` FOREIGN KEY (`role_id`) REFERENCES `roles` (`role_id`) ON DELETE CASCADE ON UPDATE CASCADE;
COMMIT;

