-- Table structure for table `guides_categories`
--

CREATE TABLE `guides_categories` (
  `spec_id` smallint(5) UNSIGNED NOT NULL,
  `parent_id` smallint(5) UNSIGNED NOT NULL,
  `spec` varchar(32) COLLATE utf8mb4_unicode_ci NOT NULL,
  `lft` smallint(5) UNSIGNED NOT NULL,
  `rgt` smallint(10) UNSIGNED NOT NULL
) ENGINE=InnoDB DEFAULT CHARSET=utf8mb4 COLLATE=utf8mb4_unicode_ci;

--
-- Dumping data for table `guides_categories`
--

INSERT INTO `guides_categories` (`spec_id`, `parent_id`, `spec`, `lft`, `rgt`) VALUES
(1, 0, 'Classification', 1, 340),
(2, 1, 'Market', 2, 17),
(3, 1, 'Type', 18, 43),
(4, 1, 'Technology', 44, 53),
(5, 1, 'Manufacturer', 54, 315),
(6, 1, 'Year', 316, 339),
(7, 2, 'Europe', 3, 4),
(8, 2, 'Asia', 5, 6),
(9, 2, 'Australia', 7, 8),
(10, 2, 'USA', 9, 10),
(11, 2, 'North America', 11, 12),
(12, 3, 'Lamps', 19, 20),
(13, 3, 'Optics', 21, 22),
(14, 3, 'Boards & Chips', 23, 24),
(15, 3, 'LED Sources', 25, 26),
(16, 3, 'Luminaires Interior', 27, 28),
(17, 3, 'Controls', 29, 30),
(18, 3, 'Drivers', 31, 32),
(19, 4, 'OLED', 45, 46),
(20, 4, 'LED', 47, 48),
(21, 5, 'Halla', 91, 92),
(22, 5, 'mLight', 93, 94),
(23, 6, '2010', 317, 318),
(24, 6, '2011', 319, 320),
(25, 6, '2012', 321, 322),
(26, 6, '2013', 323, 324),
(27, 6, '2014', 325, 326),
(28, 6, '2015', 327, 328),
(29, 2, 'South America', 13, 14),
(30, 2, 'International', 15, 16),
(31, 5, 'LUMILEDS', 95, 96),
(32, 5, 'SORAA', 97, 98),
(33, 5, 'Artemide', 99, 100),
(34, 6, '2016', 329, 330),
(35, 5, 'LG', 101, 102),
(36, 5, 'Eaton Cooper Lighting', 103, 104),
(37, 5, 'Lutron', 105, 106),
(38, 4, 'Wireless', 49, 50),
(39, 3, 'Software', 33, 34),
(40, 3, 'Controls & Software', 35, 36),
(41, 3, 'Luminaires Exterior', 37, 38),
(42, 4, 'LED RGB', 51, 52),
(43, 5, 'Sattler', 107, 108),
(44, 5, 'Feilo Sylvania', 109, 110),
(45, 5, 'Flexworx', 111, 112),
(46, 5, 'Zumtobel', 113, 114),
(47, 5, 'Arkoslight', 115, 116),
(48, 5, 'OSRAM', 117, 118),
(49, 5, 'Exenia', 119, 120),
(50, 5, 'Trilux', 121, 122),
(51, 5, '3F Fillipi', 123, 124),
(52, 5, 'Esse-ci', 125, 126),
(53, 5, 'Neonny', 127, 128),
(54, 5, 'CINI&NILS', 129, 130),
(55, 5, 'Modular Lighting Instruments', 131, 132),
(56, 5, 'Simes', 133, 134),
(57, 6, '2017', 331, 332),
(58, 6, '2018', 333, 334),
(59, 5, 'NORLIGHT', 135, 136),
(60, 5, 'Castaldi Lighting', 137, 138),
(61, 5, 'Designheure S.A.S.', 139, 140),
(63, 5, 'ALDABRA', 141, 142),
(64, 5, 'Bega', 143, 144),
(65, 5, 'Element Lighting (by Tech Lighti', 145, 146),
(66, 5, 'Tech Lighting', 147, 148),
(67, 5, 'Sistemalux', 149, 150),
(68, 5, 'iGuzzini', 151, 152),
(69, 5, 'ERCO', 153, 154),
(70, 5, 'TAL', 155, 156),
(71, 5, 'Luce & Light', 157, 158),
(72, 5, 'We-ef Lighting', 159, 160),
(73, 5, 'Louis Poulsen', 161, 162),
(75, 5, 'Flos', 163, 164),
(76, 5, 'designLed', 165, 166),
(77, 5, 'ROXO Lighting', 167, 168),
(78, 5, 'Litecontrol', 169, 170),
(80, 5, 'Foscarini', 171, 172),
(81, 5, 'Axolight', 173, 174),
(82, 5, 'Viabizzuno', 175, 176),
(83, 5, 'Davide Groppi', 177, 178),
(84, 5, 'Selux', 179, 180),
(85, 5, 'XAL', 181, 182),
(86, 5, 'Buzzi Space', 183, 184),
(87, 5, 'Delta Light', 185, 186),
(88, 5, 'Occhio', 187, 188),
(89, 5, 'Karman', 189, 190),
(90, 5, 'SLAMP', 191, 192),
(91, 5, 'Vibia', 193, 194),
(92, 5, 'Kreon', 195, 196),
(93, 5, 'Nimbus Group', 197, 198),
(94, 5, 'Ingo Maurer', 199, 200),
(95, 5, 'Gloster', 201, 202),
(96, 5, 'Linea Light', 203, 204),
(97, 5, 'Next', 205, 206),
(98, 5, 'Dexter', 207, 208),
(99, 5, 'Shade', 209, 210),
(100, 5, 'FontanaArte', 211, 212),
(103, 5, 'Moooi', 213, 214),
(104, 5, 'Intra Lighting', 215, 216),
(105, 5, 'BLOND', 217, 218),
(106, 5, 'Panzeri', 219, 220),
(107, 5, 'ES-SYSTEM', 221, 222),
(108, 5, 'LEDS-C4', 223, 224),
(109, 5, 'Fabbian', 225, 226),
(110, 5, 'Innermost', 227, 228),
(111, 5, 'Studio Italia Design', 229, 230),
(112, 5, 'Martinelli Luce', 231, 232),
(113, 5, 'Arturo Alvarez', 233, 234),
(114, 5, 'PENTA', 235, 236),
(115, 5, 'Eden Design', 237, 238),
(116, 3, 'Emergency Lighting', 39, 40),
(117, 5, 'Mawa Design', 239, 240),
(118, 5, 'GEORG BECHTER LICHT', 241, 242),
(119, 5, 'Nui Studio', 243, 244),
(120, 3, 'Underwater', 41, 42),
(121, 5, 'Catellani & Smith', 245, 246),
(122, 5, 'Eureka', 247, 248),
(123, 5, 'Metalarte', 249, 250),
(124, 5, 'LZF', 251, 252),
(125, 5, 'Performance iN Lighting', 253, 254),
(126, 6, '2019', 335, 336),
(132, 5, 'FRITZ HANSEN', 255, 256),
(133, 5, 'a Light', 257, 258),
(136, 5, 'Luminis', 259, 260),
(139, 5, 'Serien', 261, 262),
(141, 5, 'Brand Van Egmond', 263, 264),
(144, 5, 'Henge', 265, 266),
(147, 5, 'Estiluz', 267, 268),
(151, 5, 'Bocci', 269, 270),
(152, 5, 'Terzani', 81, 82),
(154, 5, 'Color Kinetics', 65, 66),
(157, 5, 'Acclaim Lighting', 271, 272),
(158, 5, 'Lumenpulse', 273, 274),
(159, 5, 'Oluce', 77, 78),
(160, 5, 'Aldo Bernardi', 85, 86),
(161, 5, 'ALMA Light', 79, 80),
(162, 5, 'Pallucco', 83, 84),
(164, 5, 'OCL', 59, 60),
(165, 5, 'Lumascape', 69, 70),
(166, 5, 'Buschfeld', 57, 58),
(167, 5, 'FAGERHULT', 75, 76),
(168, 5, 'Cyclone', 67, 68),
(169, 5, 'Targetti', 89, 90),
(170, 5, 'Meteor Lighting', 63, 64),
(171, 5, 'Insight Lighting', 73, 74),
(172, 5, 'TUNTO Lighting', 87, 88),
(173, 5, 'DGA', 71, 72),
(174, 5, 'NEMO', 61, 62),
(176, 5, 'Bover', 55, 56),
(178, 5, 'LUG Light Factory', 0, 0),
(179, 5, 'Zaniboni Lighting', 0, 0),
(180, 5, 'LIGHT4', 0, 0),
(181, 5, 'Paolo Castelli', 0, 0),
(182, 5, 'Graypants', 0, 0),
(183, 5, 'Axis Lighting', 0, 0),
(184, 5, 'Aculux', 275, 276),
(185, 5, 'Ecosense Lighting', 277, 278),
(186, 5, 'Arcluce', 279, 280),
(187, 5, 'Landscape Forms', 281, 282),
(188, 5, 'SCHMITZ-WILA', 283, 284),
(190, 5, 'ewo', 285, 286),
(191, 5, 'Planlicht', 287, 288),
(192, 5, 'ILANEL', 289, 290),
(193, 5, 'Wever & Ducre', 291, 292),
(194, 6, '2020', 337, 338),
(195, 5, 'Ledalite', 293, 294),
(196, 5, 'LIGHT POINT', 295, 296),
(197, 5, 'Hacel', 297, 298),
(198, 5, 'Tobias Grau', 299, 300),
(200, 5, 'ateljé Lyktan', 301, 302),
(201, 5, 'Focal Point', 303, 304),
(203, 5, 'LIGMAN', 305, 306),
(204, 5, 'Visa Lighting', 307, 308),
(205, 5, 'PROLICHT', 309, 310),
(206, 5, 'Arancia Lighting', 311, 312),
(208, 5, 'Edison Lighting Group', 313, 314),
(210, 5, 'Platek', 0, 0);

-- --------------------------------------------------------

--
-- Table structure for table `guides_classification`
--

CREATE TABLE `guides_classification` (
  `guide_id` mediumint(8) UNSIGNED NOT NULL,
  `active` tinyint(3) UNSIGNED NOT NULL,
  `type` smallint(5) UNSIGNED NOT NULL,
  `manufacturer` smallint(5) UNSIGNED NOT NULL,
  `technology` smallint(5) UNSIGNED NOT NULL,
  `market_1` smallint(5) UNSIGNED NOT NULL,
  `market_2` smallint(5) UNSIGNED NOT NULL,
  `market_3` smallint(5) UNSIGNED NOT NULL,
  `year` smallint(5) UNSIGNED NOT NULL
) ENGINE=InnoDB DEFAULT CHARSET=utf8mb4 COLLATE=utf8mb4_unicode_ci;

--
-- Dumping data for table `guides_classification`
--

INSERT INTO `guides_classification` (`guide_id`, `active`, `type`, `manufacturer`, `technology`, `market_1`, `market_2`, `market_3`, `year`) VALUES
(1, 0, 16, 21, 20, 7, 0, 0, 28),
(2, 1, 16, 21, 20, 7, 0, 0, 28),
(3, 1, 16, 22, 20, 7, 0, 0, 28),
(4, 0, 15, 31, 20, 30, 0, 0, 28),
(6, 0, 12, 32, 20, 30, 0, 0, 28),
(7, 1, 16, 35, 19, 30, 0, 0, 34),
(8, 1, 16, 35, 19, 30, 0, 0, 34),
(9, 0, 41, 36, 20, 11, 0, 0, 34),
(10, 0, 40, 37, 38, 11, 0, 0, 34),
(11, 1, 16, 43, 20, 7, 0, 0, 34),
(12, 1, 12, 44, 20, 30, 0, 0, 34),
(13, 0, 16, 45, 20, 11, 0, 0, 34),
(14, 1, 16, 46, 20, 7, 0, 0, 34),
(15, 1, 16, 46, 20, 30, 0, 0, 34),
(16, 1, 16, 47, 20, 7, 0, 0, 34),
(17, 0, 16, 48, 19, 7, 0, 0, 28),
(18, 0, 16, 49, 20, 7, 0, 0, 34),
(19, 0, 16, 50, 20, 7, 0, 0, 34),
(20, 1, 16, 46, 20, 30, 0, 0, 34),
(21, 1, 16, 52, 20, 7, 0, 0, 34),
(23, 1, 16, 53, 42, 30, 0, 0, 28),
(24, 1, 16, 53, 20, 30, 0, 0, 28),
(25, 0, 16, 45, 20, 7, 0, 0, 34),
(26, 0, 16, 54, 20, 7, 0, 0, 34),
(27, 1, 16, 54, 20, 7, 0, 0, 34),
(28, 1, 16, 54, 20, 7, 0, 0, 34),
(29, 1, 16, 54, 20, 7, 0, 0, 34),
(30, 1, 16, 54, 20, 7, 0, 0, 34),
(31, 1, 16, 55, 20, 30, 0, 0, 28),
(32, 1, 41, 56, 20, 7, 0, 0, 58),
(33, 1, 41, 56, 20, 7, 0, 0, 58),
(34, 1, 41, 56, 20, 7, 0, 0, 58),
(36, 1, 16, 55, 20, 7, 0, 0, 58),
(37, 1, 16, 55, 19, 7, 0, 0, 58),
(38, 1, 16, 55, 20, 7, 0, 0, 58),
(39, 1, 16, 55, 20, 7, 0, 0, 58),
(40, 1, 16, 55, 20, 7, 0, 0, 57),
(41, 0, 16, 55, 20, 7, 0, 0, 58),
(42, 0, 16, 59, 20, 7, 0, 0, 58),
(43, 1, 16, 60, 20, 7, 0, 0, 58),
(44, 1, 16, 61, 20, 7, 30, 0, 57),
(45, 1, 16, 61, 20, 7, 30, 0, 57),
(46, 1, 16, 63, 20, 7, 30, 0, 58),
(47, 0, 16, 64, 20, 7, 30, 0, 57),
(48, 0, 41, 64, 20, 7, 30, 0, 57),
(49, 0, 41, 64, 20, 7, 30, 0, 57),
(50, 1, 16, 65, 20, 10, 30, 0, 57),
(51, 1, 16, 65, 20, 10, 30, 0, 57),
(52, 1, 16, 65, 20, 10, 30, 0, 57),
(53, 0, 16, 66, 20, 30, 10, 0, 58),
(55, 0, 16, 66, 20, 30, 10, 0, 58),
(56, 0, 16, 66, 20, 30, 10, 0, 58),
(57, 1, 41, 67, 20, 30, 0, 0, 58),
(58, 1, 41, 67, 20, 30, 0, 0, 57),
(59, 1, 16, 68, 20, 30, 0, 0, 58),
(60, 1, 41, 68, 20, 11, 30, 0, 58),
(61, 1, 41, 68, 20, 11, 30, 0, 58),
(62, 1, 16, 69, 20, 30, 0, 0, 58),
(63, 1, 16, 69, 20, 30, 0, 0, 58),
(64, 1, 16, 69, 20, 10, 30, 0, 58),
(66, 1, 16, 70, 20, 7, 0, 0, 57),
(67, 1, 16, 70, 20, 7, 0, 0, 57),
(68, 1, 41, 70, 20, 7, 0, 0, 57),
(69, 1, 16, 70, 20, 7, 0, 0, 57),
(70, 1, 16, 71, 20, 7, 0, 0, 58),
(71, 1, 41, 71, 20, 7, 0, 0, 57),
(72, 1, 41, 71, 20, 7, 0, 0, 57),
(73, 0, 16, 64, 20, 30, 10, 0, 58),
(74, 0, 16, 64, 20, 30, 10, 0, 58),
(75, 1, 41, 72, 20, 30, 0, 0, 57),
(76, 1, 16, 72, 42, 30, 0, 0, 57),
(77, 0, 16, 73, 20, 7, 30, 0, 57),
(78, 0, 16, 75, 20, 7, 30, 0, 57),
(79, 1, 16, 76, 20, 7, 30, 0, 57),
(81, 1, 16, 77, 20, 7, 0, 0, 57),
(82, 1, 16, 77, 20, 7, 0, 0, 57),
(83, 1, 16, 77, 20, 7, 0, 0, 58),
(84, 1, 16, 78, 20, 10, 0, 0, 57),
(86, 1, 16, 47, 20, 7, 30, 0, 58),
(87, 1, 16, 80, 20, 7, 0, 0, 57),
(88, 1, 16, 81, 20, 30, 10, 0, 57),
(89, 1, 16, 81, 20, 30, 10, 0, 57),
(90, 1, 16, 83, 20, 7, 30, 0, 58),
(91, 1, 16, 83, 20, 7, 30, 0, 58),
(92, 1, 16, 83, 20, 7, 30, 0, 58),
(93, 0, 16, 84, 20, 7, 30, 0, 58),
(94, 0, 16, 85, 20, 7, 30, 0, 58),
(95, 0, 16, 85, 20, 7, 30, 0, 58),
(96, 0, 16, 85, 20, 7, 30, 0, 58),
(97, 0, 16, 85, 20, 7, 30, 0, 58),
(98, 0, 41, 84, 20, 7, 30, 0, 58),
(99, 1, 16, 86, 20, 7, 30, 0, 58),
(100, 0, 16, 85, 20, 7, 30, 0, 58),
(101, 0, 16, 85, 20, 7, 30, 0, 58),
(102, 1, 16, 87, 20, 7, 30, 0, 58),
(103, 1, 16, 87, 20, 7, 30, 0, 58),
(104, 1, 16, 87, 20, 7, 30, 0, 58),
(105, 1, 16, 87, 20, 7, 30, 0, 58),
(106, 1, 16, 88, 20, 7, 30, 0, 58),
(107, 1, 16, 89, 20, 7, 30, 0, 58),
(108, 1, 16, 89, 20, 7, 30, 0, 57),
(109, 1, 16, 89, 20, 7, 30, 0, 58),
(110, 1, 16, 89, 20, 7, 30, 0, 58),
(111, 1, 16, 89, 20, 7, 30, 0, 58),
(112, 1, 16, 33, 20, 7, 30, 0, 58),
(113, 1, 16, 33, 20, 7, 30, 0, 58),
(114, 1, 16, 90, 20, 7, 30, 0, 58),
(115, 1, 16, 90, 20, 7, 30, 0, 58),
(116, 1, 16, 90, 20, 7, 30, 0, 58),
(117, 1, 16, 90, 20, 7, 30, 0, 58),
(118, 1, 16, 90, 20, 7, 30, 0, 58),
(119, 1, 16, 90, 20, 7, 30, 0, 58),
(120, 1, 16, 91, 20, 7, 30, 0, 58),
(121, 1, 16, 91, 20, 7, 30, 0, 57),
(122, 1, 16, 33, 20, 7, 30, 0, 58),
(123, 1, 16, 92, 20, 7, 30, 0, 58),
(124, 1, 16, 33, 20, 7, 30, 0, 58),
(125, 1, 16, 49, 20, 7, 30, 0, 58),
(126, 1, 41, 86, 20, 7, 30, 0, 58),
(127, 1, 16, 89, 20, 7, 30, 0, 58),
(128, 1, 16, 93, 20, 7, 30, 0, 58),
(129, 1, 16, 94, 20, 7, 30, 0, 58),
(130, 1, 16, 86, 20, 7, 0, 0, 58),
(131, 1, 16, 33, 20, 7, 30, 0, 58),
(132, 1, 16, 33, 20, 7, 30, 0, 58),
(133, 1, 16, 95, 20, 7, 0, 0, 58),
(134, 1, 41, 56, 20, 7, 30, 0, 58),
(135, 1, 16, 56, 20, 7, 30, 0, 58),
(136, 1, 16, 33, 20, 7, 30, 0, 58),
(137, 1, 16, 33, 20, 7, 30, 0, 58),
(138, 1, 16, 91, 20, 7, 30, 0, 58),
(139, 1, 16, 91, 20, 7, 30, 0, 58),
(140, 1, 16, 96, 20, 7, 30, 0, 58),
(141, 1, 16, 91, 20, 7, 30, 0, 58),
(142, 1, 16, 97, 42, 7, 30, 0, 58),
(143, 0, 16, 75, 20, 7, 30, 10, 58),
(144, 1, 41, 98, 20, 7, 0, 0, 58),
(145, 1, 16, 99, 20, 7, 0, 0, 58),
(146, 1, 16, 91, 20, 7, 30, 0, 58),
(147, 1, 16, 83, 20, 7, 10, 30, 58),
(148, 1, 16, 100, 20, 7, 30, 0, 58),
(149, 1, 16, 100, 20, 7, 30, 0, 58),
(150, 1, 16, 54, 20, 7, 0, 0, 58),
(151, 1, 16, 103, 20, 7, 0, 0, 58),
(152, 1, 16, 104, 20, 7, 0, 0, 58),
(153, 1, 16, 43, 20, 7, 30, 0, 58),
(154, 1, 16, 94, 20, 7, 0, 0, 58),
(155, 1, 16, 94, 20, 7, 0, 0, 58),
(156, 1, 16, 94, 20, 7, 0, 0, 58),
(157, 1, 16, 46, 20, 30, 0, 0, 58),
(158, 1, 16, 93, 20, 7, 30, 0, 58),
(159, 1, 16, 93, 20, 7, 7, 0, 57),
(160, 1, 16, 105, 20, 7, 0, 0, 58),
(161, 1, 16, 106, 20, 7, 30, 0, 57),
(162, 1, 16, 106, 20, 7, 30, 0, 57),
(163, 1, 16, 107, 20, 7, 30, 0, 58),
(164, 1, 16, 108, 20, 30, 0, 0, 58),
(165, 1, 16, 109, 20, 30, 0, 0, 58),
(166, 1, 16, 109, 20, 30, 0, 0, 58),
(167, 1, 16, 110, 20, 30, 0, 0, 58),
(168, 1, 16, 90, 20, 7, 30, 0, 58),
(169, 1, 16, 90, 20, 7, 30, 0, 58),
(170, 1, 16, 111, 20, 30, 0, 0, 58),
(171, 1, 16, 112, 20, 30, 0, 0, 57),
(172, 1, 16, 113, 20, 30, 0, 0, 57),
(173, 1, 16, 113, 20, 30, 0, 0, 57),
(174, 1, 41, 112, 20, 30, 0, 0, 58),
(175, 1, 16, 112, 20, 30, 0, 0, 57),
(177, 1, 16, 111, 20, 30, 0, 0, 57),
(178, 1, 16, 111, 20, 30, 0, 0, 58),
(179, 1, 41, 114, 20, 7, 0, 0, 58),
(180, 0, 16, 75, 20, 30, 0, 0, 58),
(181, 1, 16, 33, 20, 30, 0, 0, 58),
(182, 1, 16, 33, 20, 30, 0, 0, 58),
(183, 1, 16, 115, 20, 30, 0, 0, 58),
(184, 1, 116, 46, 20, 30, 0, 0, 58),
(186, 1, 16, 55, 20, 30, 0, 0, 58),
(187, 1, 16, 117, 20, 30, 0, 0, 58),
(188, 1, 16, 117, 20, 30, 0, 0, 58),
(189, 1, 16, 118, 20, 30, 0, 0, 58),
(190, 1, 16, 118, 20, 30, 0, 0, 58),
(191, 1, 16, 119, 20, 7, 0, 0, 58),
(192, 1, 41, 71, 20, 30, 0, 0, 58),
(193, 1, 120, 71, 20, 30, 0, 0, 58),
(194, 1, 16, 121, 20, 30, 0, 0, 58),
(195, 1, 16, 121, 20, 30, 0, 0, 58),
(196, 1, 16, 122, 20, 30, 0, 0, 58),
(197, 1, 16, 81, 20, 30, 0, 0, 58),
(198, 1, 16, 81, 20, 30, 0, 0, 58),
(199, 1, 16, 91, 20, 30, 0, 0, 58),
(200, 1, 16, 123, 20, 30, 0, 0, 58),
(201, 1, 16, 124, 20, 30, 0, 0, 58),
(202, 1, 16, 124, 20, 30, 0, 0, 58),
(203, 1, 16, 125, 20, 30, 0, 0, 58),
(204, 1, 16, 55, 20, 30, 0, 0, 58),
(205, 0, 41, 73, 20, 30, 0, 0, 58),
(207, 1, 16, 106, 20, 30, 0, 0, 58),
(208, 1, 16, 122, 20, 30, 0, 0, 126),
(209, 1, 16, 46, 20, 30, 0, 0, 126),
(210, 1, 16, 46, 20, 30, 0, 0, 58),
(211, 0, 16, 73, 20, 30, 0, 0, 126),
(212, 0, 16, 75, 20, 30, 0, 0, 126),
(213, 1, 16, 104, 20, 30, 0, 0, 126),
(214, 1, 16, 55, 20, 30, 0, 0, 126),
(215, 1, 16, 55, 20, 30, 0, 0, 126),
(220, 1, 16, 122, 20, 30, 0, 0, 126),
(223, 1, 16, 55, 20, 30, 0, 0, 126),
(228, 1, 41, 68, 20, 30, 0, 0, 126),
(231, 1, 16, 68, 20, 30, 0, 0, 126),
(234, 1, 16, 46, 20, 30, 0, 0, 126),
(237, 1, 16, 46, 20, 30, 0, 0, 126),
(240, 1, 16, 69, 20, 30, 0, 0, 126),
(243, 1, 16, 69, 20, 30, 0, 0, 126),
(246, 0, 16, 75, 20, 30, 0, 0, 126),
(249, 1, 16, 92, 20, 30, 0, 0, 126),
(255, 1, 16, 43, 20, 30, 0, 0, 126),
(260, 1, 16, 93, 20, 30, 0, 0, 126),
(263, 1, 16, 103, 20, 30, 0, 0, 126),
(265, 1, 16, 133, 20, 11, 0, 0, 126),
(268, 1, 16, 136, 20, 30, 0, 0, 126),
(271, 1, 16, 139, 20, 30, 0, 0, 126),
(274, 1, 16, 139, 20, 30, 0, 0, 126),
(277, 1, 16, 88, 20, 30, 0, 0, 126),
(280, 1, 16, 33, 20, 30, 0, 0, 126),
(283, 1, 16, 33, 20, 30, 0, 0, 126),
(286, 1, 41, 33, 20, 30, 0, 0, 126),
(289, 1, 16, 90, 20, 30, 0, 0, 126),
(291, 0, 16, 75, 20, 30, 0, 0, 126),
(294, 1, 16, 124, 20, 30, 0, 0, 126),
(297, 1, 16, 88, 20, 30, 0, 0, 126),
(300, 1, 16, 141, 20, 30, 0, 0, 126),
(303, 1, 16, 141, 20, 30, 0, 0, 126),
(306, 1, 16, 144, 20, 30, 0, 0, 126),
(309, 1, 16, 121, 20, 30, 0, 0, 126),
(312, 1, 16, 144, 20, 30, 0, 0, 126),
(315, 1, 16, 147, 20, 30, 0, 0, 126),
(318, 0, 16, 75, 20, 30, 0, 0, 126),
(321, 1, 16, 122, 20, 30, 0, 0, 126),
(322, 1, 16, 151, 20, 30, 0, 0, 126),
(325, 1, 16, 151, 20, 30, 0, 0, 126),
(328, 1, 16, 87, 20, 30, 0, 0, 126),
(331, 1, 16, 87, 20, 30, 0, 0, 126),
(334, 1, 16, 87, 20, 30, 0, 0, 126),
(337, 1, 16, 55, 20, 30, 0, 0, 126),
(340, 1, 41, 33, 20, 30, 0, 0, 126),
(349, 1, 41, 33, 20, 30, 0, 0, 126),
(352, 1, 16, 91, 20, 30, 0, 0, 126),
(353, 1, 16, 152, 20, 30, 0, 0, 126),
(355, 0, 15, 154, 20, 30, 0, 0, 126),
(358, 1, 41, 33, 20, 30, 0, 0, 126),
(361, 0, 16, 85, 20, 30, 0, 0, 126),
(364, 1, 16, 47, 20, 7, 30, 0, 126),
(367, 1, 16, 94, 20, 7, 30, 0, 126),
(370, 1, 16, 55, 20, 30, 0, 0, 126),
(373, 1, 16, 89, 20, 30, 0, 0, 126),
(376, 1, 16, 103, 20, 30, 0, 0, 126),
(379, 1, 16, 147, 20, 30, 0, 0, 126),
(382, 1, 16, 106, 20, 30, 0, 0, 126),
(385, 1, 16, 106, 20, 30, 0, 0, 126),
(388, 1, 16, 91, 20, 30, 0, 0, 126),
(391, 1, 41, 91, 20, 30, 0, 0, 126),
(394, 0, 16, 64, 20, 30, 0, 0, 126),
(395, 1, 16, 50, 20, 30, 0, 0, 126),
(396, 0, 41, 158, 20, 30, 0, 0, 126),
(397, 1, 16, 121, 20, 30, 0, 0, 126),
(398, 0, 16, 85, 20, 10, 0, 0, 126),
(399, 1, 41, 159, 20, 7, 0, 0, 126),
(400, 1, 16, 160, 20, 30, 0, 0, 126),
(401, 1, 16, 161, 20, 30, 0, 0, 126),
(402, 1, 16, 161, 20, 30, 0, 0, 126),
(403, 1, 41, 161, 20, 30, 0, 0, 126),
(404, 1, 16, 161, 20, 30, 0, 0, 126),
(405, 1, 41, 136, 20, 30, 0, 0, 126),
(406, 1, 16, 122, 20, 30, 0, 0, 126),
(407, 1, 16, 162, 20, 30, 0, 0, 126),
(408, 1, 16, 162, 20, 30, 0, 0, 126),
(409, 1, 16, 162, 20, 30, 0, 0, 126),
(410, 1, 16, 162, 20, 30, 0, 0, 126),
(411, 1, 16, 82, 20, 30, 0, 0, 126),
(412, 1, 16, 151, 20, 30, 0, 0, 126),
(413, 1, 16, 152, 20, 30, 0, 0, 126),
(414, 1, 16, 152, 20, 30, 0, 0, 126),
(415, 1, 16, 124, 20, 30, 0, 0, 126),
(416, 1, 16, 133, 20, 11, 0, 0, 126),
(417, 1, 16, 68, 20, 30, 0, 0, 126),
(418, 1, 16, 164, 20, 11, 29, 10, 126),
(419, 1, 16, 164, 20, 11, 29, 10, 126),
(421, 1, 41, 165, 20, 30, 0, 0, 126),
(422, 1, 16, 55, 20, 30, 0, 0, 126),
(424, 1, 16, 33, 20, 30, 0, 0, 126),
(425, 1, 16, 166, 20, 30, 0, 0, 126),
(426, 1, 16, 167, 20, 30, 0, 0, 126),
(427, 0, 16, 73, 20, 30, 0, 0, 126),
(430, 0, 16, 75, 20, 30, 0, 0, 126),
(431, 1, 16, 164, 20, 11, 29, 10, 126),
(432, 1, 41, 168, 20, 30, 0, 0, 126),
(433, 1, 16, 61, 20, 30, 0, 0, 126),
(434, 1, 16, 124, 20, 30, 0, 0, 126),
(435, 0, 16, 85, 20, 30, 0, 0, 126),
(436, 1, 41, 169, 20, 30, 0, 0, 126),
(437, 1, 16, 122, 19, 30, 0, 0, 126),
(438, 1, 16, 117, 20, 30, 0, 0, 126),
(439, 1, 16, 170, 20, 30, 0, 0, 126),
(440, 1, 16, 106, 20, 30, 0, 0, 126),
(441, 1, 41, 106, 20, 30, 0, 0, 126),
(442, 1, 16, 171, 42, 30, 0, 0, 126),
(443, 1, 16, 172, 20, 30, 0, 0, 126),
(444, 1, 16, 172, 20, 30, 0, 0, 126),
(445, 1, 41, 112, 20, 30, 0, 0, 126),
(446, 1, 41, 91, 20, 30, 0, 0, 126),
(447, 0, 41, 75, 20, 30, 0, 0, 126),
(448, 0, 16, 73, 20, 30, 0, 0, 126),
(449, 0, 16, 75, 20, 30, 0, 0, 126),
(450, 0, 41, 75, 20, 30, 0, 0, 126),
(451, 1, 16, 33, 20, 30, 0, 0, 126),
(452, 1, 16, 174, 20, 30, 0, 0, 126),
(453, 1, 16, 174, 20, 30, 0, 0, 126),
(454, 1, 16, 173, 20, 30, 0, 0, 126),
(455, 1, 41, 173, 20, 30, 0, 0, 126),
(456, 1, 16, 164, 20, 11, 29, 10, 126),
(457, 1, 16, 70, 20, 30, 0, 0, 126),
(458, 1, 16, 70, 20, 30, 0, 0, 126),
(459, 1, 16, 176, 20, 30, 0, 0, 126),
(460, 1, 16, 176, 20, 30, 0, 0, 126),
(461, 1, 41, 176, 20, 30, 0, 0, 126),
(462, 1, 16, 49, 20, 30, 0, 0, 126),
(463, 1, 41, 49, 20, 30, 0, 0, 126),
(464, 0, 16, 73, 20, 30, 0, 0, 126),
(465, 1, 16, 152, 20, 30, 0, 0, 126),
(466, 1, 16, 152, 20, 30, 0, 0, 126),
(467, 1, 16, 111, 20, 30, 0, 0, 126),
(468, 0, 16, 75, 20, 30, 0, 0, 126),
(469, 1, 16, 104, 20, 30, 0, 0, 126),
(470, 0, 16, 158, 20, 8, 7, 0, 126),
(471, 1, 41, 124, 20, 30, 0, 0, 126),
(472, 1, 16, 112, 20, 30, 0, 0, 126),
(473, 1, 41, 111, 20, 30, 0, 0, 126),
(474, 0, 16, 75, 20, 30, 0, 0, 126),
(475, 1, 16, 49, 20, 30, 0, 0, 126),
(476, 1, 16, 112, 20, 30, 0, 0, 126),
(477, 1, 16, 55, 20, 30, 0, 0, 126),
(478, 1, 41, 178, 20, 7, 0, 0, 126),
(479, 1, 16, 180, 20, 7, 0, 0, 126),
(480, 1, 16, 180, 20, 7, 0, 0, 126),
(481, 1, 16, 181, 20, 30, 0, 0, 126),
(482, 1, 16, 181, 20, 30, 0, 0, 126),
(483, 1, 16, 182, 20, 30, 0, 0, 126),
(484, 1, 16, 180, 20, 7, 0, 0, 126),
(485, 1, 16, 180, 20, 7, 0, 0, 126),
(486, 1, 16, 183, 20, 11, 0, 0, 126),
(489, 1, 16, 183, 20, 11, 0, 0, 126),
(490, 1, 16, 167, 20, 30, 0, 0, 126),
(491, 1, 16, 114, 20, 30, 0, 0, 126),
(492, 1, 16, 114, 20, 30, 0, 0, 126),
(493, 1, 16, 114, 20, 30, 0, 0, 126),
(494, 1, 16, 184, 20, 30, 0, 0, 126),
(495, 1, 41, 185, 20, 30, 0, 0, 126),
(496, 1, 16, 180, 20, 7, 0, 0, 126),
(499, 1, 41, 186, 20, 30, 0, 0, 126),
(500, 1, 41, 187, 20, 30, 0, 0, 126),
(501, 1, 16, 188, 20, 30, 0, 0, 126),
(502, 1, 16, 91, 20, 30, 0, 0, 126),
(503, 1, 16, 117, 20, 30, 0, 0, 126),
(504, 1, 16, 117, 20, 30, 0, 0, 126),
(505, 1, 16, 117, 20, 30, 0, 0, 126),
(506, 1, 16, 117, 20, 30, 0, 0, 126),
(507, 1, 16, 139, 20, 30, 0, 0, 126),
(509, 1, 41, 190, 20, 30, 0, 0, 126),
(510, 1, 16, 46, 20, 30, 0, 0, 126),
(512, 1, 16, 191, 20, 30, 0, 0, 126),
(513, 1, 16, 191, 20, 30, 0, 0, 126),
(514, 1, 16, 186, 20, 30, 0, 0, 126),
(515, 1, 16, 122, 20, 30, 0, 0, 126),
(516, 0, 16, 75, 20, 30, 0, 0, 126),
(518, 1, 16, 104, 20, 30, 0, 0, 126),
(519, 1, 16, 104, 20, 30, 0, 0, 126),
(520, 1, 16, 192, 20, 30, 0, 0, 126),
(521, 1, 16, 192, 20, 30, 0, 0, 126),
(522, 0, 16, 75, 20, 30, 0, 0, 126),
(523, 0, 16, 73, 20, 30, 0, 0, 126),
(524, 0, 16, 73, 20, 30, 0, 0, 126),
(526, 1, 16, 195, 20, 30, 0, 0, 126),
(527, 1, 41, 69, 20, 30, 0, 0, 194),
(528, 1, 41, 196, 20, 30, 0, 0, 126),
(530, 1, 16, 71, 20, 30, 0, 0, 194),
(531, 1, 41, 122, 20, 30, 0, 0, 194),
(532, 1, 16, 94, 20, 30, 0, 0, 194),
(533, 1, 16, 33, 20, 30, 0, 0, 194),
(534, 1, 16, 197, 20, 30, 0, 0, 194),
(535, 1, 16, 198, 20, 7, 0, 0, 126),
(537, 1, 41, 56, 20, 30, 0, 0, 194),
(538, 1, 16, 55, 20, 30, 0, 0, 194),
(539, 1, 16, 200, 20, 30, 0, 0, 194),
(540, 0, 16, 158, 20, 30, 0, 0, 194),
(541, 1, 16, 68, 20, 30, 0, 0, 194),
(542, 1, 16, 68, 20, 30, 0, 0, 194),
(543, 1, 16, 201, 20, 10, 0, 0, 194),
(544, 1, 16, 201, 20, 10, 0, 0, 194),
(545, 1, 16, 136, 20, 30, 0, 0, 194),
(546, 1, 15, 48, 42, 30, 0, 0, 194),
(547, 1, 16, 180, 20, 7, 0, 0, 194),
(548, 1, 16, 122, 20, 30, 0, 0, 194),
(549, 1, 16, 104, 20, 30, 0, 0, 194),
(550, 0, 16, 75, 20, 30, 0, 0, 194),
(551, 1, 16, 89, 20, 30, 0, 0, 194),
(552, 1, 16, 89, 20, 30, 0, 0, 194),
(553, 1, 41, 56, 20, 30, 0, 0, 194),
(554, 1, 41, 56, 20, 30, 0, 0, 194),
(555, 1, 16, 203, 20, 30, 0, 0, 194),
(556, 1, 16, 204, 20, 30, 0, 0, 194),
(557, 1, 16, 104, 20, 30, 0, 0, 194),
(558, 1, 16, 104, 20, 30, 0, 0, 194),
(559, 1, 16, 104, 20, 30, 0, 0, 194),
(560, 1, 16, 205, 20, 30, 0, 0, 194),
(563, 1, 16, 205, 20, 30, 0, 0, 194),
(564, 1, 16, 206, 20, 11, 10, 0, 194),
(565, 1, 41, 68, 20, 30, 0, 0, 194),
(566, 1, 41, 68, 20, 30, 0, 0, 194),
(567, 1, 116, 68, 20, 30, 0, 0, 194),
(568, 1, 41, 68, 20, 30, 0, 0, 194),
(569, 1, 16, 206, 20, 11, 10, 0, 194),
(570, 1, 16, 206, 20, 11, 10, 0, 194),
(571, 1, 16, 133, 20, 11, 0, 0, 194),
(572, 1, 16, 125, 20, 30, 0, 0, 194),
(573, 1, 41, 125, 20, 30, 0, 0, 194),
(574, 1, 16, 71, 20, 30, 0, 0, 194),
(576, 1, 16, 87, 20, 30, 0, 0, 194),
(577, 1, 16, 87, 20, 30, 0, 0, 194),
(578, 1, 16, 87, 20, 30, 0, 0, 194),
(579, 1, 16, 87, 20, 30, 0, 0, 194),
(580, 1, 16, 164, 20, 11, 29, 10, 194),
(581, 0, 41, 75, 20, 30, 0, 0, 194),
(582, 1, 16, 193, 20, 30, 0, 0, 194),
(583, 1, 16, 193, 20, 30, 0, 0, 194),
(584, 1, 41, 158, 20, 30, 0, 0, 194),
(585, 1, 16, 208, 20, 11, 0, 0, 194),
(586, 0, 16, 75, 20, 30, 0, 0, 194),
(587, 1, 16, 121, 20, 30, 0, 0, 194),
(588, 1, 16, 46, 20, 30, 0, 0, 126),
(589, 1, 16, 206, 20, 11, 0, 0, 194),
(590, 1, 16, 122, 20, 11, 0, 0, 194),
(591, 0, 41, 75, 20, 30, 0, 0, 194),
(592, 1, 16, 206, 20, 11, 0, 0, 194),
(593, 1, 16, 206, 20, 11, 0, 0, 194),
(594, 1, 16, 164, 20, 11, 29, 10, 194),
(595, 1, 16, 91, 20, 30, 0, 0, 194),
(596, 1, 41, 75, 20, 30, 0, 0, 194),
(597, 1, 41, 170, 20, 11, 10, 0, 194),
(598, 1, 16, 171, 20, 30, 0, 0, 194),
(599, 1, 41, 75, 20, 30, 0, 0, 194),
(600, 1, 16, 75, 20, 30, 0, 0, 194),
(601, 1, 16, 75, 20, 30, 0, 0, 194),
(602, 1, 16, 208, 20, 11, 0, 0, 194),
(603, 1, 16, 208, 20, 11, 0, 0, 194),
(604, 1, 41, 125, 20, 30, 0, 0, 194),
(605, 1, 41, 125, 20, 30, 0, 0, 194),
(606, 1, 16, 206, 20, 11, 0, 0, 194),
(607, 1, 41, 75, 20, 30, 0, 0, 194),
(608, 1, 16, 33, 20, 30, 0, 0, 194),
(609, 1, 16, 33, 20, 30, 0, 0, 194),
(610, 1, 16, 55, 20, 30, 0, 0, 194),
(611, 1, 16, 122, 20, 11, 0, 0, 194),
(612, 1, 16, 133, 20, 11, 0, 0, 194),
(615, 1, 16, 91, 20, 30, 0, 0, 194),
(616, 1, 16, 122, 19, 11, 0, 0, 194),
(617, 1, 41, 210, 20, 7, 0, 0, 194),
(618, 1, 16, 205, 20, 30, 0, 0, 194),
(619, 1, 16, 118, 20, 7, 0, 0, 194),
(620, 1, 41, 185, 20, 30, 0, 0, 194);

-- --------------------------------------------------------

--
-- Table structure for table `guides_images`
--

CREATE TABLE `guides_images` (
  `image_id` int(10) UNSIGNED NOT NULL,
  `guide_id` mediumint(8) UNSIGNED NOT NULL,
  `img_src` varchar(255) COLLATE utf8mb4_unicode_ci NOT NULL,
  `alt_name` varchar(255) COLLATE utf8mb4_unicode_ci NOT NULL,
  `img_subtitle` varchar(255) COLLATE utf8mb4_unicode_ci NOT NULL
) ENGINE=InnoDB DEFAULT CHARSET=utf8mb4 COLLATE=utf8mb4_unicode_ci;

--
-- Dumping data for table `guides_images`
--

INSERT INTO `guides_images` (`image_id`, `guide_id`, `img_src`, `alt_name`, `img_subtitle`) VALUES
(128, 2, 'HLA002_OVILI_01.jpg', 'OVILI', 'OVILI'),
(133, 7, 'lgoled_sky.jpg', 'LG OLED SKY', 'LG OLED SKY'),
(134, 8, 'LG_Transparent_Connections_Pendant.jpg', 'LG_Transparent_Connections_Pendant.jpg', 'LG_Transparent_Connections_Pendant.jpg'),
(139, 11, 'Sattler_Avveni.JPG', 'Sattler Avveni', 'Sattler Avveni'),
(140, 12, 'Feilo_Sylvania_SylCone.jpg', 'Feilo Sylvania SylCone', ''),
(145, 20, 'Zumfobel_ONDARIA.jpg', 'ONDARIA LED', 'ONDARIA LED'),
(146, 16, 'Arkoslight_Flap.jpg', 'Arkoslight Flap', 'Arkoslight Flap'),
(150, 21, 'Esse-ci_ISIP_LED.jpg', 'ISIP LED', 'ISIP LED'),
(151, 23, 'neonny_moving_sky.jpg', 'Moving Sky', 'Moving Sky'),
(152, 24, 'neonny_stretch_ceiling.jpg', 'Stretch Ceiling - Triangle', 'Stretch Ceiling - Triangle'),
(154, 27, 'CINIeNILS_passepartout.jpg', 'Passepartout', 'Passepartout'),
(155, 28, 'CINIeNILS-_ormala2.jpg', 'FormaLa', 'FormaLa'),
(156, 29, 'CINIeNILS_tensoled.jpg', 'Tensoled', 'Tensoled'),
(157, 30, 'CINIeNILS-_assolo.jpg', 'Assolo', 'Assolo'),
(158, 31, 'modular_SURF_SPOCK.jpg', 'Spock', 'Spock'),
(232, 26, 'CINIeNILS_acqua.jpg', 'Acqua', 'Acqua'),
(240, 49, 'Bega-Plug-and-Play-LED-garden-luminaires_01.jpg', 'Bega Plug & Play LED garden luminaires', 'Bega Plug & Play LED garden luminaires'),
(241, 49, 'Bega-Plug-and-Play-LED-garden-luminaires_02.jpg', 'Bega Plug & Play LED garden luminaires', 'Bega Plug & Play LED garden luminaires'),
(242, 49, 'Bega-Plug-and-Play-LED-garden-luminaires_03.jpg', 'Bega Plug & Play LED garden luminaires', 'Bega Plug & Play LED garden luminaires'),
(243, 49, 'Bega-Plug-and-Play-LED-garden-luminaires_04.jpg', 'Bega Plug & Play LED garden luminaires', 'Bega Plug & Play LED garden luminaires'),
(253, 42, 'NORLIGHT-MISS_01.jpg', 'NORLIGHT MISS SUSPENSION', 'NORLIGHT MISS SUSPENSION'),
(254, 42, 'NORLIGHT-MISS_02.jpg', 'NORLIGHT MISS SUSPENSION', 'NORLIGHT MISS SUSPENSION'),
(255, 42, 'NORLIGHT-MISS_03.jpg', 'NORLIGHT MISS SUSPENSION', 'NORLIGHT MISS SUSPENSION'),
(256, 42, 'NORLIGHT-MISS_04.jpg', 'NORLIGHT MISS SUSPENSION', 'NORLIGHT MISS SUSPENSION'),
(312, 32, 'Simes-MINISTAGE-TONDO-SPOT_01.jpg', 'MINISTAGE TONDO SPOT', 'MINISTAGE TONDO SPOT'),
(313, 33, 'Simes-STAGE-ROUND-SPOT_01.jpg', 'STAGE ROUND SPOT', 'STAGE ROUND SPOT'),
(314, 34, 'Simes-STAGE-ROUND-ARM_01.jpg', 'STAGE ROUND ARM', 'STAGE ROUND ARM'),
(315, 46, 'ALDABRA-Shanghai_01.jpg', 'ALDABRA Shanghai ', 'ALDABRA Shanghai '),
(322, 43, 'Castaldi-Lighting-FREEDOM-SLED_01.jpg', 'Castaldi Lighting Freedom SLED', 'Castaldi Lighting Freedom SLED'),
(323, 43, 'Castaldi-Lighting-FREEDOM-SLED_02.jpg', 'Castaldi Lighting Freedom SLED', 'Castaldi Lighting Freedom SLED'),
(324, 43, 'Castaldi-Lighting-FREEDOM-SLED_03.jpg', 'Castaldi Lighting Freedom SLED', 'Castaldi Lighting Freedom SLED'),
(325, 43, 'Castaldi-Lighting-FREEDOM-SLED_04.jpg', 'Castaldi Lighting Freedom SLED', 'Castaldi Lighting Freedom SLED'),
(326, 43, 'Castaldi-Lighting-FREEDOM-SLED_05.jpg', 'Castaldi Lighting Freedom SLED', 'Castaldi Lighting Freedom SLED'),
(327, 44, 'Designheure-Chandelier-18-fleur-de-kaolin_01.jpg', 'Designheure S.A.S. Chandelier 18 Fleur de Kaolin', 'Designheure S.A.S. Chandelier 18 Fleur de Kaolin'),
(328, 44, 'Designheure-Chandelier-18-fleur-de-kaolin_02.jpg', 'Designheure S.A.S. Chandelier 18 Fleur de Kaolin', 'Designheure S.A.S. Chandelier 18 Fleur de Kaolin'),
(329, 44, 'Designheure-Chandelier-18-fleur-de-kaolin_03.jpg', 'Designheure S.A.S. Chandelier 18 Fleur de Kaolin', 'Designheure S.A.S. Chandelier 18 Fleur de Kaolin'),
(330, 45, 'Designheure-Chandelier-Trio-Mozaik_01.jpg', 'Designheure S.A.S. Chandelier Trio Mozaik', 'Designheure S.A.S. Chandelier Trio Mozaik'),
(331, 45, 'Designheure-Chandelier-Trio-Mozaik_02.jpg', 'Designheure S.A.S. Chandelier Trio Mozaik', 'Designheure S.A.S. Chandelier Trio Mozaik'),
(332, 45, 'Designheure-Chandelier-Trio-Mozaik_03.jpg', 'Designheure S.A.S. Chandelier Trio Mozaik', 'Designheure S.A.S. Chandelier Trio Mozaik'),
(333, 45, 'Designheure-Chandelier-Trio-Mozaik_04.jpg', 'Designheure S.A.S. Chandelier Trio Mozaik', 'Designheure S.A.S. Chandelier Trio Mozaik'),
(339, 50, 'Element-Build-Your-Own-Multiples_01.jpg', 'Element Lighting. Build-Your-Own Multiples', 'Element Lighting. Build-Your-Own Multiples'),
(340, 50, 'Element-Build-Your-Own-Multiples_02.jpg', 'Element Lighting. Build-Your-Own Multiples', 'Element Lighting. Build-Your-Own Multiples'),
(341, 50, 'Element-Build-Your-Own-Multiples_03.jpg', 'Element Lighting. Build-Your-Own Multiples', 'Element Lighting. Build-Your-Own Multiples'),
(342, 51, 'Element-Multiples-Open_01.jpg', 'Element Lighting. Multiples Open', 'Element Lighting. Multiples Open'),
(343, 51, 'Element-Multiples-Open_02.jpg', 'Element Lighting. Multiples Open', 'Element Lighting. Multiples Open'),
(344, 52, 'Element-Multiples-Trimmed_01.jpg', 'Element Lighting. Multiples Trimmed', 'Element Lighting. Multiples Trimmed'),
(345, 52, 'Element-Multiples-Trimmed_02.jpg', 'Element Lighting. Multiples Trimmed', 'Element Lighting. Multiples Trimmed'),
(346, 52, 'Element-Multiples-Trimmed_03.jpg', 'Element Lighting. Multiples Trimmed', 'Element Lighting. Multiples Trimmed'),
(354, 57, 'Sistemalux-LOOK-Wood_01.jpg', 'Sistemalux. LOOK Wood', 'Sistemalux. LOOK Wood'),
(355, 57, 'Sistemalux-LOOK-Wood_02.jpg', 'Sistemalux. LOOK Wood', 'Sistemalux. LOOK Wood'),
(356, 58, 'Sistemalux-SKILL-Wood_01.jpg', 'Sistemalux. SKILL Wood', 'Sistemalux. SKILL Wood'),
(357, 58, 'Sistemalux-SKILL-Wood_02.jpg', 'Sistemalux. SKILL Wood', 'Sistemalux. SKILL Wood'),
(358, 58, 'Sistemalux-SKILL-Wood_03.jpg', 'Sistemalux. SKILL Wood', 'Sistemalux. SKILL Wood'),
(359, 59, 'iGuzzini-Laser-Blade-XS-High-Contrast-pendant_01.jpg', 'iGuzzini Laser Blade XS High Contrast pendant', 'iGuzzini Laser Blade XS High Contrast pendant'),
(360, 59, 'iGuzzini-Laser-Blade-XS-High-Contrast-pendant_02.jpg', 'iGuzzini Laser Blade XS High Contrast pendant', 'iGuzzini Laser Blade XS High Contrast pendant'),
(361, 59, 'iGuzzini-Laser-Blade-XS-High-Contrast-pendant_03.jpg', 'iGuzzini Laser Blade XS High Contrast pendant', 'iGuzzini Laser Blade XS High Contrast pendant'),
(362, 60, 'iGuzzini-Twilight-Canberra_01.jpg', 'iGuzzini Twilight Canberra', 'iGuzzini Twilight Canberra'),
(363, 61, 'iGuzzini-Twilight-Bilbao_01.jpg', 'iGuzzini Twilight Bilbao', 'iGuzzini Twilight Bilbao'),
(364, 62, 'ERCO-Compar_01.jpg', 'ERCO. Compar Pendant', 'ERCO. Compar Pendant'),
(365, 62, 'ERCO-Compar_02.jpg', 'ERCO. Compar Pendant', 'ERCO. Compar Pendant'),
(366, 62, 'ERCO-Compar_03.jpg', 'ERCO. Compar Pendant', 'ERCO. Compar Pendant'),
(367, 63, 'ERCO-Stella_01.jpg', 'ERCO Stella', 'ERCO Stella'),
(368, 63, 'ERCO-Stella_02.jpg', 'ERCO Stella', 'ERCO Stella'),
(369, 63, 'ERCO-Stella_03.jpg', 'ERCO Stella', 'ERCO Stella'),
(370, 64, 'ERCO-Optec_01.jpg', 'ERCO Optec', 'ERCO Optec'),
(371, 64, 'ERCO-Optec_02.jpg', 'ERCO Optec', 'ERCO Optec'),
(372, 64, 'ERCO-Optec_03.jpg', 'ERCO Optec', 'ERCO Optec'),
(378, 67, 'TAL-SNAKE-FLOOR_01.jpg', 'TAL SNAKE FLOOR', 'TAL SNAKE FLOOR'),
(379, 67, 'TAL-SNAKE-FLOOR_02.jpg', 'TAL SNAKE FLOOR', 'TAL SNAKE FLOOR'),
(380, 67, 'TAL-SNAKE-FLOOR_03.jpg', 'TAL SNAKE FLOOR', 'TAL SNAKE FLOOR'),
(381, 66, 'TAL-WINSTON-CI_01.jpg', 'TAL WINSTON CI', 'TAL WINSTON CI'),
(382, 66, 'TAL-WINSTON-CI_02.jpg', 'TAL WINSTON CI', 'TAL WINSTON CI'),
(383, 66, 'TAL-WINSTON-CI_03.jpg', 'TAL WINSTON CI', 'TAL WINSTON CI'),
(384, 68, 'TAL-GIRDER-TWIN-700_01.jpg', 'TAL GIRDER TWIN 700', 'TAL GIRDER TWIN 700'),
(385, 69, 'TAL-MINI-SCOOP_01.jpg', 'TAL MINI SCOOP', 'TAL MINI SCOOP'),
(386, 69, 'TAL-MINI-SCOOP_02.jpg', 'TAL MINI SCOOP', 'TAL MINI SCOOP'),
(397, 75, 'We-ef-RMM-320_01.jpg', 'We-ef Lighting RMM320', 'We-ef Lighting RMM320'),
(398, 76, 'We-ef-FLC230-CC-LED_01.jpg', 'We-ef Lighting FLC230-CC LED [FP]', 'We-ef Lighting FLC230-CC LED [FP]'),
(404, 79, 'designLed-Edinburgh_01.jpg', 'designLed Edinburgh', 'designLed Edinburgh'),
(405, 79, 'designLed-Edinburgh_02.jpg', 'designLed Edinburgh', 'designLed Edinburgh'),
(409, 81, 'ROXO-Lighting-NOAH_01.jpg', 'ROXO Lighting NOAH ARCHITECTURAL', 'ROXO Lighting NOAH ARCHITECTURAL'),
(410, 81, 'ROXO-Lighting-NOAH_02.jpg', 'ROXO Lighting NOAH ARCHITECTURAL', 'ROXO Lighting NOAH ARCHITECTURAL'),
(411, 82, 'ROXO-Lighting-6th-ELEMENT_01.jpg', 'ROXO Lighting 6th ELEMENT', 'ROXO Lighting 6th ELEMENT'),
(412, 82, 'ROXO-Lighting-6th-ELEMENT_02.jpg', 'ROXO Lighting 6th ELEMENT', 'ROXO Lighting 6th ELEMENT'),
(413, 82, 'ROXO-Lighting-6th-ELEMENT_03.jpg', 'ROXO Lighting 6th ELEMENT', 'ROXO Lighting 6th ELEMENT'),
(414, 83, 'ROXO-Lighting-Oreo_01.jpg', 'ROXO Lighting Oreo', 'ROXO Lighting Oreo'),
(415, 84, 'Litecontrol-Inde-Pendant_01.jpg', 'Litecontrol Inde-Pendant 32 LED Cylinder & Ring Pendant', 'Litecontrol Inde-Pendant 32 LED Cylinder & Ring Pendant'),
(416, 86, 'Arkoslight-Six-spotlight_01.jpg', 'Arkoslight Six spotlight', 'Arkoslight Six spotlight'),
(417, 86, 'Arkoslight-Six-spotlight_02.jpg', 'Arkoslight Six spotlight', 'Arkoslight Six spotlight'),
(418, 86, 'Arkoslight-Six-spotlight_03.jpg', 'Arkoslight Six spotlight', 'Arkoslight Six spotlight'),
(419, 87, 'Foscarini-Aplomb-large_01.jpg', 'Foscarini Aplomb large', 'Foscarini Aplomb large'),
(420, 87, 'Foscarini-Aplomb-large_02.jpg', 'Foscarini Aplomb large', 'Foscarini Aplomb large'),
(421, 87, 'Foscarini-Aplomb-large_03.jpg', 'Foscarini Aplomb large', 'Foscarini Aplomb large'),
(422, 88, 'Axolight-LIK_01.jpg', 'Axolight LIK', 'Axolight LIK'),
(423, 88, 'Axolight-LIK_02.jpg', 'Axolight LIK', 'Axolight LIK'),
(424, 88, 'Axolight-LIK_03.jpg', 'Axolight LIK', 'Axolight LIK'),
(425, 89, 'Axolight-ALYSOID_01.jpg', 'Axolight ALYSOID', 'Axolight ALYSOID'),
(426, 89, 'Axolight-ALYSOID_02.jpg', 'Axolight ALYSOID', 'Axolight ALYSOID'),
(427, 89, 'Axolight-ALYSOID_03.jpg', 'Axolight ALYSOID', 'Axolight ALYSOID'),
(428, 90, 'Davide-Groppi-MERIDIANA_01.jpg', 'Davide Groppi MERIDIANA', 'Davide Groppi MERIDIANA'),
(429, 91, 'Davide-Groppi-ENDLESS_01.jpg', 'Davide Groppi ENDLESS', 'Davide Groppi ENDLESS'),
(430, 92, 'Davide-Groppi-CLIP_01.jpg', 'Davide Groppi CLIP', 'Davide Groppi CLIP'),
(431, 92, 'Davide-Groppi-CLIP_02.jpg', 'Davide Groppi CLIP', 'Davide Groppi CLIP'),
(447, 99, 'Buzzi-Space-Zepp-LED-Line_01.jpg', 'Buzzi Space BuzziZepp LED Line', 'Buzzi Space BuzziZepp LED Line'),
(448, 99, 'Buzzi-Space-Zepp-LED-Line_02.jpg', 'Buzzi Space BuzziZepp LED Line', 'Buzzi Space BuzziZepp LED Line'),
(455, 102, 'Delta-Light-ONE-AND-ONLY-P12-DOWN-UP-930_01.jpg', 'Delta Light ONE-AND-ONLY P12 DOWN-UP 930', 'Delta Light ONE-AND-ONLY P12 DOWN-UP 930'),
(456, 102, 'Delta-Light-ONE-AND-ONLY-P12-DOWN-UP-930_02.jpg', 'Delta Light ONE-AND-ONLY P12 DOWN-UP 930', 'Delta Light ONE-AND-ONLY P12 DOWN-UP 930'),
(457, 102, 'Delta-Light-ONE-AND-ONLY-P12-DOWN-UP-930_03.jpg', 'Delta Light ONE-AND-ONLY P12 DOWN-UP 930', 'Delta Light ONE-AND-ONLY P12 DOWN-UP 930'),
(458, 103, 'Delta-Light-POLESANO_01.jpg', 'Delta Light POLESANO', 'Delta Light POLESANO'),
(459, 103, 'Delta-Light-POLESANO_02.jpg', 'Delta Light POLESANO', 'Delta Light POLESANO'),
(460, 103, 'Delta-Light-POLESANO_03.jpg', 'Delta Light POLESANO', 'Delta Light POLESANO'),
(461, 104, 'Delta-Light-XY180_01.jpg', 'Delta Light XY180', 'Delta Light XY180'),
(462, 104, 'Delta-Light-XY180_02.jpg', 'Delta Light XY180', 'Delta Light XY180'),
(463, 104, 'Delta-Light-XY180_03.jpg', 'Delta Light XY180', 'Delta Light XY180'),
(464, 105, 'Delta-Light-SUPERLOOP_01.jpg', 'Delta Light SUPERLOOP', 'Delta Light SUPERLOOP'),
(465, 105, 'Delta-Light-SUPERLOOP_02.jpg', 'Delta Light SUPERLOOP', 'Delta Light SUPERLOOP'),
(466, 105, 'Delta-Light-SUPERLOOP_03.jpg', 'Delta Light SUPERLOOP', 'Delta Light SUPERLOOP'),
(467, 106, 'Occhio-Mito_01.jpg', 'Occhio Mito', 'Occhio Mito'),
(468, 106, 'Occhio-Mito_02.jpg', 'Occhio Mito', 'Occhio Mito'),
(469, 106, 'Occhio-Mito_03.jpg', 'Occhio Mito', 'Occhio Mito'),
(474, 107, 'KARMAN-BAG_01.jpg', 'KARMAN BAG', 'KARMAN BAG'),
(475, 107, 'KARMAN-BAG_02.jpg', 'KARMAN BAG', 'KARMAN BAG'),
(476, 107, 'KARMAN-BAG_03.jpg', 'KARMAN BAG', 'KARMAN BAG'),
(477, 108, 'KARMAN-DON\'T-TOUCH_01.jpg', 'KARMAN DON’T TOUCH', 'KARMAN DON’T TOUCH'),
(478, 108, 'KARMAN-DON\'T-TOUCH_02.jpg', 'KARMAN DON’T TOUCH', 'KARMAN DON’T TOUCH'),
(479, 108, 'KARMAN-DON\'T-TOUCH_03.jpg', 'KARMAN DON’T TOUCH', 'KARMAN DON’T TOUCH'),
(480, 109, 'KARMAN-UGO-RILLA_01.jpg', 'KARMAN UGO RILLA', 'KARMAN UGO RILLA'),
(481, 109, 'KARMAN-UGO-RILLA_02.jpg', 'KARMAN UGO RILLA', 'KARMAN UGO RILLA'),
(482, 109, 'KARMAN-UGO-RILLA_03.jpg', 'KARMAN UGO RILLA', 'KARMAN UGO RILLA'),
(483, 110, 'KARMAN-TORCIA_01.jpg', 'KARMAN TORCIA', 'KARMAN TORCIA'),
(484, 110, 'KARMAN-TORCIA_02.jpg', 'KARMAN TORCIA', 'KARMAN TORCIA'),
(485, 110, 'KARMAN-TORCIA_03.jpg', 'KARMAN TORCIA', 'KARMAN TORCIA'),
(489, 111, 'KARMAN-PERIPLO_01.jpg', 'KARMAN PERIPLO', 'KARMAN PERIPLO'),
(490, 111, 'KARMAN-PERIPLO_02.jpg', 'KARMAN PERIPLO', 'KARMAN PERIPLO'),
(491, 111, 'KARMAN-PERIPLO_03.jpg', 'KARMAN PERIPLO', 'KARMAN PERIPLO'),
(502, 114, 'SLAMP-DOME_01.jpg', 'SLAMP DOME', 'SLAMP DOME'),
(503, 114, 'SLAMP-DOME_02.jpg', 'SLAMP DOME', 'SLAMP DOME'),
(504, 115, 'SLAMP-OVERLAY_01.jpg', 'SLAMP OVERLAY', 'SLAMP OVERLAY'),
(505, 115, 'SLAMP-OVERLAY_02.jpg', 'SLAMP OVERLAY', 'SLAMP OVERLAY'),
(506, 115, 'SLAMP-OVERLAY_03.jpg', 'SLAMP OVERLAY', 'SLAMP OVERLAY'),
(510, 116, 'SLAMP-CLIZIA-TABLE_01.jpg', 'SLAMP CLIZIA TABLE', 'SLAMP CLIZIA TABLE'),
(511, 116, 'SLAMP-CLIZIA-TABLE_02.jpg', 'SLAMP CLIZIA TABLE', 'SLAMP CLIZIA TABLE'),
(512, 116, 'SLAMP-CLIZIA-TABLE_03.jpg', 'SLAMP CLIZIA TABLE', 'SLAMP CLIZIA TABLE'),
(513, 117, 'SLAMP-VELI-MINI-TRIO-COUTURE_01.jpg', 'SLAMP VELI MINI TRIO COUTURE', 'SLAMP VELI MINI TRIO COUTURE'),
(514, 117, 'SLAMP-VELI-MINI-TRIO-COUTURE_02.jpg', 'SLAMP VELI MINI TRIO COUTURE', 'SLAMP VELI MINI TRIO COUTURE'),
(515, 118, 'SLAMP-VELI-MINI-QUARTET-COUTURE_01.jpg', 'SLAMP VELI MINI QUARTET COUTURE', 'SLAMP VELI MINI QUARTET COUTURE'),
(516, 118, 'SLAMP-VELI-MINI-QUARTET-COUTURE_02.jpg', 'SLAMP VELI MINI QUARTET COUTURE', 'SLAMP VELI MINI QUARTET COUTURE'),
(517, 119, 'SLAMP-ARIA-GOLD_01.jpg', 'SLAMP ARIA GOLD', 'SLAMP ARIA GOLD'),
(518, 119, 'SLAMP-ARIA-GOLD_02.jpg', 'SLAMP ARIA GOLD', 'SLAMP ARIA GOLD'),
(519, 119, 'SLAMP-ARIA-GOLD_03.jpg', 'SLAMP ARIA GOLD', 'SLAMP ARIA GOLD'),
(535, 123, 'Kreon-Side-in-Line-40_01.jpg', 'Kreon Side in-Line 40', 'Kreon Side in-Line 40'),
(536, 123, 'Kreon-Side-in-Line-40_02.JPG', 'Kreon Side in-Line 40', 'Kreon Side in-Line 40'),
(537, 123, 'Kreon-Side-in-Line-40_03.JPG', 'Kreon Side in-Line 40', 'Kreon Side in-Line 40'),
(541, 125, 'Exenia-NABOO-Medium-2000_01.jpg', 'Exenia NABOO Medium Ø 2000', 'Exenia NABOO Medium Ø 2000'),
(542, 125, 'Exenia-NABOO-Medium-2000_02.jpg', 'Exenia NABOO Medium Ø 2000', 'Exenia NABOO Medium Ø 2000'),
(543, 125, 'Exenia-NABOO-Medium-2000_03.jpg', 'Exenia NABOO Medium Ø 2000', 'Exenia NABOO Medium Ø 2000'),
(544, 126, 'Buzzi-Space-BuzziJet_01.jpg', 'Buzzi Space BuzziJet', 'Buzzi Space BuzziJet'),
(545, 126, 'Buzzi-Space-BuzziJet_02.jpg', 'Buzzi Space BuzziJet', 'Buzzi Space BuzziJet'),
(546, 126, 'Buzzi-Space-BuzziJet_03.jpg', 'Buzzi Space BuzziJet', 'Buzzi Space BuzziJet'),
(547, 127, 'KARMAN-SHERWOOD-E-ROBIN_01.jpg', 'KARMAN SHERWOOD E ROBIN', 'KARMAN SHERWOOD E ROBIN'),
(548, 127, 'KARMAN-SHERWOOD-E-ROBIN_02.jpg', 'KARMAN SHERWOOD E ROBIN', 'KARMAN SHERWOOD E ROBIN'),
(549, 127, 'KARMAN-SHERWOOD-E-ROBIN_03.jpg', 'KARMAN SHERWOOD E ROBIN', 'KARMAN SHERWOOD E ROBIN'),
(550, 128, 'Nimbus-Group-Lighting-Pad-Q-900_01.jpg', 'Nimbus Group Lighting Pad Q 900', 'Nimbus Group Lighting Pad Q 900'),
(551, 128, 'Nimbus-Group-Lighting-Pad-Q-900_02.jpg', 'Nimbus Group Lighting Pad Q 900', 'Nimbus Group Lighting Pad Q 900'),
(554, 130, 'Buzzi-Space-BuzziShade_01.jpg', 'Buzzi Space BuzziShade', 'Buzzi Space BuzziShade'),
(555, 130, 'Buzzi-Space-BuzziShade_02.jpg', 'Buzzi Space BuzziShade', 'Buzzi Space BuzziShade'),
(556, 130, 'Buzzi-Space-BuzziShade_03.jpg', 'Buzzi Space BuzziShade', 'Buzzi Space BuzziShade'),
(557, 129, 'Ingo-Maurer-Luce-Volante_01.jpg', 'Ingo Maurer Luce Volante', 'Ingo Maurer Luce Volante'),
(558, 129, 'Ingo-Maurer-Luce-Volante_02.jpg', 'Ingo Maurer Luce Volante', 'Ingo Maurer Luce Volante'),
(559, 129, 'Ingo-Maurer-Luce-Volante_03.jpg', 'Ingo Maurer Luce Volante', 'Ingo Maurer Luce Volante'),
(566, 133, 'Gloster-Ambient-Cocoon_01.jpg', 'Gloster Ambient Cocoon', 'Gloster Ambient Cocoon'),
(567, 133, 'Gloster-Ambient-Cocoon_02.jpg', 'Gloster Ambient Cocoon', 'Gloster Ambient Cocoon'),
(568, 133, 'Gloster-Ambient-Cocoon_03.jpg', 'Gloster Ambient Cocoon', 'Gloster Ambient Cocoon'),
(569, 134, 'Simes-Nanoled-Frame_01.jpg', 'Simes Nanoled Frame', 'Simes Nanoled Frame'),
(570, 134, 'Simes-Nanoled-Frame_02.jpg', 'Simes Nanoled Frame', 'Simes Nanoled Frame'),
(571, 134, 'Simes-Nanoled-Frame_03.jpg', 'Simes Nanoled Frame', 'Simes Nanoled Frame'),
(572, 135, 'Simes-Brick-Light-recessed_01.jpg', 'Simes Brick Light recessed', 'Simes Brick Light recessed'),
(573, 135, 'Simes-Brick-Light-recessed_02.jpg', 'Simes Brick Light recessed', 'Simes Brick Light recessed'),
(574, 135, 'Simes-Brick-Light-recessed_03.jpg', 'Simes Brick Light recessed', 'Simes Brick Light recessed'),
(590, 140, 'Linea-Light-Diphy-S_01.jpg', 'Linea Light Diphy_S', 'Linea Light Diphy_S'),
(591, 140, 'Linea-Light-Diphy-S_02.jpg', 'Linea Light Diphy_S', 'Linea Light Diphy_S'),
(592, 140, 'Linea-Light-Diphy-S_03.jpg', 'Linea Light Diphy_S', 'Linea Light Diphy_S'),
(596, 142, 'Next-Cosmo-Pendel-RGB-W_01.jpg', 'Next Cosmo Pendel RGB/W', 'Next Cosmo Pendel RGB/W'),
(597, 142, 'Next-Cosmo-Pendel-RGB-W_02.jpg', 'Next Cosmo Pendel RGB/W', 'Next Cosmo Pendel RGB/W'),
(598, 142, 'Next-Cosmo-Pendel-RGB-W_03.jpg', 'Next Cosmo Pendel RGB/W', 'Next Cosmo Pendel RGB/W'),
(603, 144, 'Dexter-Valencia_01.jpg', 'Dexter Valencia', 'Dexter Valencia'),
(604, 144, 'Dexter-Valencia_02.jpg', 'Dexter Valencia', 'Dexter Valencia'),
(605, 144, 'Dexter-Valencia_03.jpg', 'Dexter Valencia', 'Dexter Valencia'),
(606, 145, 'Shade-The-Orb_01.jpg', 'Shade The Orb', 'Shade The Orb'),
(607, 145, 'Shade-The-Orb_02.jpg', 'Shade The Orb', 'Shade The Orb'),
(608, 145, 'Shade-The-Orb_03.jpg', 'Shade The Orb', 'Shade The Orb'),
(612, 147, 'Davide-Groppi-TETATET-Flûte_01.jpg', 'Davide Groppi TETATET Flûte', 'Davide Groppi TETATET Flûte'),
(613, 147, 'Davide-Groppi-TETATET-Flûte_02.jpg', 'Davide Groppi TETATET Flûte', 'Davide Groppi TETATET Flûte'),
(614, 147, 'Davide-Groppi-TETATET-Flûte_03.jpg', 'Davide Groppi TETATET Flûte', 'Davide Groppi TETATET Flûte'),
(615, 148, 'FontanaArte-Galerie_01.jpg', 'FontanaArte Galerie ', 'FontanaArte Galerie '),
(616, 149, 'FontanaArte-IO+_01.jpg', 'FontanaArte IO+', 'FontanaArte IO+'),
(617, 150, 'Cini&Nils-Acqua_01.jpg', 'Cini&Nils Acqua', 'Cini&Nils Acqua'),
(618, 150, 'Cini&Nils-Acqua_02.jpg', 'Cini&Nils Acqua', 'Cini&Nils Acqua'),
(619, 150, 'Cini&Nils-Acqua_03.jpg', 'Cini&Nils Acqua', 'Cini&Nils Acqua'),
(620, 151, 'Moooi-Uhuh-Purr-Noot-Noot_01.jpg', 'Moooi Uhuh, Purr & Noot Noot ', 'Moooi Uhuh, Purr & Noot Noot '),
(621, 151, 'Moooi-Uhuh-Purr-Noot-Noot_02.jpg', 'Moooi Uhuh, Purr & Noot Noot ', 'Moooi Uhuh, Purr & Noot Noot '),
(622, 151, 'Moooi-Uhuh-Purr-Noot-Noot_03.jpg', 'Moooi Uhuh, Purr & Noot Noot ', 'Moooi Uhuh, Purr & Noot Noot '),
(623, 152, 'Intra-Lighting-Biba_01.jpg', 'Intra Lighting Biba', 'Intra Lighting Biba'),
(624, 152, 'Intra-Lighting-Biba_02.jpg', 'Intra Lighting Biba', 'Intra Lighting Biba'),
(625, 152, 'Intra-Lighting-Biba_03.jpg', 'Intra Lighting Biba', 'Intra Lighting Biba'),
(626, 15, 'intro_LED.jpg', 'Zumtobel INTRO LED', 'Zumtobel INTRO LED'),
(627, 14, 'supersystem_II.jpg', 'Zumtobel. SUPERSYSTEM II', 'Zumtobel. SUPERSYSTEM II'),
(628, 153, 'Sattler-FAVO-LIGHT-NET_01.jpg', 'Sattler FAVO LIGHT NET', 'Sattler FAVO LIGHT NET'),
(629, 153, 'Sattler-FAVO-LIGHT-NET_02.jpg', 'Sattler FAVO LIGHT NET', 'Sattler FAVO LIGHT NET'),
(630, 153, 'Sattler-FAVO-LIGHT-NET_03.jpg', 'Sattler FAVO LIGHT NET', 'Sattler FAVO LIGHT NET'),
(634, 155, 'Ingo-Maurer-Broken-Egg_01.jpg', 'Ingo Maurer Broken Egg', 'Ingo Maurer Broken Egg'),
(635, 155, 'Ingo-Maurer-Broken-Egg_02.jpg', 'Ingo Maurer Broken Egg', 'Ingo Maurer Broken Egg'),
(636, 155, 'Ingo-Maurer-Broken-Egg_03.jpg', 'Ingo Maurer Broken Egg', 'Ingo Maurer Broken Egg'),
(637, 156, 'Ingo-Maurer-Galactic_01.jpg', 'Ingo Maurer Galactic', 'Ingo Maurer Galactic'),
(638, 156, 'Ingo-Maurer-Galactic_02.jpg', 'Ingo Maurer Galactic', 'Ingo Maurer Galactic'),
(639, 157, 'Zumtobel-AMPHIBIA_01.jpg', 'Zumtobel AMPHIBIA', 'Zumtobel AMPHIBIA'),
(640, 157, 'Zumtobel-AMPHIBIA_02.jpg', 'Zumtobel AMPHIBIA', 'Zumtobel AMPHIBIA'),
(641, 157, 'Zumtobel-AMPHIBIA_03.jpg', 'Zumtobel AMPHIBIA', 'Zumtobel AMPHIBIA'),
(642, 158, 'Nimbus-Group-Q-One_01.jpg', 'Nimbus Group Q ONE', 'Nimbus Group Q ONE'),
(643, 158, 'Nimbus-Group-Q-Four_02.jpg', 'Nimbus Group Q Four', 'Nimbus Group Q Four'),
(644, 158, 'Nimbus-Group-Q-Four-TT_03.jpg', 'Nimbus Group Q Four TT', 'Nimbus Group Q Four TT'),
(645, 159, 'Nimbus-Group-Gravity-CL_01.jpg', 'Nimbus Group Gravity CL', 'Nimbus Group Gravity CL'),
(646, 159, 'Nimbus-Group-Gravity-CL_02.jpg', 'Nimbus Group Gravity CL', 'Nimbus Group Gravity CL'),
(647, 159, 'Nimbus-Group-Gravity-CL_03.jpg', 'Nimbus Group Gravity CL', 'Nimbus Group Gravity CL'),
(648, 154, 'Ingo-Maurer-Dancing-Insects_01.jpg', 'Ingo Maurer Dancing Insects', 'Ingo Maurer Dancing Insects'),
(649, 154, 'Ingo-Maurer-Dancing-Insects_02.jpg', 'Ingo Maurer Dancing Insects', 'Ingo Maurer Dancing Insects'),
(650, 160, 'BLOND-GRID_01.jpg', 'BLOND GRID', 'BLOND GRID'),
(651, 160, 'BLOND-GRID_02.jpg', 'BLOND GRID', 'BLOND GRID'),
(652, 160, 'BLOND-GRID_03.jpg', 'BLOND GRID', 'BLOND GRID'),
(653, 161, 'Panzeri-ALDECIMO_01.jpg', 'Panzeri ALDECIMO', 'Panzeri ALDECIMO'),
(654, 161, 'Panzeri-ALDECIMO_02.jpg', 'Panzeri ALDECIMO', 'Panzeri ALDECIMO'),
(655, 161, 'Panzeri-ALDECIMO_03.jpg', 'Panzeri ALDECIMO', 'Panzeri ALDECIMO'),
(656, 162, 'Panzeri-VIISI_01.jpg', 'Panzeri VIISI', 'Panzeri VIISI'),
(657, 162, 'Panzeri-VIISI_02.jpg', 'Panzeri VIISI', 'Panzeri VIISI'),
(658, 162, 'Panzeri-VIISI_03.jpg', 'Panzeri VIISI', 'Panzeri VIISI'),
(662, 164, 'LEDS-C4-MAAI_01.jpg', 'LEDS-C4 MAAI', 'LEDS-C4 MAAI'),
(663, 164, 'LEDS-C4-MAAI_02.jpg', 'LEDS-C4 MAAI', 'LEDS-C4 MAAI'),
(664, 164, 'LEDS-C4-MAAI_03.jpg', 'LEDS-C4 MAAI', 'LEDS-C4 MAAI'),
(671, 165, 'Fabbian-SAYA-F47_01.jpg', 'Fabbian SAYA F47', 'Fabbian SAYA F47'),
(672, 165, 'Fabbian-SAYA-F47_02.jpg', 'Fabbian SAYA F47', 'Fabbian SAYA F47'),
(673, 165, 'Fabbian-SAYA-F47_03.jpg', 'Fabbian SAYA F47', 'Fabbian SAYA F47'),
(674, 166, 'Fabbian-LENS-F46_01.jpg', 'Fabbian LENS F46', 'Fabbian LENS F46'),
(675, 166, 'Fabbian-LENS-F46_02.jpg', 'Fabbian LENS F46', 'Fabbian LENS F46'),
(676, 166, 'Fabbian-LENS-F46_03.jpg', 'Fabbian LENS F46', 'Fabbian LENS F46'),
(677, 167, 'Innermost-Kepler_01.jpg', 'Innermost Kepler', 'Innermost Kepler'),
(678, 167, 'Innermost-Kepler_02.jpg', 'Innermost Kepler', 'Innermost Kepler'),
(679, 167, 'Innermost-Kepler_03.jpg', 'Innermost Kepler', 'Innermost Kepler'),
(680, 168, 'SLAMP-HUGO-SUSPENSION_01.jpg', 'SLAMP HUGO SUSPENSION', 'SLAMP HUGO SUSPENSION'),
(681, 168, 'SLAMP-HUGO-SUSPENSION_02.jpg', 'SLAMP HUGO SUSPENSION', 'SLAMP HUGO SUSPENSION'),
(682, 168, 'SLAMP-HUGO-SUSPENSION_03.jpg', 'SLAMP HUGO SUSPENSION', 'SLAMP HUGO SUSPENSION'),
(683, 169, 'SLAMP-NEW-ÉTOILE-SUSPENSION_01.jpg', 'SLAMP NEW ÉTOILE SUSPENSION', 'SLAMP NEW ÉTOILE SUSPENSION'),
(684, 169, 'SLAMP-NEW-ÉTOILE-SUSPENSION_02.jpg', 'SLAMP NEW ÉTOILE SUSPENSION', 'SLAMP NEW ÉTOILE SUSPENSION'),
(685, 169, 'SLAMP-NEW-ÉTOILE-SUSPENSION_03.jpg', 'SLAMP NEW ÉTOILE SUSPENSION', 'SLAMP NEW ÉTOILE SUSPENSION'),
(690, 4, '000004_LUXEON_5258_01.jpg', 'LUXEON 5258', 'LUXEON 5258'),
(693, 170, 'Studio-Italia-Design-Sugegasa_01.jpg', 'Studio Italia Design Sugegasa', 'Studio Italia Design Sugegasa'),
(694, 170, 'Studio-Italia-Design-Sugegasa_02.jpg', 'Studio Italia Design Sugegasa', 'Studio Italia Design Sugegasa'),
(695, 170, 'Studio-Italia-Design-Sugegasa_03.jpg', 'Studio Italia Design Sugegasa', 'Studio Italia Design Sugegasa'),
(696, 171, 'Martinelli-Luce-AMARCORD_01.jpg', 'Martinelli Luce AMARCORD', 'Martinelli Luce AMARCORD'),
(697, 171, 'Martinelli-Luce-AMARCORD_02.jpg', 'Martinelli Luce AMARCORD', 'Martinelli Luce AMARCORD'),
(698, 171, 'Martinelli-Luce-AMARCORD_03.jpg', 'Martinelli Luce AMARCORD', 'Martinelli Luce AMARCORD'),
(705, 172, 'Arturo-Alvarez-ONN_01.jpg', 'Arturo Alvarez ONN', 'Arturo Alvarez ONN'),
(706, 172, 'Arturo-Alvarez-ONN_02.jpg', 'Arturo Alvarez ONN', 'Arturo Alvarez ONN'),
(707, 172, 'Arturo-Alvarez-ONN_03.jpg', 'Arturo Alvarez ONN', 'Arturo Alvarez ONN'),
(708, 173, 'Arturo-Alvarez-LUISA_01.jpg', 'Arturo Alvarez LUISA', 'Arturo Alvarez LUISA'),
(709, 173, 'Arturo-Alvarez-LUISA_02.jpg', 'Arturo Alvarez LUISA', 'Arturo Alvarez LUISA'),
(710, 173, 'Arturo-Alvarez-LUISA_03.jpg', 'Arturo Alvarez LUISA', 'Arturo Alvarez LUISA'),
(711, 174, 'Martinelli-Luce-KIKI_01.jpg', 'Martinelli Luce KIKI', 'Martinelli Luce KIKI'),
(712, 174, 'Martinelli-Luce-KIKI_02.jpg', 'Martinelli Luce KIKI', 'Martinelli Luce KIKI'),
(713, 174, 'Martinelli-Luce-KIKI_03.jpg', 'Martinelli Luce KIKI', 'Martinelli Luce KIKI'),
(714, 175, 'Martinelli-Luce-PLISSÈ_01.jpg', 'Martinelli Luce PLISSÈ', 'Martinelli Luce PLISSÈ'),
(715, 175, 'Martinelli-Luce-PLISSÈ_02.jpg', 'Martinelli Luce PLISSÈ', 'Martinelli Luce PLISSÈ'),
(716, 175, 'Martinelli-Luce-PLISSÈ_03.jpg', 'Martinelli Luce PLISSÈ', 'Martinelli Luce PLISSÈ'),
(717, 177, 'Studio-Italia-Design-A-Tube-Nano-Duo_01.jpg', 'Studio Italia Design A-Tube Nano Duo', 'Studio Italia Design A-Tube Nano Duo'),
(718, 177, 'Studio-Italia-Design-A-Tube-Nano-Duo_02.jpg', 'Studio Italia Design A-Tube Nano Duo', 'Studio Italia Design A-Tube Nano Duo'),
(719, 177, 'Studio-Italia-Design-A-Tube-Nano-Duo_03.jpg', 'Studio Italia Design A-Tube Nano Duo', 'Studio Italia Design A-Tube Nano Duo'),
(720, 178, 'Studio-Italia-Design-Valentina_01.jpg', 'Studio Italia Design Valentina', 'Studio Italia Design Valentina'),
(721, 178, 'Studio-Italia-Design-Valentina_02.jpg', 'Studio Italia Design Valentina', 'Studio Italia Design Valentina'),
(722, 178, 'Studio-Italia-Design-Valentina_03.jpg', 'Studio Italia Design Valentina', 'Studio Italia Design Valentina'),
(723, 179, 'PENTA-ANGOLO_01.jpg', 'PENTA ANGOLO', 'PENTA ANGOLO'),
(724, 179, 'PENTA-ANGOLO_02.jpg', 'PENTA ANGOLO', 'PENTA ANGOLO'),
(725, 179, 'PENTA-ANGOLO_03.jpg', 'PENTA ANGOLO', 'PENTA ANGOLO'),
(726, 163, 'ES-SYSTEM-COSMO_01.jpg', 'ES-SYSTEM COSMO FX family ', 'ES-SYSTEM COSMO FX family '),
(727, 163, 'ES-SYSTEM-COSMO_02.jpg', 'ES-SYSTEM COSMO FX family ', 'ES-SYSTEM COSMO FX family '),
(728, 163, 'ES-SYSTEM-COSMO_03.jpg', 'ES-SYSTEM COSMO FX family ', 'ES-SYSTEM COSMO FX family '),
(742, 112, 'Artemide-Giò-light-suspension_01.jpg', 'Artemide Giò light suspension', 'Artemide Giò light suspension'),
(743, 112, 'Artemide-Giò-light-suspension_02.jpg', 'Artemide Giò light suspension', 'Artemide Giò light suspension'),
(744, 112, 'Artemide-Giò-light-suspension_03.jpg', 'Artemide Giò light suspension', 'Artemide Giò light suspension'),
(745, 113, 'Artemide-O_01.jpg', 'Artemide \"O\"', 'Artemide \"O\"'),
(746, 113, 'Artemide-O_02.jpg', 'Artemide \"O\"', 'Artemide \"O\"'),
(747, 113, 'Artemide-O_03.jpg', 'Artemide \"O\"', 'Artemide \"O\"'),
(748, 113, 'Artemide-O_04.jpg', 'Artemide \"O\"', 'Artemide \"O\"'),
(749, 122, 'Artemide-Huara_01.jpg', 'Artemide Huara', 'Artemide Huara'),
(750, 122, 'Artemide-Huara_02.jpg', 'Artemide Huara', 'Artemide Huara'),
(751, 122, 'Artemide-Huara_03.jpg', 'Artemide Huara', 'Artemide Huara'),
(752, 124, 'Artemide-Eggboard-Baffle_01.jpg', 'Artemide Eggboard Baffle', 'Artemide Eggboard Baffle'),
(753, 124, 'Artemide-Eggboard-Baffle_02.jpg', 'Artemide Eggboard Baffle', 'Artemide Eggboard Baffle'),
(754, 124, 'Artemide-Eggboard-Baffle_03.jpg', 'Artemide Eggboard Baffle', 'Artemide Eggboard Baffle'),
(755, 131, 'Artemide-A-24-Circular_01.jpg', 'Artemide A.24 Circular', 'Artemide A.24 Circular'),
(756, 131, 'Artemide-A-24-Circular_02.jpg', 'Artemide A.24 Circular', 'Artemide A.24 Circular'),
(757, 131, 'Artemide-A-24-Circular_03.jpg', 'Artemide A.24 Circular', 'Artemide A.24 Circular'),
(758, 132, 'Artemide-Soft-Alphabet_01.jpg', 'Artemide Soft Alphabet', 'Artemide Soft Alphabet'),
(759, 132, 'Artemide-Soft-Alphabet_02.jpg', 'Artemide Soft Alphabet', 'Artemide Soft Alphabet'),
(760, 132, 'Artemide-Soft-Alphabet_03.jpg', 'Artemide Soft Alphabet', 'Artemide Soft Alphabet'),
(764, 137, 'Artemide-Yanzi_01.jpg', 'Artemide Yanzi', 'Artemide Yanzi'),
(765, 137, 'Artemide-Yanzi_02.jpg', 'Artemide Yanzi', 'Artemide Yanzi'),
(766, 137, 'Artemide-Yanzi_03.jpg', 'Artemide Yanzi', 'Artemide Yanzi'),
(767, 181, 'Artemide-Gople-Lamp_01.jpg', 'Artemide Gople Lamp', 'Artemide Gople Lamp'),
(768, 181, 'Artemide-Gople-Lamp_02.jpg', 'Artemide Gople Lamp', 'Artemide Gople Lamp'),
(769, 181, 'Artemide-Gople-Lamp_03.jpg', 'Artemide Gople Lamp', 'Artemide Gople Lamp'),
(788, 182, 'Artemide-Pingtan_01.jpg', 'Artemide Pingtan', 'Artemide Pingtan'),
(789, 182, 'Artemide-Pingtan_02.jpg', 'Artemide Pingtan', 'Artemide Pingtan'),
(790, 182, 'Artemide-Pingtan_03.jpg', 'Artemide Pingtan', 'Artemide Pingtan'),
(791, 183, 'Eden-Design-bloc-spot_01.jpg', 'Eden Design °bloc spot', 'Eden Design °bloc spot'),
(792, 183, 'Eden-Design-bloc-spot_02.jpg', 'Eden Design °bloc spot', 'Eden Design °bloc spot'),
(793, 183, 'Eden-Design-bloc-spot_03.jpg', 'Eden Design °bloc spot', 'Eden Design °bloc spot'),
(794, 184, 'Zumtobel-RESCLITE-PRO_01.jpg', 'Zumtobel RESCLITE PRO', 'Zumtobel RESCLITE PRO'),
(795, 184, 'Zumtobel-RESCLITE-PRO_02.jpg', 'Zumtobel RESCLITE PRO', 'Zumtobel RESCLITE PRO'),
(796, 184, 'Zumtobel-RESCLITE-PRO_03.jpg', 'Zumtobel RESCLITE PRO', 'Zumtobel RESCLITE PRO'),
(800, 187, 'Mawa-Design-Wittenberg-4-0-Serie_01.jpg', 'Mawa Design Wittenberg 4.0 Serie ', 'Mawa Design Wittenberg 4.0 Serie '),
(801, 187, 'Mawa-Design-Wittenberg-4-0-Serie_02.jpg', 'Mawa Design Wittenberg 4.0 Serie ', 'Mawa Design Wittenberg 4.0 Serie '),
(802, 187, 'Mawa-Design-Wittenberg-4-0-Serie_03.jpg', 'Mawa Design Wittenberg 4.0 Serie ', 'Mawa Design Wittenberg 4.0 Serie '),
(803, 188, 'Mawa-Design-Recessed-Profile-mw-eb_01.jpg', 'Mawa Design Recessed Profile mw-eb', 'Mawa Design Recessed Profile mw-eb'),
(804, 188, 'Mawa-Design-Recessed-Profile-mw-eb_02.jpg', 'Mawa Design Recessed Profile mw-eb', 'Mawa Design Recessed Profile mw-eb'),
(805, 188, 'Mawa-Design-Recessed-Profile-mw-eb_03.jpg', 'Mawa Design Recessed Profile mw-eb', 'Mawa Design Recessed Profile mw-eb'),
(806, 189, 'GEORG-BECHTER-LICHT-DOT-28-POWER_01.jpg', 'GEORG BECHTER LICHT DOT 28 POWER', 'GEORG BECHTER LICHT DOT 28 POWER'),
(807, 189, 'GEORG-BECHTER-LICHT-DOT-28-POWER_02.jpg', 'GEORG BECHTER LICHT DOT 28 POWER', 'GEORG BECHTER LICHT DOT 28 POWER'),
(808, 189, 'GEORG-BECHTER-LICHT-DOT-28-POWER_03.jpg', 'GEORG BECHTER LICHT DOT 28 POWER', 'GEORG BECHTER LICHT DOT 28 POWER'),
(812, 191, 'Nui-Studio-MYGDAL-PLANTLIGHT_01.jpg', 'Nui Studio MYGDAL PLANTLIGHT', 'Nui Studio MYGDAL PLANTLIGHT'),
(813, 191, 'Nui-Studio-MYGDAL-PLANTLIGHT_02.jpg', 'Nui Studio MYGDAL PLANTLIGHT', 'Nui Studio MYGDAL PLANTLIGHT'),
(814, 191, 'Nui-Studio-MYGDAL-PLANTLIGHT_03.jpg', 'Nui Studio MYGDAL PLANTLIGHT', 'Nui Studio MYGDAL PLANTLIGHT'),
(815, 192, 'Luce-and-Light-PALLADIANO-1-0_01.jpg', 'Luce & Light PALLADIANO 1.0', 'Luce & Light PALLADIANO 1.0'),
(816, 192, 'Luce-and-Light-PALLADIANO-1-0_02.jpg', 'Luce & Light PALLADIANO 1.0', 'Luce & Light PALLADIANO 1.0'),
(817, 192, 'Luce-and-Light-PALLADIANO-1-0_03.jpg', 'Luce & Light PALLADIANO 1.0', 'Luce & Light PALLADIANO 1.0'),
(818, 193, 'Luce-and-Light-MOBY-2-1_01.jpg', 'Luce & Light MOBY 2.1', 'Luce & Light MOBY 2.1'),
(819, 193, 'Luce-and-Light-MOBY-2-1_02.jpg', 'Luce & Light MOBY 2.1', 'Luce & Light MOBY 2.1'),
(820, 193, 'Luce-and-Light-MOBY-2-1_03.jpg', 'Luce & Light MOBY 2.1', 'Luce & Light MOBY 2.1'),
(821, 194, 'Catellani-and-Smith-PostKrisi-CW-70_01.jpg', 'Catellani & Smith PostKrisi CW 70', 'Catellani & Smith PostKrisi CW 70'),
(822, 194, 'Catellani-and-Smith-PostKrisi-CW-70_02.jpg', 'Catellani & Smith PostKrisi CW 70', 'Catellani & Smith PostKrisi CW 70'),
(823, 194, 'Catellani-and-Smith-PostKrisi-CW-70_03.jpg', 'Catellani & Smith PostKrisi CW 70', 'Catellani & Smith PostKrisi CW 70'),
(824, 195, 'Catellani-and-Smith-Gold-Moon-Chandelier_01.jpg', 'Catellani & Smith Gold Moon Chandelier', 'Catellani & Smith Gold Moon Chandelier'),
(825, 195, 'Catellani-and-Smith-Gold-Moon-Chandelier_02.jpg', 'Catellani & Smith Gold Moon Chandelier', 'Catellani & Smith Gold Moon Chandelier'),
(826, 195, 'Catellani-and-Smith-Gold-Moon-Chandelier_03.jpg', 'Catellani & Smith Gold Moon Chandelier', 'Catellani & Smith Gold Moon Chandelier'),
(827, 196, 'Eureka-VERNER_01.jpg', 'Eureka VERNER', 'Eureka VERNER'),
(828, 196, 'Eureka-VERNER_02.jpg', 'Eureka VERNER', 'Eureka VERNER'),
(829, 196, 'Eureka-VERNER_03.jpg', 'Eureka VERNER', 'Eureka VERNER'),
(830, 197, 'Axolight-LIAISON_01.jpg', 'Axolight LIAISON', 'Axolight LIAISON'),
(831, 197, 'Axolight-LIAISON_02.jpg', 'Axolight LIAISON', 'Axolight LIAISON'),
(832, 197, 'Axolight-LIAISON_03.jpg', 'Axolight LIAISON', 'Axolight LIAISON'),
(833, 198, 'Axolight-JEWEL_01.jpg', 'Axolight JEWEL', 'Axolight JEWEL'),
(834, 198, 'Axolight-JEWEL_02.jpg', 'Axolight JEWEL', 'Axolight JEWEL'),
(835, 198, 'Axolight-JEWEL_03.jpg', 'Axolight JEWEL', 'Axolight JEWEL'),
(857, 200, 'Metalarte-Eva_01.jpg', 'Metalarte Eva', 'Metalarte Eva'),
(858, 200, 'Metalarte-Eva_02.jpg', 'Metalarte Eva', 'Metalarte Eva'),
(859, 200, 'Metalarte-Eva_03.jpg', 'Metalarte Eva', 'Metalarte Eva'),
(860, 201, 'LZF-New-Wave_01.jpg', 'LZF New Wave', 'LZF New Wave'),
(861, 201, 'LZF-New-Wave_02.jpg', 'LZF New Wave', 'LZF New Wave'),
(862, 201, 'LZF-New-Wave_03.jpg', 'LZF New Wave', 'LZF New Wave'),
(866, 202, 'LZF-SPIRO_01.jpeg', 'LZF SPIRO', 'LZF SPIRO'),
(867, 202, 'LZF-SPIRO_02.jpeg', 'LZF SPIRO', 'LZF SPIRO'),
(868, 202, 'LZF-SPIRO_03.jpg', 'LZF SPIRO', 'LZF SPIRO'),
(869, 203, 'Performance-iN-Lighting-LIQUID_01.jpg', 'Performance iN Lighting LIQUID', 'Performance iN Lighting LIQUID'),
(870, 203, 'Performance-iN-Lighting-LIQUID_02.jpg', 'Performance iN Lighting LIQUID', 'Performance iN Lighting LIQUID'),
(871, 203, 'Performance-iN-Lighting-LIQUID_03.jpg', 'Performance iN Lighting LIQUID', 'Performance iN Lighting LIQUID'),
(878, 207, 'Panzeri-SMOKE_01.jpg', 'Panzeri SMOKE', 'Panzeri SMOKE'),
(879, 207, 'Panzeri-SMOKE_02.jpg', 'Panzeri SMOKE', 'Panzeri SMOKE'),
(880, 207, 'Panzeri-SMOKE_03.jpg', 'Panzeri SMOKE', 'Panzeri SMOKE'),
(881, 3, 'MLI001_Swerve_01.jpg', 'Swerve', 'Swerve'),
(882, 3, 'MLI001_Swerve_02.jpg', 'Swerve', 'Swerve'),
(883, 36, 'Modular-Rector-Surface-1L-2L_01.jpg', 'Modular Rector Surface 1L/2L', 'Modular Rector Surface 1L/2L'),
(884, 36, 'Modular-Rector-Surface-1L-2L_02.jpg', 'Modular Rector Surface 1L/2L', 'Modular Rector Surface 1L/2L'),
(885, 36, 'Modular-Rector-Surface-1L-2L_03.jpg', 'Modular Rector Surface 1L/2L', 'Modular Rector Surface 1L/2L'),
(886, 36, 'Modular-Rector-Surface-1L-2L_04.jpg', 'Modular Rector Surface 1L/2L', 'Modular Rector Surface 1L/2L'),
(887, 36, 'Modular-Rector-Surface-1L-2L_05.jpg', 'Modular Rector Surface 1L/2L', 'Modular Rector Surface 1L/2L'),
(888, 37, 'Modular-Wollet-OLED-GI_01.jpg', 'Modular Wollet OLED GI', 'Modular Wollet OLED GI'),
(889, 37, 'Modular-Wollet-OLED-GI_02.jpg', 'Modular Wollet OLED GI', 'Modular Wollet OLED GI'),
(890, 37, 'Modular-Wollet-OLED-GI_03.jpg', 'Modular Wollet OLED GI', 'Modular Wollet OLED GI'),
(891, 37, 'Modular-Wollet-OLED-GI_04.jpg', 'Modular Wollet OLED GI', 'Modular Wollet OLED GI'),
(892, 37, 'Modular-Wollet-OLED-GI_05.jpg', 'Modular Wollet OLED GI', 'Modular Wollet OLED GI'),
(893, 38, 'Modular-BOLD_01.jpg', 'Modular BOLD', 'Modular BOLD'),
(894, 38, 'Modular-BOLD_02.jpg', 'Modular BOLD', 'Modular BOLD'),
(895, 38, 'Modular-BOLD_03.jpg', 'Modular BOLD', 'Modular BOLD'),
(896, 39, 'Modular-SULFER-TREDIM-GI_01.jpg', 'Modular SULFER TREDIM G1', 'Modular SULFER TREDIM G1'),
(897, 39, 'Modular-SULFER-TREDIM-GI_02.jpg', 'Modular SULFER TREDIM G1', 'Modular SULFER TREDIM G1'),
(898, 39, 'Modular-SULFER-TREDIM-GI_03.jpg', 'Modular SULFER TREDIM G1', 'Modular SULFER TREDIM G1'),
(899, 39, 'Modular-SULFER-IP54_04.jpg', 'Sulfer IP54 GI', 'Sulfer IP54 GI'),
(900, 39, 'Modular-SULFER-TREDIM-GI_05.jpg', 'Modular SULFER TREDIM G1', 'Modular SULFER TREDIM G1'),
(901, 40, 'Modular-VAEDER_01.jpg', 'Modular Vaeder LED', 'Modular Vaeder LED'),
(902, 40, 'Modular-VAEDER_02.jpg', 'Modular Vaeder LED', 'Modular Vaeder LED'),
(903, 40, 'Modular-VAEDER_03.jpg', 'Modular Vaeder LED', 'Modular Vaeder LED'),
(904, 40, 'Modular-VAEDER_04.jpg', 'Modular Vaeder LED', 'Modular Vaeder LED'),
(905, 40, 'Modular-VAEDER_05.jpg', 'Modular Vaeder LED', 'Modular Vaeder LED'),
(906, 41, 'Modular-FLAT-MOON-ECLIPS_01.jpg', 'Modular Flat moon eclips', 'Modular Flat moon eclips'),
(907, 41, 'Modular-FLAT-MOON-ECLIPS_02.jpg', 'Modular Flat moon eclips', 'Modular Flat moon eclips'),
(908, 41, 'Modular-FLAT-MOON-ECLIPS_03.jpg', 'Modular Flat moon eclips', 'Modular Flat moon eclips'),
(909, 41, 'Modular-FLAT-MOON-ECLIPS_04.jpg', 'Modular Flat moon eclips', 'Modular Flat moon eclips'),
(910, 186, 'Modular-Lighting-Instruments-Spock_01.jpg', 'Modular Lighting Instruments Spock', 'Modular Lighting Instruments Spock'),
(911, 186, 'Modular-Lighting-Instruments-Spock_02.jpg', 'Modular Lighting Instruments Spock', 'Modular Lighting Instruments Spock'),
(912, 186, 'Modular-Lighting-Instruments-Spock_03.jpg', 'Modular Lighting Instruments Spock', 'Modular Lighting Instruments Spock'),
(913, 204, 'Modular-Lighting-Instruments-Pista_01.jpg', 'Modular Lighting Instruments Pista', 'Modular Lighting Instruments Pista'),
(914, 204, 'Modular-Lighting-Instruments-Pista_02.jpg', 'Modular Lighting Instruments Pista', 'Modular Lighting Instruments Pista'),
(915, 204, 'Modular-Lighting-Instruments-Pista_03.jpg', 'Modular Lighting Instruments Pista', 'Modular Lighting Instruments Pista'),
(916, 1, 'HLA001_DRAMI_01.jpg', 'DRAMI', 'DRAMI'),
(917, 208, 'Eureka-SCOUT_01.jpg', 'Eureka SCOUT', 'Eureka SCOUT'),
(918, 208, 'Eureka-SCOUT_02.jpg', 'Eureka SCOUT', 'Eureka SCOUT'),
(919, 208, 'Eureka-SCOUT_03.jpg', 'Eureka SCOUT', 'Eureka SCOUT'),
(920, 209, 'Zumtobel-SUPERSYSTEM-integral-collection_01.jpg', 'Zumtobel SUPERSYSTEM integral collection', 'Zumtobel SUPERSYSTEM integral collection'),
(921, 209, 'Zumtobel-SUPERSYSTEM-integral-collection_02.jpg', 'Zumtobel SUPERSYSTEM integral collection', 'Zumtobel SUPERSYSTEM integral collection'),
(922, 209, 'Zumtobel-SUPERSYSTEM-integral-collection_03.jpg', 'Zumtobel SUPERSYSTEM integral collection', 'Zumtobel SUPERSYSTEM integral collection'),
(923, 210, 'Zumtobel-TEELA_01.jpg', 'Zumtobel TEELA ', 'Zumtobel TEELA '),
(924, 210, 'Zumtobel-TEELA_02.jpg', 'Zumtobel TEELA ', 'Zumtobel TEELA '),
(925, 210, 'Zumtobel-TEELA_03.jpg', 'Zumtobel TEELA ', 'Zumtobel TEELA '),
(932, 213, 'Intra-Lighting-Skyler_01.jpg', 'Intra Lighting Skyler', 'Intra Lighting Skyler'),
(933, 213, 'Intra-Lighting-Skyler_02.jpg', 'Intra Lighting Skyler', 'Intra Lighting Skyler'),
(934, 213, 'Intra-Lighting-Skyler_03.jpg', 'Intra Lighting Skyler', 'Intra Lighting Skyler'),
(935, 214, 'Modular-Lighting-Instruments-Thimble_01.jpg', 'Modular Lighting Instruments Thimble', 'Modular Lighting Instruments Thimble'),
(936, 214, 'Modular-Lighting-Instruments-Thimble_02.jpg', 'Modular Lighting Instruments Thimble', 'Modular Lighting Instruments Thimble'),
(937, 214, 'Modular-Lighting-Instruments-Thimble_03.jpg', 'Modular Lighting Instruments Thimble', 'Modular Lighting Instruments Thimble'),
(938, 215, 'Modular-Lighting-Instruments-Minude_01.jpg', 'Modular Lighting Instruments Minude', 'Modular Lighting Instruments Minude'),
(939, 215, 'Modular-Lighting-Instruments-Minude_02.jpg', 'Modular Lighting Instruments Minude', 'Modular Lighting Instruments Minude'),
(940, 215, 'Modular-Lighting-Instruments-Minude_03.jpg', 'Modular Lighting Instruments Minude', 'Modular Lighting Instruments Minude'),
(946, 220, 'Eureka-Arena_01.jpg', 'Eureka Arena', 'Eureka Arena'),
(949, 220, 'Eureka-Arena_02.jpg', 'Eureka Arena', 'Eureka Arena'),
(952, 220, 'Eureka-Arena_03.jpg', 'Eureka Arena', 'Eureka Arena'),
(955, 220, 'Eureka-Arena_04.jpg', 'Eureka Arena', 'Eureka Arena'),
(958, 223, 'Modular-Lighting-Instruments-Dent_01.jpg', 'Modular Lighting Instruments Dent', 'Modular Lighting Instruments Dent'),
(961, 223, 'Modular-Lighting-Instruments-Dent_02.jpg', 'Modular Lighting Instruments Dent', 'Modular Lighting Instruments Dent'),
(964, 223, 'Modular-Lighting-Instruments-Dent_03.jpg', 'Modular Lighting Instruments Dent', 'Modular Lighting Instruments Dent'),
(969, 228, 'iGuzzini-Walky-round-bollard_01.jpg', 'iGuzzini Walky round bollard', 'iGuzzini Walky round bollard'),
(972, 228, 'iGuzzini-Walky-round-bollard_02.jpg', 'iGuzzini Walky round bollard', 'iGuzzini Walky round bollard'),
(975, 231, 'iGuzzini-Laser-low-voltage-track-pendant_01.jpg', 'iGuzzini Laser low voltage track pendant', 'iGuzzini Laser low voltage track pendant'),
(978, 231, 'iGuzzini-Laser-low-voltage-track-pendant_02.jpg', 'iGuzzini Laser low voltage track pendant', 'iGuzzini Laser low voltage track pendant'),
(981, 234, 'Zumtobel-LINETIK_01.jpg', 'Zumtobel LINETIK', 'Zumtobel LINETIK'),
(984, 234, 'Zumtobel-LINETIK_02.jpg', 'Zumtobel LINETIK', 'Zumtobel LINETIK'),
(987, 234, 'Zumtobel-LINETIK_03.jpg', 'Zumtobel LINETIK', 'Zumtobel LINETIK'),
(990, 237, 'Zumtobel-LINCOR_01.jpg', 'Zumtobel LINCOR', 'Zumtobel LINCOR'),
(993, 237, 'Zumtobel-LINCOR_02.jpg', 'Zumtobel LINCOR', 'Zumtobel LINCOR'),
(996, 237, 'Zumtobel-LINCOR_03.jpg', 'Zumtobel LINCOR', 'Zumtobel LINCOR'),
(999, 190, 'GEORG-BECHTER-LICHT-SINUS-28_01.jpg', 'GEORG BECHTER LICHT SINUS 28', 'GEORG BECHTER LICHT SINUS 28'),
(1002, 190, 'GEORG-BECHTER-LICHT-SINUS-28_02.jpg', 'GEORG BECHTER LICHT SINUS 28', 'GEORG BECHTER LICHT SINUS 28'),
(1005, 240, 'ERCO-Jilly_01.jpg', 'ERCO Jilly', 'ERCO Jilly'),
(1008, 240, 'ERCO-Jilly_02.jpg', 'ERCO Jilly', 'ERCO Jilly'),
(1011, 240, 'ERCO-Jilly_03.jpg', 'ERCO Jilly', 'ERCO Jilly'),
(1014, 240, 'ERCO-Jilly_04.jpg', 'ERCO Jilly', 'ERCO Jilly'),
(1017, 243, 'ERCO-ceiling-channel-system_01.jpg', 'ERCO ceiling channel system', 'ERCO ceiling channel system'),
(1020, 243, 'ERCO-ceiling-channel-system_02.jpg', 'ERCO ceiling channel system', 'ERCO ceiling channel system'),
(1035, 249, 'Kreon-oran_01.jpg', 'Kreon oran', 'Kreon oran'),
(1038, 249, 'Kreon-oran_02.jpg', 'Kreon oran', 'Kreon oran'),
(1041, 249, 'Kreon-oran_03.jpg', 'Kreon oran', 'Kreon oran'),
(1044, 249, 'Kreon-oran_04.jpg', 'Kreon oran', 'Kreon oran'),
(1047, 255, 'Sattler-FAVO-LIGHT-CELL_01.jpg', 'Sattler FAVO LIGHT CELL', 'Sattler FAVO LIGHT CELL'),
(1050, 255, 'Sattler-FAVO-LIGHT-CELL_02.jpg', 'Sattler FAVO LIGHT CELL', 'Sattler FAVO LIGHT CELL'),
(1053, 255, 'Sattler-FAVO-LIGHT-CELL_03.jpg', 'Sattler FAVO LIGHT CELL', 'Sattler FAVO LIGHT CELL'),
(1056, 70, 'L&L-Palladiano_01.jpg', 'L&L. Palladiano. The lighting all-rounder', 'L&L. Palladiano. The lighting all-rounder'),
(1059, 70, 'L&L-Palladiano_02.jpg', 'L&L. Palladiano. The lighting all-rounder', 'L&L. Palladiano. The lighting all-rounder'),
(1062, 70, 'L&L-Palladiano_03.jpg', 'L&L. Palladiano. The lighting all-rounder', 'L&L. Palladiano. The lighting all-rounder'),
(1065, 71, 'L&L-Pasito-1-0_01.jpg', 'L&L. Pasito 1.0. Outdoor step light', 'L&L. Pasito 1.0. Outdoor step light'),
(1068, 71, 'L&L-Pasito-1-0_02.jpg', 'L&L. Pasito 1.0. Outdoor step light', 'L&L. Pasito 1.0. Outdoor step light'),
(1071, 72, 'L&L-Lyss-Mini-1-0_01.jpg', 'L&L. Lyss Mini 1.0. Outdoor projectors', 'L&L. Lyss Mini 1.0. Outdoor projectors'),
(1074, 72, 'L&L-Lyss-Mini-1-0_02.jpg', 'L&L. Lyss Mini 1.0. Outdoor projectors', 'L&L. Lyss Mini 1.0. Outdoor projectors'),
(1079, 260, 'Nimbus-Group-CUBIC-49-AQUA_01.jpg', 'Nimbus Group CUBIC 49 AQUA', 'Nimbus Group CUBIC 49 AQUA'),
(1082, 260, 'Nimbus-Group-CUBIC-49-AQUA_02.jpg', 'Nimbus Group CUBIC 49 AQUA', 'Nimbus Group CUBIC 49 AQUA'),
(1085, 260, 'Nimbus-Group-CUBIC-49-AQUA_03.jpg', 'Nimbus Group CUBIC 49 AQUA', 'Nimbus Group CUBIC 49 AQUA'),
(1088, 263, 'Moooi-The-Party_01.jpg', 'Moooi The Party', 'Moooi The Party'),
(1091, 263, 'Moooi-The-Party_02.jpg', 'Moooi The Party', 'Moooi The Party'),
(1094, 263, 'Moooi-The-Party_03.jpg', 'Moooi The Party', 'Moooi The Party'),
(1108, 268, 'Luminis-Multilux_01.jpg', 'Luminis Multilux ', 'Luminis Multilux '),
(1111, 268, 'Luminis-Multilux_02.jpg', 'Luminis Multilux ', 'Luminis Multilux '),
(1114, 268, 'Luminis-Multilux_03.jpg', 'Luminis Multilux ', 'Luminis Multilux '),
(1117, 268, 'Luminis-Multilux_04.jpg', 'Luminis Multilux ', 'Luminis Multilux '),
(1120, 271, 'Serien-CRIB_01.jpg', 'Serien CRIB', 'Serien CRIB'),
(1123, 271, 'Serien-CRIB_02.jpg', 'Serien CRIB', 'Serien CRIB'),
(1126, 271, 'Serien-CRIB_03.jpg', 'Serien CRIB', 'Serien CRIB'),
(1129, 274, 'Serien-CAVITY_01.jpg', 'Serien CAVITY', 'Serien CAVITY'),
(1132, 274, 'Serien-CAVITY_02.jpg', 'Serien CAVITY', 'Serien CAVITY'),
(1135, 274, 'Serien-CAVITY_03.jpg', 'Serien CAVITY', 'Serien CAVITY'),
(1147, 277, 'Occhio-io-giro_01.jpg', 'Occhio io giro', 'Occhio io giro'),
(1150, 277, 'Occhio-io-giro_02.jpg', 'Occhio io giro', 'Occhio io giro'),
(1153, 277, 'Occhio-io-giro_03.jpg', 'Occhio io giro', 'Occhio io giro'),
(1156, 280, 'Artemide-ALE-01_01.jpg', 'Artemide ALE_01', 'Artemide ALE_01'),
(1159, 280, 'Artemide-ALE-01_02.jpg', 'Artemide ALE_01', 'Artemide ALE_01'),
(1162, 280, 'Artemide-ALE-01_03.jpg', 'Artemide ALE_01', 'Artemide ALE_01'),
(1165, 283, 'Artemide-Turn-Around_01.jpg', 'Artemide Turn Around', 'Artemide Turn Around'),
(1168, 283, 'Artemide-Turn-Around_02.jpg', 'Artemide Turn Around', 'Artemide Turn Around'),
(1171, 283, 'Artemide-Turn-Around_03.jpg', 'Artemide Turn Around', 'Artemide Turn Around'),
(1174, 283, 'Artemide-Turn-Around_04.jpg', 'Artemide Turn Around', 'Artemide Turn Around'),
(1177, 286, 'Artemide-La-Linea_01.jpg', 'Artemide La Linea', 'Artemide La Linea'),
(1180, 286, 'Artemide-La-Linea_02.jpg', 'Artemide La Linea', 'Artemide La Linea'),
(1183, 286, 'Artemide-La-Linea_03.jpg', 'Artemide La Linea', 'Artemide La Linea'),
(1186, 289, 'SLAMP-NUVEM_01.jpg', 'SLAMP NUVEM', 'SLAMP NUVEM'),
(1189, 289, 'SLAMP-NUVEM_02.jpg', 'SLAMP NUVEM', 'SLAMP NUVEM'),
(1192, 289, 'SLAMP-NUVEM_03.jpg', 'SLAMP NUVEM', 'SLAMP NUVEM'),
(1206, 294, 'LZF-Big-Bird_01.jpg', 'LZF Big Bird ', 'LZF Big Bird '),
(1209, 294, 'LZF-Big-Bird_02.jpg', 'LZF Big Bird ', 'LZF Big Bird '),
(1212, 297, 'Occhio-Mito-Linear_01.jpg', 'Occhio Mito Linear', 'Occhio Mito Linear'),
(1215, 297, 'Occhio-Mito-Linear_02.jpg', 'Occhio Mito Linear', 'Occhio Mito Linear'),
(1218, 297, 'Occhio-Mito-Linear_03.jpg', 'Occhio Mito Linear', 'Occhio Mito Linear'),
(1221, 297, 'Occhio-Mito-Linear_04.jpg', 'Occhio Mito Linear', 'Occhio Mito Linear'),
(1224, 300, 'Brand-Van-Egmond-ORPHEUS_01.jpg', 'Brand Van Egmond ORPHEUS', 'Brand Van Egmond ORPHEUS'),
(1227, 300, 'Brand-Van-Egmond-ORPHEUS_02.jpg', 'Brand Van Egmond ORPHEUS', 'Brand Van Egmond ORPHEUS'),
(1230, 300, 'Brand-Van-Egmond-ORPHEUS_03.jpg', 'Brand Van Egmond ORPHEUS', 'Brand Van Egmond ORPHEUS'),
(1233, 300, 'Brand-Van-Egmond-ORPHEUS_04.jpg', 'Brand Van Egmond ORPHEUS', 'Brand Van Egmond ORPHEUS'),
(1236, 303, 'Brand-Van-Egmond-ERSA_01.jpg', 'Brand Van Egmond ERSA', 'Brand Van Egmond ERSA'),
(1239, 303, 'Brand-Van-Egmond-ERSA_02.jpg', 'Brand Van Egmond ERSA', 'Brand Van Egmond ERSA'),
(1242, 303, 'Brand-Van-Egmond-ERSA_03.jpg', 'Brand Van Egmond ERSA', 'Brand Van Egmond ERSA'),
(1245, 303, 'Brand-Van-Egmond-ERSA_04.jpg', 'Brand Van Egmond ERSA', 'Brand Van Egmond ERSA'),
(1248, 303, 'Brand-Van-Egmond-ERSA_05.jpg', 'Brand Van Egmond ERSA', 'Brand Van Egmond ERSA'),
(1251, 306, 'Henge-Ghost-Light_01.jpg', 'Henge Ghost Light', 'Henge Ghost Light'),
(1254, 306, 'Henge-Ghost-Light_02.jpg', 'Henge Ghost Light', 'Henge Ghost Light'),
(1257, 309, 'Catellani-and-Smith-56-Petits-Bijoux_01.jpg', 'Catellani & Smith 56 Petits Bijoux', 'Catellani & Smith 56 Petits Bijoux'),
(1260, 309, 'Catellani-and-Smith-56-Petits-Bijoux_02.jpg', 'Catellani & Smith 56 Petits Bijoux', 'Catellani & Smith 56 Petits Bijoux'),
(1263, 309, 'Catellani-and-Smith-56-Petits-Bijoux_03.jpg', 'Catellani & Smith 56 Petits Bijoux', 'Catellani & Smith 56 Petits Bijoux'),
(1266, 312, 'Henge-U-Light_01.jpg', 'Henge U-Light', 'Henge U-Light'),
(1269, 312, 'Henge-U-Light_02.jpg', 'Henge U-Light', 'Henge U-Light'),
(1272, 315, 'Estiluz-Ànima_01.jpg', 'Estiluz Ànima', 'Estiluz Ànima'),
(1275, 315, 'Estiluz-Ànima_02.jpg', 'Estiluz Ànima', 'Estiluz Ànima'),
(1278, 315, 'Estiluz-Ànima_03.jpg', 'Estiluz Ànima', 'Estiluz Ànima'),
(1281, 315, 'Estiluz-Ànima_04.jpg', 'Estiluz Ànima', 'Estiluz Ànima'),
(1296, 321, 'Eureka-DIAL_01.jpg', 'Eureka DIAL', 'Eureka DIAL'),
(1299, 321, 'Eureka-DIAL_02.jpg', 'Eureka DIAL', 'Eureka DIAL'),
(1302, 321, 'Eureka-DIAL_03.jpg', 'Eureka DIAL', 'Eureka DIAL'),
(1305, 321, 'Eureka-DIAL_04.jpg', 'Eureka DIAL', 'Eureka DIAL'),
(1306, 322, 'Bocci-73V_01.jpg', 'Bocci 73V', 'Bocci 73V'),
(1309, 322, 'Bocci-73V_02.jpg', 'Bocci 73V', 'Bocci 73V'),
(1312, 322, 'Bocci-73V_03.jpg', 'Bocci 73V', 'Bocci 73V'),
(1315, 322, 'Bocci-73V_04.jpg', 'Bocci 73V', 'Bocci 73V'),
(1318, 325, 'Bocci-74_01.jpg', 'Bocci 74', 'Bocci 74'),
(1321, 325, 'Bocci-74_02.jpg', 'Bocci 74', 'Bocci 74'),
(1324, 325, 'Bocci-74_03.jpg', 'Bocci 74', 'Bocci 74'),
(1327, 328, 'Delta-Light-SOIREE_01.jpg', 'Delta Light SOIREE', 'Delta Light SOIREE'),
(1330, 328, 'Delta-Light-SOIREE_02.jpg', 'Delta Light SOIREE', 'Delta Light SOIREE'),
(1333, 328, 'Delta-Light-SOIREE_03.jpg', 'Delta Light SOIREE', 'Delta Light SOIREE'),
(1336, 328, 'Delta-Light-SOIREE_04.jpg', 'Delta Light SOIREE', 'Delta Light SOIREE'),
(1339, 328, 'Delta-Light-SOIREE_05.jpg', 'Delta Light SOIREE', 'Delta Light SOIREE'),
(1342, 331, 'Delta-Light-BREESS_01.jpg', 'Delta Light BREESS', 'Delta Light BREESS'),
(1345, 331, 'Delta-Light-BREESS_02.jpg', 'Delta Light BREESS', 'Delta Light BREESS'),
(1348, 331, 'Delta-Light-BREESS_03.jpg', 'Delta Light BREESS', 'Delta Light BREESS'),
(1366, 334, 'Delta-Light-LASS-OH_01.jpg', 'Delta Light LASS-OH', 'Delta Light LASS-OH'),
(1369, 334, 'Delta-Light-LASS-OH_02.jpg', 'Delta Light LASS-OH', 'Delta Light LASS-OH'),
(1372, 334, 'Delta-Light-LASS-OH_03.jpg', 'Delta Light LASS-OH', 'Delta Light LASS-OH'),
(1375, 334, 'Delta-Light-LASS-OH_04.jpg', 'Delta Light LASS-OH', 'Delta Light LASS-OH'),
(1378, 334, 'Delta-Light-LASS-OH_05.jpg', 'Delta Light LASS-OH', 'Delta Light LASS-OH'),
(1381, 337, 'Modular-Lighting-Instruments-Médard-Stretched_01.jpg', 'Modular Lighting Instruments Médard Stretched', 'Modular Lighting Instruments Médard Stretched'),
(1384, 337, 'Modular-Lighting-Instruments-Médard-Stretched_02.jpg', 'Modular Lighting Instruments Médard Stretched', 'Modular Lighting Instruments Médard Stretched');
INSERT INTO `guides_images` (`image_id`, `guide_id`, `img_src`, `alt_name`, `img_subtitle`) VALUES
(1387, 337, 'Modular-Lighting-Instruments-Médard-Stretched_03.jpg', 'Modular Lighting Instruments Médard Stretched', 'Modular Lighting Instruments Médard Stretched'),
(1390, 340, 'Artemide-Diamante_01.jpg', 'Artemide Diamante', 'Artemide Diamante'),
(1393, 340, 'Artemide-Diamante_02.jpg', 'Artemide Diamante', 'Artemide Diamante'),
(1396, 340, 'Artemide-Diamante_03.jpg', 'Artemide Diamante', 'Artemide Diamante'),
(1408, 136, 'Artemide-Solar-Tree-2-0_01.jpg', 'Artemide Solar Tree 2.0', 'Artemide Solar Tree 2.0'),
(1411, 136, 'Artemide-Solar-Tree-2-0_02.jpg', 'Artemide Solar Tree 2.0', 'Artemide Solar Tree 2.0'),
(1414, 136, 'Artemide-Solar-Tree-2-0_03.jpg', 'Artemide Solar Tree 2.0', 'Artemide Solar Tree 2.0'),
(1417, 349, 'Artemide-Solar-Tree-20_01.jpg', 'Artemide Solar Tree 2.0', 'Artemide Solar Tree 2.0'),
(1420, 349, 'Artemide-Solar-Tree-20_02.jpg', 'Artemide Solar Tree 2.0', 'Artemide Solar Tree 2.0'),
(1423, 349, 'Artemide-Solar-Tree-20_03.jpg', 'Artemide Solar Tree 2.0', 'Artemide Solar Tree 2.0'),
(1426, 120, 'Vibia-North-floor_01.jpg', 'Vibia North floor lamp', 'Vibia North floor lamp'),
(1429, 120, 'Vibia-North-floor_02.jpg', 'Vibia North floor lamp', 'Vibia North floor lamp'),
(1432, 120, 'Vibia-North-floor_03.jpg', 'Vibia North floor lamp', 'Vibia North floor lamp'),
(1435, 121, 'Vibia-Mayfair-floor_01.jpg', 'Vibia floor lamp', 'Vibia floor lamp'),
(1438, 121, 'Vibia-Mayfair-floor_02.jpg', 'Vibia floor lamp', 'Vibia floor lamp'),
(1441, 121, 'Vibia-Mayfair-floor_03.jpg', 'Vibia floor lamp', 'Vibia floor lamp'),
(1444, 138, 'Vibia-Palma-hanging_01.jpg', 'Vibia Palma', 'Vibia Palma'),
(1447, 138, 'Vibia-Palma-hanging_02.jpg', 'Vibia Palma', 'Vibia Palma'),
(1450, 138, 'Vibia-Palma-hanging_03.jpg', 'Vibia Palma', 'Vibia Palma'),
(1453, 139, 'Vibia-Musa-table_01.jpg', 'Vibia Musa', 'Vibia Musa'),
(1456, 139, 'Vibia-Musa-table_02.jpg', 'Vibia Musa', 'Vibia Musa'),
(1459, 139, 'Vibia-Musa-table_03.jpg', 'Vibia Musa', 'Vibia Musa'),
(1462, 141, 'Vibia-Palma-table_01.jpg', 'Vibia Palma', 'Vibia Palma'),
(1465, 141, 'Vibia-Palma-table_02.jpg', 'Vibia Palma', 'Vibia Palma'),
(1468, 141, 'Vibia-Palma-table_03.jpg', 'Vibia Palma', 'Vibia Palma'),
(1471, 146, 'Vibia-Guise_01.jpg', 'Vibia Guise', 'Vibia Guise'),
(1474, 146, 'Vibia-Guise_02.jpg', 'Vibia Guise', 'Vibia Guise'),
(1477, 146, 'Vibia-Guise_03.jpg', 'Vibia Guise', 'Vibia Guise'),
(1480, 199, 'Vibia-Duo_01.jpg', 'Vibia Duo ', 'Vibia Duo '),
(1483, 199, 'Vibia-Duo_02.jpg', 'Vibia Duo ', 'Vibia Duo '),
(1486, 199, 'Vibia-Duo_03.jpg', 'Vibia Duo ', 'Vibia Duo '),
(1489, 352, 'Vibia-Halo-Jewel_01.jpg', 'Vibia Halo Jewel', 'Vibia Halo Jewel'),
(1492, 352, 'Vibia-Halo-Jewel_02.jpg', 'Vibia Halo Jewel', 'Vibia Halo Jewel'),
(1495, 352, 'Vibia-Halo-Jewel_03.jpg', 'Vibia Halo Jewel', 'Vibia Halo Jewel'),
(1498, 352, 'Vibia-Halo-Jewel_04.jpg', 'Vibia Halo Jewel', 'Vibia Halo Jewel'),
(1499, 353, 'Terzani-Core_01.jpg', 'Terzani Core', 'Terzani Core'),
(1502, 353, 'Terzani-Core_02.jpg', 'Terzani Core', 'Terzani Core'),
(1516, 358, 'Artemide-IRUPè_01.jpg', 'Artemide IRUPè', 'Artemide IRUPè'),
(1519, 358, 'Artemide-IRUPè_02.jpg', 'Artemide IRUPè', 'Artemide IRUPè'),
(1522, 358, 'Artemide-IRUPè_03.jpg', 'Artemide IRUPè', 'Artemide IRUPè'),
(1525, 358, 'Artemide-IRUPè_04.jpg', 'Artemide IRUPè', 'Artemide IRUPè'),
(1540, 364, 'Arkoslight-ART_01.jpg', 'Arkoslight ART', 'Arkoslight ART'),
(1543, 364, 'Arkoslight-ART_02.jpg', 'Arkoslight ART', 'Arkoslight ART'),
(1546, 364, 'Arkoslight-ART_03.jpg', 'Arkoslight ART', 'Arkoslight ART'),
(1549, 364, 'Arkoslight-ART_04.jpg', 'Arkoslight ART', 'Arkoslight ART'),
(1552, 364, 'Arkoslight-ART_05.jpg', 'Arkoslight ART', 'Arkoslight ART'),
(1555, 367, 'INGO-MAURER-Looksoflat_01.jpg', 'INGO MAURER Looksoflat', 'INGO MAURER Looksoflat'),
(1558, 367, 'INGO-MAURER-Looksoflat_02.jpg', 'INGO MAURER Looksoflat', 'INGO MAURER Looksoflat'),
(1561, 370, 'Modular-Lighting-Instruments-Pupil_01.jpg', 'Modular Lighting Instruments Pupil', 'Modular Lighting Instruments Pupil'),
(1564, 370, 'Modular-Lighting-Instruments-Pupil_02.jpg', 'Modular Lighting Instruments Pupil', 'Modular Lighting Instruments Pupil'),
(1567, 370, 'Modular-Lighting-Instruments-Pupil_03.jpg', 'Modular Lighting Instruments Pupil', 'Modular Lighting Instruments Pupil'),
(1570, 370, 'Modular-Lighting-Instruments-Pupil_04.jpg', 'Modular Lighting Instruments Pupil', 'Modular Lighting Instruments Pupil'),
(1573, 370, 'Modular-Lighting-Instruments-Pupil_05.jpg', 'Modular Lighting Instruments Pupil', 'Modular Lighting Instruments Pupil'),
(1576, 373, 'Karman-AMSTERDAM_01.jpg', 'Karman AMSTERDAM', 'Karman AMSTERDAM'),
(1579, 373, 'Karman-AMSTERDAM_02.jpg', 'Karman AMSTERDAM', 'Karman AMSTERDAM'),
(1582, 373, 'Karman-AMSTERDAM_03.jpg', 'Karman AMSTERDAM', 'Karman AMSTERDAM'),
(1585, 373, 'Karman-AMSTERDAM_04.jpg', 'Karman AMSTERDAM', 'Karman AMSTERDAM'),
(1588, 376, 'Moooi-The-Plant-Chandelier_01.jpg', 'Moooi The Plant Chandelier ', 'Moooi The Plant Chandelier '),
(1591, 376, 'Moooi-The-Plant-Chandelier_02.jpg', 'Moooi The Plant Chandelier ', 'Moooi The Plant Chandelier '),
(1594, 376, 'Moooi-The-Plant-Chandelier_03.jpg', 'Moooi The Plant Chandelier ', 'Moooi The Plant Chandelier '),
(1597, 379, 'Estiluz-Revolta_01.jpg', 'Estiluz Revolta', 'Estiluz Revolta'),
(1600, 379, 'Estiluz-Revolta_02.jpg', 'Estiluz Revolta', 'Estiluz Revolta'),
(1603, 379, 'Estiluz-Revolta_03.jpg', 'Estiluz Revolta', 'Estiluz Revolta'),
(1606, 379, 'Estiluz-Revolta_04.jpg', 'Estiluz Revolta', 'Estiluz Revolta'),
(1609, 382, 'Panzeri-GONG_01.jpg', 'Panzeri GONG', 'Panzeri GONG'),
(1612, 382, 'Panzeri-GONG_02.jpg', 'Panzeri GONG', 'Panzeri GONG'),
(1615, 382, 'Panzeri-GONG_03.jpg', 'Panzeri GONG', 'Panzeri GONG'),
(1618, 382, 'Panzeri-GONG_04.jpg', 'Panzeri GONG', 'Panzeri GONG'),
(1621, 385, 'Panzeri-BELLA_01.jpg', 'Panzeri BELLA', 'Panzeri BELLA'),
(1624, 385, 'Panzeri-BELLA_02.jpg', 'Panzeri BELLA', 'Panzeri BELLA'),
(1627, 385, 'Panzeri-BELLA_03.jpg', 'Panzeri BELLA', 'Panzeri BELLA'),
(1630, 385, 'Panzeri-BELLA_04.jpg', 'Panzeri BELLA', 'Panzeri BELLA'),
(1645, 388, 'Vibia-Tube_01.jpg', 'Vibia Tube', 'Vibia Tube'),
(1648, 388, 'Vibia-Tube_02.jpg', 'Vibia Tube', 'Vibia Tube'),
(1651, 388, 'Vibia-Tube_03.jpg', 'Vibia Tube', 'Vibia Tube'),
(1654, 388, 'Vibia-Tube_04.jpg', 'Vibia Tube', 'Vibia Tube'),
(1669, 391, 'Vibia-Meridiano_01.jpg', 'Vibia Meridiano', 'Vibia Meridiano'),
(1672, 391, 'Vibia-Meridiano_02.jpg', 'Vibia Meridiano', 'Vibia Meridiano'),
(1675, 391, 'Vibia-Meridiano_03.jpg', 'Vibia Meridiano', 'Vibia Meridiano'),
(1678, 391, 'Vibia-Meridiano_04.jpg', 'Vibia Meridiano', 'Vibia Meridiano'),
(1691, 395, 'Trilux-BICULT-LED_01.jpg', 'Trilux BICULT LED', 'Trilux BICULT LED'),
(1692, 395, 'Trilux-BICULT-LED_02.jpg', 'Trilux BICULT LED', 'Trilux BICULT LED'),
(1693, 395, 'Trilux-BICULT-LED_03.jpg', 'Trilux BICULT LED', 'Trilux BICULT LED'),
(1694, 395, 'Trilux-BICULT-LED_04.jpg', 'Trilux BICULT LED', 'Trilux BICULT LED'),
(1699, 397, 'Catellani-and-Smith-Alchemie-T_01.jpg', 'Catellani & Smith Alchemie T', 'Catellani & Smith Alchemie T'),
(1700, 397, 'Catellani-and-Smith-Alchemie-T_02.jpg', 'Catellani & Smith Alchemie T', 'Catellani & Smith Alchemie T'),
(1701, 397, 'Catellani-and-Smith-Alchemie-T_03.jpg', 'Catellani & Smith Alchemie T', 'Catellani & Smith Alchemie T'),
(1709, 399, 'Oluce-Otto-329_01.jpg', 'Oluce Otto - 329', 'Oluce Otto - 329'),
(1710, 399, 'Oluce-Otto-329_02.jpg', 'Oluce Otto - 329', 'Oluce Otto - 329'),
(1711, 399, 'Oluce-Otto-329_03.jpg', 'Oluce Otto - 329', 'Oluce Otto - 329'),
(1712, 399, 'Oluce-Otto-329_04.jpg', 'Oluce Otto - 329', 'Oluce Otto - 329'),
(1713, 400, 'Aldo-Bernardi-LUSTRINI_01.jpg', 'Aldo Bernardi LUSTRINI ', 'Aldo Bernardi LUSTRINI '),
(1714, 400, 'Aldo-Bernardi-LUSTRINI_02.jpg', 'Aldo Bernardi LUSTRINI ', 'Aldo Bernardi LUSTRINI '),
(1715, 400, 'Aldo-Bernardi-LUSTRINI_03.jpg', 'Aldo Bernardi LUSTRINI ', 'Aldo Bernardi LUSTRINI '),
(1716, 400, 'Aldo-Bernardi-LUSTRINI_04.jpg', 'Aldo Bernardi LUSTRINI ', 'Aldo Bernardi LUSTRINI '),
(1717, 400, 'Aldo-Bernardi-LUSTRINI_05.jpg', 'Aldo Bernardi LUSTRINI ', 'Aldo Bernardi LUSTRINI '),
(1718, 401, 'ALMA-Light-ThePalm_01.jpg', 'ALMA Light ThePalm', 'ALMA Light ThePalm'),
(1719, 401, 'ALMA-Light-ThePalm_02.jpg', 'ALMA Light ThePalm', 'ALMA Light ThePalm'),
(1720, 401, 'ALMA-Light-ThePalm_03.jpg', 'ALMA Light ThePalm', 'ALMA Light ThePalm'),
(1721, 401, 'ALMA-Light-ThePalm_04.jpg', 'ALMA Light ThePalm', 'ALMA Light ThePalm'),
(1722, 401, 'ALMA-Light-ThePalm_05.jpg', 'ALMA Light ThePalm', 'ALMA Light ThePalm'),
(1728, 402, 'ALMA-Light-Tribeca_01.jpg', 'ALMA Light Light', 'ALMA Light Light'),
(1729, 402, 'ALMA-Light-Tribeca_02.jpg', 'ALMA Light Light', 'ALMA Light Light'),
(1730, 402, 'ALMA-Light-Tribeca_03.jpg', 'ALMA Light Light', 'ALMA Light Light'),
(1731, 402, 'ALMA-Light-Tribeca_04.jpg', 'ALMA Light Light', 'ALMA Light Light'),
(1732, 403, 'ALMA-Light-Patio_01.jpg', 'ALMA Light Patio', 'ALMA Light Patio'),
(1733, 403, 'ALMA-Light-Patio_02.jpg', 'ALMA Light Patio', 'ALMA Light Patio'),
(1734, 403, 'ALMA-Light-Patio_03.jpg', 'ALMA Light Patio', 'ALMA Light Patio'),
(1735, 403, 'ALMA-Light-Patio_04.jpg', 'ALMA Light Patio', 'ALMA Light Patio'),
(1736, 403, 'ALMA-Light-Patio_05.jpg', 'ALMA Light Patio', 'ALMA Light Patio'),
(1737, 404, 'ALMA-Light-Soft_01.jpg', 'ALMA Light Soft', 'ALMA Light Soft'),
(1738, 404, 'ALMA-Light-Soft_02.jpg', 'ALMA Light Soft', 'ALMA Light Soft'),
(1739, 404, 'ALMA-Light-Soft_03.jpg', 'ALMA Light Soft', 'ALMA Light Soft'),
(1740, 404, 'ALMA-Light-Soft_04.jpg', 'ALMA Light Soft', 'ALMA Light Soft'),
(1741, 404, 'ALMA-Light-Soft_05.jpg', 'ALMA Light Soft', 'ALMA Light Soft'),
(1742, 405, 'Luminis-LUMIQUAD_01.jpg', 'Luminis LUMIQUAD ', 'Luminis LUMIQUAD '),
(1743, 405, 'Luminis-LUMIQUAD_02.jpg', 'Luminis LUMIQUAD ', 'Luminis LUMIQUAD '),
(1744, 405, 'Luminis-LUMIQUAD_03.jpg', 'Luminis LUMIQUAD ', 'Luminis LUMIQUAD '),
(1745, 405, 'Luminis-LUMIQUAD_04.jpg', 'Luminis LUMIQUAD ', 'Luminis LUMIQUAD '),
(1746, 406, 'Eureka-LILY_01.jpg', 'Eureka LILY CEILING SUSPENDED', 'Eureka LILY CEILING SUSPENDED'),
(1747, 406, 'Eureka-LILY_02.jpg', 'Eureka LILY CEILING SUSPENDED', 'Eureka LILY CEILING SUSPENDED'),
(1748, 406, 'Eureka-LILY_03.jpg', 'Eureka LILY CEILING SUSPENDED', 'Eureka LILY CEILING SUSPENDED'),
(1749, 406, 'Eureka-LILY_04.jpg', 'Eureka LILY CEILING SUSPENDED', 'Eureka LILY CEILING SUSPENDED'),
(1754, 408, 'Pallucco-Microtelescopic_01.jpg', 'Pallucco Microtelescopic', 'Pallucco Microtelescopic'),
(1755, 408, 'Pallucco-Microtelescopic_02.jpg', 'Pallucco Microtelescopic', 'Pallucco Microtelescopic'),
(1756, 408, 'Pallucco-Microtelescopic_03.jpg', 'Pallucco Microtelescopic', 'Pallucco Microtelescopic'),
(1757, 408, 'Pallucco-Microtelescopic_04.gif', 'Pallucco Microtelescopic', 'Pallucco Microtelescopic'),
(1758, 407, 'Pallucco-Tangent_01.jpg', 'Pallucco Tangent', 'Pallucco Tangent'),
(1759, 407, 'Pallucco-Tangent_02.jpg', 'Pallucco Tangent', 'Pallucco Tangent'),
(1760, 407, 'Pallucco-Tangent_03.jpg', 'Pallucco Tangent', 'Pallucco Tangent'),
(1761, 407, 'Pallucco-Tangent_04.gif', 'Pallucco Tangent', 'Pallucco Tangent'),
(1762, 409, 'Pallucco-Calla_01.jpg', 'Pallucco Calla', 'Pallucco Calla'),
(1763, 409, 'Pallucco-Calla_02.jpg', 'Pallucco Calla', 'Pallucco Calla'),
(1764, 409, 'Pallucco-Calla_03.jpg', 'Pallucco Calla', 'Pallucco Calla'),
(1765, 410, 'Pallucco-Totem_01.jpg', 'Pallucco Totem', 'Pallucco Totem'),
(1766, 410, 'Pallucco-Totem_02.jpg', 'Pallucco Totem', 'Pallucco Totem'),
(1767, 410, 'Pallucco-Totem_03.jpg', 'Pallucco Totem', 'Pallucco Totem'),
(1768, 410, 'Pallucco-Totem_04.jpg', 'Pallucco Totem', 'Pallucco Totem'),
(1769, 411, 'Viabizzuno-Microsolo_01.jpg', 'Viabizzuno Microsolo', 'Viabizzuno Microsolo'),
(1770, 411, 'Viabizzuno-Microsolo_02.jpg', 'Viabizzuno Microsolo', 'Viabizzuno Microsolo'),
(1771, 411, 'Viabizzuno-Microsolo_03.jpg', 'Viabizzuno Microsolo', 'Viabizzuno Microsolo'),
(1772, 411, 'Viabizzuno-Microsolo_04.jpg', 'Viabizzuno Microsolo', 'Viabizzuno Microsolo'),
(1773, 412, 'Bocci-38V_01.jpg', 'Bocci 38V', 'Bocci 38V'),
(1774, 412, 'Bocci-38V_02.jpg', 'Bocci 38V', 'Bocci 38V'),
(1775, 412, 'Bocci-38V_03.jpg', 'Bocci 38V', 'Bocci 38V'),
(1776, 413, 'Terzani-Abacus_01.jpg', 'Terzani Abacus', 'Terzani Abacus'),
(1777, 413, 'Terzani-Abacus_02.jpg', 'Terzani Abacus', 'Terzani Abacus'),
(1778, 413, 'Terzani-Abacus_03.jpg', 'Terzani Abacus', 'Terzani Abacus'),
(1779, 413, 'Terzani-Abacus_04.jpg', 'Terzani Abacus', 'Terzani Abacus'),
(1780, 414, 'Terzani-Pug_01.jpg', 'Terzani Pug', 'Terzani Pug'),
(1781, 414, 'Terzani-Pug_02.jpg', 'Terzani Pug', 'Terzani Pug'),
(1782, 414, 'Terzani-Pug_03.jpg', 'Terzani Pug', 'Terzani Pug'),
(1783, 414, 'Terzani-Pug_04.jpg', 'Terzani Pug', 'Terzani Pug'),
(1784, 415, 'LZF-LOLA_01.jpg', 'LZF LOLA', 'LZF LOLA'),
(1785, 415, 'LZF-LOLA_02.jpg', 'LZF LOLA', 'LZF LOLA'),
(1786, 415, 'LZF-LOLA_03.jpg', 'LZF LOLA', 'LZF LOLA'),
(1787, 415, 'LZF-LOLA_04.jpg', 'LZF LOLA', 'LZF LOLA'),
(1788, 415, 'LZF-LOLA_05.jpg', 'LZF LOLA', 'LZF LOLA'),
(1797, 417, 'iGuzzini-Drop-by-Drop_01.jpg', 'iGuzzini Drop by Drop', 'iGuzzini Drop by Drop'),
(1798, 417, 'iGuzzini-Drop-by-Drop_02.jpg', 'iGuzzini Drop by Drop', 'iGuzzini Drop by Drop'),
(1799, 417, 'iGuzzini-Drop-by-Drop_03.jpg', 'iGuzzini Drop by Drop', 'iGuzzini Drop by Drop'),
(1800, 417, 'iGuzzini-Drop-by-Drop_04.jpg', 'iGuzzini Drop by Drop', 'iGuzzini Drop by Drop'),
(1801, 417, 'iGuzzini-Drop-by-Drop_05.jpg', 'iGuzzini Drop by Drop', 'iGuzzini Drop by Drop'),
(1810, 421, 'Lumascape-Faisca-F3_01.jpg', 'Lumascape Faisca F3', 'Lumascape Faisca F3'),
(1811, 421, 'Lumascape-Faisca-F3_02.jpg', 'Lumascape Faisca F3', 'Lumascape Faisca F3'),
(1812, 421, 'Lumascape-Faisca-F3_03.jpg', 'Lumascape Faisca F3', 'Lumascape Faisca F3'),
(1813, 422, 'Modular-Lighting-Instruments-Semih-61_01.jpg', 'Modular Lighting Instruments Semih 61', 'Modular Lighting Instruments Semih 61'),
(1814, 422, 'Modular-Lighting-Instruments-Semih-61_02.jpg', 'Modular Lighting Instruments Semih 61', 'Modular Lighting Instruments Semih 61'),
(1815, 422, 'Modular-Lighting-Instruments-Semih-61_03.jpg', 'Modular Lighting Instruments Semih 61', 'Modular Lighting Instruments Semih 61'),
(1816, 422, 'Modular-Lighting-Instruments-Semih-61_04.jpg', 'Modular Lighting Instruments Semih 61', 'Modular Lighting Instruments Semih 61'),
(1817, 422, 'Modular-Lighting-Instruments-Semih-61_05.jpg', 'Modular Lighting Instruments Semih 61', 'Modular Lighting Instruments Semih 61'),
(1818, 424, 'Artemide-Tolomeo-Outdoor_01.jpg', 'Artemide Tolomeo Paralume Outdoor', 'Artemide Tolomeo Paralume Outdoor'),
(1819, 424, 'Artemide-Tolomeo-Outdoor_02.jpg', 'Artemide Tolomeo Paralume Outdoor', 'Artemide Tolomeo Paralume Outdoor'),
(1820, 424, 'Artemide-Tolomeo-Outdoor_03.jpg', 'Artemide Tolomeo Paralume Outdoor', 'Artemide Tolomeo Paralume Outdoor'),
(1821, 424, 'Artemide-Tolomeo-Outdoor_04.jpg', 'Artemide Tolomeo Paralume Outdoor', 'Artemide Tolomeo Paralume Outdoor'),
(1822, 424, 'Artemide-Tolomeo-Outdoor_05.jpg', 'Artemide Tolomeo Paralume Outdoor', 'Artemide Tolomeo Paralume Outdoor'),
(1823, 425, 'Buschfeld-Ninety-Five_01.jpg', 'Buschfeld Ninety-Five', 'Buschfeld Ninety-Five'),
(1824, 425, 'Buschfeld-Ninety-Five_02.jpg', 'Buschfeld Ninety-Five', 'Buschfeld Ninety-Five'),
(1825, 425, 'Buschfeld-Ninety-Five_03.jpg', 'Buschfeld Ninety-Five', 'Buschfeld Ninety-Five'),
(1826, 425, 'Buschfeld-Ninety-Five_04.jpg', 'Buschfeld Ninety-Five', 'Buschfeld Ninety-Five'),
(1827, 426, 'FAGERHULT-SKYWALKER_01.jpg', 'FAGERHULT SKYWALKER', 'FAGERHULT SKYWALKER'),
(1828, 426, 'FAGERHULT-SKYWALKER_02.gif', 'FAGERHULT SKYWALKER', 'FAGERHULT SKYWALKER'),
(1829, 426, 'FAGERHULT-SKYWALKER_03.jpg', 'FAGERHULT SKYWALKER', 'FAGERHULT SKYWALKER'),
(1830, 426, 'FAGERHULT-SKYWALKER_04.jpg', 'FAGERHULT SKYWALKER', 'FAGERHULT SKYWALKER'),
(1831, 426, 'FAGERHULT-SKYWALKER_05.jpg', 'FAGERHULT SKYWALKER', 'FAGERHULT SKYWALKER'),
(1845, 432, 'Cyclone-Trika-Family_01.jpg', 'Cyclone Trika Family', 'Cyclone Trika Family'),
(1846, 432, 'Cyclone-Trika-Family_02.jpg', 'Cyclone Trika Family', 'Cyclone Trika Family'),
(1847, 432, 'Cyclone-Trika-Family_03.jpg', 'Cyclone Trika Family', 'Cyclone Trika Family'),
(1848, 432, 'Cyclone-Trika-Family_04.jpg', 'Cyclone Trika Family', 'Cyclone Trika Family'),
(1849, 432, 'Cyclone-Trika-Family_05.jpg', 'Cyclone Trika Family', 'Cyclone Trika Family'),
(1850, 433, 'Designheure-KIMONO_01.jpg', 'Designheure KIMONO collection', 'Designheure KIMONO collection'),
(1851, 433, 'Designheure-KIMONO_02.jpg', 'Designheure KIMONO collection', 'Designheure KIMONO collection'),
(1852, 433, 'Designheure-KIMONO_03.jpg', 'Designheure KIMONO collection', 'Designheure KIMONO collection'),
(1853, 433, 'Designheure-KIMONO_04.jpg', 'Designheure KIMONO collection', 'Designheure KIMONO collection'),
(1854, 434, 'LZF-LENS_01.jpg', 'LZF LENS ', 'LZF LENS '),
(1855, 434, 'LZF-LENS_02.jpg', 'LZF LENS ', 'LZF LENS '),
(1856, 434, 'LZF-LENS_03.jpg', 'LZF LENS ', 'LZF LENS '),
(1857, 434, 'LZF-LENS_04.jpg', 'LZF LENS ', 'LZF LENS '),
(1858, 434, 'LZF-LENS_05.jpg', 'LZF LENS ', 'LZF LENS '),
(1861, 436, 'Targetti-MR-BO_01.jpg', 'Targetti MR. BO', 'Targetti MR. BO'),
(1862, 436, 'Targetti-MR-BO_02.jpg', 'Targetti MR. BO', 'Targetti MR. BO'),
(1863, 436, 'Targetti-MR-BO_03.jpg', 'Targetti MR. BO', 'Targetti MR. BO'),
(1872, 437, 'Eureka-ECHO_01.jpg', 'Eureka ECHO', 'Eureka ECHO'),
(1873, 437, 'Eureka-ECHO_02.jpg', 'Eureka ECHO', 'Eureka ECHO'),
(1874, 437, 'Eureka-ECHO_03.jpg', 'Eureka ECHO', 'Eureka ECHO'),
(1875, 437, 'Eureka-ECHO_04.jpg', 'Eureka ECHO', 'Eureka ECHO'),
(1876, 438, 'Mawa-Design-wi4-ab-1ov-d2w_01.jpg', 'Mawa Design wi4-ab-1ov-d2w', 'Mawa Design wi4-ab-1ov-d2w'),
(1877, 438, 'Mawa-Design-wi4-ab-1ov-d2w_02.jpg', 'Mawa Design wi4-ab-1ov-d2w', 'Mawa Design wi4-ab-1ov-d2w'),
(1878, 438, 'Mawa-Design-wi4-ab-1ov-d2w_03.jpg', 'Mawa Design wi4-ab-1ov-d2w', 'Mawa Design wi4-ab-1ov-d2w'),
(1879, 438, 'Mawa-Design-wi4-ab-1ov-d2w_04.jpg', 'Mawa Design wi4-ab-1ov-d2w', 'Mawa Design wi4-ab-1ov-d2w'),
(1883, 440, 'Panzeri-ZIG-ZAG_01.jpg', 'Panzeri ZIG ZAG', 'Panzeri ZIG ZAG'),
(1884, 440, 'Panzeri-ZIG-ZAG_02.jpg', 'Panzeri ZIG ZAG', 'Panzeri ZIG ZAG'),
(1885, 441, 'Panzeri-FIREFLY-IN-THE-SKY_01.jpg', 'Panzeri FIREFLY IN THE SKY', 'Panzeri FIREFLY IN THE SKY'),
(1886, 441, 'Panzeri-FIREFLY-IN-THE-SKY_02.jpg', 'Panzeri FIREFLY IN THE SKY', 'Panzeri FIREFLY IN THE SKY'),
(1887, 441, 'Panzeri-FIREFLY-IN-THE-SKY_03.jpg', 'Panzeri FIREFLY IN THE SKY', 'Panzeri FIREFLY IN THE SKY'),
(1888, 441, 'Panzeri-FIREFLY-IN-THE-SKY_04.jpg', 'Panzeri FIREFLY IN THE SKY', 'Panzeri FIREFLY IN THE SKY'),
(1889, 441, 'Panzeri-FIREFLY-IN-THE-SKY_05.jpg', 'Panzeri FIREFLY IN THE SKY', 'Panzeri FIREFLY IN THE SKY'),
(1890, 442, 'Insight-Lighting-Space_01.jpg', 'Insight Lighting Space ', 'Insight Lighting Space '),
(1891, 442, 'Insight-Lighting-Space_02.jpg', 'Insight Lighting Space ', 'Insight Lighting Space '),
(1892, 442, 'Insight-Lighting-Space_03.jpg', 'Insight Lighting Space ', 'Insight Lighting Space '),
(1893, 443, 'TUNTO-Lighting-Swan-Wing_01.jpg', 'TUNTO Lighting Swan Wing', 'TUNTO Lighting Swan Wing'),
(1894, 443, 'TUNTO-Lighting-Swan-Wing_02.jpg', 'TUNTO Lighting Swan Wing', 'TUNTO Lighting Swan Wing'),
(1895, 443, 'TUNTO-Lighting-Swan-Wing_03.jpg', 'TUNTO Lighting Swan Wing', 'TUNTO Lighting Swan Wing'),
(1896, 443, 'TUNTO-Lighting-Swan-Wing_04.jpg', 'TUNTO Lighting Swan Wing', 'TUNTO Lighting Swan Wing'),
(1897, 444, 'TUNTO-Lighting-TREE-Office-Station_01.jpg', 'TUNTO Lighting TREE Office Station', 'TUNTO Lighting TREE Office Station'),
(1898, 444, 'TUNTO-Lighting-TREE-Office-Station_02.jpg', 'TUNTO Lighting TREE Office Station', 'TUNTO Lighting TREE Office Station'),
(1899, 444, 'TUNTO-Lighting-TREE-Office-Station_03.jpg', 'TUNTO Lighting TREE Office Station', 'TUNTO Lighting TREE Office Station'),
(1900, 444, 'TUNTO-Lighting-TREE-Office-Station_04.jpg', 'TUNTO Lighting TREE Office Station', 'TUNTO Lighting TREE Office Station'),
(1901, 445, 'Martinelli-Luce-PONT_01.jpg', 'Martinelli Luce PONT', 'Martinelli Luce PONT'),
(1902, 445, 'Martinelli-Luce-PONT_02.jpg', 'Martinelli Luce PONT', 'Martinelli Luce PONT'),
(1903, 445, 'Martinelli-Luce-PONT_03.jpg', 'Martinelli Luce PONT', 'Martinelli Luce PONT'),
(1904, 445, 'Martinelli-Luce-PONT_04.jpg', 'Martinelli Luce PONT', 'Martinelli Luce PONT'),
(1905, 446, 'Vibia-Wind_01.jpg', 'Vibia Wind ', 'Vibia Wind '),
(1906, 446, 'Vibia-Wind_02.jpg', 'Vibia Wind ', 'Vibia Wind '),
(1907, 446, 'Vibia-Wind_03.jpg', 'Vibia Wind ', 'Vibia Wind '),
(1908, 446, 'Vibia-Wind_04.jpg', 'Vibia Wind ', 'Vibia Wind '),
(1909, 446, 'Vibia-Wind_05.jpg', 'Vibia Wind ', 'Vibia Wind '),
(1947, 451, 'Artemide-SERIES-Y_01.jpg', 'Artemide SERIES Y', 'Artemide SERIES Y'),
(1948, 451, 'Artemide-SERIES-Y_02.jpg', 'Artemide SERIES Y', 'Artemide SERIES Y'),
(1949, 451, 'Artemide-SERIES-Y_03.jpg', 'Artemide SERIES Y', 'Artemide SERIES Y'),
(1950, 451, 'Artemide-SERIES-Y_04.jpg', 'Artemide SERIES Y', 'Artemide SERIES Y'),
(1951, 451, 'Artemide-SERIES-Y_05.jpg', 'Artemide SERIES Y', 'Artemide SERIES Y'),
(1952, 452, 'NEMO-KEPLER-MINOR_01.jpg', 'NEMO KEPLER MINOR', 'NEMO KEPLER MINOR'),
(1953, 452, 'NEMO-KEPLER-MINOR_02.jpg', 'NEMO KEPLER MINOR', 'NEMO KEPLER MINOR'),
(1954, 452, 'NEMO-KEPLER-MINOR_03.jpg', 'NEMO KEPLER MINOR', 'NEMO KEPLER MINOR'),
(1955, 453, 'NEMO-BIRD_01.jpg', 'NEMO BIRD', 'NEMO BIRD'),
(1956, 454, 'DGA-NOTA-R_01.jpg', 'DGA NOTA R', 'DGA NOTA R'),
(1957, 454, 'DGA-NOTA-R_02.jpg', 'DGA NOTA R', 'DGA NOTA R'),
(1958, 454, 'DGA-NOTA-R_03.jpg', 'DGA NOTA R', 'DGA NOTA R'),
(1959, 454, 'DGA-NOTA-R_04.jpg', 'DGA NOTA R', 'DGA NOTA R'),
(1960, 455, 'DGA-KUMI-IP67_01.jpg', 'DGA KUMI IP67', 'DGA KUMI IP67'),
(1961, 455, 'DGA-KUMI-IP67_02.jpg', 'DGA KUMI IP67', 'DGA KUMI IP67'),
(1962, 455, 'DGA-KUMI-IP67_03.jpg', 'DGA KUMI IP67', 'DGA KUMI IP67'),
(1963, 455, 'DGA-KUMI-IP67_04.jpg', 'DGA KUMI IP67', 'DGA KUMI IP67'),
(1964, 455, 'DGA-KUMI-IP67_05.jpg', 'DGA KUMI IP67', 'DGA KUMI IP67'),
(1968, 457, 'TAL-KALEBAS-BLACK_01.jpg', 'TAL KALEBAS BLACK', 'TAL KALEBAS BLACK'),
(1969, 457, 'TAL-KALEBAS-BLACK_02.jpg', 'TAL KALEBAS BLACK', 'TAL KALEBAS BLACK'),
(1970, 457, 'TAL-KALEBAS-BLACK_03.jpg', 'TAL KALEBAS BLACK', 'TAL KALEBAS BLACK'),
(1971, 457, 'TAL-KALEBAS-BLACK_04.jpg', 'TAL KALEBAS BLACK', 'TAL KALEBAS BLACK'),
(1977, 458, 'TAL-BLOX-UP-DOWN_01.jpg', 'TAL BLOX UP DOWN', 'TAL BLOX UP DOWN'),
(1978, 458, 'TAL-BLOX-UP-DOWN_02.jpg', 'TAL BLOX UP DOWN', 'TAL BLOX UP DOWN'),
(1979, 458, 'TAL-BLOX-UP-DOWN_03.jpg', 'TAL BLOX UP DOWN', 'TAL BLOX UP DOWN'),
(1980, 458, 'TAL-BLOX-UP-DOWN_04.jpg', 'TAL BLOX UP DOWN', 'TAL BLOX UP DOWN'),
(1981, 458, 'TAL-BLOX-UP-DOWN_05.jpg', 'TAL BLOX UP DOWN', 'TAL BLOX UP DOWN'),
(1987, 460, 'Bover-Mod-Collection_01.jpg', 'Bover Mod Collection ', 'Bover Mod Collection '),
(1988, 460, 'Bover-Mod-Collection_02.jpg', 'Bover Mod Collection ', 'Bover Mod Collection '),
(1989, 460, 'Bover-Mod-Collection_03.jpg', 'Bover Mod Collection ', 'Bover Mod Collection '),
(1990, 460, 'Bover-Mod-Collection_04.jpg', 'Bover Mod Collection ', 'Bover Mod Collection '),
(1991, 460, 'Bover-Mod-Collection_05.jpg', 'Bover Mod Collection ', 'Bover Mod Collection '),
(1992, 459, 'Bover-Domita_01.jpg', 'Bover Domita', 'Bover Domita'),
(1993, 459, 'Bover-Domita_02.jpg', 'Bover Domita', 'Bover Domita'),
(1994, 459, 'Bover-Domita_03.jpg', 'Bover Domita', 'Bover Domita'),
(1995, 459, 'Bover-Domita_04.jpg', 'Bover Domita', 'Bover Domita'),
(1996, 459, 'Bover-Domita_05.jpg', 'Bover Domita', 'Bover Domita'),
(1997, 461, 'Bover-Amphora-Collection_01.jpg', 'Bover Amphora Collection', 'Bover Amphora Collection'),
(1998, 461, 'Bover-Amphora-Collection_02.jpg', 'Bover Amphora Collection', 'Bover Amphora Collection'),
(1999, 461, 'Bover-Amphora-Collection_03.jpg', 'Bover Amphora Collection', 'Bover Amphora Collection'),
(2000, 461, 'Bover-Amphora-Collection_04.jpg', 'Bover Amphora Collection', 'Bover Amphora Collection'),
(2001, 462, 'Exenia-R2-48_01.jpg', 'Exenia R2 48', 'Exenia R2 48'),
(2002, 462, 'Exenia-R2-48_02.jpg', 'Exenia R2 48', 'Exenia R2 48'),
(2003, 463, 'Exenia-ROCK_01.jpg', 'Exenia ROCK Outdoor', 'Exenia ROCK Outdoor'),
(2004, 463, 'Exenia-ROCK_02.jpg', 'Exenia ROCK Outdoor', 'Exenia ROCK Outdoor'),
(2005, 463, 'Exenia-ROCK_03.jpg', 'Exenia ROCK Outdoor', 'Exenia ROCK Outdoor'),
(2010, 465, 'Terzani-Moiré_01.jpg', 'Terzani Moiré', 'Terzani Moiré'),
(2011, 465, 'Terzani-Moiré_02.jpg', 'Terzani Moiré', 'Terzani Moiré'),
(2012, 465, 'Terzani-Moiré_03.jpg', 'Terzani Moiré', 'Terzani Moiré'),
(2013, 465, 'Terzani-Moiré_04.jpg', 'Terzani Moiré', 'Terzani Moiré'),
(2014, 465, 'Terzani-Moiré_05.jpg', 'Terzani Moiré', 'Terzani Moiré'),
(2015, 466, 'Terzani-Gaia_01.jpg', 'Terzani Gaia', 'Terzani Gaia'),
(2016, 466, 'Terzani-Gaia_02.jpg', 'Terzani Gaia', 'Terzani Gaia'),
(2017, 466, 'Terzani-Gaia_03.jpg', 'Terzani Gaia', 'Terzani Gaia'),
(2018, 467, 'Studio-Italia-Design-Puzzle-Mega_01.jpg', 'Studio Italia Design Puzzle Mega', 'Studio Italia Design Puzzle Mega'),
(2019, 467, 'Studio-Italia-Design-Puzzle-Mega_02.gif', 'Studio Italia Design Puzzle Mega', 'Studio Italia Design Puzzle Mega'),
(2020, 467, 'Studio-Italia-Design-Puzzle-Mega_03.jpg', 'Studio Italia Design Puzzle Mega', 'Studio Italia Design Puzzle Mega'),
(2021, 467, 'Studio-Italia-Design-Puzzle-Mega_04.jpg', 'Studio Italia Design Puzzle Mega', 'Studio Italia Design Puzzle Mega'),
(2022, 467, 'Studio-Italia-Design-Puzzle-Mega_05.jpg', 'Studio Italia Design Puzzle Mega', 'Studio Italia Design Puzzle Mega'),
(2027, 469, 'Intra-Lighting-Biba-Gold-and-Bronze-Coated_01.jpg', 'Intra Lighting Biba Gold & Bronze Coated', 'Intra Lighting Biba Gold & Bronze Coated'),
(2028, 469, 'Intra-Lighting-Biba-Gold-and-Bronze-Coated_02.jpg', 'Intra Lighting Biba Gold & Bronze Coated', 'Intra Lighting Biba Gold & Bronze Coated'),
(2029, 469, 'Intra-Lighting-Biba-Gold-and-Bronze-Coated_03.jpg', 'Intra Lighting Biba Gold & Bronze Coated', 'Intra Lighting Biba Gold & Bronze Coated'),
(2030, 469, 'Intra-Lighting-Biba-Gold-and-Bronze-Coated_04.jpg', 'Intra Lighting Biba Gold & Bronze Coated', 'Intra Lighting Biba Gold & Bronze Coated'),
(2036, 471, 'LZF-MINI-CHOU_01.jpg', 'LZF MINI CHOU', 'LZF MINI CHOU'),
(2037, 471, 'LZF-MINI-CHOU_02.jpg', 'LZF MINI CHOU', 'LZF MINI CHOU'),
(2038, 471, 'LZF-MINI-CHOU_03.jpg', 'LZF MINI CHOU', 'LZF MINI CHOU'),
(2039, 471, 'LZF-MINI-CHOU_04.jpg', 'LZF MINI CHOU', 'LZF MINI CHOU'),
(2040, 471, 'LZF-MINI-CHOU_05.jpg', 'LZF MINI CHOU', 'LZF MINI CHOU'),
(2041, 472, 'Martinelli-Luce-2080-colibrì_01.jpg', 'Martinelli Luce 2080 colibrì ', 'Martinelli Luce 2080 colibrì '),
(2042, 472, 'Martinelli-Luce-2080-colibrì_02.jpg', 'Martinelli Luce 2080 colibrì ', 'Martinelli Luce 2080 colibrì '),
(2043, 472, 'Martinelli-Luce-2080-colibrì_03.jpg', 'Martinelli Luce 2080 colibrì ', 'Martinelli Luce 2080 colibrì '),
(2044, 472, 'Martinelli-Luce-2080-colibrì_04.jpg', 'Martinelli Luce 2080 colibrì ', 'Martinelli Luce 2080 colibrì '),
(2045, 472, 'Martinelli-Luce-2080-colibrì_05.jpg', 'Martinelli Luce 2080 colibrì ', 'Martinelli Luce 2080 colibrì '),
(2046, 473, 'Studio-Italia-Design-Puzzle-Outdoor_01.jpg', 'Studio Italia Design Puzzle Outdoor', 'Studio Italia Design Puzzle Outdoor'),
(2047, 473, 'Studio-Italia-Design-Puzzle-Outdoor_02.jpg', 'Studio Italia Design Puzzle Outdoor', 'Studio Italia Design Puzzle Outdoor'),
(2048, 473, 'Studio-Italia-Design-Puzzle-Outdoor_03.jpg', 'Studio Italia Design Puzzle Outdoor', 'Studio Italia Design Puzzle Outdoor'),
(2049, 473, 'Studio-Italia-Design-Puzzle-Outdoor_04.jpg', 'Studio Italia Design Puzzle Outdoor', 'Studio Italia Design Puzzle Outdoor'),
(2050, 473, 'Studio-Italia-Design-Puzzle-Outdoor_05.jpg', 'Studio Italia Design Puzzle Outdoor', 'Studio Italia Design Puzzle Outdoor'),
(2055, 47, 'Bega-Limburg-LED-pendant_01.jpg', 'Bega Limburg LED pendant for large rooms', 'Bega Limburg LED pendant for large rooms'),
(2056, 47, 'Bega-Limburg-LED-pendant_02.jpg', 'Bega Limburg LED pendant for large rooms', 'Bega Limburg LED pendant for large rooms'),
(2057, 47, 'Bega-Limburg-LED-pendant_03.jpg', 'Bega Limburg LED pendant for large rooms', 'Bega Limburg LED pendant for large rooms'),
(2058, 47, 'Bega-Limburg-LED-pendant_04.jpg', 'Bega Limburg LED pendant for large rooms', 'Bega Limburg LED pendant for large rooms'),
(2059, 48, 'Bega-Plug-and-Play-LED-garden-floodlights_01.jpg', 'Bega Plug & Play LED garden floodlights', 'Bega Plug & Play LED garden floodlights'),
(2060, 48, 'Bega-Plug-and-Play-LED-garden-floodlights_02.jpg', 'Bega Plug & Play LED garden floodlights', 'Bega Plug & Play LED garden floodlights'),
(2061, 73, 'Bega-Limburg-STUDIO-LINE-pendant_01.jpg', 'Bega Limburg STUDIO LINE', 'Bega Limburg STUDIO LINE'),
(2062, 74, 'Bega-Limburg-STUDIO-LINE-square_01.jpg', 'Bega Limburg STUDIO LINE Square', 'Bega Limburg STUDIO LINE Square'),
(2063, 394, 'BEGA-STUDIO-LINE_01.jpg', 'BEGA STUDIO LINE', 'BEGA STUDIO LINE'),
(2064, 394, 'BEGA-STUDIO-LINE_02.jpg', 'BEGA STUDIO LINE', 'BEGA STUDIO LINE'),
(2065, 394, 'BEGA-STUDIO-LINE_03.jpg', 'BEGA STUDIO LINE', 'BEGA STUDIO LINE'),
(2066, 394, 'BEGA-STUDIO-LINE_04.jpg', 'BEGA STUDIO LINE', 'BEGA STUDIO LINE'),
(2067, 9, 'Arbor_Post_Top.jpg', 'Arbor Post Top', ''),
(2068, 9, 'Arbor_Post_Top_Twin.jpg', 'Arbor Post Top Twin', ''),
(2069, 13, 'fluxwerx_fold.jpg', 'Fluxwerx Fold', 'Fluxwerx Fold'),
(2070, 25, 'halla_bent.jpg', 'BENT', 'BENT'),
(2071, 355, 'Color-Kinetics-FlexElite_01.jpg', 'Color Kinetics FlexElite', 'Color Kinetics FlexElite'),
(2072, 355, 'Color-Kinetics-FlexElite_02.jpg', 'Color Kinetics FlexElite', 'Color Kinetics FlexElite'),
(2073, 355, 'Color-Kinetics-FlexElite_03.jpg', 'Color Kinetics FlexElite', 'Color Kinetics FlexElite'),
(2074, 355, 'Color-Kinetics-FlexElite_04.jpg', 'Color Kinetics FlexElite', 'Color Kinetics FlexElite'),
(2075, 77, 'Louis-Poulsen-RIPLS_01.jpg', 'Louis Poulsen RIPLS', 'Louis Poulsen RIPLS'),
(2076, 77, 'Louis-Poulsen-RIPLS_02.jpg', 'Louis Poulsen RIPLS', 'Louis Poulsen RIPLS'),
(2077, 205, 'Louis-Poulsen-Homann-Park_01.jpg', 'Louis Poulsen Homann Park', 'Louis Poulsen Homann Park'),
(2078, 205, 'Louis-Poulsen-Homann-Park_02.jpg', 'Louis Poulsen Homann Park', 'Louis Poulsen Homann Park'),
(2079, 205, 'Louis-Poulsen-Homann-Park_03.jpg', 'Louis Poulsen Homann Park', 'Louis Poulsen Homann Park'),
(2080, 211, 'Louis-Poulsen-Patera_01.jpg', 'Louis Poulsen Patera', 'Louis Poulsen Patera'),
(2081, 211, 'Louis-Poulsen-Patera_02.jpg', 'Louis Poulsen Patera', 'Louis Poulsen Patera'),
(2082, 211, 'Louis-Poulsen-Patera_03.jpg', 'Louis Poulsen Patera', 'Louis Poulsen Patera'),
(2083, 427, 'Louis-Poulsen-OE-Quasi-Light_01.jpg', 'Louis Poulsen OE Quasi Light', 'Louis Poulsen OE Quasi Light'),
(2084, 427, 'Louis-Poulsen-OE-Quasi-Light_02.jpg', 'Louis Poulsen OE Quasi Light', 'Louis Poulsen OE Quasi Light'),
(2085, 427, 'Louis-Poulsen-OE-Quasi-Light_03.jpg', 'Louis Poulsen OE Quasi Light', 'Louis Poulsen OE Quasi Light'),
(2086, 427, 'Louis-Poulsen-OE-Quasi-Light_04.jpg', 'Louis Poulsen OE Quasi Light', 'Louis Poulsen OE Quasi Light'),
(2087, 448, 'Louis-Poulsen-A-new-Yuh_01.jpg', 'Louis Poulsen A new Yuh', 'Louis Poulsen A new Yuh'),
(2088, 448, 'Louis-Poulsen-A-new-Yuh_02.jpg', 'Louis Poulsen A new Yuh', 'Louis Poulsen A new Yuh'),
(2089, 448, 'Louis-Poulsen-A-new-Yuh_03.jpg', 'Louis Poulsen A new Yuh', 'Louis Poulsen A new Yuh'),
(2090, 464, 'Louis-Poulsen-PH-Limited-2019_01.jpg', 'Louis Poulsen PH Limited Edition 2019', 'Louis Poulsen PH Limited Edition 2019'),
(2091, 464, 'Louis-Poulsen-PH-Limited-2019_02.jpg', 'Louis Poulsen PH Limited Edition 2019', 'Louis Poulsen PH Limited Edition 2019'),
(2092, 464, 'Louis-Poulsen-PH-Limited-2019_03.jpg', 'Louis Poulsen PH Limited Edition 2019', 'Louis Poulsen PH Limited Edition 2019'),
(2093, 464, 'Louis-Poulsen-PH-Limited-2019_04.jpg', 'Louis Poulsen PH Limited Edition 2019', 'Louis Poulsen PH Limited Edition 2019'),
(2094, 396, 'Lumenpulse-Lumenquad-Grande-Dynamic-White_01.jpg', 'Lumenpulse Lumenquad Grande Dynamic White', 'Lumenpulse Lumenquad Grande Dynamic White'),
(2095, 396, 'Lumenpulse-Lumenquad-Grande-Dynamic-White_02.jpg', 'Lumenpulse Lumenquad Grande Dynamic White', 'Lumenpulse Lumenquad Grande Dynamic White'),
(2096, 396, 'Lumenpulse-Lumenquad-Grande-Dynamic-White_03.jpg', 'Lumenpulse Lumenquad Grande Dynamic White', 'Lumenpulse Lumenquad Grande Dynamic White'),
(2097, 396, 'Lumenpulse-Lumenquad-Grande-Dynamic-White_04.jpg', 'Lumenpulse Lumenquad Grande Dynamic White', 'Lumenpulse Lumenquad Grande Dynamic White'),
(2098, 470, 'Lumenpulse-Lumeniris-Family_01.jpg', 'Lumenpulse Lumeniris', 'Lumenpulse Lumeniris'),
(2099, 470, 'Lumenpulse-Lumeniris-Family_02.jpg', 'Lumenpulse Lumeniris', 'Lumenpulse Lumeniris'),
(2100, 470, 'Lumenpulse-Lumeniris-Family_03.jpg', 'Lumenpulse Lumeniris', 'Lumenpulse Lumeniris'),
(2101, 470, 'Lumenpulse-Lumeniris-Family_04.jpg', 'Lumenpulse Lumeniris', 'Lumenpulse Lumeniris'),
(2102, 470, 'Lumenpulse-Lumeniris-Family_05.jpg', 'Lumenpulse Lumeniris', 'Lumenpulse Lumeniris'),
(2103, 10, 'VIVE_Wireless.jpg', 'VIVE Wireless', ''),
(2104, 10, 'VIVE_Wireless_Solution.jpg', '', ''),
(2105, 93, 'Selux-Fluid_01.jpg', 'Selux Fluid', 'Selux Fluid'),
(2106, 93, 'Selux-Fluid_02.jpg', 'Selux Fluid', 'Selux Fluid'),
(2107, 98, 'Selux-LIF_01.jpg', 'Selux LIF', 'Selux LIF'),
(2108, 98, 'Selux-LIF_02.jpg', 'Selux LIF', 'Selux LIF'),
(2109, 98, 'Selux-LIF_03.jpg', 'Selux LIF', 'Selux LIF'),
(2110, 53, 'Tech-Lighting-Ace-Head_01.jpg', 'Tech Lighting ACE HEAD', 'Tech Lighting ACE HEAD'),
(2111, 53, 'Tech-Lighting-Ace-Head_02.jpg', 'Tech Lighting ACE HEAD', 'Tech Lighting ACE HEAD'),
(2112, 53, 'Tech-Lighting-Ace-Head_03.jpg', 'Tech Lighting ACE HEAD', 'Tech Lighting ACE HEAD'),
(2113, 55, 'Tech-Lighting-KAMDEN-1-LIGHT-WALL-BATH_01.jpg', 'Tech Lighting KAMDEN 1-LIGHT WALL/BATH', 'Tech Lighting KAMDEN 1-LIGHT WALL/BATH'),
(2114, 55, 'Tech-Lighting-KAMDEN-1-LIGHT-WALL-BATH_02.jpg', 'Tech Lighting KAMDEN 1-LIGHT WALL/BATH', 'Tech Lighting KAMDEN 1-LIGHT WALL/BATH'),
(2115, 56, 'Tech-Lighting-AEON-LARGE-CEILING_01.jpg', 'Tech Lighting. AEON LARGE CEILING', 'Tech Lighting. AEON LARGE CEILING'),
(2116, 56, 'Tech-Lighting-AEON-LARGE-CEILING_02.jpg', 'Tech Lighting. AEON LARGE CEILING', 'Tech Lighting. AEON LARGE CEILING'),
(2117, 94, 'XAL-UNICO_01.jpg', 'XAL UNICO', 'XAL UNICO'),
(2118, 94, 'XAL-UNICO_02.jpg', 'XAL UNICO', 'XAL UNICO'),
(2119, 95, 'XAL-PIVOT_01.jpg', 'XAL PIVOT', 'XAL PIVOT'),
(2120, 95, 'XAL-PIVOT_02.jpg', 'XAL PIVOT', 'XAL PIVOT'),
(2121, 96, 'XAL-STREAK_01.jpg', 'XAL STREAK ', 'XAL STREAK '),
(2122, 96, 'XAL-STREAK_02.jpg', 'XAL STREAK ', 'XAL STREAK '),
(2123, 100, 'XAL-MUSE_01.jpg', 'XAL MUSE', 'XAL MUSE'),
(2124, 100, 'XAL-MUSE_02.jpg', 'XAL MUSE', 'XAL MUSE'),
(2125, 100, 'XAL-MUSE_03.jpg', 'XAL MUSE', 'XAL MUSE'),
(2126, 101, 'XAL-TRUMPET_01.jpg', 'XAL TRUMPET', 'XAL TRUMPET'),
(2127, 101, 'XAL-TRUMPET_02.jpg', 'XAL TRUMPET', 'XAL TRUMPET'),
(2128, 101, 'XAL-TRUMPET_03.jpg', 'XAL TRUMPET', 'XAL TRUMPET'),
(2129, 361, 'XAL-ARY_01.jpg', 'XAL ARY', 'XAL ARY'),
(2130, 361, 'XAL-ARY_02.jpg', 'XAL ARY', 'XAL ARY'),
(2131, 361, 'XAL-ARY_03.jpg', 'XAL ARY', 'XAL ARY'),
(2132, 361, 'XAL-ARY_04.jpg', 'XAL ARY', 'XAL ARY'),
(2133, 398, 'XAL-HELIOS_01.jpg', 'XAL HELIOS', 'XAL HELIOS'),
(2134, 398, 'XAL-HELIOS_02.jpg', 'XAL HELIOS', 'XAL HELIOS'),
(2135, 398, 'XAL-HELIOS_03.jpg', 'XAL HELIOS', 'XAL HELIOS'),
(2136, 398, 'XAL-HELIOS_04.jpg', 'XAL HELIOS', 'XAL HELIOS'),
(2137, 435, 'XAL-Arena_01.jpg', 'XAL Arena', 'XAL Arena'),
(2138, 435, 'XAL-Arena_02.jpg', 'XAL Arena', 'XAL Arena'),
(2139, 475, 'Exenia-BLOG_01.jpg', 'Exenia BLOG ', 'Exenia BLOG '),
(2140, 475, 'Exenia-BLOG_02.jpg', 'Exenia BLOG ', 'Exenia BLOG '),
(2141, 475, 'Exenia-BLOG_03.jpg', 'Exenia BLOG ', 'Exenia BLOG '),
(2142, 475, 'Exenia-BLOG_04.jpg', 'Exenia BLOG ', 'Exenia BLOG '),
(2143, 476, 'Martinelli-Luce-Hush_01.jpg', 'Martinelli Luce Hush ', 'Martinelli Luce Hush '),
(2144, 476, 'Martinelli-Luce-Hush_02.jpg', 'Martinelli Luce Hush ', 'Martinelli Luce Hush '),
(2145, 476, 'Martinelli-Luce-Hush_03.jpg', 'Martinelli Luce Hush ', 'Martinelli Luce Hush '),
(2146, 476, 'Martinelli-Luce-Hush_04.jpg', 'Martinelli Luce Hush ', 'Martinelli Luce Hush '),
(2147, 477, 'Modular-Lighting-Instruments-Hollow_01.jpg', 'Modular Lighting Instruments ', 'Modular Lighting Instruments '),
(2148, 477, 'Modular-Lighting-Instruments-Hollow_02.jpg', 'Modular Lighting Instruments ', 'Modular Lighting Instruments '),
(2149, 477, 'Modular-Lighting-Instruments-Hollow_03.jpg', 'Modular Lighting Instruments ', 'Modular Lighting Instruments '),
(2150, 477, 'Modular-Lighting-Instruments-Hollow_04.jpg', 'Modular Lighting Instruments ', 'Modular Lighting Instruments '),
(2151, 477, 'Modular-Lighting-Instruments-Hollow_05.jpg', 'Modular Lighting Instruments ', 'Modular Lighting Instruments '),
(2152, 478, 'LUG-AVENIDA_01.jpg', 'LUG AVENIDA', 'LUG AVENIDA'),
(2153, 478, 'LUG-AVENIDA_02.jpg', 'LUG AVENIDA', 'LUG AVENIDA'),
(2154, 478, 'LUG-AVENIDA_03.jpg', 'LUG AVENIDA', 'LUG AVENIDA'),
(2184, 481, 'Paolo-Castelli-Golden-Cloud_01.jpg', 'Paolo Castelli Golden Cloud', 'Paolo Castelli Golden Cloud'),
(2185, 481, 'Paolo-Castelli-Golden-Cloud_02.jpg', 'Paolo Castelli Golden Cloud', 'Paolo Castelli Golden Cloud'),
(2186, 481, 'Paolo-Castelli-Golden-Cloud_03.jpg', 'Paolo Castelli Golden Cloud', 'Paolo Castelli Golden Cloud'),
(2187, 481, 'Paolo-Castelli-Golden-Cloud_04.jpg', 'Paolo Castelli Golden Cloud', 'Paolo Castelli Golden Cloud'),
(2198, 482, 'Paolo-Castelli-Joy_01.jpg', 'Paolo Castelli Joy', 'Paolo Castelli Joy'),
(2199, 482, 'Paolo-Castelli-Joy_02.jpg', 'Paolo Castelli Joy', 'Paolo Castelli Joy'),
(2200, 482, 'Paolo-Castelli-Joy_03.jpg', 'Paolo Castelli Joy', 'Paolo Castelli Joy'),
(2201, 482, 'Paolo-Castelli-Joy_04.jpg', 'Paolo Castelli Joy', 'Paolo Castelli Joy'),
(2202, 483, 'Graypants-Chrona_01.jpg', 'Graypants Chrona ', 'Graypants Chrona '),
(2203, 483, 'Graypants-Chrona_02.jpg', 'Graypants Chrona ', 'Graypants Chrona '),
(2204, 483, 'Graypants-Chrona_03.jpg', 'Graypants Chrona ', 'Graypants Chrona '),
(2205, 483, 'Graypants-Chrona_04.jpg', 'Graypants Chrona ', 'Graypants Chrona '),
(2206, 483, 'Graypants-Chrona_05.jpg', 'Graypants Chrona ', 'Graypants Chrona '),
(2216, 486, 'Axis-Lighting-POSE_01.jpg', 'Axis Lighting POSE', 'Axis Lighting POSE'),
(2217, 486, 'Axis-Lighting-POSE_02.jpg', 'Axis Lighting POSE', 'Axis Lighting POSE'),
(2218, 486, 'Axis-Lighting-POSE_03.jpg', 'Axis Lighting POSE', 'Axis Lighting POSE'),
(2219, 486, 'Axis-Lighting-POSE_04.jpg', 'Axis Lighting POSE', 'Axis Lighting POSE'),
(2220, 486, 'Axis-Lighting-POSE_05.jpg', 'Axis Lighting POSE', 'Axis Lighting POSE'),
(2221, 489, 'Axis-Lighting-STENCIL-SOFTZONE_01.jpg', 'Axis Lighting STENCIL SOFTZONE', 'Axis Lighting STENCIL SOFTZONE'),
(2222, 489, 'Axis-Lighting-STENCIL-SOFTZONE_02.jpg', 'Axis Lighting STENCIL SOFTZONE', 'Axis Lighting STENCIL SOFTZONE'),
(2223, 489, 'Axis-Lighting-STENCIL-SOFTZONE_03.jpg', 'Axis Lighting STENCIL SOFTZONE', 'Axis Lighting STENCIL SOFTZONE'),
(2224, 489, 'Axis-Lighting-STENCIL-SOFTZONE_04.jpg', 'Axis Lighting STENCIL SOFTZONE', 'Axis Lighting STENCIL SOFTZONE'),
(2225, 489, 'Axis-Lighting-STENCIL-SOFTZONE_05.jpg', 'Axis Lighting STENCIL SOFTZONE', 'Axis Lighting STENCIL SOFTZONE'),
(2226, 490, 'Fagerhult-PONDERO_01.jpg', 'Fagerhult PONDERO', 'Fagerhult PONDERO'),
(2227, 490, 'Fagerhult-PONDERO_02.jpg', 'Fagerhult PONDERO', 'Fagerhult PONDERO'),
(2228, 490, 'Fagerhult-PONDERO_03.jpg', 'Fagerhult PONDERO', 'Fagerhult PONDERO'),
(2229, 490, 'Fagerhult-PONDERO_04.jpg', 'Fagerhult PONDERO', 'Fagerhult PONDERO'),
(2230, 491, 'PENTA-Glifo_01.jpg', 'PENTA Glifo ', 'PENTA Glifo '),
(2231, 491, 'PENTA-Glifo_02.jpg', 'PENTA Glifo ', 'PENTA Glifo '),
(2232, 491, 'PENTA-Glifo_03.jpg', 'PENTA Glifo ', 'PENTA Glifo '),
(2233, 491, 'PENTA-Glifo_04.jpg', 'PENTA Glifo ', 'PENTA Glifo '),
(2234, 491, 'PENTA-Glifo_05.jpg', 'PENTA Glifo ', 'PENTA Glifo '),
(2235, 492, 'PENTA-Altura_01.jpg', 'PENTA Altura', 'PENTA Altura'),
(2236, 492, 'PENTA-Altura_02.jpg', 'PENTA Altura', 'PENTA Altura'),
(2237, 492, 'PENTA-Altura_03.jpg', 'PENTA Altura', 'PENTA Altura'),
(2238, 493, 'PENTA-SOP_01.jpg', 'PENTA SOP', 'PENTA SOP'),
(2239, 493, 'PENTA-SOP_02.jpg', 'PENTA SOP', 'PENTA SOP'),
(2240, 493, 'PENTA-SOP_03.jpg', 'PENTA SOP', 'PENTA SOP'),
(2241, 494, 'Aculux-Aculux-Lini_01.jpg', 'Aculux Lini Linear Accent Luminaires', 'Aculux Lini Linear Accent Luminaires'),
(2242, 494, 'Aculux-Aculux-Lini_02.jpg', 'Aculux Lini Linear Accent Luminaires', 'Aculux Lini Linear Accent Luminaires'),
(2243, 494, 'Aculux-Aculux-Lini_03.jpg', 'Aculux Lini Linear Accent Luminaires', 'Aculux Lini Linear Accent Luminaires'),
(2244, 494, 'Aculux-Aculux-Lini_04.jpg', 'Aculux Lini Linear Accent Luminaires', 'Aculux Lini Linear Accent Luminaires'),
(2245, 494, 'Aculux-Aculux-Lini_05.jpg', 'Aculux Lini Linear Accent Luminaires', 'Aculux Lini Linear Accent Luminaires'),
(2249, 495, 'Ecosense-Lighting-RISE_01.jpg', 'Ecosense Lighting RISE', 'Ecosense Lighting RISE'),
(2250, 495, 'Ecosense-Lighting-RISE_02.gif', 'Ecosense Lighting RISE', 'Ecosense Lighting RISE'),
(2251, 495, 'Ecosense-Lighting-RISE_03.jpg', 'Ecosense Lighting RISE', 'Ecosense Lighting RISE'),
(2262, 499, 'Arcluce-KRANE_01.jpg', 'Arcluce KRANE', 'Arcluce KRANE'),
(2263, 499, 'Arcluce-KRANE_02.jpg', 'Arcluce KRANE', 'Arcluce KRANE'),
(2264, 499, 'Arcluce-KRANE_03.jpg', 'Arcluce KRANE', 'Arcluce KRANE'),
(2265, 499, 'Arcluce-KRANE_04.jpg', 'Arcluce KRANE', 'Arcluce KRANE'),
(2266, 500, 'Landscape-Forms-Motive-Floor-Lamp_01.jpg', 'Landscape Forms Motive Floor Lamp', 'Landscape Forms Motive Floor Lamp'),
(2267, 500, 'Landscape-Forms-Motive-Floor-Lamp_02.jpg', 'Landscape Forms Motive Floor Lamp', 'Landscape Forms Motive Floor Lamp'),
(2268, 500, 'Landscape-Forms-Motive-Floor-Lamp_03.jpg', 'Landscape Forms Motive Floor Lamp', 'Landscape Forms Motive Floor Lamp'),
(2269, 500, 'Landscape-Forms-Motive-Floor-Lamp_04.jpg', 'Landscape Forms Motive Floor Lamp', 'Landscape Forms Motive Floor Lamp'),
(2270, 500, 'Landscape-Forms-Motive-Floor-Lamp_05.jpg', 'Landscape Forms Motive Floor Lamp', 'Landscape Forms Motive Floor Lamp'),
(2271, 501, 'SCHMITZ-WILA-BANGLE_01.jpg', 'SCHMITZ-WILA BANGLE', 'SCHMITZ-WILA BANGLE'),
(2272, 501, 'SCHMITZ-WILA-BANGLE_02.jpg', 'SCHMITZ-WILA BANGLE', 'SCHMITZ-WILA BANGLE'),
(2273, 501, 'SCHMITZ-WILA-BANGLE_03.jpg', 'SCHMITZ-WILA BANGLE', 'SCHMITZ-WILA BANGLE'),
(2274, 501, 'SCHMITZ-WILA-BANGLE_04.jpg', 'SCHMITZ-WILA BANGLE', 'SCHMITZ-WILA BANGLE'),
(2275, 502, 'Vibia-Chromatica_01.jpg', 'Vibia Chromatica ', 'Vibia Chromatica '),
(2276, 502, 'Vibia-Chromatica_02.gif', 'Vibia Chromatica ', 'Vibia Chromatica '),
(2277, 502, 'Vibia-Chromatica_03.jpg', 'Vibia Chromatica ', 'Vibia Chromatica '),
(2278, 502, 'Vibia-Chromatica_04.jpg', 'Vibia Chromatica ', 'Vibia Chromatica '),
(2284, 503, 'Mawa-Design-Giro_01.jpg', 'Mawa Design Giro', 'Mawa Design Giro'),
(2285, 503, 'Mawa-Design-Giro_02.jpg', 'Mawa Design Giro', 'Mawa Design Giro'),
(2286, 503, 'Mawa-Design-Giro_03.jpg', 'Mawa Design Giro', 'Mawa Design Giro'),
(2287, 503, 'Mawa-Design-Giro_04.jpg', 'Mawa Design Giro', 'Mawa Design Giro'),
(2288, 503, 'Mawa-Design-Giro_05.jpg', 'Mawa Design Giro', 'Mawa Design Giro'),
(2289, 504, 'Mawa-Design-Parkett_01.jpg', 'Mawa Design Parkett', 'Mawa Design Parkett'),
(2290, 504, 'Mawa-Design-Parkett_02.jpg', 'Mawa Design Parkett', 'Mawa Design Parkett'),
(2291, 504, 'Mawa-Design-Parkett_03.jpg', 'Mawa Design Parkett', 'Mawa Design Parkett'),
(2292, 504, 'Mawa-Design-Parkett_04.jpg', 'Mawa Design Parkett', 'Mawa Design Parkett'),
(2293, 505, 'Mawa-Design-Goldener-Schnitt-2_01.jpg', 'Mawa Design Goldener Schnitt 2', 'Mawa Design Goldener Schnitt 2'),
(2294, 506, 'Mawa-Design-Gangkofner-Edition-Combinations_01.jpg', 'Mawa Design Gangkofner-Edition Combinations', 'Mawa Design Gangkofner-Edition Combinations'),
(2295, 506, 'Mawa-Design-Gangkofner-Edition-Combinations_02.jpg', 'Mawa Design Gangkofner-Edition Combinations', 'Mawa Design Gangkofner-Edition Combinations'),
(2296, 506, 'Mawa-Design-Gangkofner-Edition-Combinations_03.jpg', 'Mawa Design Gangkofner-Edition Combinations', 'Mawa Design Gangkofner-Edition Combinations'),
(2297, 506, 'Mawa-Design-Gangkofner-Edition-Combinations_04.jpg', 'Mawa Design Gangkofner-Edition Combinations', 'Mawa Design Gangkofner-Edition Combinations'),
(2298, 507, 'Serien-DRAFT_01.jpg', 'Serien DRAFT', 'Serien DRAFT'),
(2299, 507, 'Serien-DRAFT_02.jpg', 'Serien DRAFT', 'Serien DRAFT'),
(2300, 507, 'Serien-DRAFT_03.jpg', 'Serien DRAFT', 'Serien DRAFT'),
(2301, 507, 'Serien-DRAFT_04.jpg', 'Serien DRAFT', 'Serien DRAFT'),
(2302, 509, 'ewo-LightTile_01.jpg', 'ewo LightTile', 'ewo LightTile'),
(2303, 509, 'ewo-LightTile_02.jpg', 'ewo LightTile', 'ewo LightTile'),
(2304, 509, 'ewo-LightTile_03.jpg', 'ewo LightTile', 'ewo LightTile'),
(2305, 509, 'ewo-LightTile_04.jpg', 'ewo LightTile', 'ewo LightTile'),
(2306, 510, 'Zumtobel-LIGHT-FIELDS-III_01.jpg', 'Zumtobel LIGHT FIELDS III', 'Zumtobel LIGHT FIELDS III'),
(2307, 510, 'Zumtobel-LIGHT-FIELDS-III_02.jpg', 'Zumtobel LIGHT FIELDS III', 'Zumtobel LIGHT FIELDS III'),
(2308, 510, 'Zumtobel-LIGHT-FIELDS-III_03.jpg', 'Zumtobel LIGHT FIELDS III', 'Zumtobel LIGHT FIELDS III'),
(2309, 510, 'Zumtobel-LIGHT-FIELDS-III_04.jpg', 'Zumtobel LIGHT FIELDS III', 'Zumtobel LIGHT FIELDS III'),
(2310, 510, 'Zumtobel-LIGHT-FIELDS-III_05.jpg', 'Zumtobel LIGHT FIELDS III', 'Zumtobel LIGHT FIELDS III'),
(2311, 512, 'Planlicht-Quadro-Quiet_01.jpg', 'Planlicht Quadro Quiet', 'Planlicht Quadro Quiet'),
(2312, 512, 'Planlicht-Quadro-Quiet_02.jpg', 'Planlicht Quadro Quiet', 'Planlicht Quadro Quiet'),
(2313, 512, 'Planlicht-Quadro-Quiet_03.jpg', 'Planlicht Quadro Quiet', 'Planlicht Quadro Quiet'),
(2314, 512, 'Planlicht-Quadro-Quiet_04.jpg', 'Planlicht Quadro Quiet', 'Planlicht Quadro Quiet'),
(2315, 512, 'Planlicht-Quadro-Quiet_05.jpg', 'Planlicht Quadro Quiet', 'Planlicht Quadro Quiet'),
(2316, 513, 'Planlicht-Skai_01.jpg', 'Planlicht Skai', 'Planlicht Skai'),
(2317, 513, 'Planlicht-Skai_02.jpg', 'Planlicht Skai', 'Planlicht Skai'),
(2318, 513, 'Planlicht-Skai_03.jpg', 'Planlicht Skai', 'Planlicht Skai'),
(2319, 513, 'Planlicht-Skai_04.jpg', 'Planlicht Skai', 'Planlicht Skai'),
(2320, 513, 'Planlicht-Skai_05.jpg', 'Planlicht Skai', 'Planlicht Skai'),
(2321, 514, 'Arcluce-VIZOR_01.jpg', 'Arcluce VIZOR', 'Arcluce VIZOR'),
(2322, 514, 'Arcluce-VIZOR_02.jpg', 'Arcluce VIZOR', 'Arcluce VIZOR'),
(2323, 514, 'Arcluce-VIZOR_03.jpg', 'Arcluce VIZOR', 'Arcluce VIZOR'),
(2324, 514, 'Arcluce-VIZOR_04.jpg', 'Arcluce VIZOR', 'Arcluce VIZOR'),
(2325, 515, 'Eureka-HEX-AREA_01.jpg', 'Eureka HEX AREA', 'Eureka HEX AREA'),
(2326, 515, 'Eureka-HEX-AREA_02.jpg', 'Eureka HEX AREA', 'Eureka HEX AREA'),
(2327, 515, 'Eureka-HEX-AREA_03.jpg', 'Eureka HEX AREA', 'Eureka HEX AREA'),
(2328, 515, 'Eureka-HEX-AREA_04.jpg', 'Eureka HEX AREA', 'Eureka HEX AREA'),
(2329, 515, 'Eureka-HEX-AREA_05.jpg', 'Eureka HEX AREA', 'Eureka HEX AREA'),
(2335, 518, 'Intra-Lighting-Random_01.jpg', 'Intra Lighting Random ', 'Intra Lighting Random '),
(2336, 518, 'Intra-Lighting-Random_02.jpg', 'Intra Lighting Random ', 'Intra Lighting Random '),
(2337, 518, 'Intra-Lighting-Random_03.jpg', 'Intra Lighting Random ', 'Intra Lighting Random '),
(2338, 518, 'Intra-Lighting-Random_04.jpg', 'Intra Lighting Random ', 'Intra Lighting Random '),
(2339, 518, 'Intra-Lighting-Random_05.jpg', 'Intra Lighting Random ', 'Intra Lighting Random '),
(2340, 519, 'Intra-Lighting-Hexagon_01.jpg', 'Intra Lighting Hexagon', 'Intra Lighting Hexagon'),
(2341, 519, 'Intra-Lighting-Hexagon_02.jpg', 'Intra Lighting Hexagon', 'Intra Lighting Hexagon'),
(2342, 519, 'Intra-Lighting-Hexagon_03.jpg', 'Intra Lighting Hexagon', 'Intra Lighting Hexagon'),
(2343, 519, 'Intra-Lighting-Hexagon_04.jpg', 'Intra Lighting Hexagon', 'Intra Lighting Hexagon'),
(2344, 519, 'Intra-Lighting-Hexagon_05.jpg', 'Intra Lighting Hexagon', 'Intra Lighting Hexagon'),
(2345, 520, 'ILANEL-SATURN_01.jpg', 'ILANEL SATURN', 'ILANEL SATURN'),
(2346, 520, 'ILANEL-SATURN_02.jpg', 'ILANEL SATURN', 'ILANEL SATURN'),
(2347, 520, 'ILANEL-SATURN_03.jpg', 'ILANEL SATURN', 'ILANEL SATURN'),
(2348, 520, 'ILANEL-SATURN_04.jpg', 'ILANEL SATURN', 'ILANEL SATURN'),
(2349, 520, 'ILANEL-SATURN_05.jpg', 'ILANEL SATURN', 'ILANEL SATURN'),
(2350, 521, 'ILANEL-SUPERNOVA_01.jpg', 'ILANEL SUPERNOVA', 'ILANEL SUPERNOVA'),
(2351, 521, 'ILANEL-SUPERNOVA_02.jpg', 'ILANEL SUPERNOVA', 'ILANEL SUPERNOVA'),
(2352, 521, 'ILANEL-SUPERNOVA_03.jpg', 'ILANEL SUPERNOVA', 'ILANEL SUPERNOVA'),
(2353, 521, 'ILANEL-SUPERNOVA_04.jpg', 'ILANEL SUPERNOVA', 'ILANEL SUPERNOVA'),
(2354, 521, 'ILANEL-SUPERNOVA_05.jpg', 'ILANEL SUPERNOVA', 'ILANEL SUPERNOVA'),
(2369, 526, 'Ledalite-ModiFly_01.jpg', 'Ledalite ModiFly ', 'Ledalite ModiFly '),
(2370, 526, 'Ledalite-ModiFly_02.jpg', 'Ledalite ModiFly ', 'Ledalite ModiFly '),
(2371, 526, 'Ledalite-ModiFly_03.jpg', 'Ledalite ModiFly ', 'Ledalite ModiFly '),
(2372, 526, 'Ledalite-ModiFly_04.jpg', 'Ledalite ModiFly ', 'Ledalite ModiFly '),
(2373, 526, 'Ledalite-ModiFly_05.jpg', 'Ledalite ModiFly ', 'Ledalite ModiFly '),
(2374, 527, 'ERCO-Eclipse_01.jpg', 'ERCO Eclipse', 'ERCO Eclipse'),
(2375, 527, 'ERCO-Eclipse_02.jpg', 'ERCO Eclipse', 'ERCO Eclipse'),
(2376, 527, 'ERCO-Eclipse_03.jpg', 'ERCO Eclipse', 'ERCO Eclipse'),
(2377, 527, 'ERCO-Eclipse_04.jpg', 'ERCO Eclipse', 'ERCO Eclipse'),
(2378, 527, 'ERCO-Eclipse_05.jpg', 'ERCO Eclipse', 'ERCO Eclipse'),
(2379, 528, 'LIGHT-POINT-FACET-W1-DOWN-BLACK_01.jpg', 'LIGHT POINT FACET W1 DOWN BLACK', 'LIGHT POINT FACET W1 DOWN BLACK'),
(2380, 528, 'LIGHT-POINT-FACET-W1-DOWN-BLACK_02.jpg', 'LIGHT POINT FACET W1 DOWN BLACK', 'LIGHT POINT FACET W1 DOWN BLACK'),
(2381, 528, 'LIGHT-POINT-FACET-W1-DOWN-BLACK_03.jpg', 'LIGHT POINT FACET W1 DOWN BLACK', 'LIGHT POINT FACET W1 DOWN BLACK'),
(2382, 528, 'LIGHT-POINT-FACET-W1-DOWN-BLACK_04.jpg', 'LIGHT POINT FACET W1 DOWN BLACK', 'LIGHT POINT FACET W1 DOWN BLACK'),
(2383, 530, 'Luce-and-Light-Krill_01.jpg', 'Luce & Light Krill Projectors for indoor applications', 'Luce & Light Krill Projectors for indoor applications'),
(2384, 530, 'Luce-and-Light-Krill_02.jpg', 'Luce & Light Krill Projectors for indoor applications', 'Luce & Light Krill Projectors for indoor applications'),
(2385, 530, 'Luce-and-Light-Krill_03.jpg', 'Luce & Light Krill Projectors for indoor applications', 'Luce & Light Krill Projectors for indoor applications'),
(2386, 530, 'Luce-and-Light-Krill_04.jpg', 'Luce & Light Krill Projectors for indoor applications', 'Luce & Light Krill Projectors for indoor applications'),
(2387, 530, 'Luce-and-Light-Krill_05.jpg', 'Luce & Light Krill Projectors for indoor applications', 'Luce & Light Krill Projectors for indoor applications'),
(2388, 531, 'Eureka-CLIFF_01.jpg', 'Eureka CLIFF', 'Eureka CLIFF'),
(2389, 531, 'Eureka-CLIFF_02.jpg', 'Eureka CLIFF', 'Eureka CLIFF'),
(2390, 531, 'Eureka-CLIFF_03.jpg', 'Eureka CLIFF', 'Eureka CLIFF');
INSERT INTO `guides_images` (`image_id`, `guide_id`, `img_src`, `alt_name`, `img_subtitle`) VALUES
(2391, 531, 'Eureka-CLIFF_04.jpg', 'Eureka CLIFF', 'Eureka CLIFF'),
(2392, 532, 'Ingo-Maurer-Tubular_01.jpg', 'Ingo Maurer Tubular', 'Ingo Maurer Tubular'),
(2393, 532, 'Ingo-Maurer-Tubular_02.jpg', 'Ingo Maurer Tubular', 'Ingo Maurer Tubular'),
(2394, 533, 'Artemide-nh-Suspension_01.jpg', 'Artemide nh Suspension', 'Artemide nh Suspension'),
(2395, 533, 'Artemide-nh-Suspension_02.jpg', 'Artemide nh Suspension', 'Artemide nh Suspension'),
(2396, 533, 'Artemide-nh-Suspension_03.jpg', 'Artemide nh Suspension', 'Artemide nh Suspension'),
(2397, 534, 'Hacel-Explora-Star-Pendant_01.jpg', 'Hacel Explora® Star ', 'Hacel Explora® Star '),
(2398, 534, 'Hacel-Explora-Star-Pendant_02.jpg', 'Hacel Explora® Star ', 'Hacel Explora® Star '),
(2399, 535, 'Tobias-Grau-FLYING_01.jpg', 'Tobias Grau FLYING', 'Tobias Grau FLYING'),
(2400, 535, 'Tobias-Grau-FLYING_02.jpg', 'Tobias Grau FLYING', 'Tobias Grau FLYING'),
(2401, 535, 'Tobias-Grau-FLYING_03.jpg', 'Tobias Grau FLYING', 'Tobias Grau FLYING'),
(2402, 537, 'Simes-ZIP-COMFORT_01.jpg', 'Simes ZIP COMFORT', 'Simes ZIP COMFORT'),
(2403, 537, 'Simes-ZIP-COMFORT_02.jpg', 'Simes ZIP COMFORT', 'Simes ZIP COMFORT'),
(2404, 537, 'Simes-ZIP-COMFORT_03.jpg', 'Simes ZIP COMFORT', 'Simes ZIP COMFORT'),
(2405, 537, 'Simes-ZIP-COMFORT_04.jpg', 'Simes ZIP COMFORT', 'Simes ZIP COMFORT'),
(2406, 537, 'Simes-ZIP-COMFORT_05.jpg', 'Simes ZIP COMFORT', 'Simes ZIP COMFORT'),
(2407, 538, 'Modular-Lighting-Instruments-Shellby_01.jpg', 'Modular Lighting Instruments Shellby', 'Modular Lighting Instruments Shellby'),
(2408, 538, 'Modular-Lighting-Instruments-Shellby_02.jpg', 'Modular Lighting Instruments Shellby', 'Modular Lighting Instruments Shellby'),
(2409, 538, 'Modular-Lighting-Instruments-Shellby_03.jpg', 'Modular Lighting Instruments Shellby', 'Modular Lighting Instruments Shellby'),
(2410, 538, 'Modular-Lighting-Instruments-Shellby_04.jpg', 'Modular Lighting Instruments Shellby', 'Modular Lighting Instruments Shellby'),
(2411, 538, 'Modular-Lighting-Instruments-Shellby_05.jpg', 'Modular Lighting Instruments Shellby', 'Modular Lighting Instruments Shellby'),
(2415, 539, 'ateljé-Lyktan-Paragon _01.jpg', 'ateljé Lyktan Paragon ', 'ateljé Lyktan Paragon '),
(2416, 539, 'ateljé-Lyktan-Paragon _02.jpg', 'ateljé Lyktan Paragon ', 'ateljé Lyktan Paragon '),
(2417, 539, 'ateljé-Lyktan-Paragon _03.jpg', 'ateljé Lyktan Paragon ', 'ateljé Lyktan Paragon '),
(2423, 541, 'iGuzzini-Superrail_01.jpg', 'iGuzzini Superrail', 'iGuzzini Superrail'),
(2424, 541, 'iGuzzini-Superrail_02.jpg', 'iGuzzini Superrail', 'iGuzzini Superrail'),
(2425, 541, 'iGuzzini-Superrail_03.jpg', 'iGuzzini Superrail', 'iGuzzini Superrail'),
(2426, 541, 'iGuzzini-Superrail_04.jpg', 'iGuzzini Superrail', 'iGuzzini Superrail'),
(2427, 541, 'iGuzzini-Superrail_05.jpg', 'iGuzzini Superrail', 'iGuzzini Superrail'),
(2428, 542, 'iGuzzini-Blade-R_01.jpg', 'iGuzzini Blade R', 'iGuzzini Blade R'),
(2429, 542, 'iGuzzini-Blade-R_02.jpg', 'iGuzzini Blade R', 'iGuzzini Blade R'),
(2430, 542, 'iGuzzini-Blade-R_03.jpg', 'iGuzzini Blade R', 'iGuzzini Blade R'),
(2431, 542, 'iGuzzini-Blade-R_04.jpg', 'iGuzzini Blade R', 'iGuzzini Blade R'),
(2432, 542, 'iGuzzini-Blade-R_05.jpg', 'iGuzzini Blade R', 'iGuzzini Blade R'),
(2433, 543, 'Focal-Point-Zyl_01.jpg', 'Focal Point Zyl', 'Focal Point Zyl'),
(2434, 543, 'Focal-Point-Zyl_02.gif', 'Focal Point Zyl', 'Focal Point Zyl'),
(2435, 543, 'Focal-Point-Zyl_03.gif', 'Focal Point Zyl', 'Focal Point Zyl'),
(2436, 543, 'Focal-Point-Zyl_04.jpg', 'Focal Point Zyl', 'Focal Point Zyl'),
(2437, 543, 'Focal-Point-Zyl_05.jpg', 'Focal Point Zyl', 'Focal Point Zyl'),
(2438, 544, 'Focal-Point-Blume_01.jpg', 'Focal Point Blume', 'Focal Point Blume'),
(2439, 544, 'Focal-Point-Blume_02.gif', 'Focal Point Blume', 'Focal Point Blume'),
(2440, 544, 'Focal-Point-Blume_03.gif', 'Focal Point Blume', 'Focal Point Blume'),
(2441, 544, 'Focal-Point-Blume_04.jpg', 'Focal Point Blume', 'Focal Point Blume'),
(2442, 544, 'Focal-Point-Blume_05.jpg', 'Focal Point Blume', 'Focal Point Blume'),
(2448, 545, 'Luminis-HOLLOWCORE_01.jpg', 'Luminis HOLLOWCORE', 'Luminis HOLLOWCORE'),
(2449, 545, 'Luminis-HOLLOWCORE_02.jpg', 'Luminis HOLLOWCORE', 'Luminis HOLLOWCORE'),
(2450, 545, 'Luminis-HOLLOWCORE_03.jpg', 'Luminis HOLLOWCORE', 'Luminis HOLLOWCORE'),
(2451, 545, 'Luminis-HOLLOWCORE_04.jpg', 'Luminis HOLLOWCORE', 'Luminis HOLLOWCORE'),
(2452, 545, 'Luminis-HOLLOWCORE_05.jpg', 'Luminis HOLLOWCORE', 'Luminis HOLLOWCORE'),
(2453, 546, 'Osram-PLPT9-450LA-E_01.jpg', 'Osram PLPT9_450LA_E', 'Osram PLPT9_450LA_E'),
(2454, 546, 'Osram-PLPT9-450LA-E_02.jpg', 'Osram PLPT9_450LA_E', 'Osram PLPT9_450LA_E'),
(2455, 479, 'LIGHT4-Concerto_01.jpg', 'LIGHT4 Concerto', 'LIGHT4 Concerto'),
(2456, 479, 'LIGHT4-Concerto_02.gif', 'LIGHT4 Concerto', 'LIGHT4 Concerto'),
(2457, 479, 'LIGHT4-Concerto_03.jpg', 'LIGHT4 Concerto', 'LIGHT4 Concerto'),
(2458, 479, 'LIGHT4-Concerto_04.jpg', 'LIGHT4 Concerto', 'LIGHT4 Concerto'),
(2459, 479, 'LIGHT4-Concerto_05.jpg', 'LIGHT4 Concerto', 'LIGHT4 Concerto'),
(2460, 480, 'LIGHT4-Optik_01.jpg', 'LIGHT4 Optik', 'LIGHT4 Optik'),
(2461, 480, 'LIGHT4-Optik_02.jpg', 'LIGHT4 Optik', 'LIGHT4 Optik'),
(2462, 480, 'LIGHT4-Optik_03.jpg', 'LIGHT4 Optik', 'LIGHT4 Optik'),
(2463, 480, 'LIGHT4-Optik_04.jpg', 'LIGHT4 Optik', 'LIGHT4 Optik'),
(2464, 484, 'LIGHT4-Drop_01.jpg', 'LIGHT4 DROP Collection', 'LIGHT4 DROP Collection'),
(2465, 484, 'LIGHT4-Drop_02.gif', 'LIGHT4 DROP Collection', 'LIGHT4 DROP Collection'),
(2466, 484, 'LIGHT4-Drop_03.jpg', 'LIGHT4 DROP Collection', 'LIGHT4 DROP Collection'),
(2467, 484, 'LIGHT4-Drop_04.jpg', 'LIGHT4 DROP Collection', 'LIGHT4 DROP Collection'),
(2468, 484, 'LIGHT4-Drop_05.jpg', 'LIGHT4 DROP Collection', 'LIGHT4 DROP Collection'),
(2469, 485, 'LIGHT4-Hole_01.jpg', 'LIGHT4 Hole', 'LIGHT4 Hole'),
(2470, 485, 'LIGHT4-Hole_02.jpg', 'LIGHT4 Hole', 'LIGHT4 Hole'),
(2471, 485, 'LIGHT4-Hole_03.jpg', 'LIGHT4 Hole', 'LIGHT4 Hole'),
(2472, 485, 'LIGHT4-Hole_04.jpg', 'LIGHT4 Hole', 'LIGHT4 Hole'),
(2473, 496, 'LIGHT4-Frame-stella_01.jpg', 'LIGHT4 Frame stella', 'LIGHT4 Frame stella'),
(2474, 496, 'LIGHT4-Frame-stella_02.jpg', 'LIGHT4 Frame stella', 'LIGHT4 Frame stella'),
(2475, 496, 'LIGHT4-Frame-stella_03.jpg', 'LIGHT4 Frame stella', 'LIGHT4 Frame stella'),
(2476, 496, 'LIGHT4-Frame-stella_04.jpg', 'LIGHT4 Frame stella', 'LIGHT4 Frame stella'),
(2477, 496, 'LIGHT4-Frame-stella_05.jpg', 'LIGHT4 Frame stella', 'LIGHT4 Frame stella'),
(2478, 547, 'LIGHT4-Lunarda_01.jpg', 'LIGHT4 Lunarda', 'LIGHT4 Lunarda'),
(2479, 547, 'LIGHT4-Lunarda_02.jpg', 'LIGHT4 Lunarda', 'LIGHT4 Lunarda'),
(2480, 547, 'LIGHT4-Lunarda_03.jpg', 'LIGHT4 Lunarda', 'LIGHT4 Lunarda'),
(2481, 547, 'LIGHT4-Lunarda_04.jpg', 'LIGHT4 Lunarda', 'LIGHT4 Lunarda'),
(2482, 547, 'LIGHT4-Lunarda_05.jpg', 'LIGHT4 Lunarda', 'LIGHT4 Lunarda'),
(2483, 548, 'Eureka-CELESTE_01.jpg', 'Eureka CELESTE', 'Eureka CELESTE'),
(2484, 548, 'Eureka-CELESTE_02.jpg', 'Eureka CELESTE', 'Eureka CELESTE'),
(2485, 548, 'Eureka-CELESTE_03.jpg', 'Eureka CELESTE', 'Eureka CELESTE'),
(2486, 548, 'Eureka-CELESTE_04.jpg', 'Eureka CELESTE', 'Eureka CELESTE'),
(2487, 548, 'Eureka-CELESTE_05.jpg', 'Eureka CELESTE', 'Eureka CELESTE'),
(2488, 549, 'Intra-Lighting-Tracker_01.jpg', 'Intra Lighting Tracker', 'Intra Lighting Tracker'),
(2489, 549, 'Intra-Lighting-Tracker_02.jpg', 'Intra Lighting Tracker', 'Intra Lighting Tracker'),
(2490, 549, 'Intra-Lighting-Tracker_03.jpg', 'Intra Lighting Tracker', 'Intra Lighting Tracker'),
(2491, 549, 'Intra-Lighting-Tracker_04.jpg', 'Intra Lighting Tracker', 'Intra Lighting Tracker'),
(2492, 549, 'Intra-Lighting-Tracker_05.jpg', 'Intra Lighting Tracker', 'Intra Lighting Tracker'),
(2495, 18, 'exenia_sistemi_snake.jpg', 'Exenia Systems SNAKE', 'Exenia Systems SNAKE'),
(2496, 6, 'SOR005_SORAA_AR111.jpg', 'SORAA - AR111', 'SORAA - AR111'),
(2497, 19, 'Trylux_Mirona.jpg', 'MIRONA FIT LED', ''),
(2498, 17, 'OSRAM_dula-deckeninstallation-oled.jpg', 'OSRAM Dula OLED', ''),
(2499, 97, 'XAL-PACO_01.jpg', 'XAL PACO', 'XAL PACO'),
(2500, 97, 'XAL-PACO_02.jpg', 'XAL PACO', 'XAL PACO'),
(2501, 524, 'Louis-Poulsen-Panthella_01.jpg', 'Louis Poulsen Panthella ', 'Louis Poulsen Panthella '),
(2502, 524, 'Louis-Poulsen-Panthella_02.jpg', 'Louis Poulsen Panthella ', 'Louis Poulsen Panthella '),
(2503, 524, 'Louis-Poulsen-Panthella_03.jpg', 'Louis Poulsen Panthella ', 'Louis Poulsen Panthella '),
(2504, 524, 'Louis-Poulsen-Panthella_04.jpg', 'Louis Poulsen Panthella ', 'Louis Poulsen Panthella '),
(2505, 524, 'Louis-Poulsen-Panthella_05.jpg', 'Louis Poulsen Panthella ', 'Louis Poulsen Panthella '),
(2506, 523, 'Louis-Poulsen-Keglen_01.jpg', 'Louis Poulsen Keglen', 'Louis Poulsen Keglen'),
(2507, 523, 'Louis-Poulsen-Keglen_02.jpg', 'Louis Poulsen Keglen', 'Louis Poulsen Keglen'),
(2508, 523, 'Louis-Poulsen-Keglen_03.jpg', 'Louis Poulsen Keglen', 'Louis Poulsen Keglen'),
(2509, 523, 'Louis-Poulsen-Keglen_04.jpg', 'Louis Poulsen Keglen', 'Louis Poulsen Keglen'),
(2510, 540, 'Lumenpulse-Lumencore-Downlights_01.jpg', 'Lumenpulse Lumencore Downlights', 'Lumenpulse Lumencore Downlights'),
(2511, 540, 'Lumenpulse-Lumencore-Downlights_02.jpg', 'Lumenpulse Lumencore Downlights', 'Lumenpulse Lumencore Downlights'),
(2512, 540, 'Lumenpulse-Lumencore-Downlights_03.jpg', 'Lumenpulse Lumencore Downlights', 'Lumenpulse Lumencore Downlights'),
(2513, 540, 'Lumenpulse-Lumencore-Downlights_04.jpg', 'Lumenpulse Lumencore Downlights', 'Lumenpulse Lumencore Downlights'),
(2514, 540, 'Lumenpulse-Lumencore-Downlights_05.jpg', 'Lumenpulse Lumencore Downlights', 'Lumenpulse Lumencore Downlights'),
(2520, 551, 'Karman-Y_01.jpg', 'Karman Y', 'Karman Y'),
(2521, 551, 'Karman-Y_02.jpg', 'Karman Y', 'Karman Y'),
(2522, 551, 'Karman-Y_03.jpg', 'Karman Y', 'Karman Y'),
(2523, 552, 'Karman-ACCIPICCHIO_01.jpg', 'Karman ACCIPICCHIO', 'Karman ACCIPICCHIO'),
(2524, 552, 'Karman-ACCIPICCHIO_02.jpg', 'Karman ACCIPICCHIO', 'Karman ACCIPICCHIO'),
(2525, 552, 'Karman-ACCIPICCHIO_03.jpg', 'Karman ACCIPICCHIO', 'Karman ACCIPICCHIO'),
(2526, 552, 'Karman-ACCIPICCHIO_04.jpg', 'Karman ACCIPICCHIO', 'Karman ACCIPICCHIO'),
(2527, 553, 'Simes-Tonight-and-Tomorrow_01.jpg', 'Simes Tonight and Tomorrow', 'Simes Tonight and Tomorrow'),
(2528, 553, 'Simes-Tonight-and-Tomorrow_02.jpg', 'Simes Tonight and Tomorrow', 'Simes Tonight and Tomorrow'),
(2529, 553, 'Simes-Tonight-and-Tomorrow_03.jpg', 'Simes Tonight and Tomorrow', 'Simes Tonight and Tomorrow'),
(2530, 553, 'Simes-Tonight-and-Tomorrow_04.jpg', 'Simes Tonight and Tomorrow', 'Simes Tonight and Tomorrow'),
(2531, 553, 'Simes-Tonight-and-Tomorrow_05.jpg', 'Simes Tonight and Tomorrow', 'Simes Tonight and Tomorrow'),
(2532, 554, 'Simes-Spillo_01.jpg', 'Simes Spillo', 'Simes Spillo'),
(2533, 554, 'Simes-Spillo_02.jpg', 'Simes Spillo', 'Simes Spillo'),
(2534, 554, 'Simes-Spillo_03.jpg', 'Simes Spillo', 'Simes Spillo'),
(2535, 555, 'LIGMAN-ODESSA-2-G_01.jpg', 'LIGMAN ODESSA 2-G', 'LIGMAN ODESSA 2-G'),
(2536, 555, 'LIGMAN-ODESSA-2-G_02.jpg', 'LIGMAN ODESSA 2-G', 'LIGMAN ODESSA 2-G'),
(2537, 555, 'LIGMAN-ODESSA-2-G_03.jpg', 'LIGMAN ODESSA 2-G', 'LIGMAN ODESSA 2-G'),
(2542, 556, 'Visa-Lighting-Hellen_01.jpg', 'Visa Lighting Hellen', 'Visa Lighting Hellen'),
(2543, 556, 'Visa-Lighting-Hellen_02.jpg', 'Visa Lighting Hellen', 'Visa Lighting Hellen'),
(2544, 556, 'Visa-Lighting-Hellen_03.jpg', 'Visa Lighting Hellen', 'Visa Lighting Hellen'),
(2545, 556, 'Visa-Lighting-Hellen_04.jpg', 'Visa Lighting Hellen', 'Visa Lighting Hellen'),
(2546, 556, 'Visa-Lighting-Hellen_05.jpg', 'Visa Lighting Hellen', 'Visa Lighting Hellen'),
(2547, 557, 'Intra-Lighting-Pixy_01.jpg', 'Intra Lighting Pixy', 'Intra Lighting Pixy'),
(2548, 557, 'Intra-Lighting-Pixy_02.jpg', 'Intra Lighting Pixy', 'Intra Lighting Pixy'),
(2549, 558, 'Intra-Lighting-Black-Hole_01.jpg', 'Intra Lighting Black Hole', 'Intra Lighting Black Hole'),
(2550, 558, 'Intra-Lighting-Black-Hole_02.jpg', 'Intra Lighting Black Hole', 'Intra Lighting Black Hole'),
(2551, 559, 'Intra-Lighting-Vyko_01.jpg', 'Intra Lighting Vyko', 'Intra Lighting Vyko'),
(2552, 559, 'Intra-Lighting-Vyko_02.jpg', 'Intra Lighting Vyko', 'Intra Lighting Vyko'),
(2553, 560, 'PROLICHT-HYPRO-F_01.jpg', 'PROLICHT HYPRO-F', 'PROLICHT HYPRO-F'),
(2554, 560, 'PROLICHT-HYPRO-F_02.jpg', 'PROLICHT HYPRO-F', 'PROLICHT HYPRO-F'),
(2555, 560, 'PROLICHT-HYPRO-F_03.jpg', 'PROLICHT HYPRO-F', 'PROLICHT HYPRO-F'),
(2556, 560, 'PROLICHT-HYPRO-F_04.jpg', 'PROLICHT HYPRO-F', 'PROLICHT HYPRO-F'),
(2557, 560, 'PROLICHT-HYPRO-F_05.jpg', 'PROLICHT HYPRO-F', 'PROLICHT HYPRO-F'),
(2558, 563, 'PROLICHT-HADI_01.jpg', 'PROLICHT HADI', 'PROLICHT HADI'),
(2559, 563, 'PROLICHT-HADI_02.jpg', 'PROLICHT HADI', 'PROLICHT HADI'),
(2560, 563, 'PROLICHT-HADI_03.jpg', 'PROLICHT HADI', 'PROLICHT HADI'),
(2561, 563, 'PROLICHT-HADI_04.jpg', 'PROLICHT HADI', 'PROLICHT HADI'),
(2562, 563, 'PROLICHT-HADI_05.jpg', 'PROLICHT HADI', 'PROLICHT HADI'),
(2563, 564, 'Arancia-Lighting-Stella_01.jpg', 'Arancia Lighting Stella', 'Arancia Lighting Stella'),
(2564, 564, 'Arancia-Lighting-Stella_02.jpg', 'Arancia Lighting Stella', 'Arancia Lighting Stella'),
(2565, 564, 'Arancia-Lighting-Stella_03.jpg', 'Arancia Lighting Stella', 'Arancia Lighting Stella'),
(2566, 564, 'Arancia-Lighting-Stella_04.jpg', 'Arancia Lighting Stella', 'Arancia Lighting Stella'),
(2567, 565, 'iGuzzini-Twilight_01.jpg', 'iGuzzini Twilight', 'iGuzzini Twilight'),
(2568, 565, 'iGuzzini-Twilight_02.jpg', 'iGuzzini Twilight', 'iGuzzini Twilight'),
(2569, 565, 'iGuzzini-Twilight_03.jpg', 'iGuzzini Twilight', 'iGuzzini Twilight'),
(2570, 565, 'iGuzzini-Twilight_04.jpg', 'iGuzzini Twilight', 'iGuzzini Twilight'),
(2571, 565, 'iGuzzini-Twilight_05.jpg', 'iGuzzini Twilight', 'iGuzzini Twilight'),
(2572, 566, 'iGuzzini-Anello_01.jpg', 'iGuzzini Anello', 'iGuzzini Anello'),
(2573, 566, 'iGuzzini-Anello_02.jpg', 'iGuzzini Anello', 'iGuzzini Anello'),
(2574, 566, 'iGuzzini-Anello_03.jpg', 'iGuzzini Anello', 'iGuzzini Anello'),
(2575, 566, 'iGuzzini-Anello_04.jpg', 'iGuzzini Anello', 'iGuzzini Anello'),
(2576, 567, 'iGuzzini-Motus_01.jpg', 'iGuzzini Motus ', 'iGuzzini Motus '),
(2577, 567, 'iGuzzini-Motus_02.jpg', 'iGuzzini Motus ', 'iGuzzini Motus '),
(2578, 567, 'iGuzzini-Motus_03.jpg', 'iGuzzini Motus ', 'iGuzzini Motus '),
(2579, 568, 'iGuzzini-Street-and-Quid_01.jpg', 'iGuzzini Street and Quid', 'iGuzzini Street and Quid'),
(2580, 568, 'iGuzzini-Street-and-Quid_02.jpg', 'iGuzzini Street and Quid', 'iGuzzini Street and Quid'),
(2581, 568, 'iGuzzini-Street-and-Quid_03.jpg', 'iGuzzini Street and Quid', 'iGuzzini Street and Quid'),
(2582, 568, 'iGuzzini-Street-and-Quid_04.jpg', 'iGuzzini Street and Quid', 'iGuzzini Street and Quid'),
(2583, 569, 'Arancia-Lighting-Dot_01.jpg', 'Arancia Lighting Dot', 'Arancia Lighting Dot'),
(2584, 569, 'Arancia-Lighting-Dot_02.jpg', 'Arancia Lighting Dot', 'Arancia Lighting Dot'),
(2585, 570, 'Arancia-Lighting-MJ-Circle_01.jpg', 'Arancia Lighting MJ Circle', 'Arancia Lighting MJ Circle'),
(2586, 570, 'Arancia-Lighting-MJ-Circle_02.jpg', 'Arancia Lighting MJ Circle', 'Arancia Lighting MJ Circle'),
(2587, 570, 'Arancia-Lighting-MJ-Circle_03.jpg', 'Arancia Lighting MJ Circle', 'Arancia Lighting MJ Circle'),
(2588, 570, 'Arancia-Lighting-MJ-Circle_04.jpg', 'Arancia Lighting MJ Circle', 'Arancia Lighting MJ Circle'),
(2589, 570, 'Arancia-Lighting-MJ-Circle_05.jpg', 'Arancia Lighting MJ Circle', 'Arancia Lighting MJ Circle'),
(2590, 265, 'a-Light-ABSORB_01.jpg', 'a Light ABSORB ', 'a Light ABSORB '),
(2591, 265, 'a-Light-ABSORB_02.jpg', 'a Light ABSORB ', 'a Light ABSORB '),
(2592, 265, 'a-Light-ABSORB_03.jpg', 'a Light ABSORB ', 'a Light ABSORB '),
(2593, 265, 'a-Light-ABSORB_04.jpg', 'a Light ABSORB ', 'a Light ABSORB '),
(2594, 416, 'a-Light-WGD9_01.jpg', 'a Light WGD9', 'a Light WGD9'),
(2595, 416, 'a-Light-WGD9_02.jpg', 'a Light WGD9', 'a Light WGD9'),
(2596, 416, 'a-Light-WGD9_03.jpg', 'a Light WGD9', 'a Light WGD9'),
(2597, 416, 'a-Light-WGD9_04.jpg', 'a Light WGD9', 'a Light WGD9'),
(2598, 571, 'a-Light-ALOFT-ALO2_01.jpg', 'a Light ALOFT ALO2', 'a Light ALOFT ALO2'),
(2599, 571, 'a-Light-ALOFT-ALO2_02.jpg', 'a Light ALOFT ALO2', 'a Light ALOFT ALO2'),
(2600, 571, 'a-Light-ALOFT-ALO2_03.jpg', 'a Light ALOFT ALO2', 'a Light ALOFT ALO2'),
(2601, 571, 'a-Light-ALOFT-ALO2_04.jpg', 'a Light ALOFT ALO2', 'a Light ALOFT ALO2'),
(2602, 571, 'a-Light-ALOFT-ALO2_05.jpg', 'a Light ALOFT ALO2', 'a Light ALOFT ALO2'),
(2603, 572, 'Performance-iN-Lighting-MASK+_01.jpg', 'Performance iN Lighting MASK+', 'Performance iN Lighting MASK+'),
(2604, 572, 'Performance-iN-Lighting-MASK+_02.jpg', 'Performance iN Lighting MASK+', 'Performance iN Lighting MASK+'),
(2605, 572, 'Performance-iN-Lighting-MASK+_03.jpg', 'Performance iN Lighting MASK+', 'Performance iN Lighting MASK+'),
(2606, 572, 'Performance-iN-Lighting-MASK+_04.jpg', 'Performance iN Lighting MASK+', 'Performance iN Lighting MASK+'),
(2607, 572, 'Performance-iN-Lighting-MASK+_05.jpg', 'Performance iN Lighting MASK+', 'Performance iN Lighting MASK+'),
(2608, 573, 'Performance-iN-Lighting-MIMIK_01.jpg', 'Performance iN Lighting MIMIK', 'Performance iN Lighting MIMIK'),
(2609, 573, 'Performance-iN-Lighting-MIMIK_02.jpg', 'Performance iN Lighting MIMIK', 'Performance iN Lighting MIMIK'),
(2610, 573, 'Performance-iN-Lighting-MIMIK_03.jpg', 'Performance iN Lighting MIMIK', 'Performance iN Lighting MIMIK'),
(2611, 573, 'Performance-iN-Lighting-MIMIK_04.jpg', 'Performance iN Lighting MIMIK', 'Performance iN Lighting MIMIK'),
(2612, 573, 'Performance-iN-Lighting-MIMIK_05.jpg', 'Performance iN Lighting MIMIK', 'Performance iN Lighting MIMIK'),
(2613, 574, 'Luce-and-Light-Duomo_01.jpg', 'Luce & Light Duomo', 'Luce & Light Duomo'),
(2614, 574, 'Luce-and-Light-Duomo_02.jpg', 'Luce & Light Duomo', 'Luce & Light Duomo'),
(2615, 574, 'Luce-and-Light-Duomo_03.jpg', 'Luce & Light Duomo', 'Luce & Light Duomo'),
(2616, 574, 'Luce-and-Light-Duomo_04.jpg', 'Luce & Light Duomo', 'Luce & Light Duomo'),
(2617, 574, 'Luce-and-Light-Duomo_05.jpg', 'Luce & Light Duomo', 'Luce & Light Duomo'),
(2618, 576, 'Delta-Light-INFORM_01.jpg', 'Delta Light INFORM', 'Delta Light INFORM'),
(2619, 576, 'Delta-Light-INFORM_02.jpg', 'Delta Light INFORM', 'Delta Light INFORM'),
(2620, 576, 'Delta-Light-INFORM_03.jpg', 'Delta Light INFORM', 'Delta Light INFORM'),
(2621, 577, 'Delta-Light-BOWIE_01.jpg', 'Delta Light BOWIE', 'Delta Light BOWIE'),
(2622, 577, 'Delta-Light-BOWIE_02.jpg', 'Delta Light BOWIE', 'Delta Light BOWIE'),
(2623, 577, 'Delta-Light-BOWIE_03.jpg', 'Delta Light BOWIE', 'Delta Light BOWIE'),
(2624, 578, 'Delta-Light-SUPERLOOP-PLUS_01.jpg', 'Delta Light SUPERLOOP PLUS', 'Delta Light SUPERLOOP PLUS'),
(2625, 578, 'Delta-Light-SUPERLOOP-PLUS_02.jpg', 'Delta Light SUPERLOOP PLUS', 'Delta Light SUPERLOOP PLUS'),
(2626, 578, 'Delta-Light-SUPERLOOP-PLUS_03.jpg', 'Delta Light SUPERLOOP PLUS', 'Delta Light SUPERLOOP PLUS'),
(2627, 579, 'Delta-Light-MANTELLO_01.jpg', 'Delta Light MANTELLO', 'Delta Light MANTELLO'),
(2628, 579, 'Delta-Light-MANTELLO_02.jpg', 'Delta Light MANTELLO', 'Delta Light MANTELLO'),
(2629, 579, 'Delta-Light-MANTELLO_03.jpg', 'Delta Light MANTELLO', 'Delta Light MANTELLO'),
(2645, 582, 'Wever-and-Ducre-FINLIN_01.jpg', 'Wever & Ducre FINLIN ', 'Wever & Ducre FINLIN '),
(2646, 582, 'Wever-and-Ducre-FINLIN_02.jpg', 'Wever & Ducre FINLIN ', 'Wever & Ducre FINLIN '),
(2647, 582, 'Wever-and-Ducre-FINLIN_03.jpg', 'Wever & Ducre FINLIN ', 'Wever & Ducre FINLIN '),
(2648, 582, 'Wever-and-Ducre-FINLIN_04.jpg', 'Wever & Ducre FINLIN ', 'Wever & Ducre FINLIN '),
(2649, 582, 'Wever-and-Ducre-FINLIN_05.jpg', 'Wever & Ducre FINLIN ', 'Wever & Ducre FINLIN '),
(2650, 583, 'Wever-and-Ducre-PIRRO_01.jpg', 'Wever & Ducre PIRRO', 'Wever & Ducre PIRRO'),
(2651, 583, 'Wever-and-Ducre-PIRRO_02.jpg', 'Wever & Ducre PIRRO', 'Wever & Ducre PIRRO'),
(2652, 583, 'Wever-and-Ducre-PIRRO_03.jpg', 'Wever & Ducre PIRRO', 'Wever & Ducre PIRRO'),
(2653, 583, 'Wever-and-Ducre-PIRRO_04.jpg', 'Wever & Ducre PIRRO', 'Wever & Ducre PIRRO'),
(2654, 583, 'Wever-and-Ducre-PIRRO_05.jpg', 'Wever & Ducre PIRRO', 'Wever & Ducre PIRRO'),
(2655, 584, 'Lumenpulse-Lumenblade_01.jpg', 'Lumenpulse Lumenblade ', 'Lumenpulse Lumenblade '),
(2656, 584, 'Lumenpulse-Lumenblade_02.jpg', 'Lumenpulse Lumenblade ', 'Lumenpulse Lumenblade '),
(2657, 584, 'Lumenpulse-Lumenblade_03.jpg', 'Lumenpulse Lumenblade ', 'Lumenpulse Lumenblade '),
(2658, 584, 'Lumenpulse-Lumenblade_04.jpg', 'Lumenpulse Lumenblade ', 'Lumenpulse Lumenblade '),
(2659, 585, 'Edison-Lighting-Group-SONIC-TUBE_01.jpg', 'Edison Lighting Group SONIC TUBE+', 'Edison Lighting Group SONIC TUBE+'),
(2675, 587, 'Catellani-and-Smith-DiscO_01.jpg', 'Catellani & Smith DiscO', 'Catellani & Smith DiscO'),
(2676, 587, 'Catellani-and-Smith-DiscO_02.jpg', 'Catellani & Smith DiscO', 'Catellani & Smith DiscO'),
(2681, 588, 'Zumtobel-CLEAN-II_01.jpg', 'Zumtobel CLEAN II', 'Zumtobel CLEAN II'),
(2682, 588, 'Zumtobel-CLEAN-II_02.jpg', 'Zumtobel CLEAN II', 'Zumtobel CLEAN II'),
(2683, 588, 'Zumtobel-CLEAN-II_03.jpg', 'Zumtobel CLEAN II', 'Zumtobel CLEAN II'),
(2684, 588, 'Zumtobel-CLEAN-II_04.jpg', 'Zumtobel CLEAN II', 'Zumtobel CLEAN II'),
(2685, 589, 'Arancia-Lighting-Slice-and-Split_01.jpg', 'Arancia Lighting Slice and Split', 'Arancia Lighting Slice and Split'),
(2686, 589, 'Arancia-Lighting-Slice-and-Split_02.jpg', 'Arancia Lighting Slice and Split', 'Arancia Lighting Slice and Split'),
(2687, 589, 'Arancia-Lighting-Slice-and-Split_03.jpg', 'Arancia Lighting Slice and Split', 'Arancia Lighting Slice and Split'),
(2688, 589, 'Arancia-Lighting-Slice-and-Split_04.jpg', 'Arancia Lighting Slice and Split', 'Arancia Lighting Slice and Split'),
(2689, 589, 'Arancia-Lighting-Slice-and-Split_05.jpg', 'Arancia Lighting Slice and Split', 'Arancia Lighting Slice and Split'),
(2690, 590, 'Eureka-OUTLINE_01.jpg', 'Eureka OUTLINE', 'Eureka OUTLINE'),
(2691, 590, 'Eureka-OUTLINE_02.jpg', 'Eureka OUTLINE', 'Eureka OUTLINE'),
(2692, 590, 'Eureka-OUTLINE_03.jpg', 'Eureka OUTLINE', 'Eureka OUTLINE'),
(2693, 590, 'Eureka-OUTLINE_04.jpg', 'Eureka OUTLINE', 'Eureka OUTLINE'),
(2694, 590, 'Eureka-OUTLINE_05.jpg', 'Eureka OUTLINE', 'Eureka OUTLINE'),
(2700, 592, 'Arancia-Lighting-Drum_01.jpg', 'Arancia Lighting DRUM', 'Arancia Lighting DRUM'),
(2701, 592, 'Arancia-Lighting-Drum_02.jpg', 'Arancia Lighting DRUM', 'Arancia Lighting DRUM'),
(2702, 592, 'Arancia-Lighting-Drum_03.jpg', 'Arancia Lighting DRUM', 'Arancia Lighting DRUM'),
(2703, 592, 'Arancia-Lighting-Drum_04.jpg', 'Arancia Lighting DRUM', 'Arancia Lighting DRUM'),
(2704, 592, 'Arancia-Lighting-Drum_05.jpg', 'Arancia Lighting DRUM', 'Arancia Lighting DRUM'),
(2705, 143, 'Flos-Arrangements_01.jpg', 'Flos Arrangements', 'Flos Arrangements'),
(2706, 143, 'Flos-Arrangements_02.jpg', 'Flos Arrangements', 'Flos Arrangements'),
(2707, 143, 'Flos-Arrangements_03.jpg', 'Flos Arrangements', 'Flos Arrangements'),
(2708, 143, 'Flos-Arrangements_04.jpg', 'Flos Arrangements', 'Flos Arrangements'),
(2709, 78, 'Flos-Infra-Structure_01.jpg', 'Flos Infra-Structure', 'Flos Infra-Structure'),
(2710, 78, 'Flos-Infra-Structure_02.jpg', 'Flos Infra-Structure', 'Flos Infra-Structure'),
(2711, 78, 'Flos-Infra-Structure_03.jpg', 'Flos Infra-Structure', 'Flos Infra-Structure'),
(2712, 180, 'Flos-Bellhop_01.jpg', 'Flos Bellhop', 'Flos Bellhop'),
(2713, 180, 'Flos-Bellhop_02.jpg', 'Flos Bellhop', 'Flos Bellhop'),
(2714, 180, 'Flos-Bellhop_03.jpg', 'Flos Bellhop', 'Flos Bellhop'),
(2715, 212, 'Flos-String-Lights_01.jpg', 'Flos String Lights', 'Flos String Lights'),
(2716, 212, 'Flos-String-Lights_02.jpg', 'Flos String Lights', 'Flos String Lights'),
(2717, 212, 'Flos-String-Lights_03.jpg', 'Flos String Lights', 'Flos String Lights'),
(2718, 246, 'Flos-Aim_01.jpg', 'Flos Aim', 'Flos Aim'),
(2719, 246, 'Flos-Aim_02.jpg', 'Flos Aim', 'Flos Aim'),
(2720, 246, 'Flos-Aim_03.jpg', 'Flos Aim', 'Flos Aim'),
(2721, 246, 'Flos-Aim_04.jpg', 'Flos Aim', 'Flos Aim'),
(2722, 291, 'Flos-Noctambule_01.jpg', 'Flos Noctambule', 'Flos Noctambule'),
(2723, 291, 'Flos-Noctambule_02.jpg', 'Flos Noctambule', 'Flos Noctambule'),
(2724, 291, 'Flos-Noctambule_03.jpg', 'Flos Noctambule', 'Flos Noctambule'),
(2725, 291, 'Flos-Noctambule_04.jpg', 'Flos Noctambule', 'Flos Noctambule'),
(2726, 318, 'Flos-2097_01.jpg', 'Flos 2097', 'Flos 2097'),
(2727, 318, 'Flos-2097_02.jpg', 'Flos 2097', 'Flos 2097'),
(2728, 318, 'Flos-2097_03.jpg', 'Flos 2097', 'Flos 2097'),
(2729, 318, 'Flos-2097_04.jpg', 'Flos 2097', 'Flos 2097'),
(2730, 430, 'Flos-Skygarden-in-matt-black_01.jpg', 'Flos Skygarden in matt black', 'Flos Skygarden in matt black'),
(2731, 430, 'Flos-Skygarden-in-matt-black_02.jpg', 'Flos Skygarden in matt black', 'Flos Skygarden in matt black'),
(2732, 430, 'Flos-Skygarden-in-matt-black_03.jpg', 'Flos Skygarden in matt black', 'Flos Skygarden in matt black'),
(2733, 430, 'Flos-Skygarden-in-matt-black_04.jpg', 'Flos Skygarden in matt black', 'Flos Skygarden in matt black'),
(2734, 447, 'Flos-Bon-Jour-Unplugged_01.jpg', 'Flos Bon Jour Unplugged', 'Flos Bon Jour Unplugged'),
(2735, 447, 'Flos-Bon-Jour-Unplugged_02.jpg', 'Flos Bon Jour Unplugged', 'Flos Bon Jour Unplugged'),
(2736, 447, 'Flos-Bon-Jour-Unplugged_03.jpg', 'Flos Bon Jour Unplugged', 'Flos Bon Jour Unplugged'),
(2737, 447, 'Flos-Bon-Jour-Unplugged_04.jpg', 'Flos Bon Jour Unplugged', 'Flos Bon Jour Unplugged'),
(2738, 447, 'Flos-Bon-Jour-Unplugged_05.gif', 'Flos Bon Jour Unplugged', 'Flos Bon Jour Unplugged'),
(2739, 449, 'Flos-Light-Bell_01.jpg', 'Flos Light Bell', 'Flos Light Bell'),
(2740, 449, 'Flos-Light-Bell_02.jpg', 'Flos Light Bell', 'Flos Light Bell'),
(2741, 449, 'Flos-Light-Bell_03.jpg', 'Flos Light Bell', 'Flos Light Bell'),
(2742, 449, 'Flos-Light-Bell_04.jpg', 'Flos Light Bell', 'Flos Light Bell'),
(2743, 449, 'Flos-Light-Bell_05.jpg', 'Flos Light Bell', 'Flos Light Bell'),
(2744, 450, 'Flos-In&Out_01.jpg', 'Flos In&Out', 'Flos In&Out'),
(2745, 450, 'Flos-In&Out_02.jpg', 'Flos In&Out', 'Flos In&Out'),
(2746, 450, 'Flos-In&Out_03.gif', 'Flos In&Out', 'Flos In&Out'),
(2747, 450, 'Flos-In&Out_04.jpg', 'Flos In&Out', 'Flos In&Out'),
(2748, 450, 'Flos-In&Out_05.gif', 'Flos In&Out', 'Flos In&Out'),
(2749, 468, 'Flos-Copycat_01.jpg', 'Flos Copycat ', 'Flos Copycat '),
(2750, 468, 'Flos-Copycat_02.gif', 'Flos Copycat ', 'Flos Copycat '),
(2751, 468, 'Flos-Copycat_03.jpg', 'Flos Copycat ', 'Flos Copycat '),
(2752, 468, 'Flos-Copycat_04.jpg', 'Flos Copycat ', 'Flos Copycat '),
(2753, 474, 'Flos-Tab_01.jpg', 'Flos Tab', 'Flos Tab'),
(2754, 474, 'Flos-Tab_02.gif', 'Flos Tab', 'Flos Tab'),
(2755, 474, 'Flos-Tab_03.jpg', 'Flos Tab', 'Flos Tab'),
(2756, 474, 'Flos-Tab_04.jpg', 'Flos Tab', 'Flos Tab'),
(2757, 516, 'Flos-Diversion_01.jpg', 'Flos Diversion', 'Flos Diversion'),
(2758, 516, 'Flos-Diversion_02.gif', 'Flos Diversion', 'Flos Diversion'),
(2759, 516, 'Flos-Diversion_03.jpg', 'Flos Diversion', 'Flos Diversion'),
(2760, 516, 'Flos-Diversion_04.jpg', 'Flos Diversion', 'Flos Diversion'),
(2761, 516, 'Flos-Diversion_05.jpg', 'Flos Diversion', 'Flos Diversion'),
(2762, 522, 'Flos-265_01.jpg', 'Flos 265', 'Flos 265Flos 265'),
(2763, 522, 'Flos-265_02.jpg', 'Flos 265', 'Flos 265'),
(2764, 522, 'Flos-265_03.jpg', 'Flos 265', 'Flos 265'),
(2765, 522, 'Flos-265_04.jpg', 'Flos 265', 'Flos 265'),
(2766, 522, 'Flos-265_05.jpg', 'Flos 265', 'Flos 265'),
(2767, 550, 'Flos-2097-18_01.jpg', 'Flos 2097/18', 'Flos 2097/18'),
(2768, 550, 'Flos-2097-18_02.gif', 'Flos 2097/18', 'Flos 2097/18'),
(2769, 550, 'Flos-2097-18_03.jpg', 'Flos 2097/18', 'Flos 2097/18'),
(2770, 550, 'Flos-2097-18_04.jpg', 'Flos 2097/18', 'Flos 2097/18'),
(2771, 550, 'Flos-2097-18_05.jpg', 'Flos 2097/18', 'Flos 2097/18'),
(2772, 581, 'Flos-Caule_01.jpg', 'Flos Caule ', 'Flos Caule '),
(2773, 581, 'Flos-Caule_02.jpg', 'Flos Caule ', 'Flos Caule '),
(2774, 581, 'Flos-Caule_03.jpg', 'Flos Caule ', 'Flos Caule '),
(2775, 581, 'Flos-Caule_04.jpg', 'Flos Caule ', 'Flos Caule '),
(2776, 581, 'Flos-Caule_05.jpg', 'Flos Caule ', 'Flos Caule '),
(2777, 586, 'Flos-Infra-Structure-Episode-2_01.jpg', 'Flos Infra-Structure Episode 2', 'Flos Infra-Structure Episode 2'),
(2778, 586, 'Flos-Infra-Structure-Episode-2_02.gif', 'Flos Infra-Structure Episode 2', 'Flos Infra-Structure Episode 2'),
(2779, 586, 'Flos-Infra-Structure-Episode-2_03.jpg', 'Flos Infra-Structure Episode 2', 'Flos Infra-Structure Episode 2'),
(2780, 586, 'Flos-Infra-Structure-Episode-2_04.jpg', 'Flos Infra-Structure Episode 2', 'Flos Infra-Structure Episode 2'),
(2781, 586, 'Flos-Infra-Structure-Episode-2_05.jpg', 'Flos Infra-Structure Episode 2', 'Flos Infra-Structure Episode 2'),
(2782, 591, 'Flos-Mile_01.jpg', 'Flos Mile ', 'Flos Mile '),
(2783, 591, 'Flos-Mile_02.jpg', 'Flos Mile ', 'Flos Mile '),
(2784, 591, 'Flos-Mile_03.jpg', 'Flos Mile ', 'Flos Mile '),
(2785, 591, 'Flos-Mile_04.jpg', 'Flos Mile ', 'Flos Mile '),
(2786, 591, 'Flos-Mile_05.jpg', 'Flos Mile ', 'Flos Mile '),
(2787, 593, 'Arancia-Line_01.jpg', 'Arancia Line', 'Arancia Line'),
(2788, 593, 'Arancia-Line_02.jpg', 'Arancia Line', 'Arancia Line'),
(2789, 418, 'OCL-GLOWRING-ACOUSTIC_01.jpg', 'OCL GLOWRING™ ACOUSTIC', 'OCL GLOWRING™ ACOUSTIC'),
(2790, 418, 'OCL-GLOWRING-ACOUSTIC_02.jpg', 'OCL GLOWRING™ ACOUSTIC', 'OCL GLOWRING™ ACOUSTIC'),
(2791, 418, 'OCL-GLOWRING-ACOUSTIC_03.jpg', 'OCL GLOWRING™ ACOUSTIC', 'OCL GLOWRING™ ACOUSTIC'),
(2792, 419, 'OCL-GLOWBALL_01.jpg', 'OCL GLOWBALL', 'OCL GLOWBALL'),
(2793, 419, 'OCL-GLOWBALL_02.jpg', 'OCL GLOWBALL', 'OCL GLOWBALL'),
(2794, 419, 'OCL-GLOWBALL_03.jpg', 'OCL GLOWBALL', 'OCL GLOWBALL'),
(2795, 419, 'OCL-GLOWBALL_04.jpg', 'OCL GLOWBALL', 'OCL GLOWBALL'),
(2796, 419, 'OCL-GLOWBALL_05.jpg', 'OCL GLOWBALL', 'OCL GLOWBALL'),
(2797, 431, 'OCL-KWYET_01.jpg', 'OCL KWYET', 'OCL KWYET'),
(2798, 431, 'OCL-KWYET_02.jpg', 'OCL KWYET', 'OCL KWYET'),
(2799, 431, 'OCL-KWYET_03.jpg', 'OCL KWYET', 'OCL KWYET'),
(2800, 431, 'OCL-KWYET_04.jpg', 'OCL KWYET', 'OCL KWYET'),
(2801, 431, 'OCL-KWYET_05.jpg', 'OCL KWYET', 'OCL KWYET'),
(2802, 456, 'OCL-TUBIE-3-5-7_01.jpg', 'OCL ALL NEW TUBIE™ 3, 5, AND 7', 'OCL ALL NEW TUBIE™ 3, 5, AND 7'),
(2803, 456, 'OCL-TUBIE-3-5-7_02.jpg', 'OCL ALL NEW TUBIE™ 3, 5, AND 7', 'OCL ALL NEW TUBIE™ 3, 5, AND 7'),
(2804, 456, 'OCL-TUBIE-3-5-7_03.jpg', 'OCL ALL NEW TUBIE™ 3, 5, AND 7', 'OCL ALL NEW TUBIE™ 3, 5, AND 7'),
(2805, 580, 'OCL-GLOWBALL-CLUSTER_01.jpg', 'OCL GLOWBALL CLUSTER ', 'OCL GLOWBALL CLUSTER '),
(2806, 580, 'OCL-GLOWBALL-CLUSTER_02.jpg', 'OCL GLOWBALL CLUSTER ', 'OCL GLOWBALL CLUSTER '),
(2807, 580, 'OCL-GLOWBALL-CLUSTER_03.jpg', 'OCL GLOWBALL CLUSTER ', 'OCL GLOWBALL CLUSTER '),
(2808, 580, 'OCL-GLOWBALL-CLUSTER_04.jpg', 'OCL GLOWBALL CLUSTER ', 'OCL GLOWBALL CLUSTER '),
(2809, 580, 'OCL-GLOWBALL-CLUSTER_05.jpg', 'OCL GLOWBALL CLUSTER ', 'OCL GLOWBALL CLUSTER '),
(2810, 594, 'OCL-REV-STEALTH-LINER_01.jpg', 'OCL REV™ / STEALTH™ / LINER™', 'OCL REV™ / STEALTH™ / LINER™'),
(2811, 594, 'OCL-REV-STEALTH-LINER_02.jpg', 'OCL REV™ / STEALTH™ / LINER™', 'OCL REV™ / STEALTH™ / LINER™'),
(2812, 594, 'OCL-REV-STEALTH-LINER_03.jpg', 'OCL REV™ / STEALTH™ / LINER™', 'OCL REV™ / STEALTH™ / LINER™'),
(2813, 594, 'OCL-REV-STEALTH-LINER_04.jpg', 'OCL REV™ / STEALTH™ / LINER™', 'OCL REV™ / STEALTH™ / LINER™'),
(2814, 594, 'OCL-REV-STEALTH-LINER_05.jpg', 'OCL REV™ / STEALTH™ / LINER™', 'OCL REV™ / STEALTH™ / LINER™'),
(2815, 595, 'Vibia-Guise-Ceiling_01.jpg', 'Vibia Guise Ceiling', 'Vibia Guise Ceiling'),
(2816, 595, 'Vibia-Guise-Ceiling_02.jpg', 'Vibia Guise Ceiling', 'Vibia Guise Ceiling'),
(2817, 595, 'Vibia-Guise-Ceiling_03.jpg', 'Vibia Guise Ceiling', 'Vibia Guise Ceiling'),
(2818, 595, 'Vibia-Guise-Ceiling_04.jpg', 'Vibia Guise Ceiling', 'Vibia Guise Ceiling'),
(2819, 595, 'Vibia-Guise-Ceiling_05.jpg', 'Vibia Guise Ceiling', 'Vibia Guise Ceiling'),
(2820, 596, 'Flos-IC-Lights-Wall-Outdoor_01.jpg', 'Flos IC Lights Wall Outdoor', 'Flos IC Lights Wall Outdoor'),
(2821, 596, 'Flos-IC-Lights-Wall-Outdoor_02.jpg', 'Flos IC Lights Wall Outdoor', 'Flos IC Lights Wall Outdoor'),
(2822, 596, 'Flos-IC-Lights-Wall-Outdoor_03.jpg', 'Flos IC Lights Wall Outdoor', 'Flos IC Lights Wall Outdoor'),
(2823, 597, 'Meteor-Lighting-Lance_01.jpg', 'Meteor Lighting Lance ', 'Meteor Lighting Lance '),
(2824, 597, 'Meteor-Lighting-Lance_02.jpg', 'Meteor Lighting Lance ', 'Meteor Lighting Lance '),
(2825, 597, 'Meteor-Lighting-Lance_03.jpg', 'Meteor Lighting Lance ', 'Meteor Lighting Lance '),
(2826, 439, 'Meteor-Lighting-WHIZ-2-0_01.jpg', 'Meteor Lighting WHIZ 2.0', 'Meteor Lighting WHIZ 2.0'),
(2827, 439, 'Meteor-Lighting-WHIZ-2-0_02.jpg', 'Meteor Lighting WHIZ 2.0', 'Meteor Lighting WHIZ 2.0'),
(2828, 439, 'Meteor-Lighting-WHIZ-2-0_03.jpg', 'Meteor Lighting WHIZ 2.0', 'Meteor Lighting WHIZ 2.0'),
(2829, 598, 'Insight-Lighting-SCOPE_01.jpg', 'Insight Lighting SCOPE', 'Insight Lighting SCOPE'),
(2830, 598, 'Insight-Lighting-SCOPE_02.jpg', 'Insight Lighting SCOPE', 'Insight Lighting SCOPE'),
(2831, 598, 'Insight-Lighting-SCOPE_03.jpg', 'Insight Lighting SCOPE', 'Insight Lighting SCOPE'),
(2832, 599, 'Flos-In-Vitro_01.jpg', 'Flos In Vitro', 'Flos In Vitro'),
(2833, 599, 'Flos-In-Vitro_02.gif', 'Flos In Vitro', 'Flos In Vitro'),
(2834, 599, 'Flos-In-Vitro_03.jpg', 'Flos In Vitro', 'Flos In Vitro'),
(2835, 599, 'Flos-In-Vitro_04.jpg', 'Flos In Vitro', 'Flos In Vitro'),
(2836, 599, 'Flos-In-Vitro_05.jpg', 'Flos In Vitro', 'Flos In Vitro'),
(2837, 600, 'Flos-Belt_01.jpg', 'Flos Belt', 'Flos Belt'),
(2838, 600, 'Flos-Belt_02.jpg', 'Flos Belt', 'Flos Belt'),
(2839, 600, 'Flos-Belt_03.jpg', 'Flos Belt', 'Flos Belt'),
(2840, 600, 'Flos-Belt_04.jpg', 'Flos Belt', 'Flos Belt'),
(2841, 600, 'Flos-Belt_05.jpg', 'Flos Belt', 'Flos Belt'),
(2842, 601, 'Flos-Camera_01.jpg', 'Flos Camera ', 'Flos Camera '),
(2843, 601, 'Flos-Camera_02.jpg', 'Flos Camera ', 'Flos Camera '),
(2844, 601, 'Flos-Camera_03.jpg', 'Flos Camera ', 'Flos Camera '),
(2845, 601, 'Flos-Camera_04.jpg', 'Flos Camera ', 'Flos Camera '),
(2846, 602, 'Edison-Lighting-Group-SONIC-CURVE_01.jpg', 'Edison Lighting Group SONIC CURVE+', 'Edison Lighting Group SONIC CURVE+'),
(2847, 603, 'Edison-Lighting-Group-SONIC-TRIAD_01.jpg', 'Edison Lighting Group SONIC TRIAD+', 'Edison Lighting Group SONIC TRIAD+'),
(2848, 604, 'Performance-iN-Lighting-KREOS_01.jpg', 'Performance iN Lighting KREOS', 'Performance iN Lighting KREOS'),
(2849, 604, 'Performance-iN-Lighting-KREOS_02.jpg', 'Performance iN Lighting KREOS', 'Performance iN Lighting KREOS'),
(2850, 604, 'Performance-iN-Lighting-KREOS_03.jpg', 'Performance iN Lighting KREOS', 'Performance iN Lighting KREOS'),
(2851, 604, 'Performance-iN-Lighting-KREOS_04.jpg', 'Performance iN Lighting KREOS', 'Performance iN Lighting KREOS'),
(2852, 604, 'Performance-iN-Lighting-KREOS_05.jpg', 'Performance iN Lighting KREOS', 'Performance iN Lighting KREOS'),
(2853, 605, 'Performance-iN-Lighting-HEDO_01.jpg', 'Performance iN Lighting HEDO+', 'Performance iN Lighting HEDO+'),
(2854, 605, 'Performance-iN-Lighting-HEDO_02.jpg', 'Performance iN Lighting HEDO+', 'Performance iN Lighting HEDO+'),
(2855, 605, 'Performance-iN-Lighting-HEDO_03.jpg', 'Performance iN Lighting HEDO+', 'Performance iN Lighting HEDO+'),
(2856, 605, 'Performance-iN-Lighting-HEDO_04.jpg', 'Performance iN Lighting HEDO+', 'Performance iN Lighting HEDO+'),
(2857, 605, 'Performance-iN-Lighting-HEDO_05.jpg', 'Performance iN Lighting HEDO+', 'Performance iN Lighting HEDO+'),
(2858, 606, 'Arancia-Lighting-Drum-Pendant_01.jpg', 'Arancia Lighting Drum Pendant', 'Arancia Lighting Drum Pendant'),
(2859, 606, 'Arancia-Lighting-Drum-Pendant_02.jpg', 'Arancia Lighting Drum Pendant', 'Arancia Lighting Drum Pendant'),
(2860, 606, 'Arancia-Lighting-Drum-Pendant_03.jpg', 'Arancia Lighting Drum Pendant', 'Arancia Lighting Drum Pendant'),
(2861, 606, 'Arancia-Lighting-Drum-Pendant_04.jpg', 'Arancia Lighting Drum Pendant', 'Arancia Lighting Drum Pendant'),
(2862, 606, 'Arancia-Lighting-Drum-Pendant_05.jpg', 'Arancia Lighting Drum Pendant', 'Arancia Lighting Drum Pendant'),
(2863, 607, 'Flos-Walkstick-and-Wallstick_01.jpg', 'Flos Walkstick & Wallstick', 'Flos Walkstick & Wallstick'),
(2864, 607, 'Flos-Walkstick-and-Wallstick_02.jpg', 'Flos Walkstick & Wallstick', 'Flos Walkstick & Wallstick'),
(2865, 607, 'Flos-Walkstick-and-Wallstick_03.gif', 'Flos Walkstick & Wallstick', 'Flos Walkstick & Wallstick'),
(2866, 607, 'Flos-Walkstick-and-Wallstick_04.jpg', 'Flos Walkstick & Wallstick', 'Flos Walkstick & Wallstick'),
(2867, 607, 'Flos-Walkstick-and-Wallstick_05.gif', 'Flos Walkstick & Wallstick', 'Flos Walkstick & Wallstick'),
(2868, 608, 'Artemide-Flexia_01.jpg', 'Artemide Flexia', 'Artemide Flexia'),
(2869, 608, 'Artemide-Flexia_02.jpg', 'Artemide Flexia', 'Artemide Flexia'),
(2870, 608, 'Artemide-Flexia_03.jpg', 'Artemide Flexia', 'Artemide Flexia'),
(2871, 608, 'Artemide-Flexia_04.jpg', 'Artemide Flexia', 'Artemide Flexia'),
(2872, 608, 'Artemide-Flexia_05.jpg', 'Artemide Flexia', 'Artemide Flexia'),
(2873, 609, 'Artemide-Gople-System_01.jpg', 'Artemide Gople System', 'Artemide Gople System'),
(2874, 609, 'Artemide-Gople-System_02.jpg', 'Artemide Gople System', 'Artemide Gople System'),
(2875, 609, 'Artemide-Gople-System_03.jpg', 'Artemide Gople System', 'Artemide Gople System'),
(2876, 610, 'Modular-Lighting-Instruments-Tulip_01.jpg', 'Modular Lighting Instruments Tulip', 'Modular Lighting Instruments Tulip'),
(2877, 610, 'Modular-Lighting-Instruments-Tulip_02.jpg', 'Modular Lighting Instruments Tulip', 'Modular Lighting Instruments Tulip'),
(2878, 610, 'Modular-Lighting-Instruments-Tulip_03.jpg', 'Modular Lighting Instruments Tulip', 'Modular Lighting Instruments Tulip'),
(2879, 610, 'Modular-Lighting-Instruments-Tulip_04.jpg', 'Modular Lighting Instruments Tulip', 'Modular Lighting Instruments Tulip'),
(2880, 610, 'Modular-Lighting-Instruments-Tulip_05.jpg', 'Modular Lighting Instruments Tulip', 'Modular Lighting Instruments Tulip'),
(2881, 611, 'Eureka-EXPO_01.jpg', 'Eureka EXPO', 'Eureka EXPO'),
(2882, 611, 'Eureka-EXPO_02.jpg', 'Eureka EXPO', 'Eureka EXPO'),
(2883, 611, 'Eureka-EXPO_03.jpg', 'Eureka EXPO', 'Eureka EXPO'),
(2884, 611, 'Eureka-EXPO_04.jpg', 'Eureka EXPO', 'Eureka EXPO'),
(2885, 611, 'Eureka-EXPO_05.jpg', 'Eureka EXPO', 'Eureka EXPO'),
(2886, 612, 'a-Light-Align_01.jpg', 'a Light Align ', 'a Light Align '),
(2887, 612, 'a-Light-Align_02.jpg', 'a Light Align ', 'a Light Align '),
(2888, 612, 'a-Light-Align_03.jpg', 'a Light Align ', 'a Light Align '),
(2889, 612, 'a-Light-Align_04.jpg', 'a Light Align ', 'a Light Align '),
(2890, 612, 'a-Light-Align_05.jpg', 'a Light Align ', 'a Light Align '),
(2891, 615, 'Vibia-TOP_01.jpg', 'Vibia TOP ', 'Vibia TOP '),
(2892, 615, 'Vibia-TOP_02.jpg', 'Vibia TOP ', 'Vibia TOP '),
(2893, 615, 'Vibia-TOP_03.jpg', 'Vibia TOP ', 'Vibia TOP '),
(2894, 615, 'Vibia-TOP_04.jpg', 'Vibia TOP ', 'Vibia TOP '),
(2895, 615, 'Vibia-TOP_05.jpg', 'Vibia TOP ', 'Vibia TOP '),
(2896, 616, 'Eureka-MATRIX_01.jpg', 'Eureka MATRIX', 'Eureka MATRIX'),
(2897, 616, 'Eureka-MATRIX_02.jpg', 'Eureka MATRIX', 'Eureka MATRIX'),
(2898, 616, 'Eureka-MATRIX_03.jpg', 'Eureka MATRIX', 'Eureka MATRIX'),
(2899, 616, 'Eureka-MATRIX_04.jpg', 'Eureka MATRIX', 'Eureka MATRIX'),
(2900, 616, 'Eureka-MATRIX_05.jpg', 'Eureka MATRIX', 'Eureka MATRIX'),
(2901, 617, 'Platek-CHIODO_01.jpg', 'Platek CHIODO', 'Platek CHIODO'),
(2902, 617, 'Platek-CHIODO_02.jpg', 'Platek CHIODO', 'Platek CHIODO'),
(2903, 617, 'Platek-CHIODO_03.jpg', 'Platek CHIODO', 'Platek CHIODO'),
(2904, 617, 'Platek-CHIODO_04.jpg', 'Platek CHIODO', 'Platek CHIODO'),
(2905, 617, 'Platek-CHIODO_05.jpg', 'Platek CHIODO', 'Platek CHIODO'),
(2906, 618, 'PROLICHT-CODE_01.jpg', 'PROLICHT CODE', 'PROLICHT CODE'),
(2907, 618, 'PROLICHT-CODE_02.gif', 'PROLICHT CODE', 'PROLICHT CODE'),
(2908, 618, 'PROLICHT-CODE_03.jpg', 'PROLICHT CODE', 'PROLICHT CODE'),
(2909, 618, 'PROLICHT-CODE_04.jpg', 'PROLICHT CODE', 'PROLICHT CODE'),
(2910, 619, 'GEORG-BECHTER-LICHT-VERSA_01.jpg', 'GEORG BECHTER LICHT VERSA', 'GEORG BECHTER LICHT VERSA'),
(2911, 619, 'GEORG-BECHTER-LICHT-VERSA_02.jpg', 'GEORG BECHTER LICHT VERSA', 'GEORG BECHTER LICHT VERSA'),
(2912, 619, 'GEORG-BECHTER-LICHT-VERSA_03.jpg', 'GEORG BECHTER LICHT VERSA', 'GEORG BECHTER LICHT VERSA'),
(2913, 620, 'Ecosense-Lighting-TROV-Flex_01.jpg', 'Ecosense Lighting TROV Flex', 'Ecosense Lighting TROV Flex'),
(2914, 620, 'Ecosense-Lighting-TROV-Flex_02.jpg', 'Ecosense Lighting TROV Flex', 'Ecosense Lighting TROV Flex'),
(2915, 620, 'Ecosense-Lighting-TROV-Flex_03.jpg', 'Ecosense Lighting TROV Flex', 'Ecosense Lighting TROV Flex'),
(2916, 620, 'Ecosense-Lighting-TROV-Flex_04.jpg', 'Ecosense Lighting TROV Flex', 'Ecosense Lighting TROV Flex');

-- --------------------------------------------------------

--
-- Table structure for table `hybrid_groups`
--

CREATE TABLE `hybrid_groups` (
  `node_id` smallint(5) UNSIGNED NOT NULL,
  `parent_id` smallint(5) UNSIGNED NOT NULL,
  `name` varchar(64) COLLATE utf8mb4_unicode_ci NOT NULL,
  `lft` smallint(5) UNSIGNED NOT NULL,
  `rgt` smallint(5) UNSIGNED NOT NULL,
  `hs_key` varchar(16) COLLATE utf8mb4_unicode_ci NOT NULL,
  `img_src` varchar(255) COLLATE utf8mb4_unicode_ci NOT NULL
) ENGINE=InnoDB DEFAULT CHARSET=utf8mb4 COLLATE=utf8mb4_unicode_ci;

--
-- Dumping data for table `hybrid_groups`
--

INSERT INTO `hybrid_groups` (`node_id`, `parent_id`, `name`, `lft`, `rgt`, `hs_key`, `img_src`) VALUES
(1, 0, 'Hybrid Groups', 1, 580, '', ''),
(2, 1, 'By Fixture Type', 2, 513, 'fixture', ''),
(3, 1, 'By Mounting Type', 514, 579, 'mounting', ''),
(42, 2, 'Exterior Area', 377, 390, '', '/images/hybrid-groups/area.jpg'),
(43, 2, 'Architectural', 3, 34, '', '/images/hybrid-groups/architectural_.jpg'),
(45, 2, 'Troffer', 265, 298, '', '/images/hybrid-groups/troffer.jpg'),
(46, 2, 'Linear', 67, 100, '', '/images/hybrid-groups/linear_main.jpg'),
(47, 2, 'Special Environment', 433, 464, '', '/images/hybrid-groups/special_env_main.jpg'),
(48, 2, 'Track/Sytems/Monopoint', 229, 258, '', '/images/hybrid-groups/track_main.jpg'),
(49, 2, 'Recessed Downlights', 131, 158, '', '/images/hybrid-groups/downlight.jpg'),
(50, 2, 'Step/Path', 473, 490, '', '/images/hybrid-groups/ingrade_sq.jpg'),
(51, 2, 'Millwork. Cabinet/Closet', 333, 342, '', '/images/hybrid-groups/pucklight_main.jpg'),
(52, 2, 'Exterior Facade', 391, 422, '', '/images/hybrid-groups/wall_exterior.jpg'),
(53, 2, 'Hi/Low Bay', 315, 322, '', '/images/hybrid-groups/hibay_s.jpg'),
(54, 42, 'Area & Site', 378, 379, '', '/images/hybrid-groups/area.jpg'),
(56, 42, 'Roadway & Infrastructures', 380, 381, '', '/images/hybrid-groups/road.jpg'),
(57, 42, 'Bollards', 386, 387, '', '/images/hybrid-groups/bollard_h.jpg'),
(58, 52, 'Medium Architectural', 394, 395, '', '/images/hybrid-groups/fasade_medium.jpg'),
(60, 52, 'Facade Utility/Wallpack', 414, 415, '', '/images/hybrid-groups/wallpack.jpg'),
(61, 52, 'Flood Lighting Linear', 418, 419, '', '/images/hybrid-groups/facadelinear.jpg'),
(62, 52, 'Flood Lighting', 416, 417, '', '/images/hybrid-groups/facade_flood.jpg'),
(65, 52, 'Media', 420, 421, '', '/images/hybrid-groups/media.jpg'),
(67, 53, 'Rectangular', 316, 317, '', '/images/hybrid-groups/hibay_s.jpg'),
(70, 2, 'Recessed Accent/Wallwash', 159, 190, '', '/images/hybrid-groups/recessed_accent_main.jpg'),
(71, 45, 'Bridge/Basket', 266, 267, '', '/images/hybrid-groups/troffer.jpg'),
(72, 45, 'Healthcare Applications', 274, 275, '', '/images/hybrid-groups/medical_troffer.jpg'),
(73, 45, 'Food Processing', 278, 279, '', '/images/hybrid-groups/food_troffer.jpg'),
(75, 45, 'Wet Listed', 280, 281, '', '/images/hybrid-groups/vandal_troffer.jpg'),
(76, 45, 'Clean Room', 282, 283, '', '/images/hybrid-groups/troffer.jpg'),
(84, 46, 'Direct', 68, 69, '', '/images/hybrid-groups/linear_direct.jpg'),
(90, 46, 'Perimeter', 84, 85, '', '/images/hybrid-groups/perimiter.jpg'),
(91, 47, 'With Antimicrobial Finish', 436, 437, '', '/images/hybrid-groups/troffer.jpg'),
(92, 47, 'With Antimicrobial Ligh', 438, 439, '', '/images/hybrid-groups/troffer.jpg'),
(94, 47, 'Medical MRI', 442, 443, '', '/images/hybrid-groups/mri.jpg'),
(95, 47, 'Clean Room', 444, 445, '', '/images/hybrid-groups/food_troffer.jpg'),
(96, 47, 'Vapor Tight', 454, 455, '', '/images/hybrid-groups/vapor.jpg'),
(97, 47, 'Vandal & Institutional', 452, 453, '', '/images/hybrid-groups/vandal_troffer.jpg'),
(98, 47, 'Food Processing', 446, 447, '', '/images/hybrid-groups/food_troffer.jpg'),
(99, 2, 'Exterior Accent/Flood', 423, 432, '', '/images/hybrid-groups/floodlight.jpg'),
(100, 99, 'Signage', 428, 429, '', '/images/hybrid-groups/facadelinear_old.jpg'),
(102, 48, 'Track Accent', 234, 235, '', '/images/hybrid-groups/track_accent.jpg'),
(103, 48, 'Systems Accent', 232, 233, '', '/images/hybrid-groups/track_systems.jpg'),
(104, 48, 'Monorail Accent', 236, 237, '', '/images/hybrid-groups/monorail_fixture.jpg'),
(105, 48, 'Cable Accent', 238, 239, '', '/images/hybrid-groups/cablel_fixture.jpg'),
(106, 50, 'Step Linear', 474, 475, '', '/images/hybrid-groups/steplinear.jpg'),
(107, 50, 'Step Rectangular', 478, 479, '', '/images/hybrid-groups/step_sq.jpg'),
(108, 50, 'Path Lighting', 486, 487, '', '/images/hybrid-groups/path_bollard.jpg'),
(109, 50, 'Handrail', 488, 489, '', '/images/hybrid-groups/rail.jpg'),
(112, 49, 'Reflector/Cone', 132, 133, '', '/images/hybrid-groups/downlight.jpg'),
(115, 49, 'Healthcare Applications', 154, 155, '', '/images/hybrid-groups/downlight.jpg'),
(118, 49, 'Special Environment', 156, 157, '', '/images/hybrid-groups/special_downlight.jpg'),
(120, 3, 'Pole/Post', 561, 566, '', '/images/hybrid-groups/poleposttop_mount.jpg'),
(121, 3, 'Bollard', 567, 568, '', '/images/hybrid-groups/bollard_mount.jpg'),
(122, 3, 'In-Grade', 543, 544, '', '/images/hybrid-groups/ingrade_mount.jpg'),
(123, 3, 'Track', 521, 538, '', '/images/hybrid-groups/track_mount.jpg'),
(124, 3, 'Pendant', 515, 516, '', '/images/hybrid-groups/pendant.jpg'),
(125, 3, 'Ceiling Surface', 517, 518, '', '/images/hybrid-groups/ceilingsurface_mount.jpg'),
(126, 3, 'Ceiling Recessed', 519, 520, '', '/images/hybrid-groups/ceilingrecessed_mount.jpg'),
(127, 3, 'Wall Surface', 539, 540, '', '/images/hybrid-groups/wallsurface_mount.jpg'),
(128, 3, 'Wall Cantilever', 559, 560, '', '/images/hybrid-groups/cantilever_mount.jpg'),
(129, 3, 'Wall Recessed', 541, 542, '', '/images/hybrid-groups/wallrecessed_mount.jpg'),
(130, 3, 'Other', 571, 578, '', '/images/hybrid-groups/other.jpg'),
(131, 3, 'Retrofit', 555, 556, '', '/images/hybrid-groups/retrofit_mount.jpg'),
(132, 3, 'Portables', 547, 554, '', '/images/hybrid-groups/portables_mount.jpg'),
(133, 3, 'Millwork Recessed', 545, 546, '', '/images/hybrid-groups/millworkrecessed_mount.jpg'),
(138, 123, 'Monorail', 522, 523, '', '/images/hybrid-groups/monorail_mount.jpg'),
(139, 123, 'Track', 524, 531, '', '/images/hybrid-groups/track_mount.jpg'),
(140, 123, 'System', 532, 533, '', '/images/hybrid-groups/system_mount.jpg'),
(141, 123, 'Cable', 534, 535, '', '/images/hybrid-groups/cable_mount.jpg'),
(160, 123, 'Monopoint', 536, 537, '', '/images/hybrid-groups/monopoint_mount.jpg'),
(183, 139, 'Decorative', 525, 526, '', ''),
(184, 139, 'Accent', 527, 528, '', ''),
(185, 139, 'Architectural', 529, 530, '', ''),
(186, 70, 'Reflector Accent', 160, 161, '', '/images/hybrid-groups/recessed_adj.jpg'),
(187, 70, 'Reflector Wallwash', 162, 163, '', '/images/hybrid-groups/wallwash_recessed.jpg'),
(191, 99, 'Linear Floodlight', 426, 427, '', '/images/hybrid-groups/facadelinear.jpg'),
(192, 99, 'Floodlight', 424, 425, '', '/images/hybrid-groups/floodlight.jpg'),
(193, 51, 'Linear', 334, 335, '', '/images/hybrid-groups/mill_lin.jpg'),
(194, 51, 'Puck Lighting', 336, 337, '', '/images/hybrid-groups/puck_r.jpg'),
(195, 47, 'Natatorium', 458, 459, '', '/images/hybrid-groups/natatorium.jpg'),
(200, 49, 'Slim Downlight', 140, 141, '', '/images/hybrid-groups/slim.jpg'),
(209, 51, 'Caselight', 338, 339, '', '/images/hybrid-groups/case.jpg'),
(215, 51, 'Mirror with Light', 340, 341, '', '/images/hybrid-groups/mirror.jpg'),
(224, 48, 'Case Lighting', 244, 245, '', '/images/hybrid-groups/caselight.jpg'),
(236, 50, 'Ingrade', 480, 481, '', '/images/hybrid-groups/ingrade_rd.jpg'),
(239, 50, 'Ingrade Linear', 484, 485, '', '/images/hybrid-groups/linearingrade.jpg'),
(257, 2, 'Sport/Theater/Entertainment', 497, 504, '', '/images/hybrid-groups/entertaiment_main.jpg'),
(260, 257, 'Sports Lighting', 498, 499, '', '/images/hybrid-groups/sport.jpg'),
(263, 257, 'Theatrical/Entertainment', 500, 501, '', '/images/hybrid-groups/theatrical.jpg'),
(275, 48, 'Remote Aiming', 246, 247, '', '/images/hybrid-groups/motorized.jpg'),
(278, 2, 'Special Tasks', 343, 348, '', '/images/hybrid-groups/med_task.jpg'),
(281, 278, 'Medical Exam Lighting', 344, 345, '', '/images/hybrid-groups/combo.jpg'),
(284, 278, 'Industrial Task', 346, 347, '', '/images/hybrid-groups/industrial_task.jpg'),
(287, 130, 'Spike/Stem', 572, 573, '', '/images/hybrid-groups/spike.jpg'),
(290, 130, 'Tree Strap', 574, 575, '', '/images/hybrid-groups/treestrap_mount.jpg'),
(296, 130, 'Trunnion', 576, 577, '', '/images/hybrid-groups/trunnion_mount.jpg'),
(299, 3, 'Catenary', 557, 558, '', '/images/hybrid-groups/catenary_mount.jpg'),
(302, 132, 'Floor Stand', 550, 551, '', '/images/hybrid-groups/portables_mount.jpg'),
(305, 132, 'Table', 548, 549, '', '/images/hybrid-groups/table.jpg'),
(308, 132, 'Clamp', 552, 553, '', '/images/hybrid-groups/clamp_mount.jpg'),
(311, 3, 'Hand Rail', 569, 570, '', '/images/hybrid-groups/handrail_mount.jpg'),
(314, 120, 'Pole/Post Top', 562, 563, '', '/images/hybrid-groups/poleposttop_mount.jpg'),
(320, 120, 'Pole/Mast Arm', 564, 565, '', '/images/hybrid-groups/polepostarm_mount.jpg'),
(357, 50, 'Ingrade Rectangular', 482, 483, '', '/images/hybrid-groups/ingrade_sq.jpg'),
(360, 50, 'Step Round', 476, 477, '', '/images/hybrid-groups/stepround.jpg'),
(377, 48, 'Monopoint Accent', 242, 243, '', '/images/hybrid-groups/monopoint.jpg'),
(415, 2, 'Wraparound/Strip', 307, 314, '', '/images/hybrid-groups/wrap.jpg'),
(418, 415, 'Utility', 312, 313, '', '/images/hybrid-groups/utility.jpg'),
(421, 415, 'Wraparounds', 308, 309, '', '/images/hybrid-groups/wrap.jpg'),
(422, 99, 'Underwater', 430, 431, '', '/images/hybrid-groups/water.jpg'),
(423, 47, 'Underwater', 462, 463, '', '/images/hybrid-groups/water.jpg'),
(424, 47, 'Marine', 460, 461, '', '/images/hybrid-groups/marine.jpg'),
(425, 47, 'Refrigerator', 450, 451, '', '/images/hybrid-groups/refr.jpg'),
(426, 47, 'Spectrally-Sensitive Applications', 448, 449, '', '/images/hybrid-groups/spectr.jpg'),
(427, 52, 'Cylinder Up', 402, 403, '', '/images/hybrid-groups/cylinder_up.jpg'),
(433, 46, 'Clusters/Mini Reflectors', 92, 93, '', '/images/hybrid-groups/linear_downlight.jpg'),
(434, 45, 'With Acoustic Absorption', 286, 287, '', '/images/hybrid-groups/mri.jpg'),
(435, 46, 'With Acoustic Absorption', 94, 95, '', '/images/hybrid-groups/acoustic_linear.jpg'),
(436, 47, 'With Acoustic Absorption', 434, 435, '', '/images/hybrid-groups/acoustic_linear.jpg'),
(438, 52, 'Historical', 406, 407, '', '/images/hybrid-groups/facade_deco.jpg'),
(439, 42, 'Area Historical', 382, 383, '', '/images/hybrid-groups/area_hystorical.jpg'),
(440, 49, 'Decorative Downlights', 148, 149, '', '/images/hybrid-groups/downlightdeco.jpg'),
(441, 49, 'Pinhole/Slot', 136, 137, '', '/images/hybrid-groups/pinhgole.jpg'),
(443, 70, 'Pinhole/Slot', 170, 171, '', '/images/hybrid-groups/pinhgole.jpg'),
(446, 48, 'Track Pendants', 250, 251, '', '/images/hybrid-groups/track_pendant.jpg'),
(447, 48, 'Monorail Pendants', 252, 253, '', '/images/hybrid-groups/monorail_pendant.jpg'),
(448, 48, 'Cable Pendants', 254, 255, '', '/images/hybrid-groups/cable_pendant.jpg'),
(449, 48, 'Monopoint Pendants', 256, 257, '', '/images/hybrid-groups/monopendant.jpg'),
(450, 46, 'With Lit Corners', 78, 79, '', '/images/hybrid-groups/lit_corners.jpg'),
(451, 46, 'T-Bar Fixture', 82, 83, '', '/images/hybrid-groups/tbar.jpg'),
(453, 46, 'Patterns', 76, 77, '', '/images/hybrid-groups/patterns.jpg'),
(458, 2, 'Decorative', 35, 66, '', '/images/hybrid-groups/decor_main.jpg'),
(460, 2, 'Modular', 101, 106, '', '/images/hybrid-groups/modular.jpg'),
(461, 2, 'Flex/Board/Channel', 323, 332, '', '/images/hybrid-groups/flex_channel.jpg'),
(462, 2, 'Cylinders', 107, 130, '', '/images/hybrid-groups/cylinder.jpg'),
(463, 2, 'Artificial Skylight', 305, 306, '', '/images/hybrid-groups/skylight.jpg'),
(464, 2, 'Light Panels/Surfaces', 299, 304, '', '/images/hybrid-groups/lit_panel.jpg'),
(465, 2, 'Landscape', 491, 496, '', '/images/hybrid-groups/landscape_accent.jpg'),
(466, 2, 'Garage/Canopy', 465, 472, '', '/images/hybrid-groups/parking_garage.jpg'),
(467, 2, 'Facade Media/Direct View', 505, 510, '', '/images/hybrid-groups/mesh.jpg'),
(473, 461, 'Flex Tape/Board', 324, 325, '', '/images/hybrid-groups/flex.jpg'),
(474, 461, 'Channel/Lensed', 328, 329, '', '/images/hybrid-groups/flex_channel.jpg'),
(475, 49, 'Beveled', 134, 135, '', '/images/hybrid-groups/bevel_rd.jpg'),
(481, 462, 'Round Downlight', 108, 109, '', '/images/hybrid-groups/cylinder.jpg'),
(482, 462, 'Square Downlight', 120, 121, '', '/images/hybrid-groups/sq_cyl_down.jpg'),
(483, 462, 'Round Wallwash', 110, 111, '', '/images/hybrid-groups/cylinder.jpg'),
(484, 462, 'Square Wallwash', 122, 123, '', '/images/hybrid-groups/sq_cyl_down.jpg'),
(485, 45, 'Spectrally- Sensitive Applications', 288, 289, '', '/images/hybrid-groups/spectr.jpg'),
(486, 45, 'Hazardous', 290, 291, '', '/images/hybrid-groups/food_troffer.jpg'),
(487, 45, 'Vandal', 292, 293, '', '/images/hybrid-groups/vandal_troffer.jpg'),
(488, 45, 'Marine', 294, 295, '', '/images/hybrid-groups/food_troffer.jpg'),
(489, 45, 'Natatorium', 296, 297, '', '/images/hybrid-groups/food_troffer.jpg'),
(490, 464, 'Light Panel', 300, 301, '', '/images/hybrid-groups/lit_panels.jpg'),
(491, 464, 'Lit Surfaces', 302, 303, '', '/images/hybrid-groups/lit_ceiling.jpg'),
(507, 2, 'Combolight', 259, 264, '', '/images/hybrid-groups/combo.jpg'),
(522, 70, 'Beveled Accent', 164, 165, '', '/images/hybrid-groups/bevel_rd.jpg'),
(523, 46, 'Wallwash', 74, 75, '', '/images/hybrid-groups/linear_wallwash.jpg'),
(524, 2, 'Exit/Emergency', 349, 376, '', '/images/hybrid-groups/emergency_combo.jpg'),
(525, 524, 'Exit Sign', 350, 351, '', '/images/hybrid-groups/exit_edgelit.jpg'),
(526, 524, 'Exit Sign Chicago', 352, 353, '', '/images/hybrid-groups/exit_nyc.jpg'),
(527, 524, 'Exit Sign NYC', 354, 355, '', '/images/hybrid-groups/exit_nyc.jpg'),
(528, 524, 'Edge Lit Exit Sign', 356, 357, '', '/images/hybrid-groups/exit_edgelit.jpg'),
(529, 524, 'Wet Listed Exit Sign', 358, 359, '', '/images/hybrid-groups/exit_wet.jpg'),
(530, 524, 'Natatorium Listed Exit Sign', 360, 361, '', '/images/hybrid-groups/exit_natatorium.jpg'),
(532, 524, 'Vandal Proof Exit Sign', 362, 363, '', '/images/hybrid-groups/exit_vandal.jpg'),
(533, 524, 'Emergency Lighting', 364, 365, '', '/images/hybrid-groups/emergency.jpg'),
(534, 524, 'Emergency Wet Listed', 366, 367, '', '/images/hybrid-groups/emergency_wet.jpg'),
(535, 524, 'Emergency Natatorium Listed', 368, 369, '', '/images/hybrid-groups/emergency_natatorium.jpg'),
(536, 524, 'Combo Emergency', 370, 371, '', '/images/hybrid-groups/combo_em.jpg'),
(537, 524, 'Combo Wet Listed', 372, 373, '', '/images/hybrid-groups/combo_em_wet.jpg'),
(538, 524, 'Combo Natatorium', 374, 375, '', '/images/hybrid-groups/combo_em_natatorium.jpg'),
(539, 46, 'Cove Light', 86, 87, '', '/images/hybrid-groups/cove_linear.jpg'),
(540, 46, 'Accent', 90, 91, '', '/images/hybrid-groups/linear_accent.jpg'),
(541, 458, 'Small Pendant', 36, 37, '', '/images/hybrid-groups/small_pendant.jpg'),
(542, 458, 'Large Pendant/Chandelier', 40, 41, '', '/images/hybrid-groups/large_pendant_deco.jpg'),
(543, 458, 'Medium Pendant/Chandelier', 38, 39, '', '/images/hybrid-groups/medium_pendant.jpg'),
(544, 458, 'Flushmount', 42, 43, '', '/images/hybrid-groups/flushmount.jpg'),
(545, 458, 'Wall ADA', 50, 51, '', '/images/hybrid-groups/wall_ada.jpg'),
(546, 458, 'Vanity', 56, 57, '', '/images/hybrid-groups/deco_vanity.jpg'),
(547, 458, 'Mirrors with Light', 58, 59, '', '/images/hybrid-groups/mirror.jpg'),
(548, 458, 'Floor Lamps', 60, 61, '', '/images/hybrid-groups/floor.jpg'),
(549, 458, 'Table Lamps', 62, 63, '', '/images/hybrid-groups/table.jpg'),
(550, 458, 'Recessed/Semi-Recessed', 44, 45, '', '/images/hybrid-groups/semy_recessed.jpg'),
(551, 458, 'Reading Lights', 52, 53, '', '/images/hybrid-groups/reading.jpg'),
(552, 458, 'Track/Monorail', 46, 47, '', '/images/hybrid-groups/monorail_fixture.jpg'),
(556, 43, 'Medium Ceiling', 14, 15, '', '/images/hybrid-groups/arch_med_ceiling.jpg'),
(557, 43, 'Ceiling Recessed', 18, 19, '', '/images/hybrid-groups/arch_recessed.jpg'),
(558, 43, 'Wall Small', 22, 23, '', '/images/hybrid-groups/wall_small.jpg'),
(559, 43, 'Floor/Table', 28, 29, '', '/images/hybrid-groups/table.jpg'),
(561, 43, 'Small Pendant', 4, 5, '', '/images/hybrid-groups/arch_small_pendant.jpg'),
(562, 43, 'Medium Pendant', 6, 7, '', '/images/hybrid-groups/arch_med_pendant.jpg'),
(563, 43, 'Large Pendant', 8, 9, '', '/images/hybrid-groups/arch_large_pendant.jpg'),
(564, 43, 'Large Ceiling', 16, 17, '', '/images/hybrid-groups/arch_large_ceiling.jpg'),
(565, 43, 'Tall Pendant', 10, 11, '', '/images/hybrid-groups/tall.jpg'),
(566, 43, 'Wall Large', 24, 25, '', '/images/hybrid-groups/wall_large.jpg'),
(567, 43, 'Wall ADA', 20, 21, '', '/images/hybrid-groups/wall_ada.jpg'),
(568, 46, 'Indirect', 70, 71, '', '/images/hybrid-groups/linear_indirect.jpg'),
(569, 46, 'Direct/Indirect', 72, 73, '', '/images/hybrid-groups/linear_dir_ind.jpg'),
(570, 43, 'With Acoustic Absorption', 30, 31, '', '/images/hybrid-groups/acoustic_arch.jpg'),
(571, 43, 'Vanity', 26, 27, '', '/images/hybrid-groups/vanity.jpg'),
(572, 458, 'Picture Light', 54, 55, '', '/images/hybrid-groups/deco_picture.jpg'),
(574, 49, 'Lensed', 150, 151, '', '/images/hybrid-groups/lensdownlight.jpg'),
(575, 415, 'Industrial/Strip', 310, 311, '', '/images/hybrid-groups/industrial.jpg'),
(576, 257, 'Gobo Projector', 502, 503, '', '/images/hybrid-groups/gobo.jpg'),
(578, 43, 'Small Ceiling', 12, 13, '', '/images/hybrid-groups/arch_small_ceiling.jpg'),
(579, 49, 'Wet Location', 152, 153, '', '/images/hybrid-groups/lensdownlight.jpg'),
(580, 70, 'Wet Listed', 178, 179, '', '/images/hybrid-groups/bevel_rd.jpg'),
(581, 70, 'Speciality', 182, 183, '', '/images/hybrid-groups/special_downlight.jpg'),
(582, 467, 'Mesh', 506, 507, '', '/images/hybrid-groups/facade_media.jpg'),
(583, 465, 'Accent', 492, 493, '', '/images/hybrid-groups/landscape_accent.jpg'),
(584, 465, 'Path', 494, 495, '', '/images/hybrid-groups/path_bollard.jpg'),
(585, 466, 'Rectangular', 466, 467, '', '/images/hybrid-groups/parking_l.jpg'),
(586, 466, 'Round', 468, 469, '', '/images/hybrid-groups/parking_garage.jpg'),
(587, 466, 'Square', 470, 471, '', '/images/hybrid-groups/canopy_sq.jpg'),
(588, 53, 'Round', 318, 319, '', '/images/hybrid-groups/round_hibay.jpg'),
(590, 458, 'Wall', 48, 49, '', '/images/hybrid-groups/wall2_deco.jpg'),
(591, 462, 'Up/Down Round', 118, 119, '', '/images/hybrid-groups/facade_cyliders.jpg'),
(592, 2, 'Clusters', 205, 214, '', '/images/hybrid-groups/micro_adj.jpg'),
(593, 592, 'Downlight', 206, 207, '', '/images/hybrid-groups/microdownlight.jpg'),
(594, 592, 'Accent', 208, 209, '', '/images/hybrid-groups/micro_adj.jpg'),
(595, 592, 'Wallwash', 210, 211, '', '/images/hybrid-groups/micro_adj.jpg'),
(596, 2, 'Multiples', 191, 204, '', '/images/hybrid-groups/multiples.jpg'),
(599, 596, '1 Light', 192, 193, '', '/images/hybrid-groups/multiple_1.jpg'),
(600, 596, '2 Lights', 194, 195, '', '/images/hybrid-groups/multiple_2.jpg'),
(601, 596, '3 Lights', 196, 197, '', '/images/hybrid-groups/multiple_3.jpg'),
(602, 596, '4 Lights', 198, 199, '', '/images/hybrid-groups/multiple_4.jpg'),
(603, 596, '5+ Lights', 200, 201, '', '/images/hybrid-groups/multiple_run.jpg'),
(604, 596, 'Square', 202, 203, '', '/images/hybrid-groups/multiple_sq.jpg'),
(605, 49, 'Baffle', 138, 139, '', '/images/hybrid-groups/baffle_refl.jpg'),
(606, 49, 'Bulb', 146, 147, '', '/images/hybrid-groups/bulb_downlightt_recessed.jpg'),
(607, 49, 'Diffusor', 144, 145, '', '/images/hybrid-groups/Diffuser.jpg'),
(609, 70, 'Beveled Wallwash', 166, 167, '', '/images/hybrid-groups/squarewallwash.jpg'),
(610, 70, 'Baffle', 168, 169, '', '/images/hybrid-groups/baffle_refl.jpg'),
(611, 70, 'Bulbs', 172, 173, '', '/images/hybrid-groups/bulb_accent_recessed.jpg'),
(612, 70, 'Shielded', 174, 175, '', '/images/hybrid-groups/shielded.jpg'),
(613, 45, 'Louvers Troffer', 272, 273, '', '/images/hybrid-groups/parabolic_troffer.jpg'),
(614, 45, 'Lensed Troffer', 270, 271, '', '/images/hybrid-groups/vandal_troffer.jpg'),
(615, 45, 'Opal Diffuser Troffer', 268, 269, '', '/images/hybrid-groups/diffuser_troffer.jpg'),
(616, 45, 'With Exam Light', 276, 277, '', '/images/hybrid-groups/Exam.jpg'),
(617, 43, 'Signage', 32, 33, '', '/images/hybrid-groups/sign.jpg'),
(618, 46, 'Display', 88, 89, '', '/images/hybrid-groups/display_interior.jpg'),
(620, 45, 'Video Conference', 284, 285, '', '/images/hybrid-groups/video_conf.jpg'),
(621, 46, 'Healthcare Applications', 96, 97, '', '/images/hybrid-groups/linear_main.jpg'),
(622, 46, 'Wet Listed', 98, 99, '', '/images/hybrid-groups/mill_lin.jpg'),
(623, 70, 'Healthcare Applications', 180, 181, '', '/images/hybrid-groups/wallwash_recessed.jpg'),
(624, 52, 'Large Architectural', 396, 397, '', '/images/hybrid-groups/facade_large.jpg'),
(625, 52, 'Small Architectural', 392, 393, '', '/images/hybrid-groups/fasade_small.jpg'),
(627, 52, 'Cylinder Down', 404, 405, '', '/images/hybrid-groups/cylinder_down.jpg'),
(628, 52, 'Cylinder Up/Down', 400, 401, '', '/images/hybrid-groups/cylinder_updown.jpg'),
(629, 52, 'With Light Patterns', 412, 413, '', '/images/hybrid-groups/facade_patterns.jpg'),
(630, 52, 'ADA', 398, 399, '', '/images/hybrid-groups/facade_ADA.jpg'),
(631, 462, 'Up/Down Square', 128, 129, '', '/images/hybrid-groups/facade_cyliders_sq.jpg'),
(638, 460, 'Modular Linear', 102, 103, '', '/images/hybrid-groups/modular.jpg'),
(639, 460, 'Modular', 104, 105, '', '/images/hybrid-groups/mod.jpg'),
(640, 467, 'Direct View', 508, 509, '', '/images/hybrid-groups/facade_direct.jpg'),
(641, 507, 'Comboliight Linear', 260, 261, '', '/images/hybrid-groups/combo.jpg'),
(642, 507, 'Combolight', 262, 263, '', '/images/hybrid-groups/semy_recessed.jpg'),
(643, 47, 'Healthcare', 440, 441, '', '/images/hybrid-groups/Exam.jpg'),
(644, 461, 'Wet Listed', 330, 331, '', '/images/hybrid-groups/flex_wet.jpg'),
(646, 49, 'Cluster Mini Reflector', 142, 143, '', '/images/hybrid-groups/microdownlight.jpg'),
(648, 592, 'Architectural', 212, 213, '', '/images/hybrid-groups/arch_cluster.jpg'),
(649, 46, 'Linear Wall ADA', 80, 81, '', '/images/hybrid-groups/linear_indirect.jpg'),
(650, 70, 'Decorative Accent', 184, 185, '', '/images/hybrid-groups/downlightdeco.jpg'),
(651, 47, 'Hazardous', 456, 457, '', '/images/hybrid-groups/industrial.jpg'),
(652, 2, 'Aimable', 215, 228, '', '/images/hybrid-groups/adjustable_accent.jpg'),
(653, 652, 'Regular Adjustable', 216, 217, '', '/images/hybrid-groups/adjustable_accent.jpg'),
(654, 652, 'Remote Aiming', 218, 219, '', '/images/hybrid-groups/motorized.jpg'),
(655, 652, 'Lock Aiming', 222, 223, '', '/images/hybrid-groups/monopoint.jpg'),
(656, 652, 'Hot Aiming', 224, 225, '', '/images/hybrid-groups/hot_aiming.jpg'),
(657, 652, 'Pre-Aimed', 226, 227, '', '/images/hybrid-groups/preaimed.jpg'),
(658, 652, 'Remote Focusing', 220, 221, '', '/images/hybrid-groups/adjustable_optics.jpg'),
(661, 70, 'Remote Aiming', 186, 187, '', ''),
(662, 70, 'Remote Focusing', 188, 189, '', ''),
(663, 70, 'Hot Aiming', 176, 177, '', '/images/hybrid-groups/hot_aiming.jpg'),
(664, 462, 'Round Uplight', 116, 117, '', '/images/hybrid-groups/cylinder_up.jpg'),
(665, 462, 'Square Uplight', 126, 127, '', '/images/hybrid-groups/cylinder_sq_up.jpg'),
(666, 462, 'Double Wallwash', 112, 113, '', '/images/hybrid-groups/cylinder.jpg'),
(667, 48, 'Lock Aiming', 240, 241, '', '/images/hybrid-groups/track_lock.jpg'),
(668, 48, 'Remote Focusing', 248, 249, '', '/images/hybrid-groups/adjustable_optics.jpg'),
(669, 48, 'System General Lighting', 230, 231, '', '/images/hybrid-groups/system_general.jpg'),
(670, 458, 'Glass Spotlights', 64, 65, '', '/images/hybrid-groups/crystal-spotlight.jpg'),
(671, 462, 'Square Adjustable', 124, 125, '', '/images/hybrid-groups/squarecylinder.jpg'),
(672, 462, 'Round Adjustable', 114, 115, '', '/images/hybrid-groups/cyl_rnd_adj.jpg'),
(673, 42, 'Light Column', 384, 385, '', '/images/hybrid-groups/lightcolum.jpg'),
(674, 42, 'Retrofit', 388, 389, '', '/images/hybrid-groups/siteretrofit.jpg'),
(676, 53, 'Retrofit', 320, 321, '', '/images/hybrid-groups/retrofit.jpg'),
(677, 2, 'Retrofit', 511, 512, '', '/images/hybrid-groups/retrofit.jpg'),
(678, 52, 'Wall Arm Mounted', 408, 409, '', '/images/hybrid-groups/facadearm.jpg'),
(679, 52, 'Gooseneck Mount', 410, 411, '', '/images/hybrid-groups/gooseneck.jpg'),
(681, 461, 'Sheet/Board', 326, 327, '', '/images/hybrid-groups/sheet.jpg');

-- --------------------------------------------------------

--
-- Table structure for table `hybrid_groups_options`
--

CREATE TABLE `hybrid_groups_options` (
  `group_id` smallint(5) UNSIGNED NOT NULL,
  `node_id` smallint(5) UNSIGNED NOT NULL
) ENGINE=InnoDB DEFAULT CHARSET=utf8mb4 COLLATE=utf8mb4_unicode_ci;

--
-- Dumping data for table `hybrid_groups_options`
--

INSERT INTO `hybrid_groups_options` (`group_id`, `node_id`) VALUES
(42, 53),
(42, 54),
(42, 55),
(42, 63),
(42, 214),
(42, 215),
(42, 216),
(42, 218),
(42, 219),
(42, 222),
(42, 224),
(42, 587),
(42, 588),
(42, 1443),
(42, 1448),
(42, 1550),
(42, 1628),
(42, 1629),
(42, 1630),
(42, 1631),
(42, 1634),
(43, 69),
(43, 147),
(43, 148),
(43, 149),
(43, 151),
(43, 152),
(43, 153),
(43, 154),
(43, 155),
(43, 156),
(43, 157),
(43, 158),
(43, 159),
(43, 591),
(43, 1407),
(43, 1408),
(43, 1451),
(43, 1452),
(43, 1454),
(43, 1508),
(43, 1530),
(43, 1546),
(43, 1547),
(43, 1608),
(43, 1609),
(45, 81),
(46, 69),
(46, 72),
(46, 77),
(46, 80),
(46, 82),
(46, 84),
(46, 150),
(46, 579),
(46, 1437),
(47, 121),
(47, 122),
(47, 123),
(47, 124),
(47, 131),
(47, 132),
(47, 133),
(47, 134),
(47, 135),
(47, 136),
(47, 137),
(47, 589),
(47, 590),
(47, 1544),
(47, 1548),
(47, 1549),
(47, 1620),
(48, 220),
(48, 221),
(48, 584),
(48, 585),
(48, 586),
(49, 74),
(49, 147),
(49, 148),
(49, 149),
(49, 151),
(49, 152),
(49, 153),
(49, 156),
(49, 157),
(49, 222),
(49, 1407),
(49, 1408),
(49, 1452),
(49, 1530),
(49, 1546),
(49, 1547),
(49, 1550),
(50, 63),
(50, 572),
(50, 573),
(51, 576),
(51, 577),
(51, 1450),
(52, 53),
(52, 54),
(52, 56),
(52, 58),
(52, 59),
(52, 61),
(52, 224),
(52, 225),
(52, 588),
(52, 1632),
(53, 65),
(54, 53),
(54, 214),
(54, 215),
(54, 218),
(54, 219),
(54, 222),
(54, 224),
(54, 587),
(54, 588),
(54, 1443),
(54, 1448),
(54, 1550),
(54, 1628),
(54, 1629),
(54, 1630),
(54, 1631),
(56, 55),
(56, 214),
(56, 215),
(56, 216),
(56, 222),
(56, 224),
(56, 587),
(56, 588),
(56, 1443),
(56, 1448),
(56, 1628),
(56, 1629),
(56, 1630),
(56, 1631),
(57, 53),
(57, 54),
(57, 63),
(57, 216),
(58, 56),
(58, 206),
(58, 224),
(58, 225),
(58, 588),
(58, 1422),
(60, 59),
(60, 224),
(60, 225),
(61, 61),
(61, 150),
(61, 224),
(61, 588),
(62, 61),
(62, 147),
(62, 148),
(62, 149),
(62, 151),
(62, 152),
(62, 154),
(62, 155),
(62, 224),
(62, 588),
(65, 60),
(67, 65),
(67, 148),
(67, 149),
(67, 150),
(67, 155),
(67, 1546),
(70, 72),
(70, 77),
(70, 147),
(70, 148),
(70, 149),
(70, 151),
(70, 152),
(70, 154),
(70, 155),
(70, 156),
(70, 157),
(70, 222),
(70, 1407),
(70, 1408),
(70, 1452),
(70, 1530),
(70, 1546),
(70, 1547),
(70, 1550),
(71, 81),
(71, 96),
(72, 81),
(72, 123),
(72, 124),
(72, 589),
(72, 1548),
(72, 1549),
(73, 81),
(73, 137),
(73, 590),
(75, 81),
(75, 127),
(75, 128),
(75, 129),
(75, 130),
(75, 132),
(76, 81),
(76, 122),
(84, 69),
(84, 150),
(84, 302),
(90, 80),
(90, 150),
(91, 123),
(92, 589),
(94, 124),
(95, 122),
(96, 135),
(97, 134),
(98, 590),
(99, 61),
(99, 579),
(100, 127),
(100, 128),
(100, 129),
(100, 130),
(100, 131),
(100, 132),
(100, 579),
(100, 1622),
(102, 72),
(102, 77),
(102, 220),
(102, 579),
(103, 72),
(103, 77),
(103, 579),
(103, 584),
(104, 72),
(104, 77),
(104, 579),
(104, 585),
(105, 72),
(105, 77),
(105, 579),
(105, 586),
(106, 150),
(106, 572),
(106, 591),
(106, 1451),
(107, 148),
(107, 149),
(107, 152),
(107, 225),
(107, 572),
(108, 63),
(108, 216),
(108, 217),
(109, 227),
(112, 74),
(112, 91),
(112, 147),
(112, 148),
(112, 149),
(112, 151),
(112, 152),
(112, 153),
(112, 222),
(112, 1550),
(115, 74),
(115, 123),
(115, 124),
(115, 147),
(115, 148),
(115, 149),
(115, 151),
(115, 152),
(115, 153),
(115, 156),
(115, 157),
(115, 222),
(115, 589),
(115, 1407),
(115, 1408),
(115, 1452),
(115, 1530),
(115, 1546),
(115, 1547),
(115, 1548),
(115, 1549),
(115, 1550),
(115, 1620),
(118, 74),
(118, 133),
(118, 134),
(118, 135),
(118, 136),
(118, 137),
(118, 147),
(118, 148),
(118, 149),
(118, 151),
(118, 222),
(118, 590),
(118, 1550),
(120, 214),
(120, 215),
(121, 216),
(122, 226),
(123, 220),
(123, 221),
(123, 584),
(123, 585),
(123, 586),
(124, 219),
(125, 218),
(125, 221),
(126, 222),
(127, 224),
(128, 588),
(129, 225),
(130, 217),
(130, 227),
(130, 228),
(130, 1443),
(130, 1448),
(130, 1449),
(131, 229),
(132, 1418),
(132, 1419),
(133, 223),
(138, 585),
(139, 220),
(140, 584),
(141, 586),
(160, 221),
(183, 71),
(183, 220),
(184, 72),
(184, 220),
(185, 69),
(185, 220),
(186, 72),
(186, 91),
(186, 147),
(186, 148),
(186, 149),
(186, 151),
(186, 152),
(186, 153),
(186, 154),
(186, 155),
(186, 222),
(186, 1530),
(186, 1550),
(187, 77),
(187, 91),
(187, 147),
(187, 148),
(187, 149),
(187, 151),
(187, 152),
(187, 153),
(187, 154),
(187, 155),
(187, 222),
(187, 1440),
(187, 1530),
(187, 1550),
(191, 61),
(191, 150),
(191, 573),
(192, 61),
(192, 147),
(192, 148),
(192, 149),
(192, 151),
(192, 153),
(192, 154),
(192, 155),
(193, 149),
(193, 150),
(193, 223),
(193, 576),
(193, 577),
(193, 587),
(193, 591),
(194, 147),
(194, 148),
(194, 151),
(194, 152),
(194, 153),
(194, 154),
(194, 155),
(194, 223),
(194, 576),
(194, 577),
(194, 587),
(195, 132),
(200, 74),
(200, 97),
(200, 98),
(200, 99),
(200, 100),
(200, 147),
(200, 148),
(200, 149),
(200, 151),
(200, 152),
(200, 153),
(200, 200),
(200, 218),
(200, 1540),
(209, 220),
(209, 577),
(215, 1450),
(224, 220),
(224, 577),
(224, 584),
(224, 585),
(236, 147),
(236, 151),
(236, 226),
(239, 150),
(239, 226),
(239, 591),
(239, 1451),
(257, 68),
(257, 582),
(257, 1561),
(260, 68),
(263, 582),
(275, 72),
(275, 77),
(275, 220),
(275, 221),
(275, 579),
(275, 584),
(275, 585),
(275, 586),
(275, 1618),
(278, 578),
(278, 1437),
(281, 1437),
(284, 578),
(299, 1443),
(357, 148),
(357, 149),
(357, 152),
(357, 226),
(360, 147),
(360, 151),
(360, 224),
(360, 225),
(360, 572),
(377, 72),
(377, 77),
(377, 221),
(377, 579),
(415, 67),
(415, 1537),
(415, 1599),
(418, 1537),
(421, 1599),
(422, 131),
(423, 131),
(424, 133),
(425, 137),
(426, 1544),
(427, 56),
(427, 59),
(427, 154),
(427, 155),
(427, 224),
(427, 303),
(427, 588),
(433, 69),
(433, 95),
(433, 150),
(434, 81),
(434, 121),
(435, 69),
(435, 77),
(435, 82),
(435, 121),
(435, 150),
(436, 121),
(438, 58),
(438, 224),
(438, 588),
(439, 54),
(439, 214),
(439, 215),
(439, 218),
(439, 219),
(439, 222),
(439, 587),
(439, 1443),
(439, 1448),
(439, 1550),
(439, 1628),
(439, 1629),
(439, 1631),
(440, 74),
(440, 105),
(440, 147),
(440, 148),
(440, 149),
(440, 151),
(440, 152),
(440, 153),
(440, 156),
(440, 157),
(440, 222),
(440, 1407),
(440, 1408),
(440, 1452),
(440, 1530),
(440, 1546),
(440, 1547),
(440, 1550),
(441, 74),
(441, 94),
(441, 147),
(441, 148),
(441, 149),
(441, 151),
(441, 152),
(441, 153),
(441, 222),
(441, 1411),
(441, 1550),
(443, 72),
(443, 77),
(443, 94),
(443, 147),
(443, 148),
(443, 149),
(443, 151),
(443, 152),
(443, 153),
(443, 154),
(443, 155),
(443, 222),
(443, 1550),
(446, 69),
(446, 71),
(446, 74),
(446, 220),
(447, 69),
(447, 71),
(447, 74),
(447, 585),
(448, 69),
(448, 71),
(448, 74),
(448, 586),
(449, 69),
(449, 71),
(449, 74),
(449, 221),
(450, 47),
(450, 69),
(450, 150),
(451, 150),
(451, 237),
(453, 46),
(453, 47),
(453, 69),
(453, 150),
(458, 71),
(458, 1450),
(458, 1600),
(458, 1608),
(458, 1616),
(460, 574),
(461, 575),
(461, 1589),
(462, 56),
(462, 72),
(462, 74),
(462, 77),
(462, 154),
(462, 155),
(462, 218),
(462, 219),
(462, 221),
(462, 224),
(462, 302),
(462, 303),
(462, 304),
(462, 305),
(462, 306),
(462, 308),
(462, 309),
(462, 310),
(462, 311),
(462, 312),
(462, 314),
(462, 315),
(462, 316),
(462, 318),
(462, 587),
(462, 588),
(462, 1019),
(462, 1443),
(462, 1448),
(462, 1527),
(462, 1533),
(462, 1550),
(462, 1572),
(463, 1560),
(464, 86),
(464, 1575),
(465, 583),
(466, 64),
(467, 60),
(473, 89),
(473, 575),
(473, 587),
(474, 90),
(474, 97),
(474, 98),
(474, 99),
(474, 105),
(474, 106),
(474, 575),
(474, 1440),
(475, 74),
(475, 93),
(475, 147),
(475, 148),
(475, 149),
(475, 151),
(475, 152),
(475, 153),
(475, 222),
(475, 1550),
(481, 56),
(481, 74),
(481, 154),
(481, 218),
(481, 219),
(481, 221),
(481, 224),
(481, 302),
(481, 308),
(481, 309),
(481, 310),
(481, 311),
(481, 315),
(481, 587),
(481, 588),
(481, 1443),
(481, 1448),
(481, 1527),
(481, 1550),
(481, 1572),
(482, 56),
(482, 74),
(482, 155),
(482, 218),
(482, 219),
(482, 221),
(482, 224),
(482, 302),
(482, 308),
(482, 309),
(482, 310),
(482, 311),
(482, 315),
(482, 587),
(482, 588),
(482, 1443),
(482, 1448),
(482, 1527),
(482, 1550),
(482, 1572),
(483, 77),
(483, 154),
(483, 218),
(483, 219),
(483, 221),
(483, 224),
(483, 302),
(483, 587),
(483, 588),
(483, 1443),
(483, 1448),
(483, 1550),
(484, 56),
(484, 77),
(484, 155),
(484, 218),
(484, 219),
(484, 221),
(484, 224),
(484, 302),
(484, 314),
(484, 587),
(484, 588),
(484, 1443),
(484, 1448),
(484, 1550),
(485, 81),
(485, 1544),
(486, 81),
(486, 136),
(487, 81),
(487, 134),
(488, 81),
(488, 133),
(489, 81),
(489, 132),
(490, 86),
(491, 1575),
(507, 83),
(522, 72),
(522, 93),
(522, 147),
(522, 148),
(522, 149),
(522, 151),
(522, 152),
(522, 153),
(522, 154),
(522, 155),
(522, 222),
(522, 1550),
(523, 77),
(523, 150),
(523, 314),
(523, 1533),
(524, 580),
(524, 581),
(524, 1568),
(525, 581),
(526, 581),
(526, 1477),
(527, 581),
(527, 1472),
(528, 581),
(528, 1540),
(529, 126),
(529, 127),
(529, 128),
(529, 129),
(529, 130),
(529, 132),
(529, 133),
(529, 581),
(530, 132),
(530, 581),
(532, 134),
(532, 581),
(533, 580),
(534, 126),
(534, 127),
(534, 128),
(534, 129),
(534, 130),
(534, 132),
(534, 580),
(535, 132),
(535, 580),
(536, 1568),
(537, 126),
(537, 127),
(537, 128),
(537, 129),
(537, 130),
(537, 132),
(537, 1568),
(538, 132),
(538, 1568),
(539, 84),
(539, 150),
(540, 72),
(540, 150),
(541, 71),
(541, 163),
(541, 164),
(541, 165),
(541, 166),
(541, 167),
(541, 168),
(541, 169),
(541, 170),
(541, 171),
(541, 172),
(541, 219),
(541, 593),
(541, 1423),
(542, 71),
(542, 174),
(542, 176),
(542, 179),
(542, 181),
(542, 182),
(542, 187),
(542, 189),
(542, 190),
(542, 191),
(542, 192),
(542, 193),
(542, 194),
(542, 195),
(542, 196),
(542, 198),
(542, 219),
(542, 594),
(543, 71),
(543, 173),
(543, 175),
(543, 183),
(543, 185),
(543, 219),
(543, 1420),
(544, 71),
(544, 218),
(545, 71),
(545, 224),
(545, 225),
(546, 1608),
(547, 1450),
(548, 71),
(548, 1419),
(549, 71),
(549, 1418),
(550, 71),
(550, 222),
(550, 1550),
(551, 71),
(551, 588),
(552, 71),
(552, 220),
(552, 221),
(552, 585),
(552, 586),
(556, 69),
(556, 147),
(556, 148),
(556, 149),
(556, 151),
(556, 152),
(556, 153),
(556, 154),
(556, 155),
(556, 156),
(556, 157),
(556, 158),
(556, 159),
(556, 168),
(556, 169),
(556, 170),
(556, 171),
(556, 172),
(556, 173),
(556, 175),
(556, 183),
(556, 185),
(556, 218),
(556, 591),
(556, 1407),
(556, 1408),
(556, 1420),
(556, 1451),
(556, 1452),
(556, 1454),
(556, 1508),
(556, 1530),
(556, 1546),
(556, 1547),
(557, 69),
(557, 147),
(557, 148),
(557, 149),
(557, 151),
(557, 152),
(557, 153),
(557, 154),
(557, 155),
(557, 156),
(557, 157),
(557, 158),
(557, 159),
(557, 222),
(557, 591),
(557, 1407),
(557, 1408),
(557, 1451),
(557, 1452),
(557, 1454),
(557, 1508),
(557, 1530),
(557, 1546),
(557, 1547),
(557, 1550),
(558, 69),
(558, 147),
(558, 148),
(558, 149),
(558, 151),
(558, 152),
(558, 153),
(558, 154),
(558, 155),
(558, 156),
(558, 157),
(558, 158),
(558, 159),
(558, 224),
(558, 225),
(558, 588),
(558, 591),
(558, 593),
(558, 1407),
(558, 1408),
(558, 1423),
(558, 1451),
(558, 1452),
(558, 1454),
(558, 1508),
(558, 1530),
(558, 1546),
(558, 1547),
(559, 69),
(559, 147),
(559, 148),
(559, 149),
(559, 151),
(559, 152),
(559, 153),
(559, 154),
(559, 155),
(559, 156),
(559, 157),
(559, 158),
(559, 159),
(559, 591),
(559, 1407),
(559, 1408),
(559, 1418),
(559, 1419),
(559, 1451),
(559, 1452),
(559, 1454),
(559, 1508),
(559, 1530),
(559, 1546),
(559, 1547),
(561, 69),
(561, 147),
(561, 148),
(561, 149),
(561, 151),
(561, 152),
(561, 153),
(561, 154),
(561, 155),
(561, 156),
(561, 157),
(561, 158),
(561, 159),
(561, 200),
(561, 201),
(561, 202),
(561, 203),
(561, 204),
(561, 219),
(561, 591),
(561, 593),
(561, 1407),
(561, 1408),
(561, 1423),
(561, 1451),
(561, 1452),
(561, 1454),
(561, 1508),
(561, 1530),
(561, 1546),
(561, 1547),
(562, 69),
(562, 147),
(562, 148),
(562, 149),
(562, 151),
(562, 152),
(562, 153),
(562, 154),
(562, 155),
(562, 156),
(562, 157),
(562, 158),
(562, 159),
(562, 185),
(562, 187),
(562, 201),
(562, 202),
(562, 203),
(562, 204),
(562, 206),
(562, 219),
(562, 591),
(562, 1407),
(562, 1408),
(562, 1422),
(562, 1451),
(562, 1452),
(562, 1454),
(562, 1508),
(562, 1530),
(562, 1546),
(562, 1547),
(563, 69),
(563, 147),
(563, 148),
(563, 149),
(563, 151),
(563, 152),
(563, 153),
(563, 154),
(563, 155),
(563, 156),
(563, 157),
(563, 158),
(563, 159),
(563, 187),
(563, 189),
(563, 190),
(563, 191),
(563, 192),
(563, 193),
(563, 194),
(563, 195),
(563, 196),
(563, 198),
(563, 219),
(563, 591),
(563, 594),
(563, 1407),
(563, 1408),
(563, 1451),
(563, 1452),
(563, 1454),
(563, 1508),
(563, 1530),
(563, 1546),
(563, 1547),
(564, 69),
(564, 147),
(564, 148),
(564, 149),
(564, 151),
(564, 152),
(564, 153),
(564, 154),
(564, 155),
(564, 156),
(564, 157),
(564, 158),
(564, 159),
(564, 187),
(564, 189),
(564, 190),
(564, 191),
(564, 192),
(564, 193),
(564, 194),
(564, 195),
(564, 196),
(564, 198),
(564, 218),
(564, 591),
(564, 594),
(564, 1407),
(564, 1408),
(564, 1451),
(564, 1452),
(564, 1454),
(564, 1508),
(564, 1530),
(564, 1546),
(564, 1547),
(565, 69),
(565, 147),
(565, 148),
(565, 149),
(565, 151),
(565, 152),
(565, 153),
(565, 154),
(565, 155),
(565, 156),
(565, 157),
(565, 158),
(565, 159),
(565, 163),
(565, 164),
(565, 165),
(565, 166),
(565, 167),
(565, 168),
(565, 169),
(565, 170),
(565, 171),
(565, 172),
(565, 173),
(565, 208),
(565, 209),
(565, 211),
(565, 212),
(565, 213),
(565, 219),
(565, 591),
(565, 1407),
(565, 1408),
(565, 1420),
(565, 1451),
(565, 1452),
(565, 1454),
(565, 1508),
(565, 1530),
(565, 1546),
(565, 1547),
(566, 69),
(566, 147),
(566, 148),
(566, 149),
(566, 151),
(566, 152),
(566, 153),
(566, 154),
(566, 155),
(566, 156),
(566, 157),
(566, 158),
(566, 159),
(566, 183),
(566, 185),
(566, 187),
(566, 189),
(566, 190),
(566, 191),
(566, 192),
(566, 193),
(566, 194),
(566, 195),
(566, 196),
(566, 198),
(566, 224),
(566, 225),
(566, 588),
(566, 591),
(566, 594),
(566, 1407),
(566, 1408),
(566, 1451),
(566, 1452),
(566, 1454),
(566, 1508),
(566, 1530),
(566, 1546),
(566, 1547),
(567, 69),
(567, 147),
(567, 148),
(567, 149),
(567, 151),
(567, 152),
(567, 153),
(567, 154),
(567, 155),
(567, 156),
(567, 157),
(567, 158),
(567, 159),
(567, 224),
(567, 225),
(567, 591),
(567, 1407),
(567, 1408),
(567, 1451),
(567, 1452),
(567, 1454),
(567, 1473),
(567, 1508),
(567, 1530),
(567, 1546),
(567, 1547),
(568, 69),
(568, 150),
(568, 303),
(569, 69),
(569, 150),
(569, 304),
(569, 305),
(569, 1441),
(569, 1442),
(570, 69),
(570, 121),
(570, 147),
(570, 148),
(570, 149),
(570, 151),
(570, 152),
(570, 153),
(570, 154),
(570, 155),
(570, 156),
(570, 157),
(570, 158),
(570, 159),
(570, 591),
(570, 1407),
(570, 1408),
(570, 1451),
(570, 1452),
(570, 1454),
(570, 1508),
(570, 1530),
(570, 1546),
(570, 1547),
(571, 1608),
(572, 1600),
(574, 74),
(574, 147),
(574, 148),
(574, 149),
(574, 151),
(574, 222),
(574, 1440),
(574, 1550),
(575, 67),
(576, 1561),
(578, 69),
(578, 147),
(578, 148),
(578, 149),
(578, 151),
(578, 152),
(578, 153),
(578, 154),
(578, 155),
(578, 156),
(578, 157),
(578, 158),
(578, 159),
(578, 163),
(578, 164),
(578, 165),
(578, 166),
(578, 218),
(578, 591),
(578, 593),
(578, 1407),
(578, 1408),
(578, 1451),
(578, 1452),
(578, 1454),
(578, 1508),
(578, 1530),
(578, 1546),
(578, 1547),
(579, 74),
(579, 126),
(579, 127),
(579, 128),
(579, 129),
(579, 130),
(579, 131),
(579, 132),
(579, 147),
(579, 148),
(579, 149),
(579, 151),
(579, 156),
(579, 157),
(579, 222),
(579, 1407),
(579, 1408),
(579, 1452),
(579, 1530),
(579, 1546),
(579, 1547),
(579, 1550),
(580, 72),
(580, 126),
(580, 127),
(580, 128),
(580, 129),
(580, 130),
(580, 131),
(580, 132),
(580, 147),
(580, 148),
(580, 149),
(580, 151),
(580, 152),
(580, 153),
(580, 154),
(580, 155),
(580, 222),
(580, 1550),
(581, 72),
(581, 122),
(581, 133),
(581, 134),
(581, 135),
(581, 136),
(581, 137),
(581, 147),
(581, 148),
(581, 149),
(581, 151),
(581, 152),
(581, 153),
(581, 154),
(581, 155),
(581, 222),
(581, 590),
(581, 1550),
(582, 60),
(583, 583),
(584, 63),
(584, 216),
(584, 217),
(585, 64),
(585, 149),
(585, 150),
(586, 64),
(586, 147),
(586, 151),
(586, 154),
(586, 156),
(586, 157),
(586, 1407),
(586, 1408),
(586, 1452),
(586, 1547),
(587, 64),
(587, 148),
(587, 155),
(588, 65),
(588, 147),
(588, 151),
(588, 154),
(588, 156),
(588, 157),
(588, 1407),
(588, 1408),
(588, 1452),
(588, 1530),
(588, 1547),
(590, 71),
(590, 224),
(590, 225),
(590, 588),
(591, 56),
(591, 72),
(591, 74),
(591, 77),
(591, 154),
(591, 219),
(591, 224),
(591, 304),
(591, 305),
(591, 588),
(591, 1443),
(592, 95),
(593, 74),
(593, 95),
(594, 72),
(594, 95),
(595, 77),
(595, 95),
(596, 76),
(599, 38),
(599, 76),
(600, 39),
(600, 76),
(600, 149),
(601, 40),
(601, 76),
(601, 149),
(602, 41),
(602, 76),
(602, 149),
(603, 42),
(603, 43),
(603, 44),
(603, 45),
(603, 76),
(603, 1506),
(604, 41),
(604, 43),
(604, 45),
(604, 76),
(604, 148),
(605, 74),
(605, 92),
(605, 147),
(605, 148),
(605, 149),
(605, 151),
(605, 152),
(605, 153),
(605, 222),
(605, 1550),
(606, 74),
(606, 107),
(606, 147),
(606, 148),
(606, 149),
(606, 151),
(606, 152),
(606, 153),
(606, 222),
(606, 596),
(606, 1550),
(607, 74),
(607, 97),
(607, 98),
(607, 99),
(607, 100),
(607, 147),
(607, 148),
(607, 149),
(607, 151),
(607, 152),
(607, 153),
(607, 222),
(607, 1550),
(609, 77),
(609, 93),
(609, 147),
(609, 148),
(609, 149),
(609, 151),
(609, 152),
(609, 153),
(609, 154),
(609, 155),
(609, 222),
(609, 1550),
(610, 72),
(610, 77),
(610, 92),
(610, 147),
(610, 148),
(610, 149),
(610, 151),
(610, 152),
(610, 153),
(610, 154),
(610, 155),
(610, 222),
(610, 1550),
(611, 72),
(611, 92),
(611, 147),
(611, 148),
(611, 149),
(611, 151),
(611, 152),
(611, 153),
(611, 154),
(611, 155),
(611, 222),
(611, 596),
(611, 1550),
(612, 72),
(612, 77),
(612, 103),
(612, 147),
(612, 148),
(612, 149),
(612, 151),
(612, 152),
(612, 153),
(612, 154),
(612, 155),
(612, 222),
(612, 1550),
(613, 81),
(613, 101),
(613, 102),
(614, 81),
(614, 1440),
(615, 81),
(615, 97),
(615, 98),
(615, 99),
(616, 148),
(616, 149),
(616, 1437),
(617, 147),
(617, 148),
(617, 149),
(617, 151),
(617, 152),
(617, 153),
(617, 154),
(617, 155),
(617, 156),
(617, 157),
(617, 158),
(617, 159),
(617, 591),
(617, 1407),
(617, 1408),
(617, 1451),
(617, 1452),
(617, 1454),
(617, 1508),
(617, 1530),
(617, 1546),
(617, 1547),
(617, 1609),
(618, 150),
(618, 579),
(620, 82),
(620, 147),
(620, 148),
(620, 149),
(620, 151),
(621, 69),
(621, 123),
(621, 124),
(621, 150),
(621, 589),
(621, 1548),
(621, 1549),
(621, 1620),
(622, 69),
(622, 126),
(622, 127),
(622, 128),
(622, 129),
(622, 130),
(622, 131),
(622, 132),
(622, 150),
(623, 72),
(623, 123),
(623, 124),
(623, 147),
(623, 148),
(623, 149),
(623, 151),
(623, 152),
(623, 153),
(623, 154),
(623, 155),
(623, 222),
(623, 589),
(623, 1548),
(623, 1549),
(623, 1550),
(623, 1620),
(624, 56),
(624, 208),
(624, 209),
(624, 211),
(624, 212),
(624, 213),
(624, 224),
(624, 225),
(624, 588),
(625, 56),
(625, 200),
(625, 201),
(625, 202),
(625, 203),
(625, 204),
(625, 224),
(625, 225),
(625, 588),
(627, 56),
(627, 59),
(627, 154),
(627, 155),
(627, 224),
(627, 302),
(627, 588),
(628, 56),
(628, 59),
(628, 154),
(628, 155),
(628, 224),
(628, 304),
(628, 305),
(628, 588),
(628, 1441),
(628, 1442),
(629, 56),
(629, 224),
(629, 225),
(629, 307),
(630, 56),
(630, 59),
(630, 61),
(630, 224),
(630, 225),
(630, 1473),
(631, 56),
(631, 72),
(631, 74),
(631, 77),
(631, 155),
(631, 304),
(631, 305),
(638, 150),
(638, 574),
(638, 591),
(638, 1451),
(639, 147),
(639, 148),
(639, 149),
(639, 151),
(639, 152),
(639, 153),
(639, 154),
(639, 155),
(639, 156),
(639, 157),
(639, 158),
(639, 574),
(639, 1407),
(639, 1408),
(639, 1452),
(639, 1530),
(639, 1546),
(639, 1547),
(640, 60),
(641, 83),
(641, 150),
(641, 591),
(641, 1451),
(642, 83),
(642, 147),
(642, 148),
(642, 149),
(642, 151),
(642, 152),
(642, 153),
(642, 154),
(642, 155),
(642, 156),
(642, 157),
(642, 158),
(642, 1407),
(642, 1408),
(642, 1452),
(642, 1508),
(642, 1530),
(642, 1546),
(642, 1547),
(643, 123),
(643, 124),
(643, 589),
(643, 1548),
(643, 1549),
(643, 1620),
(644, 126),
(644, 127),
(644, 128),
(644, 129),
(644, 130),
(644, 131),
(644, 132),
(644, 133),
(644, 575),
(644, 1589),
(646, 74),
(646, 95),
(646, 147),
(646, 148),
(646, 149),
(646, 151),
(646, 152),
(646, 153),
(646, 222),
(646, 1550),
(648, 69),
(648, 81),
(648, 83),
(648, 95),
(648, 574),
(648, 575),
(649, 150),
(649, 1473),
(650, 72),
(650, 105),
(650, 147),
(650, 148),
(650, 149),
(650, 151),
(650, 152),
(650, 153),
(650, 154),
(650, 155),
(650, 156),
(650, 157),
(650, 222),
(650, 1407),
(650, 1408),
(650, 1452),
(650, 1530),
(650, 1546),
(650, 1547),
(650, 1550),
(651, 136),
(652, 108),
(652, 109),
(652, 110),
(652, 111),
(652, 112),
(653, 108),
(654, 111),
(655, 112),
(656, 109),
(657, 72),
(657, 77),
(657, 110),
(657, 218),
(657, 219),
(657, 221),
(657, 224),
(657, 225),
(657, 587),
(657, 588),
(657, 1418),
(657, 1419),
(657, 1448),
(657, 1550),
(658, 1619),
(661, 72),
(661, 77),
(661, 111),
(662, 72),
(662, 77),
(662, 1619),
(663, 72),
(663, 77),
(663, 109),
(663, 222),
(663, 1550),
(664, 72),
(664, 77),
(664, 154),
(664, 218),
(664, 219),
(664, 221),
(664, 224),
(664, 303),
(664, 308),
(664, 309),
(664, 310),
(664, 311),
(664, 314),
(664, 315),
(664, 316),
(664, 587),
(664, 588),
(664, 1443),
(664, 1448),
(664, 1527),
(664, 1572),
(665, 56),
(665, 72),
(665, 77),
(665, 155),
(665, 303),
(666, 56),
(666, 77),
(666, 154),
(666, 155),
(666, 302),
(666, 1533),
(667, 72),
(667, 77),
(667, 112),
(667, 220),
(667, 579),
(667, 584),
(667, 585),
(667, 586),
(668, 72),
(668, 77),
(668, 220),
(668, 579),
(668, 584),
(668, 585),
(668, 586),
(668, 1572),
(669, 69),
(669, 584),
(670, 74),
(670, 105),
(670, 163),
(670, 164),
(670, 165),
(670, 166),
(670, 167),
(670, 168),
(670, 169),
(670, 170),
(671, 56),
(671, 72),
(671, 74),
(671, 77),
(671, 108),
(671, 155),
(671, 218),
(671, 219),
(671, 224),
(671, 1448),
(672, 56),
(672, 72),
(672, 74),
(672, 77),
(672, 108),
(672, 154),
(672, 218),
(672, 219),
(672, 224),
(672, 588),
(672, 1448),
(673, 53),
(673, 63),
(673, 1634),
(674, 53),
(674, 54),
(674, 55),
(674, 229),
(677, 229),
(678, 53),
(678, 54),
(678, 56),
(678, 58),
(678, 588),
(679, 53),
(679, 54),
(679, 56),
(679, 58),
(679, 1632),
(681, 1589);

-- --------------------------------------------------------

--
-- Table structure for table `hybrid_order`
--

CREATE TABLE `hybrid_order` (
  `id` int(10) UNSIGNED NOT NULL,
  `node_id` smallint(5) UNSIGNED NOT NULL COMMENT 'node_id from hybrid_groups',
  `so_node_id` smallint(5) UNSIGNED NOT NULL COMMENT 'node_id of Main dropdowns from search_options',
  `disp_section` tinyint(3) UNSIGNED NOT NULL COMMENT 'Section in which to display the search dropdow',
  `disp_order` smallint(5) UNSIGNED NOT NULL COMMENT 'display order'
) ENGINE=InnoDB DEFAULT CHARSET=utf8mb4 COLLATE=utf8mb4_unicode_ci;

--
-- Dumping data for table `hybrid_order`
--

INSERT INTO `hybrid_order` (`id`, `node_id`, `so_node_id`, `disp_section`, `disp_order`) VALUES
(1, 43, 0, 1, 0),
(2, 43, 6, 0, 35),
(3, 43, 1027, 0, 40),
(4, 43, 5, 2, 5),
(5, 43, 18, 2, 7),
(7, 43, 359, 0, 38),
(9, 43, 19, 2, 8),
(12, 43, 26, 0, 39),
(13, 43, 10, 0, 33),
(14, 43, 4, 0, 37),
(15, 43, 2, 2, 16),
(17, 43, 24, 2, 9),
(18, 43, 11, 0, 34),
(19, 43, 15, 0, 26),
(22, 43, 7, 0, 41),
(24, 43, 12, 1, 1),
(25, 43, 8, 0, 36),
(26, 43, 25, 0, 19),
(33, 46, 0, 1, 0),
(34, 46, 6, 0, 36),
(35, 46, 1027, 0, 41),
(36, 46, 5, 2, 6),
(37, 46, 18, 2, 7),
(39, 46, 359, 0, 34),
(41, 46, 19, 0, 25),
(44, 46, 26, 0, 33),
(45, 46, 10, 0, 32),
(46, 46, 4, 0, 35),
(47, 46, 2, 2, 15),
(49, 46, 24, 2, 8),
(50, 46, 11, 0, 39),
(51, 46, 15, 1, 1),
(54, 46, 7, 0, 37),
(56, 46, 12, 0, 40),
(57, 46, 8, 0, 38),
(58, 46, 25, 0, 26),
(97, 461, 0, 1, 0),
(98, 461, 6, 0, 36),
(99, 461, 1027, 0, 41),
(100, 461, 5, 2, 4),
(101, 461, 18, 2, 5),
(103, 461, 359, 0, 33),
(105, 461, 19, 2, 6),
(108, 461, 26, 0, 32),
(109, 461, 10, 2, 12),
(110, 461, 4, 0, 35),
(111, 461, 2, 0, 34),
(113, 461, 24, 2, 7),
(114, 461, 11, 0, 39),
(115, 461, 15, 1, 1),
(118, 461, 7, 0, 37),
(120, 461, 12, 0, 40),
(121, 461, 8, 0, 38),
(122, 461, 25, 2, 8),
(129, 462, 0, 1, 0),
(130, 462, 6, 0, 36),
(131, 462, 1027, 0, 41),
(132, 462, 5, 0, 35),
(133, 462, 18, 2, 6),
(135, 462, 359, 0, 33),
(137, 462, 19, 2, 7),
(140, 462, 26, 0, 32),
(141, 462, 10, 2, 15),
(142, 462, 4, 0, 34),
(143, 462, 2, 2, 16),
(145, 462, 24, 2, 8),
(146, 462, 11, 0, 39),
(147, 462, 15, 1, 1),
(150, 462, 7, 0, 37),
(152, 462, 12, 0, 40),
(153, 462, 8, 0, 38),
(154, 462, 25, 0, 31),
(161, 42, 0, 1, 0),
(162, 42, 6, 0, 38),
(163, 42, 1027, 0, 41),
(164, 42, 5, 2, 5),
(165, 42, 18, 2, 8),
(167, 42, 359, 0, 36),
(169, 42, 19, 0, 34),
(172, 42, 26, 0, 35),
(173, 42, 10, 0, 20),
(174, 42, 4, 0, 37),
(175, 42, 2, 2, 17),
(177, 42, 24, 2, 9),
(178, 42, 11, 0, 28),
(179, 42, 15, 1, 2),
(182, 42, 7, 0, 39),
(184, 42, 12, 2, 4),
(185, 42, 8, 0, 40),
(186, 42, 25, 2, 10),
(207, 458, 0, 1, 0),
(208, 458, 6, 0, 36),
(209, 458, 1027, 0, 33),
(210, 458, 5, 2, 5),
(211, 458, 18, 2, 6),
(213, 458, 359, 0, 32),
(215, 458, 19, 2, 7),
(218, 458, 26, 0, 25),
(219, 458, 10, 0, 39),
(220, 458, 4, 0, 35),
(221, 458, 2, 2, 15),
(223, 458, 24, 2, 8),
(224, 458, 11, 0, 40),
(225, 458, 15, 0, 24),
(228, 458, 7, 0, 37),
(230, 458, 12, 1, 1),
(231, 458, 8, 0, 38),
(232, 458, 25, 0, 34),
(243, 2, 0, 0, 2),
(244, 2, 6, 0, 20),
(245, 2, 1027, 0, 27),
(246, 2, 5, 0, 19),
(247, 2, 18, 0, 3),
(249, 2, 359, 0, 13),
(251, 2, 19, 0, 4),
(254, 2, 26, 0, 11),
(255, 2, 10, 0, 23),
(256, 2, 4, 0, 18),
(257, 2, 2, 0, 16),
(259, 2, 24, 0, 9),
(260, 2, 11, 0, 24),
(261, 2, 15, 0, 15),
(264, 2, 7, 0, 21),
(266, 2, 12, 0, 25),
(267, 2, 8, 0, 22),
(268, 2, 25, 0, 10),
(275, 3, 0, 0, 0),
(276, 3, 6, 0, 0),
(277, 3, 1027, 0, 0),
(278, 3, 5, 0, 0),
(279, 3, 18, 0, 0),
(281, 3, 359, 0, 0),
(283, 3, 19, 0, 0),
(286, 3, 26, 0, 0),
(287, 3, 10, 0, 0),
(288, 3, 4, 0, 0),
(289, 3, 2, 0, 0),
(291, 3, 24, 0, 0),
(292, 3, 11, 0, 0),
(293, 3, 15, 0, 0),
(296, 3, 7, 0, 0),
(298, 3, 12, 0, 0),
(299, 3, 8, 0, 0),
(300, 3, 25, 0, 0),
(358, 43, 160, 2, 3),
(359, 43, 161, 0, 27),
(360, 43, 162, 2, 4),
(361, 43, 231, 0, 28),
(362, 43, 232, 0, 31),
(363, 43, 233, 0, 29),
(364, 43, 300, 2, 6),
(365, 43, 301, 0, 30),
(366, 43, 329, 2, 10),
(367, 43, 330, 2, 11),
(368, 43, 358, 2, 17),
(369, 43, 1571, 0, 32),
(376, 46, 160, 2, 4),
(377, 46, 161, 2, 5),
(378, 46, 162, 0, 28),
(379, 46, 231, 0, 29),
(380, 46, 232, 0, 30),
(381, 46, 233, 0, 31),
(382, 46, 300, 0, 24),
(383, 46, 301, 1, 2),
(384, 46, 329, 2, 9),
(385, 46, 330, 2, 10),
(386, 46, 358, 2, 16),
(387, 46, 1571, 0, 27),
(396, 458, 160, 2, 3),
(397, 458, 161, 0, 26),
(398, 458, 162, 2, 4),
(399, 458, 231, 0, 27),
(400, 458, 232, 0, 28),
(401, 458, 233, 0, 29),
(402, 458, 300, 0, 30),
(403, 458, 301, 0, 31),
(404, 458, 329, 2, 9),
(405, 458, 330, 2, 10),
(406, 458, 358, 2, 16),
(407, 458, 1571, 0, 41),
(412, 2, 160, 0, 0),
(413, 2, 161, 0, 0),
(414, 2, 162, 0, 0),
(415, 2, 231, 0, 0),
(416, 2, 232, 0, 0),
(417, 2, 233, 0, 0),
(418, 2, 300, 0, 0),
(419, 2, 301, 0, 0),
(420, 2, 329, 0, 0),
(421, 2, 330, 0, 0),
(422, 2, 358, 0, 0),
(423, 2, 1571, 0, 0),
(461, 460, 0, 1, 0),
(462, 460, 2, 2, 19),
(464, 460, 4, 0, 35),
(465, 460, 5, 2, 6),
(466, 460, 6, 0, 36),
(467, 460, 7, 0, 37),
(468, 460, 8, 0, 38),
(469, 460, 10, 0, 22),
(470, 460, 11, 0, 39),
(471, 460, 12, 0, 40),
(472, 460, 15, 1, 1),
(473, 460, 18, 2, 7),
(474, 460, 19, 2, 8),
(477, 460, 24, 2, 9),
(478, 460, 25, 0, 34),
(479, 460, 26, 0, 30),
(481, 460, 160, 2, 3),
(482, 460, 161, 2, 4),
(483, 460, 162, 2, 5),
(484, 460, 231, 2, 12),
(485, 460, 232, 2, 13),
(486, 460, 233, 0, 31),
(487, 460, 300, 2, 11),
(488, 460, 301, 2, 10),
(489, 460, 329, 2, 14),
(490, 460, 330, 2, 15),
(491, 460, 358, 2, 20),
(492, 460, 359, 0, 32),
(493, 460, 1027, 0, 33),
(494, 460, 1571, 0, 41),
(528, 461, 160, 2, 3),
(529, 461, 161, 0, 25),
(530, 461, 162, 0, 26),
(531, 461, 231, 0, 27),
(532, 461, 232, 0, 30),
(533, 461, 233, 0, 28),
(534, 461, 300, 0, 29),
(535, 461, 301, 0, 24),
(536, 461, 329, 2, 9),
(537, 461, 330, 2, 10),
(538, 461, 358, 2, 13),
(539, 461, 1571, 0, 31),
(555, 49, 0, 1, 0),
(556, 49, 2, 2, 19),
(558, 49, 4, 0, 35),
(559, 49, 5, 0, 36),
(560, 49, 6, 0, 39),
(561, 49, 7, 0, 33),
(562, 49, 8, 0, 37),
(563, 49, 10, 2, 5),
(564, 49, 11, 0, 38),
(565, 49, 12, 1, 1),
(566, 49, 15, 0, 40),
(567, 49, 18, 2, 7),
(568, 49, 19, 2, 8),
(571, 49, 24, 2, 9),
(572, 49, 25, 0, 31),
(573, 49, 26, 0, 27),
(575, 49, 160, 2, 4),
(576, 49, 161, 0, 28),
(577, 49, 162, 0, 29),
(578, 49, 231, 1, 2),
(579, 49, 232, 2, 12),
(580, 49, 233, 2, 13),
(581, 49, 300, 0, 30),
(582, 49, 301, 2, 6),
(583, 49, 329, 2, 10),
(584, 49, 330, 2, 11),
(585, 49, 358, 2, 20),
(586, 49, 359, 0, 32),
(587, 49, 1027, 0, 34),
(588, 49, 1571, 0, 41),
(619, 70, 0, 1, 0),
(620, 70, 2, 2, 21),
(622, 70, 4, 0, 33),
(623, 70, 5, 0, 36),
(624, 70, 6, 2, 9),
(625, 70, 7, 0, 37),
(626, 70, 8, 0, 38),
(627, 70, 10, 2, 5),
(628, 70, 11, 0, 39),
(629, 70, 12, 1, 1),
(630, 70, 15, 0, 40),
(631, 70, 18, 2, 7),
(632, 70, 19, 2, 8),
(635, 70, 24, 2, 10),
(636, 70, 25, 2, 11),
(637, 70, 26, 0, 26),
(639, 70, 160, 2, 4),
(640, 70, 161, 0, 27),
(641, 70, 162, 0, 28),
(642, 70, 231, 1, 2),
(643, 70, 232, 2, 14),
(644, 70, 233, 2, 15),
(645, 70, 300, 0, 29),
(646, 70, 301, 2, 6),
(647, 70, 329, 2, 12),
(648, 70, 330, 2, 13),
(649, 70, 358, 2, 22),
(650, 70, 359, 0, 30),
(651, 70, 1027, 0, 31),
(652, 70, 1571, 0, 41),
(684, 462, 160, 2, 4),
(685, 462, 161, 0, 25),
(686, 462, 162, 2, 5),
(687, 462, 231, 0, 29),
(688, 462, 232, 0, 26),
(689, 462, 233, 0, 27),
(690, 462, 300, 0, 28),
(691, 462, 301, 1, 2),
(692, 462, 329, 2, 9),
(693, 462, 330, 0, 24),
(694, 462, 358, 2, 17),
(695, 462, 1571, 0, 30),
(699, 48, 0, 1, 0),
(700, 48, 2, 2, 16),
(702, 48, 4, 0, 32),
(703, 48, 5, 2, 4),
(704, 48, 6, 0, 34),
(705, 48, 7, 0, 35),
(706, 48, 8, 0, 36),
(707, 48, 10, 0, 37),
(708, 48, 11, 0, 38),
(709, 48, 12, 0, 39),
(710, 48, 15, 0, 40),
(711, 48, 18, 2, 6),
(712, 48, 19, 2, 7),
(715, 48, 24, 2, 8),
(716, 48, 25, 0, 19),
(717, 48, 26, 0, 24),
(719, 48, 160, 2, 5),
(720, 48, 161, 0, 25),
(721, 48, 162, 0, 26),
(722, 48, 231, 2, 3),
(723, 48, 232, 0, 27),
(724, 48, 233, 0, 28),
(725, 48, 300, 0, 23),
(726, 48, 301, 2, 11),
(727, 48, 329, 2, 9),
(728, 48, 330, 2, 10),
(729, 48, 358, 2, 17),
(730, 48, 359, 0, 29),
(731, 48, 1027, 0, 30),
(732, 48, 1571, 0, 41),
(763, 51, 0, 1, 0),
(764, 51, 2, 0, 35),
(766, 51, 4, 0, 36),
(767, 51, 5, 2, 8),
(768, 51, 6, 0, 37),
(769, 51, 7, 0, 38),
(770, 51, 8, 0, 39),
(771, 51, 10, 2, 16),
(772, 51, 11, 0, 40),
(773, 51, 12, 1, 1),
(774, 51, 15, 1, 2),
(775, 51, 18, 2, 9),
(776, 51, 19, 2, 10),
(779, 51, 24, 2, 12),
(780, 51, 25, 0, 34),
(781, 51, 26, 0, 28),
(783, 51, 160, 2, 5),
(784, 51, 161, 2, 6),
(785, 51, 162, 2, 7),
(786, 51, 231, 2, 4),
(787, 51, 232, 2, 14),
(788, 51, 233, 2, 15),
(789, 51, 300, 0, 30),
(790, 51, 301, 2, 11),
(791, 51, 329, 2, 13),
(792, 51, 330, 0, 31),
(793, 51, 358, 2, 19),
(794, 51, 359, 0, 32),
(795, 51, 1027, 0, 33),
(796, 51, 1571, 0, 41),
(827, 507, 0, 1, 0),
(828, 507, 2, 2, 16),
(830, 507, 4, 0, 33),
(831, 507, 5, 0, 34),
(832, 507, 6, 0, 35),
(833, 507, 7, 0, 36),
(834, 507, 8, 0, 37),
(835, 507, 10, 0, 38),
(836, 507, 11, 0, 39),
(837, 507, 12, 0, 19),
(838, 507, 15, 0, 40),
(839, 507, 18, 2, 4),
(840, 507, 19, 2, 5),
(843, 507, 24, 2, 6),
(844, 507, 25, 0, 25),
(845, 507, 26, 0, 26),
(847, 507, 160, 2, 2),
(848, 507, 161, 0, 27),
(849, 507, 162, 0, 28),
(850, 507, 231, 2, 8),
(851, 507, 232, 2, 9),
(852, 507, 233, 2, 10),
(853, 507, 300, 2, 3),
(854, 507, 301, 0, 29),
(855, 507, 329, 2, 7),
(856, 507, 330, 0, 30),
(857, 507, 358, 2, 17),
(858, 507, 359, 0, 31),
(859, 507, 1027, 0, 32),
(860, 507, 1571, 0, 41),
(891, 45, 0, 1, 0),
(892, 45, 2, 2, 19),
(894, 45, 4, 0, 34),
(895, 45, 5, 0, 35),
(896, 45, 6, 0, 36),
(897, 45, 7, 0, 37),
(898, 45, 8, 0, 38),
(899, 45, 10, 0, 39),
(900, 45, 11, 0, 40),
(901, 45, 12, 2, 3),
(902, 45, 15, 1, 1),
(903, 45, 18, 2, 7),
(904, 45, 19, 2, 8),
(907, 45, 24, 2, 9),
(908, 45, 25, 0, 23),
(909, 45, 26, 0, 29),
(911, 45, 160, 2, 4),
(912, 45, 161, 2, 5),
(913, 45, 162, 0, 30),
(914, 45, 231, 2, 6),
(915, 45, 232, 2, 12),
(916, 45, 233, 2, 13),
(917, 45, 300, 0, 31),
(918, 45, 301, 0, 22),
(919, 45, 329, 2, 10),
(920, 45, 330, 2, 11),
(921, 45, 358, 2, 20),
(922, 45, 359, 0, 32),
(923, 45, 1027, 0, 33),
(924, 45, 1571, 0, 41),
(955, 463, 0, 0, 41),
(956, 463, 2, 0, 32),
(958, 463, 4, 0, 33),
(959, 463, 5, 0, 34),
(960, 463, 6, 0, 35),
(961, 463, 7, 0, 36),
(962, 463, 8, 0, 37),
(963, 463, 10, 0, 26),
(964, 463, 11, 0, 38),
(965, 463, 12, 1, 0),
(966, 463, 15, 0, 39),
(967, 463, 18, 2, 6),
(968, 463, 19, 2, 7),
(971, 463, 24, 2, 8),
(972, 463, 25, 0, 25),
(973, 463, 26, 0, 27),
(975, 463, 160, 2, 3),
(976, 463, 161, 2, 4),
(977, 463, 162, 2, 5),
(978, 463, 231, 1, 1),
(979, 463, 232, 2, 11),
(980, 463, 233, 2, 12),
(981, 463, 300, 0, 28),
(982, 463, 301, 0, 29),
(983, 463, 329, 2, 9),
(984, 463, 330, 2, 10),
(985, 463, 358, 2, 18),
(986, 463, 359, 0, 30),
(987, 463, 1027, 0, 31),
(988, 463, 1571, 0, 40),
(1019, 415, 0, 1, 0),
(1020, 415, 2, 2, 16),
(1022, 415, 4, 0, 34),
(1023, 415, 5, 0, 35),
(1024, 415, 6, 0, 36),
(1025, 415, 7, 0, 37),
(1026, 415, 8, 0, 38),
(1027, 415, 10, 1, 2),
(1028, 415, 11, 0, 39),
(1029, 415, 12, 0, 40),
(1030, 415, 15, 1, 1),
(1031, 415, 18, 2, 6),
(1032, 415, 19, 2, 7),
(1035, 415, 24, 2, 8),
(1036, 415, 25, 0, 19),
(1037, 415, 26, 0, 26),
(1039, 415, 160, 2, 4),
(1040, 415, 161, 2, 5),
(1041, 415, 162, 0, 27),
(1042, 415, 231, 0, 28),
(1043, 415, 232, 0, 29),
(1044, 415, 233, 0, 31),
(1045, 415, 300, 0, 30),
(1046, 415, 301, 0, 20),
(1047, 415, 329, 2, 9),
(1048, 415, 330, 2, 11),
(1049, 415, 358, 2, 17),
(1050, 415, 359, 0, 32),
(1051, 415, 1027, 0, 33),
(1052, 415, 1571, 0, 41),
(1085, 53, 0, 1, 0),
(1086, 53, 2, 2, 18),
(1088, 53, 4, 0, 35),
(1089, 53, 5, 0, 33),
(1090, 53, 6, 0, 36),
(1091, 53, 7, 0, 37),
(1092, 53, 8, 0, 38),
(1093, 53, 10, 2, 17),
(1094, 53, 11, 0, 39),
(1095, 53, 12, 0, 40),
(1096, 53, 15, 1, 1),
(1097, 53, 18, 2, 8),
(1098, 53, 19, 2, 9),
(1101, 53, 24, 2, 10),
(1102, 53, 25, 0, 26),
(1103, 53, 26, 0, 27),
(1105, 53, 160, 2, 5),
(1106, 53, 161, 2, 6),
(1107, 53, 162, 2, 7),
(1108, 53, 231, 0, 28),
(1109, 53, 232, 0, 29),
(1110, 53, 233, 0, 30),
(1111, 53, 300, 2, 4),
(1112, 53, 301, 1, 2),
(1113, 53, 329, 2, 11),
(1114, 53, 330, 0, 31),
(1115, 53, 358, 2, 19),
(1116, 53, 359, 0, 32),
(1117, 53, 1027, 0, 34),
(1118, 53, 1571, 0, 41),
(1149, 47, 0, 1, 0),
(1150, 47, 2, 2, 18),
(1152, 47, 4, 1, 1),
(1153, 47, 5, 0, 36),
(1154, 47, 6, 0, 37),
(1155, 47, 7, 0, 38),
(1156, 47, 8, 0, 40),
(1157, 47, 10, 0, 39),
(1158, 47, 11, 0, 30),
(1159, 47, 12, 2, 4),
(1160, 47, 15, 1, 2),
(1161, 47, 18, 2, 7),
(1162, 47, 19, 2, 8),
(1165, 47, 24, 2, 9),
(1166, 47, 25, 0, 27),
(1167, 47, 26, 0, 29),
(1169, 47, 160, 2, 5),
(1170, 47, 161, 2, 6),
(1171, 47, 162, 0, 31),
(1172, 47, 231, 2, 13),
(1173, 47, 232, 2, 14),
(1174, 47, 233, 2, 15),
(1175, 47, 300, 0, 32),
(1176, 47, 301, 0, 33),
(1177, 47, 329, 2, 10),
(1178, 47, 330, 0, 28),
(1179, 47, 358, 2, 19),
(1180, 47, 359, 0, 34),
(1181, 47, 1027, 0, 35),
(1182, 47, 1571, 0, 41),
(1213, 278, 0, 1, 0),
(1214, 278, 2, 2, 18),
(1216, 278, 4, 0, 35),
(1217, 278, 5, 2, 7),
(1218, 278, 6, 0, 36),
(1219, 278, 7, 0, 37),
(1220, 278, 8, 0, 38),
(1221, 278, 10, 0, 39),
(1222, 278, 11, 0, 40),
(1223, 278, 12, 2, 4),
(1224, 278, 15, 1, 1),
(1225, 278, 18, 2, 8),
(1226, 278, 19, 2, 9),
(1229, 278, 24, 2, 10),
(1230, 278, 25, 0, 29),
(1231, 278, 26, 0, 30),
(1233, 278, 160, 2, 5),
(1234, 278, 161, 2, 6),
(1235, 278, 162, 0, 31),
(1236, 278, 231, 2, 13),
(1237, 278, 232, 2, 14),
(1238, 278, 233, 2, 15),
(1239, 278, 300, 0, 32),
(1240, 278, 301, 1, 2),
(1241, 278, 329, 2, 11),
(1242, 278, 330, 2, 12),
(1243, 278, 358, 2, 19),
(1244, 278, 359, 0, 33),
(1245, 278, 1027, 0, 34),
(1246, 278, 1571, 0, 41),
(1277, 50, 0, 1, 0),
(1278, 50, 2, 2, 14),
(1280, 50, 4, 0, 32),
(1281, 50, 5, 0, 33),
(1282, 50, 6, 0, 34),
(1283, 50, 7, 0, 36),
(1284, 50, 8, 0, 37),
(1285, 50, 10, 1, 2),
(1286, 50, 11, 0, 38),
(1287, 50, 12, 0, 39),
(1288, 50, 15, 0, 40),
(1289, 50, 18, 2, 7),
(1290, 50, 19, 2, 8),
(1293, 50, 24, 2, 9),
(1294, 50, 25, 0, 31),
(1295, 50, 26, 0, 25),
(1297, 50, 160, 2, 4),
(1298, 50, 161, 2, 5),
(1299, 50, 162, 0, 26),
(1300, 50, 231, 1, 1),
(1301, 50, 232, 0, 27),
(1302, 50, 233, 0, 28),
(1303, 50, 300, 0, 35),
(1304, 50, 301, 2, 6),
(1305, 50, 329, 2, 10),
(1306, 50, 330, 2, 11),
(1307, 50, 358, 2, 15),
(1308, 50, 359, 0, 29),
(1309, 50, 1027, 0, 30),
(1310, 50, 1571, 0, 41),
(1342, 42, 160, 2, 6),
(1343, 42, 161, 0, 25),
(1344, 42, 162, 2, 7),
(1345, 42, 231, 0, 29),
(1346, 42, 232, 0, 30),
(1347, 42, 233, 0, 31),
(1348, 42, 300, 0, 27),
(1349, 42, 301, 1, 1),
(1350, 42, 329, 2, 11),
(1351, 42, 330, 2, 12),
(1352, 42, 358, 2, 18),
(1353, 42, 1571, 0, 32),
(1357, 52, 0, 1, 0),
(1358, 52, 2, 2, 17),
(1360, 52, 4, 0, 31),
(1361, 52, 5, 2, 4),
(1362, 52, 6, 0, 23),
(1363, 52, 7, 0, 39),
(1364, 52, 8, 0, 32),
(1365, 52, 10, 2, 12),
(1366, 52, 11, 2, 18),
(1367, 52, 12, 1, 1),
(1368, 52, 15, 0, 36),
(1369, 52, 18, 2, 8),
(1370, 52, 19, 2, 9),
(1373, 52, 24, 2, 10),
(1374, 52, 25, 0, 30),
(1375, 52, 26, 0, 25),
(1377, 52, 160, 2, 5),
(1378, 52, 161, 2, 6),
(1379, 52, 162, 2, 7),
(1380, 52, 231, 0, 26),
(1381, 52, 232, 0, 27),
(1382, 52, 233, 0, 28),
(1383, 52, 300, 0, 24),
(1384, 52, 301, 1, 2),
(1385, 52, 329, 2, 11),
(1386, 52, 330, 0, 29),
(1387, 52, 358, 2, 19),
(1388, 52, 359, 0, 41),
(1389, 52, 1027, 0, 40),
(1390, 52, 1571, 0, 38),
(1421, 99, 0, 1, 0),
(1422, 99, 2, 2, 15),
(1424, 99, 4, 0, 36),
(1425, 99, 5, 0, 37),
(1426, 99, 6, 0, 38),
(1427, 99, 7, 0, 39),
(1428, 99, 8, 0, 40),
(1429, 99, 10, 2, 13),
(1430, 99, 11, 2, 16),
(1431, 99, 12, 2, 5),
(1432, 99, 15, 2, 12),
(1433, 99, 18, 1, 1),
(1434, 99, 19, 0, 19),
(1437, 99, 24, 2, 8),
(1438, 99, 25, 0, 35),
(1439, 99, 26, 0, 26),
(1441, 99, 160, 2, 6),
(1442, 99, 161, 2, 7),
(1443, 99, 162, 0, 27),
(1444, 99, 231, 0, 28),
(1445, 99, 232, 0, 29),
(1446, 99, 233, 0, 30),
(1447, 99, 300, 0, 31),
(1448, 99, 301, 1, 2),
(1449, 99, 329, 2, 9),
(1450, 99, 330, 0, 32),
(1451, 99, 358, 2, 17),
(1452, 99, 359, 0, 33),
(1453, 99, 1027, 0, 34),
(1454, 99, 1571, 0, 41),
(1485, 465, 0, 1, 0),
(1486, 465, 2, 2, 12),
(1488, 465, 4, 0, 34),
(1489, 465, 5, 0, 35),
(1490, 465, 6, 0, 36),
(1491, 465, 7, 0, 37),
(1492, 465, 8, 0, 38),
(1493, 465, 10, 2, 11),
(1494, 465, 11, 0, 39),
(1495, 465, 12, 2, 5),
(1496, 465, 15, 1, 2),
(1497, 465, 18, 1, 1),
(1498, 465, 19, 0, 40),
(1501, 465, 24, 2, 7),
(1502, 465, 25, 0, 33),
(1503, 465, 26, 0, 23),
(1505, 465, 160, 2, 6),
(1506, 465, 161, 0, 24),
(1507, 465, 162, 0, 25),
(1508, 465, 231, 0, 26),
(1509, 465, 232, 0, 27),
(1510, 465, 233, 0, 28),
(1511, 465, 300, 0, 29),
(1512, 465, 301, 2, 4),
(1513, 465, 329, 2, 8),
(1514, 465, 330, 0, 30),
(1515, 465, 358, 2, 13),
(1516, 465, 359, 0, 31),
(1517, 465, 1027, 0, 32),
(1518, 465, 1571, 0, 41),
(1549, 467, 0, 1, 0),
(1550, 467, 2, 0, 33),
(1552, 467, 4, 0, 34),
(1553, 467, 5, 2, 3),
(1554, 467, 6, 0, 35),
(1555, 467, 7, 0, 36),
(1556, 467, 8, 0, 37),
(1557, 467, 10, 2, 7),
(1558, 467, 11, 0, 38),
(1559, 467, 12, 0, 39),
(1560, 467, 15, 2, 5),
(1561, 467, 18, 1, 1),
(1562, 467, 19, 0, 40),
(1565, 467, 24, 0, 32),
(1566, 467, 25, 0, 31),
(1567, 467, 26, 0, 20),
(1569, 467, 160, 2, 4),
(1570, 467, 161, 0, 21),
(1571, 467, 162, 0, 22),
(1572, 467, 231, 0, 23),
(1573, 467, 232, 0, 24),
(1574, 467, 233, 0, 25),
(1575, 467, 300, 0, 26),
(1576, 467, 301, 0, 27),
(1577, 467, 329, 0, 28),
(1578, 467, 330, 2, 6),
(1579, 467, 358, 2, 10),
(1580, 467, 359, 0, 29),
(1581, 467, 1027, 0, 30),
(1582, 467, 1571, 0, 41),
(1613, 257, 0, 1, 0),
(1614, 257, 2, 2, 11),
(1616, 257, 4, 0, 27),
(1617, 257, 5, 0, 28),
(1618, 257, 6, 0, 29),
(1619, 257, 7, 0, 30),
(1620, 257, 8, 0, 31),
(1621, 257, 10, 0, 32),
(1622, 257, 11, 0, 33),
(1623, 257, 12, 2, 3),
(1624, 257, 15, 2, 2),
(1625, 257, 18, 2, 5),
(1626, 257, 19, 2, 6),
(1629, 257, 24, 2, 8),
(1630, 257, 25, 0, 25),
(1631, 257, 26, 0, 14),
(1633, 257, 160, 2, 4),
(1634, 257, 161, 0, 16),
(1635, 257, 162, 0, 17),
(1636, 257, 231, 0, 18),
(1637, 257, 232, 0, 19),
(1638, 257, 233, 0, 20),
(1639, 257, 300, 0, 21),
(1640, 257, 301, 2, 7),
(1641, 257, 329, 2, 9),
(1642, 257, 330, 0, 22),
(1643, 257, 358, 2, 12),
(1644, 257, 359, 0, 23),
(1645, 257, 1027, 0, 24),
(1646, 257, 1571, 0, 35),
(1713, 524, 0, 1, 0),
(1714, 524, 2, 0, 32),
(1716, 524, 4, 0, 33),
(1717, 524, 5, 2, 3),
(1718, 524, 6, 0, 34),
(1719, 524, 7, 0, 35),
(1720, 524, 8, 0, 36),
(1721, 524, 10, 2, 6),
(1722, 524, 11, 0, 37),
(1723, 524, 12, 2, 2),
(1724, 524, 15, 0, 38),
(1725, 524, 18, 0, 39),
(1726, 524, 19, 0, 40),
(1729, 524, 24, 0, 31),
(1730, 524, 25, 0, 30),
(1731, 524, 26, 0, 16),
(1733, 524, 160, 0, 17),
(1734, 524, 161, 0, 18),
(1735, 524, 162, 0, 19),
(1736, 524, 231, 0, 21),
(1737, 524, 232, 0, 22),
(1738, 524, 233, 0, 23),
(1739, 524, 300, 0, 24),
(1740, 524, 301, 0, 25),
(1741, 524, 329, 0, 26),
(1742, 524, 330, 0, 27),
(1743, 524, 358, 2, 7),
(1744, 524, 359, 0, 28),
(1745, 524, 1027, 0, 29),
(1746, 524, 1571, 0, 41),
(1837, 540, 0, 2, 0),
(1838, 540, 2, 0, 26),
(1840, 540, 4, 0, 28),
(1841, 540, 5, 1, 3),
(1842, 540, 6, 0, 16),
(1843, 540, 7, 0, 29),
(1844, 540, 8, 0, 30),
(1845, 540, 10, 1, 12),
(1846, 540, 11, 0, 31),
(1847, 540, 12, 0, 32),
(1848, 540, 15, 0, 33),
(1849, 540, 18, 1, 6),
(1850, 540, 19, 0, 34),
(1853, 540, 24, 1, 7),
(1854, 540, 25, 0, 15),
(1855, 540, 26, 0, 18),
(1857, 540, 160, 1, 4),
(1858, 540, 161, 1, 5),
(1859, 540, 162, 0, 19),
(1860, 540, 231, 0, 20),
(1861, 540, 232, 0, 21),
(1862, 540, 233, 0, 22),
(1863, 540, 300, 0, 23),
(1864, 540, 301, 2, 1),
(1865, 540, 329, 1, 8),
(1866, 540, 330, 1, 9),
(1867, 540, 358, 1, 13),
(1868, 540, 359, 0, 24),
(1869, 540, 1027, 0, 25),
(1870, 540, 1571, 0, 35),
(1907, 539, 0, 0, 2),
(1908, 539, 2, 0, 20),
(1910, 539, 4, 0, 22),
(1911, 539, 5, 0, 23),
(1912, 539, 6, 0, 24),
(1913, 539, 7, 0, 25),
(1914, 539, 8, 0, 26),
(1915, 539, 10, 0, 27),
(1916, 539, 11, 0, 28),
(1917, 539, 12, 0, 29),
(1918, 539, 15, 0, 30),
(1919, 539, 18, 0, 31),
(1920, 539, 19, 0, 32),
(1923, 539, 24, 0, 19),
(1924, 539, 25, 0, 18),
(1925, 539, 26, 0, 3),
(1927, 539, 160, 0, 5),
(1928, 539, 161, 0, 6),
(1929, 539, 162, 0, 7),
(1930, 539, 231, 0, 8),
(1931, 539, 232, 0, 9),
(1932, 539, 233, 0, 10),
(1933, 539, 300, 0, 11),
(1934, 539, 301, 0, 12),
(1935, 539, 329, 0, 13),
(1936, 539, 330, 0, 14),
(1937, 539, 358, 0, 15),
(1938, 539, 359, 0, 16),
(1939, 539, 1027, 0, 17),
(1940, 539, 1571, 0, 35),
(1995, 567, 0, 0, 0),
(1996, 567, 2, 0, 0),
(1998, 567, 4, 0, 0),
(1999, 567, 5, 0, 0),
(2000, 567, 6, 0, 0),
(2001, 567, 7, 0, 0),
(2002, 567, 8, 0, 0),
(2003, 567, 10, 0, 0),
(2004, 567, 11, 0, 0),
(2005, 567, 12, 0, 0),
(2006, 567, 15, 0, 0),
(2007, 567, 18, 0, 0),
(2008, 567, 19, 0, 0),
(2011, 567, 24, 0, 0),
(2012, 567, 25, 0, 0),
(2013, 567, 26, 0, 0),
(2015, 567, 160, 0, 0),
(2016, 567, 161, 0, 0),
(2017, 567, 162, 0, 0),
(2018, 567, 231, 0, 0),
(2019, 567, 232, 0, 0),
(2020, 567, 233, 0, 0),
(2021, 567, 300, 0, 0),
(2022, 567, 301, 0, 0),
(2023, 567, 329, 0, 0),
(2024, 567, 330, 0, 0),
(2025, 567, 358, 0, 0),
(2026, 567, 359, 0, 0),
(2027, 567, 1027, 0, 0),
(2028, 567, 1571, 0, 0),
(2075, 112, 0, 1, 0),
(2076, 112, 2, 2, 13),
(2078, 112, 4, 0, 32),
(2079, 112, 5, 0, 33),
(2080, 112, 6, 0, 34),
(2081, 112, 7, 0, 35),
(2082, 112, 8, 0, 36),
(2083, 112, 10, 0, 37),
(2084, 112, 11, 0, 38),
(2085, 112, 12, 2, 3),
(2086, 112, 15, 0, 39),
(2087, 112, 18, 2, 5),
(2088, 112, 19, 0, 40),
(2091, 112, 24, 2, 6),
(2092, 112, 25, 2, 7),
(2093, 112, 26, 0, 26),
(2095, 112, 160, 2, 4),
(2096, 112, 161, 0, 27),
(2097, 112, 162, 0, 28),
(2098, 112, 231, 1, 1),
(2099, 112, 232, 2, 8),
(2100, 112, 233, 2, 9),
(2101, 112, 300, 0, 29),
(2102, 112, 301, 2, 10),
(2103, 112, 329, 2, 11),
(2104, 112, 330, 2, 12),
(2105, 112, 358, 2, 14),
(2106, 112, 359, 0, 30),
(2107, 112, 1027, 0, 31),
(2108, 112, 1571, 0, 41),
(2139, 200, 0, 0, 0),
(2140, 200, 2, 0, 0),
(2142, 200, 4, 0, 0),
(2143, 200, 5, 0, 0),
(2144, 200, 6, 0, 0),
(2145, 200, 7, 0, 0),
(2146, 200, 8, 0, 0),
(2147, 200, 10, 0, 0),
(2148, 200, 11, 0, 0),
(2149, 200, 12, 0, 0),
(2150, 200, 15, 0, 0),
(2151, 200, 18, 0, 0),
(2152, 200, 19, 0, 0),
(2155, 200, 24, 0, 0),
(2156, 200, 25, 0, 0),
(2157, 200, 26, 0, 0),
(2159, 200, 160, 0, 0),
(2160, 200, 161, 0, 0),
(2161, 200, 162, 0, 0),
(2162, 200, 231, 0, 0),
(2163, 200, 232, 0, 0),
(2164, 200, 233, 0, 0),
(2165, 200, 300, 0, 0),
(2166, 200, 301, 0, 0),
(2167, 200, 329, 0, 0),
(2168, 200, 330, 0, 0),
(2169, 200, 358, 0, 0),
(2170, 200, 359, 0, 0),
(2171, 200, 1027, 0, 0),
(2172, 200, 1571, 0, 0),
(2301, 561, 0, 0, 0),
(2302, 561, 2, 0, 0),
(2304, 561, 4, 0, 0),
(2305, 561, 5, 0, 0),
(2306, 561, 6, 0, 0),
(2307, 561, 7, 0, 0),
(2308, 561, 8, 0, 0),
(2309, 561, 10, 0, 0),
(2310, 561, 11, 0, 0),
(2311, 561, 12, 0, 0),
(2312, 561, 15, 0, 0),
(2313, 561, 18, 0, 0),
(2314, 561, 19, 0, 0),
(2317, 561, 24, 0, 0),
(2318, 561, 25, 0, 0),
(2319, 561, 26, 0, 0),
(2321, 561, 160, 0, 0),
(2322, 561, 161, 0, 0),
(2323, 561, 162, 0, 0),
(2324, 561, 231, 0, 0),
(2325, 561, 232, 0, 0),
(2326, 561, 233, 0, 0),
(2327, 561, 300, 0, 0),
(2328, 561, 301, 0, 0),
(2329, 561, 329, 0, 0),
(2330, 561, 330, 0, 0),
(2331, 561, 358, 0, 0),
(2332, 561, 359, 0, 0),
(2333, 561, 1027, 0, 0),
(2334, 561, 1571, 0, 0),
(2387, 466, 0, 1, 0),
(2388, 466, 2, 2, 18),
(2390, 466, 4, 0, 35),
(2391, 466, 5, 0, 36),
(2392, 466, 6, 0, 37),
(2393, 466, 7, 0, 38),
(2394, 466, 8, 0, 39),
(2395, 466, 10, 2, 17),
(2396, 466, 11, 0, 40),
(2397, 466, 12, 2, 5),
(2398, 466, 15, 1, 2),
(2399, 466, 18, 2, 7),
(2400, 466, 19, 2, 8),
(2403, 466, 24, 2, 9),
(2404, 466, 25, 0, 27),
(2405, 466, 26, 0, 28),
(2407, 466, 160, 2, 6),
(2408, 466, 161, 0, 29),
(2409, 466, 162, 0, 30),
(2410, 466, 231, 2, 12),
(2411, 466, 232, 0, 31),
(2412, 466, 233, 0, 32),
(2413, 466, 300, 2, 4),
(2414, 466, 301, 1, 1),
(2415, 466, 329, 2, 10),
(2416, 466, 330, 2, 11),
(2417, 466, 358, 2, 19),
(2418, 466, 359, 0, 33),
(2419, 466, 1027, 0, 34),
(2420, 466, 1571, 0, 41),
(2475, 592, 0, 1, 0),
(2476, 592, 2, 0, 33),
(2478, 592, 4, 0, 34),
(2479, 592, 5, 0, 35),
(2480, 592, 6, 0, 36),
(2481, 592, 7, 0, 37),
(2482, 592, 8, 0, 38),
(2483, 592, 10, 0, 39),
(2484, 592, 11, 0, 40),
(2485, 592, 12, 2, 4),
(2486, 592, 15, 1, 1),
(2487, 592, 18, 2, 8),
(2488, 592, 19, 2, 9),
(2491, 592, 24, 2, 10),
(2492, 592, 25, 2, 11),
(2493, 592, 26, 0, 29),
(2495, 592, 160, 2, 5),
(2496, 592, 161, 2, 6),
(2497, 592, 162, 2, 7),
(2498, 592, 231, 2, 12),
(2499, 592, 232, 2, 15),
(2500, 592, 233, 2, 16),
(2501, 592, 300, 0, 30),
(2502, 592, 301, 1, 2),
(2503, 592, 329, 2, 13),
(2504, 592, 330, 2, 14),
(2505, 592, 358, 2, 21),
(2506, 592, 359, 0, 31),
(2507, 592, 1027, 0, 32),
(2508, 592, 1571, 0, 41),
(2539, 596, 0, 1, 0),
(2540, 596, 2, 2, 24),
(2542, 596, 4, 0, 36),
(2543, 596, 5, 2, 8),
(2544, 596, 6, 2, 7),
(2545, 596, 7, 0, 37),
(2546, 596, 8, 0, 38),
(2547, 596, 10, 0, 39),
(2548, 596, 11, 0, 40),
(2549, 596, 12, 2, 9),
(2550, 596, 15, 1, 1),
(2551, 596, 18, 2, 10),
(2552, 596, 19, 2, 11),
(2555, 596, 24, 2, 12),
(2556, 596, 25, 2, 13),
(2557, 596, 26, 0, 32),
(2559, 596, 160, 2, 4),
(2560, 596, 161, 2, 5),
(2561, 596, 162, 2, 6),
(2562, 596, 231, 2, 14),
(2563, 596, 232, 2, 15),
(2564, 596, 233, 2, 16),
(2565, 596, 300, 0, 33),
(2566, 596, 301, 1, 2),
(2567, 596, 329, 2, 17),
(2568, 596, 330, 2, 18),
(2569, 596, 358, 2, 25),
(2570, 596, 359, 0, 34),
(2571, 596, 1027, 0, 35),
(2572, 596, 1571, 0, 41),
(2603, 574, 0, 0, 0),
(2604, 574, 2, 0, 0),
(2606, 574, 4, 0, 0),
(2607, 574, 5, 0, 0),
(2608, 574, 6, 0, 0),
(2609, 574, 7, 0, 0),
(2610, 574, 8, 0, 0),
(2611, 574, 10, 0, 0),
(2612, 574, 11, 0, 0),
(2613, 574, 12, 0, 0),
(2614, 574, 15, 0, 0),
(2615, 574, 18, 0, 0),
(2616, 574, 19, 0, 0),
(2619, 574, 24, 0, 0),
(2620, 574, 25, 0, 0),
(2621, 574, 26, 0, 0),
(2623, 574, 160, 0, 0),
(2624, 574, 161, 0, 0),
(2625, 574, 162, 0, 0),
(2626, 574, 231, 0, 0),
(2627, 574, 232, 0, 0),
(2628, 574, 233, 0, 0),
(2629, 574, 300, 0, 0),
(2630, 574, 301, 0, 0),
(2631, 574, 329, 0, 0),
(2632, 574, 330, 0, 0),
(2633, 574, 358, 0, 0),
(2634, 574, 359, 0, 0),
(2635, 574, 1027, 0, 0),
(2636, 574, 1571, 0, 0),
(2670, 3, 160, 0, 0),
(2671, 3, 161, 0, 0),
(2672, 3, 162, 0, 0),
(2673, 3, 231, 0, 0),
(2674, 3, 232, 0, 0),
(2675, 3, 233, 0, 0),
(2676, 3, 300, 0, 0),
(2677, 3, 301, 0, 0),
(2678, 3, 329, 0, 0),
(2679, 3, 330, 0, 0),
(2680, 3, 358, 0, 0),
(2681, 3, 1571, 0, 0),
(2694, 2, 36, 0, 0),
(2695, 2, 37, 0, 0),
(2698, 2, 463, 0, 0),
(2699, 2, 539, 0, 0),
(2700, 2, 540, 0, 0),
(2701, 2, 541, 0, 0),
(2702, 2, 542, 0, 0),
(2703, 2, 561, 0, 0),
(2704, 2, 562, 0, 0),
(2705, 2, 1468, 0, 0),
(2716, 43, 36, 0, 21),
(2717, 43, 37, 0, 20),
(2718, 43, 463, 0, 22),
(2719, 43, 539, 2, 12),
(2720, 43, 540, 2, 13),
(2721, 43, 541, 0, 23),
(2722, 43, 542, 0, 25),
(2723, 43, 561, 2, 14),
(2724, 43, 562, 2, 15),
(2725, 43, 1468, 0, 24),
(2736, 458, 36, 0, 19),
(2737, 458, 37, 0, 18),
(2738, 458, 463, 0, 21),
(2739, 458, 539, 2, 11),
(2740, 458, 540, 2, 12),
(2741, 458, 541, 0, 20),
(2742, 458, 542, 0, 22),
(2743, 458, 561, 2, 13),
(2744, 458, 562, 2, 14),
(2745, 458, 1468, 0, 23),
(2752, 46, 36, 0, 19),
(2753, 46, 37, 0, 18),
(2754, 46, 463, 0, 20),
(2755, 46, 539, 2, 11),
(2756, 46, 540, 2, 12),
(2757, 46, 541, 0, 22),
(2758, 46, 542, 0, 21),
(2759, 46, 561, 2, 13),
(2760, 46, 562, 2, 14),
(2761, 46, 1468, 0, 23),
(2772, 460, 36, 0, 24),
(2773, 460, 37, 0, 23),
(2774, 460, 463, 0, 27),
(2775, 460, 539, 2, 16),
(2776, 460, 540, 2, 17),
(2777, 460, 541, 0, 28),
(2778, 460, 542, 0, 29),
(2779, 460, 561, 2, 18),
(2780, 460, 562, 0, 25),
(2781, 460, 1468, 0, 26),
(2788, 461, 36, 0, 16),
(2789, 461, 37, 0, 15),
(2790, 461, 463, 0, 23),
(2791, 461, 539, 2, 11),
(2792, 461, 540, 0, 22),
(2793, 461, 541, 0, 21),
(2794, 461, 542, 0, 20),
(2795, 461, 561, 0, 19),
(2796, 461, 562, 0, 17),
(2797, 461, 1468, 0, 18),
(2804, 49, 36, 0, 25),
(2805, 49, 37, 0, 24),
(2806, 49, 463, 0, 26),
(2807, 49, 539, 2, 14),
(2808, 49, 540, 2, 15),
(2809, 49, 541, 0, 22),
(2810, 49, 542, 2, 18),
(2811, 49, 561, 2, 16),
(2812, 49, 562, 2, 17),
(2813, 49, 1468, 0, 23),
(2820, 70, 36, 0, 32),
(2821, 70, 37, 0, 35),
(2822, 70, 463, 0, 25),
(2823, 70, 539, 2, 16),
(2824, 70, 540, 2, 17),
(2825, 70, 541, 0, 34),
(2826, 70, 542, 2, 18),
(2827, 70, 561, 2, 20),
(2828, 70, 562, 2, 19),
(2829, 70, 1468, 0, 24),
(2836, 462, 36, 0, 23),
(2837, 462, 37, 0, 22),
(2838, 462, 463, 0, 21),
(2839, 462, 539, 2, 10),
(2840, 462, 540, 2, 11),
(2841, 462, 541, 0, 19),
(2842, 462, 542, 2, 12),
(2843, 462, 561, 2, 13),
(2844, 462, 562, 2, 14),
(2845, 462, 1468, 0, 20),
(2852, 596, 36, 0, 31),
(2853, 596, 37, 0, 30),
(2854, 596, 463, 0, 28),
(2855, 596, 539, 2, 19),
(2856, 596, 540, 2, 20),
(2857, 596, 541, 0, 27),
(2858, 596, 542, 2, 21),
(2859, 596, 561, 2, 22),
(2860, 596, 562, 2, 23),
(2861, 596, 1468, 0, 29),
(2868, 592, 36, 0, 28),
(2869, 592, 37, 0, 27),
(2870, 592, 463, 0, 24),
(2871, 592, 539, 2, 17),
(2872, 592, 540, 2, 18),
(2873, 592, 541, 0, 23),
(2874, 592, 542, 0, 25),
(2875, 592, 561, 2, 19),
(2876, 592, 562, 2, 20),
(2877, 592, 1468, 0, 26),
(2884, 48, 36, 0, 33),
(2885, 48, 37, 0, 31),
(2886, 48, 463, 0, 22),
(2887, 48, 539, 2, 12),
(2888, 48, 540, 2, 13),
(2889, 48, 541, 1, 1),
(2890, 48, 542, 0, 21),
(2891, 48, 561, 2, 14),
(2892, 48, 562, 2, 15),
(2893, 48, 1468, 0, 20),
(2900, 507, 36, 0, 24),
(2901, 507, 37, 0, 23),
(2902, 507, 463, 0, 20),
(2903, 507, 539, 2, 11),
(2904, 507, 540, 2, 12),
(2905, 507, 541, 0, 21),
(2906, 507, 542, 2, 13),
(2907, 507, 561, 2, 14),
(2908, 507, 562, 2, 15),
(2909, 507, 1468, 0, 22),
(2916, 45, 36, 0, 26),
(2917, 45, 37, 0, 25),
(2918, 45, 463, 0, 28),
(2919, 45, 539, 2, 14),
(2920, 45, 540, 2, 15),
(2921, 45, 541, 0, 27),
(2922, 45, 542, 2, 16),
(2923, 45, 561, 2, 17),
(2924, 45, 562, 2, 18),
(2925, 45, 1468, 0, 24),
(2931, 464, 0, 1, 0),
(2932, 464, 2, 0, 37),
(2933, 464, 4, 0, 36),
(2934, 464, 5, 0, 34),
(2935, 464, 6, 0, 33),
(2936, 464, 7, 0, 32),
(2937, 464, 8, 0, 31),
(2938, 464, 10, 0, 22),
(2939, 464, 11, 0, 30),
(2940, 464, 12, 1, 2),
(2941, 464, 15, 1, 1),
(2942, 464, 18, 2, 7),
(2943, 464, 19, 2, 8),
(2944, 464, 24, 2, 9),
(2945, 464, 25, 0, 21),
(2946, 464, 26, 0, 40),
(2947, 464, 36, 0, 39),
(2948, 464, 37, 0, 38),
(2949, 464, 160, 2, 4),
(2950, 464, 161, 2, 5),
(2951, 464, 162, 0, 29),
(2952, 464, 231, 2, 6),
(2953, 464, 232, 2, 13),
(2954, 464, 233, 2, 12),
(2955, 464, 300, 0, 35),
(2956, 464, 301, 0, 23),
(2957, 464, 329, 2, 11),
(2958, 464, 330, 2, 10),
(2959, 464, 358, 2, 19),
(2960, 464, 359, 0, 24),
(2961, 464, 463, 0, 25),
(2962, 464, 539, 2, 14),
(2963, 464, 540, 2, 15),
(2964, 464, 541, 0, 28),
(2965, 464, 542, 2, 16),
(2966, 464, 561, 2, 17),
(2967, 464, 562, 2, 18),
(2968, 464, 1027, 0, 27),
(2969, 464, 1468, 0, 26),
(2970, 464, 1571, 0, 41),
(2996, 463, 36, 0, 20),
(2997, 463, 37, 0, 21),
(2998, 463, 463, 0, 24),
(2999, 463, 539, 2, 13),
(3000, 463, 540, 2, 14),
(3001, 463, 541, 0, 23),
(3002, 463, 542, 2, 15),
(3003, 463, 561, 2, 16),
(3004, 463, 562, 2, 17),
(3005, 463, 1468, 0, 22),
(3012, 415, 36, 0, 22),
(3013, 415, 37, 0, 21),
(3014, 415, 463, 0, 23),
(3015, 415, 539, 2, 10),
(3016, 415, 540, 2, 12),
(3017, 415, 541, 0, 25),
(3018, 415, 542, 2, 13),
(3019, 415, 561, 2, 14),
(3020, 415, 562, 2, 15),
(3021, 415, 1468, 0, 24),
(3028, 53, 36, 0, 22),
(3029, 53, 37, 0, 21),
(3030, 53, 463, 0, 23),
(3031, 53, 539, 2, 12),
(3032, 53, 540, 2, 13),
(3033, 53, 541, 0, 25),
(3034, 53, 542, 2, 14),
(3035, 53, 561, 2, 15),
(3036, 53, 562, 2, 16),
(3037, 53, 1468, 0, 24),
(3044, 51, 36, 0, 24),
(3045, 51, 37, 0, 23),
(3046, 51, 463, 0, 25),
(3047, 51, 539, 2, 17),
(3048, 51, 540, 2, 18),
(3049, 51, 541, 0, 29),
(3050, 51, 542, 0, 27),
(3051, 51, 561, 0, 26),
(3052, 51, 562, 0, 22),
(3053, 51, 1468, 0, 21),
(3060, 278, 36, 0, 26),
(3061, 278, 37, 0, 25),
(3062, 278, 463, 0, 28),
(3063, 278, 539, 2, 16),
(3064, 278, 540, 2, 17),
(3065, 278, 541, 0, 24),
(3066, 278, 542, 0, 23),
(3067, 278, 561, 0, 22),
(3068, 278, 562, 0, 21),
(3069, 278, 1468, 0, 27),
(3076, 524, 36, 0, 10),
(3077, 524, 37, 0, 9),
(3078, 524, 463, 0, 11),
(3079, 524, 539, 2, 4),
(3080, 524, 540, 2, 5),
(3081, 524, 541, 0, 13),
(3082, 524, 542, 0, 14),
(3083, 524, 561, 0, 15),
(3084, 524, 562, 0, 20),
(3085, 524, 1468, 0, 12),
(3092, 42, 36, 0, 24),
(3093, 42, 37, 0, 23),
(3094, 42, 463, 0, 21),
(3095, 42, 539, 0, 26),
(3096, 42, 540, 2, 13),
(3097, 42, 541, 0, 33),
(3098, 42, 542, 0, 22),
(3099, 42, 561, 2, 14),
(3100, 42, 562, 2, 15),
(3101, 42, 1468, 2, 16),
(3108, 52, 36, 0, 37),
(3109, 52, 37, 0, 35),
(3110, 52, 463, 0, 22),
(3111, 52, 539, 0, 34),
(3112, 52, 540, 2, 13),
(3113, 52, 541, 0, 33),
(3114, 52, 542, 2, 14),
(3115, 52, 561, 2, 15),
(3116, 52, 562, 2, 16),
(3117, 52, 1468, 0, 21),
(3124, 99, 36, 0, 23),
(3125, 99, 37, 0, 22),
(3126, 99, 463, 0, 24),
(3127, 99, 539, 1, 3),
(3128, 99, 540, 2, 10),
(3129, 99, 541, 0, 21),
(3130, 99, 542, 0, 20),
(3131, 99, 561, 2, 11),
(3132, 99, 562, 2, 14),
(3133, 99, 1468, 0, 25),
(3140, 47, 36, 0, 25),
(3141, 47, 37, 0, 24),
(3142, 47, 463, 0, 26),
(3143, 47, 539, 0, 21),
(3144, 47, 540, 2, 11),
(3145, 47, 541, 0, 22),
(3146, 47, 542, 2, 12),
(3147, 47, 561, 2, 16),
(3148, 47, 562, 2, 17),
(3149, 47, 1468, 0, 23),
(3156, 466, 36, 0, 25),
(3157, 466, 37, 0, 24),
(3158, 466, 463, 0, 21),
(3159, 466, 539, 0, 26),
(3160, 466, 540, 2, 13),
(3161, 466, 541, 0, 22),
(3162, 466, 542, 2, 14),
(3163, 466, 561, 2, 15),
(3164, 466, 562, 2, 16),
(3165, 466, 1468, 0, 23),
(3172, 50, 36, 0, 22),
(3173, 50, 37, 0, 21),
(3174, 50, 463, 0, 17),
(3175, 50, 539, 2, 12),
(3176, 50, 540, 2, 13),
(3177, 50, 541, 0, 18),
(3178, 50, 542, 0, 23),
(3179, 50, 561, 0, 24),
(3180, 50, 562, 0, 20),
(3181, 50, 1468, 0, 19),
(3188, 465, 36, 0, 17),
(3189, 465, 37, 0, 15),
(3190, 465, 463, 0, 16),
(3191, 465, 539, 2, 9),
(3192, 465, 540, 2, 10),
(3193, 465, 541, 0, 18),
(3194, 465, 542, 0, 19),
(3195, 465, 561, 0, 20),
(3196, 465, 562, 0, 21),
(3197, 465, 1468, 0, 22),
(3204, 257, 36, 0, 0),
(3205, 257, 37, 0, 0),
(3206, 257, 463, 0, 0),
(3207, 257, 539, 0, 0),
(3208, 257, 540, 0, 0),
(3209, 257, 541, 0, 0),
(3210, 257, 542, 0, 0),
(3211, 257, 561, 0, 0),
(3212, 257, 562, 0, 0),
(3213, 257, 1468, 0, 0),
(3220, 467, 36, 0, 13),
(3221, 467, 37, 0, 12),
(3222, 467, 463, 0, 14),
(3223, 467, 539, 2, 8),
(3224, 467, 540, 2, 9),
(3225, 467, 541, 0, 15),
(3226, 467, 542, 0, 16),
(3227, 467, 561, 0, 17),
(3228, 467, 562, 0, 19),
(3229, 467, 1468, 0, 18),
(3320, 112, 36, 0, 20),
(3321, 112, 37, 0, 19),
(3322, 112, 463, 0, 25),
(3323, 112, 539, 0, 24),
(3324, 112, 540, 0, 23),
(3325, 112, 541, 0, 22),
(3326, 112, 542, 0, 21),
(3327, 112, 561, 0, 18),
(3328, 112, 562, 0, 17),
(3329, 112, 1468, 0, 16),
(3335, 475, 0, 0, 0),
(3336, 475, 2, 0, 0),
(3337, 475, 4, 0, 0),
(3338, 475, 5, 0, 0),
(3339, 475, 6, 0, 0),
(3340, 475, 7, 0, 0),
(3341, 475, 8, 0, 0),
(3342, 475, 10, 0, 0),
(3343, 475, 11, 0, 0),
(3344, 475, 12, 0, 0),
(3345, 475, 15, 0, 0),
(3346, 475, 18, 0, 0),
(3347, 475, 19, 0, 0),
(3348, 475, 24, 0, 0),
(3349, 475, 25, 0, 0),
(3350, 475, 26, 0, 0),
(3351, 475, 36, 0, 0),
(3352, 475, 37, 0, 0),
(3353, 475, 160, 0, 0),
(3354, 475, 161, 0, 0),
(3355, 475, 162, 0, 0),
(3356, 475, 231, 0, 0),
(3357, 475, 232, 0, 0),
(3358, 475, 233, 0, 0),
(3359, 475, 300, 0, 0),
(3360, 475, 301, 0, 0),
(3361, 475, 329, 0, 0),
(3362, 475, 330, 0, 0),
(3363, 475, 358, 0, 0),
(3364, 475, 359, 0, 0),
(3365, 475, 463, 0, 0),
(3366, 475, 539, 0, 0),
(3367, 475, 540, 0, 0),
(3368, 475, 541, 0, 0),
(3369, 475, 542, 0, 0),
(3370, 475, 561, 0, 0),
(3371, 475, 562, 0, 0),
(3372, 475, 1027, 0, 0),
(3373, 475, 1468, 0, 0),
(3374, 475, 1571, 0, 0),
(3661, 125, 0, 0, 0),
(3662, 125, 2, 0, 0),
(3663, 125, 4, 0, 0),
(3664, 125, 5, 0, 0),
(3665, 125, 6, 0, 0),
(3666, 125, 7, 0, 0),
(3667, 125, 8, 0, 0),
(3668, 125, 10, 0, 0),
(3669, 125, 11, 0, 0),
(3670, 125, 12, 0, 0),
(3671, 125, 15, 0, 0),
(3672, 125, 18, 0, 0),
(3673, 125, 19, 0, 0),
(3674, 125, 24, 0, 0),
(3675, 125, 25, 0, 0),
(3676, 125, 26, 0, 0),
(3677, 125, 36, 0, 0),
(3678, 125, 37, 0, 0),
(3679, 125, 160, 0, 0),
(3680, 125, 161, 0, 0),
(3681, 125, 162, 0, 0),
(3682, 125, 231, 0, 0),
(3683, 125, 232, 0, 0),
(3684, 125, 233, 0, 0),
(3685, 125, 300, 0, 0),
(3686, 125, 301, 0, 0),
(3687, 125, 329, 0, 0),
(3688, 125, 330, 0, 0),
(3689, 125, 358, 0, 0),
(3690, 125, 359, 0, 0),
(3691, 125, 463, 0, 0),
(3692, 125, 539, 0, 0),
(3693, 125, 540, 0, 0),
(3694, 125, 541, 0, 0),
(3695, 125, 542, 0, 0),
(3696, 125, 561, 0, 0),
(3697, 125, 562, 0, 0),
(3698, 125, 1027, 0, 0),
(3699, 125, 1468, 0, 0),
(3700, 125, 1571, 0, 0),
(3733, 652, 0, 1, 0),
(3734, 652, 2, 2, 15),
(3735, 652, 4, 1, 1),
(3736, 652, 5, 0, 37),
(3737, 652, 6, 0, 36),
(3738, 652, 7, 0, 35),
(3739, 652, 8, 0, 34),
(3740, 652, 10, 2, 16),
(3741, 652, 11, 0, 33),
(3742, 652, 12, 2, 4),
(3743, 652, 15, 1, 2),
(3744, 652, 18, 2, 7),
(3745, 652, 19, 2, 8),
(3746, 652, 24, 2, 9),
(3747, 652, 25, 2, 10),
(3748, 652, 26, 0, 40),
(3749, 652, 36, 0, 39),
(3750, 652, 37, 0, 38),
(3751, 652, 160, 2, 5),
(3752, 652, 161, 0, 32),
(3753, 652, 162, 0, 31),
(3754, 652, 231, 0, 22),
(3755, 652, 232, 0, 21),
(3756, 652, 233, 0, 20),
(3757, 652, 300, 0, 19),
(3758, 652, 301, 2, 6),
(3759, 652, 329, 2, 11),
(3760, 652, 330, 2, 12),
(3761, 652, 358, 2, 17),
(3762, 652, 359, 0, 23),
(3763, 652, 463, 0, 24),
(3764, 652, 539, 2, 13),
(3765, 652, 540, 2, 14),
(3766, 652, 541, 0, 30),
(3767, 652, 542, 0, 29),
(3768, 652, 561, 0, 28),
(3769, 652, 562, 0, 27),
(3770, 652, 1027, 0, 26),
(3771, 652, 1468, 0, 25),
(3772, 652, 1571, 0, 41),
(3799, 490, 0, 0, 0),
(3800, 490, 2, 0, 0),
(3801, 490, 4, 0, 0),
(3802, 490, 5, 0, 0),
(3803, 490, 6, 0, 0),
(3804, 490, 7, 0, 0),
(3805, 490, 8, 0, 0),
(3806, 490, 10, 0, 0),
(3807, 490, 11, 0, 0),
(3808, 490, 12, 0, 0),
(3809, 490, 15, 0, 0),
(3810, 490, 18, 0, 0),
(3811, 490, 19, 0, 0),
(3812, 490, 24, 0, 0),
(3813, 490, 25, 0, 0),
(3814, 490, 26, 0, 0),
(3815, 490, 36, 0, 0),
(3816, 490, 37, 0, 0),
(3817, 490, 160, 0, 0),
(3818, 490, 161, 0, 0),
(3819, 490, 162, 0, 0),
(3820, 490, 231, 0, 0),
(3821, 490, 232, 0, 0),
(3822, 490, 233, 0, 0),
(3823, 490, 300, 0, 0),
(3824, 490, 301, 0, 0),
(3825, 490, 329, 0, 0),
(3826, 490, 330, 0, 0),
(3827, 490, 358, 0, 0),
(3828, 490, 359, 0, 0),
(3829, 490, 463, 0, 0),
(3830, 490, 539, 0, 0),
(3831, 490, 540, 0, 0),
(3832, 490, 541, 0, 0),
(3833, 490, 542, 0, 0),
(3834, 490, 561, 0, 0),
(3835, 490, 562, 0, 0),
(3836, 490, 1027, 0, 0),
(3837, 490, 1468, 0, 0),
(3838, 490, 1571, 0, 0),
(3863, 491, 0, 0, 0),
(3864, 491, 2, 0, 0),
(3865, 491, 4, 0, 0),
(3866, 491, 5, 0, 0),
(3867, 491, 6, 0, 0),
(3868, 491, 7, 0, 0),
(3869, 491, 8, 0, 0),
(3870, 491, 10, 0, 0),
(3871, 491, 11, 0, 0),
(3872, 491, 12, 0, 0),
(3873, 491, 15, 0, 0),
(3874, 491, 18, 0, 0),
(3875, 491, 19, 0, 0),
(3876, 491, 24, 0, 0),
(3877, 491, 25, 0, 0),
(3878, 491, 26, 0, 0),
(3879, 491, 36, 0, 0),
(3880, 491, 37, 0, 0),
(3881, 491, 160, 0, 0),
(3882, 491, 161, 0, 0),
(3883, 491, 162, 0, 0),
(3884, 491, 231, 0, 0),
(3885, 491, 232, 0, 0),
(3886, 491, 233, 0, 0),
(3887, 491, 300, 0, 0),
(3888, 491, 301, 0, 0),
(3889, 491, 329, 0, 0),
(3890, 491, 330, 0, 0),
(3891, 491, 358, 0, 0),
(3892, 491, 359, 0, 0),
(3893, 491, 463, 0, 0),
(3894, 491, 539, 0, 0),
(3895, 491, 540, 0, 0),
(3896, 491, 541, 0, 0),
(3897, 491, 542, 0, 0),
(3898, 491, 561, 0, 0),
(3899, 491, 562, 0, 0),
(3900, 491, 1027, 0, 0),
(3901, 491, 1468, 0, 0),
(3902, 491, 1571, 0, 0),
(3947, 677, 0, 0, 16),
(3948, 677, 2, 0, 36),
(3949, 677, 4, 1, 0),
(3950, 677, 5, 0, 35),
(3951, 677, 6, 0, 34),
(3952, 677, 7, 0, 33),
(3953, 677, 8, 0, 32),
(3954, 677, 10, 0, 15),
(3955, 677, 11, 0, 31),
(3956, 677, 12, 2, 2),
(3957, 677, 15, 0, 37),
(3958, 677, 18, 2, 5),
(3959, 677, 19, 2, 6),
(3960, 677, 24, 2, 7),
(3961, 677, 25, 2, 8),
(3962, 677, 26, 0, 40),
(3963, 677, 36, 0, 39),
(3964, 677, 37, 0, 38),
(3965, 677, 160, 2, 3),
(3966, 677, 161, 2, 4),
(3967, 677, 162, 0, 30),
(3968, 677, 231, 0, 21),
(3969, 677, 232, 0, 20),
(3970, 677, 233, 0, 19),
(3971, 677, 300, 0, 18),
(3972, 677, 301, 0, 17),
(3973, 677, 329, 2, 9),
(3974, 677, 330, 2, 10),
(3975, 677, 358, 2, 13),
(3976, 677, 359, 0, 22),
(3977, 677, 463, 0, 23),
(3978, 677, 539, 2, 11),
(3979, 677, 540, 2, 12),
(3980, 677, 541, 0, 29),
(3981, 677, 542, 0, 28),
(3982, 677, 561, 0, 27),
(3983, 677, 562, 0, 26),
(3984, 677, 1027, 0, 25),
(3985, 677, 1468, 0, 24),
(3986, 677, 1571, 0, 41);

-- --------------------------------------------------------

--
-- Table structure for table `library`
--

CREATE TABLE `library` (
  `id` int(10) UNSIGNED NOT NULL,
  `name` varchar(255) DEFAULT NULL,
  `category_id` int(10) UNSIGNED NOT NULL,
  `user_id` int(11) NOT NULL,
  `data` longblob NOT NULL,
  `status` tinyint(1) NOT NULL DEFAULT 1,
  `created_at` int(11) NOT NULL
) ENGINE=InnoDB DEFAULT CHARSET=utf8;

--
-- Dumping data for table `library`
--

INSERT INTO `library` (`id`, `name`, `category_id`, `user_id`, `data`, `status`, `created_at`) VALUES
(1, '7EBF20', 15, 1, 0x[encoded data, 269087 characters]