-- Table structure for table `qc_hsg`
--

CREATE TABLE `qc_hsg` (
  `qry_hash` binary(20) NOT NULL,
  `res` mediumblob NOT NULL
) ENGINE=InnoDB DEFAULT CHARSET=utf8mb4 COLLATE=utf8mb4_unicode_ci;

--
-- Dumping data for table `qc_hsg`
--

INSERT INTO `qc_hsg` (`qry_hash`, `res`) VALUES
(0x0357fbf4df805a95d91d10beeda1aeea742e7fb2, 0x24010000789c6d8ebb0ec2300c45ffc5eae8217692a6cdc682c43720860a2aa854fa48cb80a2fe3bb7121b0cc7b27cae1367baa7f1359d6e145da94c8f663936cfaeefda85e29a5e2d5331a7f7b1ebd7361d06c4ce999aeb4a5136ced4a644d1ecddbc7c47d338f6143315dd80b02f392807c7215cb65fad52b14acdaa021cfb2a808ac539bb1774de9b7f9be2ddeefe296b94adb1c0010f4a50819aad1820001981177881c721627089780d2816dffba078feb27d0095bb4e55),
(0x0361f38d3ee5a7bb3c0710a869867ab23c7922b5, 0x6c000000789cab564a2fca2f2df04c51b2323133d151ca482c764bcccdccc94c2d56b22a292a4dd55152292caa74cbcc29492d72cc032a8bae564a4c2e51b232acd5a9564a2d2a52b23200b10a8ba14205f9f9394a56d54a2a997940c516663a86a6e6a6b1b5b5b1b50090ca22bc),
(0x057040422a4cbcc2ba2ed6cd70dd5a701eddd814, 0x66000000789cab564a2fca2f2df04c51b23235d651ca482c764bcccdccc94c2d56b22a292a4dd55152292caa74cbcc29492d72cc03aa8aae564a4c2e51b232acd5a9564a2d2a52b23200b10a8ba18c82fcfc1c25ab6a2595cc3ca06233d3d8dadad85a00d3bb2184),
(0x06072535674b4e7ec012b63f205bf5c8d8c7e8e9, 0x6a000000789cab564a2fca2f2df04c51b2323133d651ca482c764bcccdccc94c2d56b24a4bcc294ed55152292caa74cbcc29492d72cc03aa8bae564a4c2e51b232acd5a9564a2d2a52b23200b10a8ba14205f9f9394a56d54a2a997940c586a66606b1b5b5b1b5004c772266),
(0x0b977a2d5ca90d91bc9932e15a1ad3c57f86019f, 0x77000000789cab564a2fca2f2df04c51b232b1d051ca482c764bcccdccc94c2d56b22a292a4dd55152292caa74cbcc29492d72cc03aa8aae564a4c2e51b232acd5a9564a2d2a52b23200b10a8ba18c82fcfc1c25ab6a2595cc3ca0622323031d2323431d530b1320360562b3d8dadad85a0017cb24dc),
(0x0f437ee570c7b64e2431fda142793c8793166b9e, 0x78000000789cab564a2fca2f2df04c51b232b1d051ca482c764bcccdccc94c2d56b24a4bcc294ed55152292caa74cbcc29492d72cc032a8bae564a4c2e51b232acd5a9564a2d2a52b23200b10a8ba14205f9f9394a56d54a2a997940c54646063a4646863aa61626406c0ac466b1b5b5b1b5003c5f2528),
(0x12252c19068c5d75e95cf1f74d8b371aa556e2c3, 0x68000000789c2dcab10a80201405d07fb9343a1458c1db5a82be211aa4a404cb7cda10e2bf57d0768693b0b2bbce6101c9a614d854e8d56eacd10114f9d20285e7bb37366aee8eb78d096a8ea02a8b04cd0c2a3ff9f0e374ce82120a73bcb96ee594f3941f0a5e21eb),
(0x143a74c89c331c396c79d4066d5cabe0994372f3, 0x66000000789cab564a2fca2f2df04c51b23231d551ca482c764bcccdccc94c2d56b22a292a4dd55152292caa74cbcc29492d72cc03aa8aae564a4c2e51b232acd5a9564a2d2a52b23200b10a8ba18c82fcfc1c25ab6a2595cc3ca0620bc3d8dadad85a00d40a2183),
(0x1cd67311fb8d6cc707d654e59c8a5d9ad3fc75b6, 0x6a000000789c2dcab10a80201405d07fb9343ad450e1db5a82be211aa4a404cb7aea10e2bf57d0768693b0b28be7b080a414d894efd56eacd11e14386a81e2e2bb373668ee8e778d096a0ea02a8b04cd0c2a3f5dfec7e99c052514e678735389ba9553ce537e005aa9225b),
(0x1eddac521dfbc198d682fcbd764815d75eaa0953, 0xab000000789c2d8ab90ac3301044ff6571b98557870f75690cfe86e042242211283e64b90842ff9e15a478c3bc6132bce276edf3138cea11def69cecc707ef4e30295e0ea139e277f221b9785bf975cf601f090c15cce06204d3d6769cff69dfb6002643e3573e9320242118c92824c92ed925bbacae998ee9510f23eab145d24ad5186a8c489d68975296f20356e02edb),
(0x2128832a06682a6ac3b1aab8d40d1f4b1ecd6465, 0x68000000789c2dcab10a80201405d07fb9343a5443d1db5a82be211ca4a404cb7cda10e2bf57d0768693b0b2bbce7101356d2bb0a930a8dd58a30328f2a5050acff7606cd4dc1f6f9b12d41c415516099a19547ef2e1c7e99c052514e678735d773267991f0dd421f2),
(0x218c8b5e0fc3e67630cd0c1f47957f8faa255872, 0x95000000789c65cab10ec2201080e177b974bc012aed513697263e83e94094280996f6a08321bcbb98b8b9fdf9f31578703cb6cb1d8c1a119e36cdf6e58377094ce6c321743bbf671fb2e3f3dad4b580bd6530b26201c70c467c6b4fbfb5c518c014e8fcdaf03821f548845aa0ee512b1c6842a94eb4d47f2d07d1f6523fd7ba2d63),
(0x25a21e680d1a79cc0adbabf413ae6e6658393285, 0x99000000789c65cab10ac2301000d07f393ade60aebd50b3b914fa0dd22168d0406cda4b3a48c8bf1bc1cded0dafc043e2b1cd77304c084f9b26fbf2c1bb0426cbe110ba5dde930fd9c9656deb5ac0de321855b180130173fa6a4f3f6c310630053abfb6cc3df280ac9147e4336ab5d4ff44342011b733a2d23db5b3d40f9d672e1d),
(0x2825fcf9ad1ca4d33c5489569749c75961259ef2, 0x67000000789cab564a2fca2f2df04c51b2323530d751ca482c764bcccdccc94c2d56b22a292a4dd55152292caa74cbcc29492d72cc032a8bae564a4c2e51b232acd5a9564a2d2a52b23200b10a8ba18c82fcfc1c25ab6a2595cc3ca0620be3d8dadad85a00ea3e21b8),
(0x2b1c879d677cabcdb66896cd3579ecfb4c1c2c38, 0x69000000789cab564a2fca2f2df04c51b2323133d551ca482c764bcccdccc94c2d56b24a4bcc294ed55152292caa74cbcc29492d72cc03aa8bae564a4c2e51b232acd5a9564a2d2a52b23200b10a8ba14205f9f9394a56d54a2a997940c5a616c6b1b5b5b1b5002c2d223c),
(0x394dcb7aba6a8d3af4e728de40c78937181a64cc, 0x69000000789cab564a2fca2f2df04c51b2323133d051ca482c764bcccdccc94c2d56b24a4bcc294ed55152292caa74cbcc29492d72cc03aa8bae564a4c2e51b232acd5a9564a2d2a52b23200b10a8ba14205f9f9394a56d54a2a997940c5a6e626b1b5b5b1b5002a602237),
(0x3ba19eba7e50552814f685b63589311c2d41da2d, 0x67000000789c2dcab10a80201405d07fb9343a1484c3db5a82be211aa4a404537bda10e2bf67d0768693b1b3bfc3b4817a29050e1547751a6b740425beb54073f1331a9b340faeb63943ad09d41591a19941eda72bfe08de5b5046635ccdb25f4a59ca0beba221bb),
(0x430849ca7e8fb54ffd0c338c07a97d001c4a1cd0, 0xda000000789c6d8db10ec2201086dfe5d29101908ab2b934e933980e4489926069810e86f0eede356e3a7c973ff9bee42a3c52dc96f10e4673064f9b07fbf2c1bb0ca6a4cd31e8d6f41e7c282e5d66acae15ecad80118d55702981e1b4d6fc1d4b8c014c85cecf186bc9b49edaaf905232d1f7fc9f134a33a14ec8191b8150aba8478e0879be1faa767de0d49054f4706a1f9a8c3d5d),
(0x44c7107902d1ad58e255fad3008da0e350871faa, 0x78000000789cab564a2fca2f2df04c51b2323335d251ca482c764bcccdccc94c2d56b22a292a4dd55152292caa74cbcc29492d72cc032a8bae564a4c2e51b232acd5a9564a2d2a52b23200b10a8ba18c82fcfc1c25ab6a2595cc3ca06243030b1d43034b1d43430320360462a3d8dadad85a002f5824ea),
(0x4fa0f98a2459adf42eebd3a6cc53d9eb6fdeca56, 0x68000000789cab564a2fca2f2df04c51b2323133d351ca482c764bcccdccc94c2d56b24a4bcc294ed55152292caa74cbcc29492d72cc03aa8bae564a4c2e51b232acd5a9564a2d2a52b23200b10a8ba14205f9f9394a56d54a2a997940c56626b1b5b5b1b5000b6d2207),
(0x5565758e5875a3901f7af49b0904991d360b0b8f, 0x78000000789c2d8ac10a83301005ffe5e1710f59c152f7d68bd06f100fa10d6d2035ba898712f2efa6d0c3c0304cc14be3b1dd9f90cbd013de364df6e383770992f570846ed7efe443767a5bdb3617d8478670a502a70a313fdbd33f6d31064841e7d736b3b9129b91984d831bfd52eb524f2f8324eb),
(0x5ca318a28b008ff6b9e5fc1962a9a20732254b9c, 0x6e000000789cab564a2fca2f2df04c51b2323133d451ca482c764bcccdccc94c2d56b24a4bcc294ed55152292caa74cbcc29492d72cc03aa8bae564a4c2e51b232acd5a9564a2d2a52b23200b10a8ba14205f9f9394a56d54a2a997940c5a6e6a63a86a61696b1b5b5b1b500d2e1233c),
(0x5e3c19649db6da9bf761f44af4d9a837de3e2341, 0x6d000000789cab564a2fca2f2df04c51b23232b7d051ca482c764bcccdccc94c2d56b22a292a4dd55152292caa74cbcc29492d72cc032a8bae564a4c2e51b232acd5a9564a2d2a52b23200b10a8ba18c82fcfc1c25ab6a2595cc3ca06253a0a18626c6e6b1b5b5b1b500b38922f1),
(0x60d4d58085e3c5a41ad9800a330a22722d4318db, 0x71000000789cab564a2fca2f2df04c51b2323134d551ca482c764bcccdccc94c2d56b22a292a4dd55152292caa74cbcc29492d72cc032a8bae564a4c2e51b232acd5a9564a2d2a52b23200b10a8ba14205f9f9394a56d54a2a997940c566e63a86a6c620c2d232b6b636b6160039cd23b9),
(0x63e648597827b402e96059f358f281b96164082d, 0x6d000000789cab564a2fca2f2df04c51b2323133d451ca482c764bcccdccc94c2d56b22a292a4dd55152292caa74cbcc29492d72cc032a8bae564a4c2e51b232acd5a9564a2d2a52b23200b10a8ba18c82fcfc1c25ab6a2595cc3ca0625373531d43530bcbd8dadad85a00b16222f0),
(0x6c3c22a5bbbbb39098723fd90a5203d75991e099, 0x67000000789cab564a2fca2f2df04c51b2323530d751ca482c764bcccdccc94c2d56b22a292a4dd55152292caa74cbcc29492d72cc032a8bae564a4c2e51b232acd5a9564a2d2a52b23200b10a8ba14205f9f9394a56d54a2a997940c516c6b1b5b5b1b500ea5821b9),
(0x6fac1b86bd0463a14fb2656e1bc86107a3ee5f71, 0x67000000789c2dcab10a80201405d07fb9343a1844c1db5a82be211ca4a404cb7aea10e2bf57d0768693b1b24fe7b8809ab613d87418f46e9d350114391981eae27bb02e1aee8fb74d197a8ea0ba880cc30c929faef0e3f4de81322a7bbcb995aa14551eebe421b8),
(0x767310f6708bb4a54aaeeeb6a9633be870bc3371, 0xda000000789c6d8db10ec2201040ffe5d29101908ab2b934e937980e4489926069810e86f0efde356e3abccbe5de4baec223c56d19ef603467f0b479b02f1fbccb604ada1c836e4defc187e2d265c6ea5ac1de0a18d158059712184edb9abfa725c600a642e7678cb5645a4fed57482999e87bfecf09a5995027e48c8d40a855d42347843cdf0755bb3e706a482a7a38b50f9b1a3d5e),
(0x847da193e6c7ab4f353521978997178ca6521c33, 0x6c000000789c2dcabd0a80201406d077f9687428e88fbbb5043d43344849099675d521c477afa0ed0c2762651bce6101957529b049d7cb5d1bad1cc8735002d9c577af8d57dc1d6f1b23e4ec414512118a19947fbadc8fd35a038ac8f4f1e6b61645d554534a537a0090ab22bb),
(0x8d28c2173ace50705b6c47379066c6e823fd3e76, 0x68000000789cab564a2fca2f2df04c51b2323133d751ca482c764bcccdccc94c2d56b24a4bcc294ed55152292caa74cbcc29492d72cc03aa8bae564a4c2e51b232acd5a9564a2d2a52b23200b10a8ba14205f9f9394a56d54a2a997940c56606b1b5b5b1b5000bb02204),
(0x8ee8b522a5614508779132ac009dce24364d1724, 0x99000000789c65cab10ac2301080e177393ade60aebd50b3b914fa0cd22168d0406cda4b3a48c8bb1bc1cdede7e72bf090786cf31d0c13c2d3a6c9be7cf02e81c97238846e97f7e4437672599bba16b0b70c46552ce044c09cbeb5a7dfda620c600a747e6d987be40159238fc867d46aa9ff886840226e6644a57b6a66a91f9db42e1e),
(0x8f49a13453412237f84978668c10bbcef04bf577, 0x71000000789cab564a2fca2f2df04c51b2323235d751ca482c764bcccdccc94c2d56b24a4bcc294ed55152292caa74cbcc29492d72cc03aa8bae564a4c2e51b232acd5a9564a2d2a52b23200b10a8ba14205f9f9394a56d54a2a997940c566163aa616463a86a66686b1b5b5b1b5003b0923cd),
(0x905d61f520d134648b50bf485f4ce3c7d00ca3e4, 0x70000000789c2dcab10a83301405d07fb938bec140d3c0db5c847e4371081a6a2035fa920c12f2ef55e8768653f19158f6d702d68ab0da34daaf0fde257096e208dd21e7e84376326cd77a57d8398355a30a2702ee6f1de98f3dc600aee8fc76656d9ea48d21f5d0fdd4dad47e2136237e),
(0x91c15195a231c9b349cd1186f5761ea0eb472baf, 0x71000000789cab564a2fca2f2df04c51b2323134d551ca482c764bcccdccc94c2d56b22a292a4dd55152292caa74cbcc29492d72cc032a8bae564a4c2e51b232acd5a9564a2d2a52b23200b10a8ba18c82fcfc1c25ab6a2595cc3ca06233731d435363106169195b5b1b5b0b0039a923b8),
(0x921bbbebb9b16fc94a28b4439b4d81c225b6e3b6, 0x66000000789cab564a2fca2f2df04c51b23231d551ca482c764bcccdccc94c2d56b22a292a4dd55152292caa74cbcc29492d72cc03aa8aae564a4c2e51b232acd5a9564a2d2a52b23200b10a8ba14205f9f9394a56d54a2a997940c51686b1b5b5b1b500d4242184),
(0x9324a89e9f8fc3589ed5e4e12bef196702f4a2f0, 0x24010000789c6d8ebb0ec2300c45ffc5eae8217692a6cdc682c43720860a2aa854fa48cb80a2fe3bb7121b0cc7bad2b9899de99ec6d774ba5174a5323d9ae5d83cbbbe6b178a6b7ab54cc59cdec7ae5fdb7418503b676aae2b45d938539b1245b3a779f986691c7b8a998a6e40d9971c9483e3102edbaf56a958a56655018e7d1540c5e29cdd0792f7e6df4bf16e77ff9435cad658e0800725a840cd560c10808ec00bbcc0e31031b844bc060c8bf53e28bebf6c1f94e44e54),
(0x9596ebe9786b7c2214c0d9de7fc3f85e0db2d246, 0xd3000000789c6d8c410ec2201045ef32e99205e0542c3b374d3c83e9822851122c2dd08521dcdd41dde9e2fdfccc7f9902b718b6e574058d0383bb49a37938ef6c029de36619746b7c8ece671b8f3359e702e692418bca0ad81841f3d6d6f42d4b081e7481cecd242b9ceaef554ac944dff37f9b40c5041e88811c41347747ec89b6f17734e333710a6c232a7a38d5170cee3c03),
(0x95e1a16f2ef9ec2a99645f738200b5e80214e13d, 0xe4000000789c658dcd0ec2201006df65d32307b04b2bdcbc34e933981e1a254a52fb43db83217d77bf35de3c0c21bb3390e991a67d6eefe4b954f4ecd7a67fc5218695fc96f6a0a858d2bb89c316d2658475cdd4df36f2e65099424ae4b5dc96f5379aa769209fa98823e4ca2953e9b31cae3bfef7866b65187b86680d38811230b0a002702c1ceb947570584b24afb2242c0d7f0399d9524b2e1dd7f8b33b3efeea3cbf),
(0x976294215e3a32dc0b849e58bd6f093c0522c0b6, 0x71000000789c2dcab10a83301405d07fb938bec19446c2dbba08fd86e21034d4406af4250e12f2ef2a743bc329f84adcd7f704d68f2761b6a9b73f1fbc4be02cbb23349b1cbd0fd9c96bb9daa7c08e19ac2a153811707b6b4b7fac31067041e3972b6bd392368a94eecc50eb504f39e423b3),
(0x9a210c23ec8b1a72398c9199494b43414ccf389f, 0x67000000789cab564a2fca2f2df04c51b232b534d351ca482c764bcccdccc94c2d56b22a292a4dd55152292caa74cbcc29492d72cc032a8bae564a4c2e51b232acd5a9564a2d2a52b23200b10a8ba18c82fcfc1c25ab6a2595cc3ca06273b3d8dadad85a00ed2221c2),
(0xa7ccca37d4f09ce45d891f1ba8d44b12c8779649, 0x7b000000789cab564a2fca2f2df04c51b23231b5d051ca482c764bcccdccc94c2d56b22a292a4dd55152292caa74cbcc29492d72cc032a8bae564a4c2e51b232acd5a9564a2d2a52b23200b10a8ba18c82fcfc1c25ab6a2595cc3ca06273431d431353031d433303306101240ccd626b6b636b019e522598),
(0xa855a8962b68a88be494722b2674888a0a44b6b3, 0xe4000000789c658dcd0ec2201006df65d32307b04b2bdcbc34e933981e1a254a52fb43db83217d77bf35de3c0cd9b03390e991a67d6eefe4b954f4ecd7a67fc5218695fc96f6a0a858d2bb89c316d2658475cdd4df36f2e65099424ae4b54ccbfa1be6691ac8672ae208b972ca54fa2c87eb8effbde15a19c69e215a034ea0040c2ca8001c0bc73a651d1cd612c9ab2c094bc3df40ee6ca925978e6bfcd91d1ffe523cbe),
(0xa8d340c2d683e25b28883dab380f14b7e66b68a1, 0xce000000789c658cbb0e83300c45ffc562f4409c98866c5d90f8868a01b5511b89f24860a822febd8ed4adc339ba7e6678c6e558fb07384308af3175e33b4cc127707b3c3c42b5c54f17a6ddc7eb2c5bb70ce37d07a74ecce063045797b4a55f6b5d96095c862accb2cc1ad92033367a38ffc7a40c9262a111acd022110972642f8245658c2e92c45ca36ac816b5225d4aad8a8cbc1fce2f0ad13869),
(0xa94c8508a823f393043177831ce13fe5f4028f79, 0xab000000789c2d8a390ac3301045ef32b89cc2a3c58bba34069f21b8108948048a17592e82d0dd338214eff11ffc0cafb85dfbfc04a37a84b73d27fbf1c1bb134c8a9743688ef89d7c482ede567edd33d84702430533b818c1b4751de77fecdb16c06468fcca671284240423198524b925b7e496b535d3313dea61443db6485aa9aaa16a44ea44bb94b2941f56812eda),
(0xadfc2472e1311b8e3c6731f2f431a5e6147cc781, 0x68000000789cab564a2fca2f2df04c51b232b534d251ca482c764bcccdccc94c2d56b24a4bcc294ed55152292caa74cbcc29492d72cc03aa8bae564a4c2e51b232acd5a9564a2d2a52b23200b10a8ba14205f9f9394a56d54a2a997940c596a6b1b5b5b1b5000b8d220b),
(0xb17fd801f0a64538a63d7fab11ee8989b223106e, 0x6e000000789cab564a2fca2f2df04c51b23235d051ca482c764bcccdccc94c2d56b22a292a4dd55152292caa74cbcc29492d72cc03aa8aae564a4c2e51b232acd5a9564a2d2a52b23200b10a8ba18c82fcfc1c25ab6a2595cc3ca06233631d53732320368eadad8dad0500dc102314),
(0xb58c39b8321e086928a84a59cfc0f4f3b955a631, 0xd3000000789c6d8c410ec2201045ef32e99205e0542c3b374d3c83e9822851122c2dd08521dcdd41dde9e2ff4cfe7b9902b718b6e574058d0383bb49a37938ef6c029de36619746b7c8ece671b8f3359e702e692418bca0ad81841f376ade93b2d2178d0053a3793ac70aabfab949289bee7ff9840c5041e28033982d2dc1d654f698cbfab191fc4a9b04154f470aa2f0d753c04),
(0xb6a850f4c41af830432c2827ce5d1abf186d79e9, 0x71000000789cab564a2fca2f2df04c51b23235d451ca482c764bcccdccc94c2d56b24a4bcc294ed55152292caa74cbcc29492d72cc032a8bae564a4c2e51b232acd5a9564a2d2a52b23200b10a8ba14205f9f9394a56d54a2a997940c5a6e6663aa6e6e63a8626a606b1b5b5b1b50043b023ca),
(0xbdf2e9d9f774b86ae472a927e805d7bb655fbc1c, 0x6a000000789cab564a2fca2f2df04c51b2b2b4d451ca482c764bcccdccc94c2d56b22a292a4dd55152292caa74cbcc29492d72cc03aa8aae564a4c2e51b232acd5a9564a2d2a52b23200b10a8ba14205f9f9394a56d54a2a997940c566863aa6e696b1b5b5b1b5005ac7225c),
(0xbebba686daca24eb9a92d918d2a7395ac7552fb1, 0x71000000789cab564a2fca2f2df04c51b2323532d151ca482c764bcccdccc94c2d56b22a292a4dd55152292caa74cbcc29492d72cc032a8bae564a4c2e51b232acd5a9564a2d2a52b23200b10a8ba14205f9f9394a56d54a2a997940c5a616063aa616863a86a66616b1b5b5b1b5003a0823b4),
(0xc65577562fbcefed077379c60363a6144488fe4d, 0x69000000789cab564a2fca2f2df04c51b2323133d551ca482c764bcccdccc94c2d56b24a4bcc294ed55152292caa74cbcc29492d72cc03aa8bae564a4c2e51b232acd5a9564a2d2a52b23200b10a8ba18c82fcfc1c25ab6a2595cc3ca062530be3d8dadad85a002c12223b),
(0xd5f22ae720cbf243ffa704ad2c176bc5f50c4cbb, 0x6e000000789c2d8a3b0a80301005eff2b04ce10715b6b3113c8358040d1a884637b19090bb1bc16260182660657b9fc302aa73814dba5eeeda68e5409e6f25905dfcf4da78c5dd91ae3140ce1e544411a09841f96797fbd369ad010564fa48735389ba2d13d514e3145fdc322315),
(0xd7a659abdb728ce94f1480119764beca66525785, 0x70000000789c2dca310a84301005d0bb7c2ca7304254a6b311f60c8b4558831bc81a9dc46209b9bb0a76af78198b84637bcde0467784af89a3f939ef6c0427392ca1dae53f3a9fac0cebd5de19e693c0aa50861501d7b7f6f8600bc183332ab75eb9ed49f70d29ddaaa994a99c18a32381),
(0xdb7178e28e93f3a83db82a779d395ec402d212e0, 0x67000000789c2dcab10a80201405d07fb9343a54d0e0db5a82be211ca4a404cb7aea10e2bf57d0768693b1b24fe7b8803ad90a6c3a0c7ab7ce9a008a9c8c4075f13d58170df7c7dba60c3d47505344866106d59faef0e3f4de81322a7bbc5976aa14551eebc221bf),
(0xe0d6d7d3dcc0add28775b911a8e1588fd9a44273, 0x95000000789c65cab10ec2201080e177b974bc012aed513697263e83e94094280996f6a08321bcbb98b8b9fdf9f31578703cb6cb1d8c1a119e36cdf6e58377094ce6c321743bbf671fb2e3f3dad4b580bd6530b26201c70c467c6b4fbfd8620c600a747e6d789c907a24422d50f7a8150e34a154275aeabf9683687ba91fd7712d62),
(0xe5c25698a5eb65d3d4c79546732cf6cc5a080d96, 0x68000000789cab564a2fca2f2df04c51b2323337d751ca482c764bcccdccc94c2d56b22a292a4dd55152292caa74cbcc29492d72cc032a8bae564a4c2e51b232acd5a9564a2d2a52b23200b10a8ba14205f9f9394a56d54a2a997940c5464696b1b5b5b1b5000def21f3),
(0xeb0d6d3a922ac48338c1f45bafdde2296e9d3e3d, 0x7b000000789c2d8ac10ac2301005ffe5d1e31eb2d0d6b2372f05bf417a081a34109b76931e24e4df8de26518862978683cb6cb1dd20f13e169d36c5f3e789720590f47e8767dcf3e64a7e7b56dd7027bcb10ae54e05421e66b7bfaa72dc60029e8fcdae61313f783211ecd0f53038f4bad4bfd009e802599),
(0xf1b0cb2d2c0ea8276a33441ed6cb09a2f1e83f24, 0x66000000789cab564a2fca2f2df04c51b23235d651ca482c764bcccdccc94c2d56b22a292a4dd55152292caa74cbcc29492d72cc03aa8aae564a4c2e51b232acd5a9564a2d2a52b23200b10a8ba14205f9f9394a56d54a2a997940c566a6b1b5b5b1b500d3d52185),
(0xf3bbbee1848dab9fe7373705bd30adea5f858825, 0xce000000789c658cbb0ac3300c45ff4564d410cb56ea78eb12c837940ca135ad21cdc34e8662f2ef95a15b8773b84257caf08ccbb1f60f7086105e63eac67798824fe0f67878846a8b9f2e4cbb8fd7595ab70ce37d07a74ecce063045797b4a55f5897650297a10ab39459231b64c6460fe7ff9a9441522c3482155a2422418eec45b0a88cd14592986b540dd9a256a4cba8559191f7c3f9050a4f3868),
(0xfa892be77543d47c97f06f7ed9f11b37d7ffd646, 0x69000000789c2dcab10a80201405d07fb9343a1495c3db5a82be211aa4a404cb7cda10e2bf57d0768693b0b2bbce610135b216d854e8d56eacd10114f9d20285e7bb37366aee8eb78d096a8ea02a8b04cd0c2a3ff9f0e374ce82120a73bcb96a6539e53ce5072c26221a),
(0xfaf4f4bd1f507be5afab1eccb826d25384cefcd6, 0x68000000789cab564a2fca2f2df04c51b232b534d351ca482c764bcccdccc94c2d56b24a4bcc294ed55152292caa74cbcc29492d72cc03aa8bae564a4c2e51b232acd5a9564a2d2a52b23200b10a8ba14205f9f9394a56d54a2a997940c5e666b1b5b5b1b5000cf1220e),
(0xfb36e965401fac0399cab112d2707aa9ba86f3d3, 0x6d000000789cab564a2fca2f2df04c51b23232b7d051ca482c764bcccdccc94c2d56b22a292a4dd55152292caa74cbcc29492d72cc032a8bae564a4c2e51b232acd5a9564a2d2a52b23200b10a8ba14205f9f9394a56d54a2a997940c5a640430d4d8ccd636b6b636b01b3a922f2);

-- --------------------------------------------------------

--
-- Table structure for table `qc_hybrid`
--

CREATE TABLE `qc_hybrid` (
  `qry_hash` binary(20) NOT NULL,
  `res` mediumblob NOT NULL
) ENGINE=InnoDB DEFAULT CHARSET=utf8mb4 COLLATE=utf8mb4_unicode_ci ROW_FORMAT=COMPACT;

-- --------------------------------------------------------

--
-- Table structure for table `qc_sitestat`
--

CREATE TABLE `qc_sitestat` (
  `id` tinyint(3) UNSIGNED NOT NULL,
  `active_families` mediumint(8) UNSIGNED NOT NULL,
  `active_families_hsqs` mediumint(8) UNSIGNED NOT NULL,
  `active_products` int(10) UNSIGNED NOT NULL
) ENGINE=InnoDB DEFAULT CHARSET=utf8mb4 COLLATE=utf8mb4_unicode_ci ROW_FORMAT=COMPACT;

--
-- Dumping data for table `qc_sitestat`
--

INSERT INTO `qc_sitestat` (`id`, `active_families`, `active_families_hsqs`, `active_products`) VALUES
(1, 8341, 547, 0);

-- --------------------------------------------------------

--
-- Table structure for table `qc_tot_cnt`
--

CREATE TABLE `qc_tot_cnt` (
  `qry_hash` binary(20) NOT NULL,
  `res` mediumblob NOT NULL
) ENGINE=InnoDB DEFAULT CHARSET=utf8mb4 COLLATE=utf8mb4_unicode_ci;

-- --------------------------------------------------------

--
-- Table structure for table `regions`
--

CREATE TABLE `regions` (
  `region_id` smallint(5) UNSIGNED NOT NULL,
  `country_id` smallint(5) UNSIGNED NOT NULL,
  `region` varchar(255) COLLATE utf8mb4_unicode_ci NOT NULL,
  `region_code` varchar(3) COLLATE utf8mb4_unicode_ci NOT NULL
) ENGINE=InnoDB DEFAULT CHARSET=utf8mb4 COLLATE=utf8mb4_unicode_ci;

--
-- Dumping data for table `regions`
--

INSERT INTO `regions` (`region_id`, `country_id`, `region`, `region_code`) VALUES
(1, 1, 'Herat', ''),
(2, 1, 'Kabul', ''),
(3, 1, 'Kandahar', ''),
(4, 1, 'Wardak', ''),
(5, 1, 'Zabul', ''),
(8, 3, 'Qarku i Beratit', ''),
(9, 3, 'Qarku i Dibres', ''),
(10, 3, 'Qarku i Durresit', ''),
(11, 3, 'Qarku i Fierit', ''),
(12, 3, 'Qarku i Gjirokastres', ''),
(13, 3, 'Qarku i Kukesit', ''),
(14, 3, 'Qarku i Lezhes', ''),
(15, 3, 'Qarku i Shkodres', ''),
(16, 3, 'Qarku i Tiranes', ''),
(17, 3, 'Qarku i Vlores', ''),
(18, 4, 'Annaba', ''),
(19, 4, 'El Bayadh', ''),
(20, 4, 'El Tarf', ''),
(21, 4, 'Illizi', ''),
(22, 4, 'Oran', ''),
(23, 4, 'Wilaya d\' Alger', ''),
(24, 4, 'Wilaya de Batna', ''),
(25, 4, 'Wilaya de Bechar', ''),
(26, 4, 'Wilaya de Bejaia', ''),
(27, 4, 'Wilaya de Blida', ''),
(28, 4, 'Wilaya de Chlef', ''),
(29, 4, 'Wilaya de Constantine', ''),
(30, 4, 'Wilaya de Djelfa', ''),
(31, 4, 'Wilaya de Ghardaia', ''),
(32, 4, 'Wilaya de Guelma', ''),
(33, 4, 'Wilaya de Jijel', ''),
(34, 4, 'Wilaya de Khenchela', ''),
(35, 4, 'Wilaya de Laghouat', ''),
(36, 4, 'Wilaya de Mascara', ''),
(37, 4, 'Wilaya de Medea', ''),
(38, 4, 'Wilaya de Naama', ''),
(39, 4, 'Wilaya de Ouargla', ''),
(40, 4, 'Wilaya de Setif', ''),
(41, 4, 'Wilaya de Sidi Bel Abbes', ''),
(42, 4, 'Wilaya de Tamanrasset', ''),
(43, 4, 'Wilaya de Tebessa', ''),
(44, 4, 'Wilaya de Tiaret', ''),
(45, 4, 'Wilaya de Tindouf', ''),
(46, 4, 'Wilaya de Tipaza', ''),
(47, 4, 'Wilaya de Tissemsilt', ''),
(48, 4, 'Wilaya de Tizi Ouzou', ''),
(49, 4, 'Wilaya de Tlemcen', ''),
(50, 5, 'Eastern District', ''),
(51, 6, 'Andorra la Vella', ''),
(52, 6, 'Canillo', ''),
(53, 6, 'Encamp', ''),
(54, 6, 'Escaldes-Engordany', ''),
(55, 6, 'La Massana', ''),
(56, 6, 'Ordino', ''),
(57, 6, 'Sant Julià de Loria', ''),
(58, 7, 'Bengo Province', ''),
(59, 7, 'Benguela', ''),
(60, 7, 'Cabinda', ''),
(61, 7, 'Cuanza Norte Province', ''),
(62, 7, 'Cunene Province', ''),
(63, 7, 'Huambo', ''),
(64, 7, 'Huila Province', ''),
(65, 7, 'Kuando Kubango', ''),
(66, 7, 'Kwanza Sul', ''),
(67, 7, 'Luanda Province', ''),
(68, 7, 'Lunda Norte Province', ''),
(69, 7, 'Lunda Sul', ''),
(70, 7, 'Malanje Province', ''),
(71, 7, 'Moxico', ''),
(72, 7, 'Namibe Province', ''),
(73, 7, 'Provincia do Bie', ''),
(74, 7, 'Provincia do Uige', ''),
(75, 7, 'Zaire', ''),
(76, 10, 'Barbuda', ''),
(77, 10, 'Parish of Saint George', ''),
(78, 10, 'Parish of Saint John', ''),
(79, 10, 'Parish of Saint Mary', ''),
(80, 10, 'Parish of Saint Paul', ''),
(81, 10, 'Parish of Saint Peter', ''),
(82, 10, 'Parish of Saint Philip', ''),
(83, 11, 'Buenos Aires', ''),
(84, 11, 'Buenos Aires F.D.', ''),
(85, 11, 'Chaco', ''),
(86, 11, 'Chubut', ''),
(87, 11, 'Cordoba', ''),
(88, 11, 'Corrientes', ''),
(89, 11, 'Entre Rios', ''),
(90, 11, 'Formosa', ''),
(91, 11, 'La Pampa', ''),
(92, 11, 'Mendoza', ''),
(93, 11, 'Neuquen', ''),
(94, 11, 'Provincia de Catamarca', ''),
(95, 11, 'Provincia de Jujuy', ''),
(96, 11, 'Provincia de La Rioja', ''),
(97, 11, 'Provincia de Misiones', ''),
(98, 11, 'Provincia de San Juan', ''),
(99, 11, 'Provincia de San Luis', ''),
(100, 11, 'Provincia de Tucuman', ''),
(101, 11, 'Rio Negro', ''),
(102, 11, 'Salta', ''),
(103, 11, 'Santa Cruz', ''),
(104, 11, 'Santa Fe', ''),
(105, 11, 'Santiago del Estero', ''),
(106, 11, 'Tierra del Fuego', ''),
(107, 12, 'Aragatsotn Province', ''),
(108, 12, 'Armavir Province', ''),
(109, 12, 'Kotayk Province', ''),
(110, 12, 'Syunik Province', ''),
(111, 12, 'Tavush Province', ''),
(112, 12, 'Vayots Dzor Province', ''),
(113, 12, 'Yerevan', ''),
(114, 14, 'Australian Capital Territory', ''),
(115, 14, 'New South Wales', ''),
(116, 14, 'Northern Territory', ''),
(117, 14, 'Queensland', ''),
(118, 14, 'South Australia', ''),
(119, 14, 'Tasmania', ''),
(120, 14, 'Victoria', ''),
(121, 14, 'Western Australia', ''),
(122, 15, 'Burgenland', ''),
(123, 15, 'Carinthia', ''),
(124, 15, 'Lower Austria', ''),
(125, 15, 'Salzburg', ''),
(126, 15, 'Styria', ''),
(127, 15, 'Tyrol', ''),
(128, 15, 'Upper Austria', ''),
(129, 15, 'Vienna', ''),
(130, 15, 'Vorarlberg', ''),
(131, 16, 'Baku City', ''),
(132, 16, 'Ganja City', ''),
(133, 16, 'Imishli Rayon', ''),
(134, 16, 'Khachmaz Rayon', ''),
(135, 16, 'Nakhichevan', ''),
(136, 16, 'Qusar Rayon', ''),
(137, 16, 'Sumqayit City', ''),
(138, 17, 'Bimini', ''),
(139, 17, 'Central Abaco District', ''),
(140, 17, 'Central Eleuthera District', ''),
(141, 17, 'City of Freeport District', ''),
(142, 17, 'Harbour Island', ''),
(143, 17, 'New Providence District', ''),
(144, 17, 'North Andros District', ''),
(145, 17, 'Spanish Wells District', ''),
(146, 18, 'Central Governorate', ''),
(147, 18, 'Manama', ''),
(148, 18, 'Muharraq', ''),
(149, 18, 'Southern Governorate', ''),
(150, 19, 'Chittagong', ''),
(151, 19, 'Dhaka Division', ''),
(152, 19, 'Khulna Division', ''),
(153, 19, 'Rajshahi Division', ''),
(154, 19, 'Rangpur Division', ''),
(155, 20, 'Christ Church', ''),
(156, 20, 'Saint Andrew', ''),
(157, 20, 'Saint George', ''),
(158, 20, 'Saint James', ''),
(159, 20, 'Saint John', ''),
(160, 20, 'Saint Lucy', ''),
(161, 20, 'Saint Michael', ''),
(162, 20, 'Saint Philip', ''),
(163, 20, 'Saint Thomas', ''),
(164, 21, 'Brest', ''),
(165, 21, 'Gomel', ''),
(166, 21, 'Grodnenskaya', ''),
(167, 21, 'Minsk', ''),
(168, 21, 'Minsk', ''),
(169, 21, 'Mogilev', ''),
(170, 21, 'Vitebsk', ''),
(171, 22, 'Brussels Capital', ''),
(172, 22, 'Flanders', ''),
(173, 22, 'Wallonia', ''),
(174, 23, 'Belize District', ''),
(175, 23, 'Cayo District', ''),
(176, 23, 'Corozal District', ''),
(177, 23, 'Orange Walk District', ''),
(178, 23, 'Stann Creek District', ''),
(179, 24, 'Atlantique Department', ''),
(180, 24, 'Littoral', ''),
(181, 25, 'Hamilton city', ''),
(182, 25, 'Saint George', ''),
(183, 25, 'Sandys Parish', ''),
(184, 26, 'Chhukha Dzongkhag', ''),
(185, 26, 'Mongar Dzongkhag', ''),
(186, 26, 'Thimphu Dzongkhag', ''),
(187, 27, 'Departamento de Chuquisaca', ''),
(188, 27, 'Departamento de Cochabamba', ''),
(189, 27, 'Departamento de La Paz', ''),
(190, 27, 'Departamento de Pando', ''),
(191, 27, 'Departamento de Potosi', ''),
(192, 27, 'Departamento de Santa Cruz', ''),
(193, 27, 'Departamento de Tarija', ''),
(194, 27, 'El Beni', ''),
(195, 27, 'Oruro', ''),
(199, 29, 'Brčko', ''),
(200, 29, 'Federation of Bosnia and Herzegovina', ''),
(201, 29, 'Republika Srpska', ''),
(202, 30, 'Central District', ''),
(203, 30, 'North East District', ''),
(204, 30, 'South East District', ''),
(205, 31, 'Acre', ''),
(206, 31, 'Alagoas', ''),
(207, 31, 'Amapa', ''),
(208, 31, 'Amazonas', ''),
(209, 31, 'Bahia', ''),
(210, 31, 'Ceara', ''),
(211, 31, 'Espirito Santo', ''),
(212, 31, 'Federal District', ''),
(213, 31, 'Goias', ''),
(214, 31, 'Maranhao', ''),
(215, 31, 'Mato Grosso', ''),
(216, 31, 'Mato Grosso do Sul', ''),
(217, 31, 'Minas Gerais', ''),
(218, 31, 'Para', ''),
(219, 31, 'Paraíba', ''),
(220, 31, 'Parana', ''),
(221, 31, 'Pernambuco', ''),
(222, 31, 'Piaui', ''),
(223, 31, 'Rio de Janeiro', ''),
(224, 31, 'Rio Grande do Norte', ''),
(225, 31, 'Rio Grande do Sul', ''),
(226, 31, 'Rondonia', ''),
(227, 31, 'Roraima', ''),
(228, 31, 'Santa Catarina', ''),
(229, 31, 'Sao Paulo', ''),
(230, 31, 'Sergipe', ''),
(231, 31, 'Tocantins', ''),
(232, 34, 'Belait District', ''),
(233, 34, 'Brunei and Muara District', ''),
(234, 34, 'Temburong District', ''),
(235, 34, 'Tutong District', ''),
(236, 35, 'Oblast Blagoevgrad', ''),
(237, 35, 'Oblast Burgas', ''),
(238, 35, 'Oblast Gabrovo', ''),
(239, 35, 'Oblast Lovech', ''),
(240, 35, 'Oblast Dobrich', ''),
(241, 35, 'Oblast Khaskovo', ''),
(242, 35, 'Oblast Kurdzhali', ''),
(243, 35, 'Oblast Kyustendil', ''),
(244, 35, 'Oblast Montana', ''),
(245, 35, 'Oblast Pleven', ''),
(246, 35, 'Oblast Razgrad', ''),
(247, 35, 'Oblast Ruse', ''),
(248, 35, 'Oblast Shumen', ''),
(249, 35, 'Oblast Silistra', ''),
(250, 35, 'Oblast Sliven', ''),
(251, 35, 'Oblast Smolyan', ''),
(252, 35, 'Oblast Stara Zagora', ''),
(253, 35, 'Oblast Turgovishte', ''),
(254, 35, 'Oblast Veliko Turnovo', ''),
(255, 35, 'Oblast Vidin', ''),
(256, 35, 'Oblast Vratsa', ''),
(257, 35, 'Oblast Yambol', ''),
(258, 35, 'Oblast Pazardzhik', ''),
(259, 35, 'Oblast Pernik', ''),
(260, 35, 'Oblast Plovdiv', ''),
(261, 35, 'Sofia-Capital', ''),
(262, 35, 'Oblast Sofia', ''),
(263, 35, 'Oblast Varna', ''),
(264, 36, 'Centre', ''),
(265, 36, 'Centre-Est', ''),
(266, 36, 'High-Basins Region', ''),
(267, 37, 'Bujumbura Mairie Province', ''),
(268, 38, 'Banteay Meanchey', ''),
(269, 38, 'Battambang', ''),
(270, 38, 'Kampong Chhnang', ''),
(271, 38, 'Kampong Speu', ''),
(272, 38, 'Kampong Thom', ''),
(273, 38, 'Kandal', ''),
(274, 38, 'Phnom Penh', ''),
(275, 38, 'Preah Sihanouk', ''),
(276, 39, 'Adamaoua', ''),
(277, 39, 'Centre', ''),
(278, 39, 'Littoral', ''),
(279, 39, 'North Region', ''),
(280, 39, 'North-West Region', ''),
(281, 39, 'South Region', ''),
(282, 39, 'South-West Region', ''),
(283, 39, 'West', ''),
(284, 40, 'Alberta', 'AB'),
(285, 40, 'British Columbia', 'BC'),
(286, 40, 'Manitoba', 'MB'),
(287, 40, 'New Brunswick', 'NB'),
(288, 40, 'Newfoundland and Labrador', 'NL'),
(289, 40, 'Northwest Territories', 'NT'),
(290, 40, 'Nova Scotia', 'NS'),
(291, 40, 'Nunavut', 'NU'),
(292, 40, 'Ontario', 'ON'),
(293, 40, 'Prince Edward Island', 'PE'),
(294, 40, 'Quebec', 'QC'),
(295, 40, 'Saskatchewan', 'SK'),
(296, 40, 'Yukon', 'YT'),
(297, 41, 'Concelho da Ribeira Grande', ''),
(298, 41, 'Concelho de Ribeira Grande de Santiago', ''),
(299, 41, 'Concelho de Sao Domingos', ''),
(300, 43, 'Commune de Bangui', ''),
(301, 43, 'Mbomou', ''),
(302, 44, 'Chari-Baguirmi Region', ''),
(303, 44, 'Hadjer-Lamis', ''),
(304, 44, 'Logone Occidental Region', ''),
(305, 44, 'Ouaddai Region', ''),
(306, 45, 'Antofagasta', ''),
(307, 45, 'Atacama', ''),
(308, 45, 'Aysen', ''),
(309, 45, 'Coquimbo', ''),
(310, 45, 'Los Lagos', ''),
(311, 45, 'Maule', ''),
(312, 45, 'Region de Arica y Parinacota', ''),
(313, 45, 'Region de la Araucania', ''),
(314, 45, 'Region de Los Rios', ''),
(315, 45, 'Region de Magallanes y de la Antartica Chilena', ''),
(316, 45, 'Region de Valparaiso', ''),
(317, 45, 'Region del Biobio', ''),
(318, 45, 'Region del Libertador General Bernardo O\'Higgins', ''),
(319, 45, 'Santiago Metropolitan', ''),
(320, 45, 'Tarapacá', ''),
(321, 46, 'Anhui Sheng', ''),
(322, 46, 'Beijing Shi', ''),
(323, 46, 'Chongqing Shi', ''),
(324, 46, 'Fujian', ''),
(325, 46, 'Gansu Sheng', ''),
(326, 46, 'Guangdong', ''),
(327, 46, 'Guangxi Zhuangzu Zizhiqu', ''),
(328, 46, 'Guizhou Sheng', ''),
(329, 46, 'Hainan', ''),
(330, 46, 'Hebei', ''),
(331, 46, 'Heilongjiang Sheng', ''),
(332, 46, 'Henan Sheng', ''),
(333, 46, 'Hubei', ''),
(334, 46, 'Hunan', ''),
(335, 46, 'Inner Mongolia', ''),
(336, 46, 'Jiangsu Sheng', ''),
(337, 46, 'Jiangxi Sheng', ''),
(338, 46, 'Jilin Sheng', ''),
(339, 46, 'Liaoning', ''),
(340, 46, 'Ningxia Huizu Zizhiqu', ''),
(341, 46, 'Qinghai Sheng', ''),
(342, 46, 'Shaanxi', ''),
(343, 46, 'Shandong Sheng', ''),
(344, 46, 'Shanghai Shi', ''),
(345, 46, 'Shanxi Sheng', ''),
(346, 46, 'Sichuan Sheng', ''),
(347, 46, 'Tianjin Shi', ''),
(348, 46, 'Tibet Autonomous Region', ''),
(349, 46, 'Xinjiang Uygur Zizhiqu', ''),
(350, 46, 'Yunnan', ''),
(351, 46, 'Zhejiang Sheng', ''),
(352, 49, 'Antioquia', ''),
(353, 49, 'Atlántico', ''),
(354, 49, 'Bogota D.C.', ''),
(355, 49, 'Cundinamarca', ''),
(356, 49, 'Departamento de Bolivar', ''),
(357, 49, 'Departamento de Boyaca', ''),
(358, 49, 'Departamento de Caldas', ''),
(359, 49, 'Departamento de Casanare', ''),
(360, 49, 'Departamento de Cordoba', ''),
(361, 49, 'Departamento de La Guajira', ''),
(362, 49, 'Departamento de Narino', ''),
(363, 49, 'Departamento de Norte de Santander', ''),
(364, 49, 'Departamento de Risaralda', ''),
(365, 49, 'Departamento de Santander', ''),
(366, 49, 'Departamento de Sucre', ''),
(367, 49, 'Departamento de Tolima', ''),
(368, 49, 'Departamento del Amazonas', ''),
(369, 49, 'Departamento del Caqueta', ''),
(370, 49, 'Departamento del Cauca', ''),
(371, 49, 'Departamento del Cesar', ''),
(372, 49, 'Departamento del Guainia', ''),
(373, 49, 'Departamento del Guaviare', ''),
(374, 49, 'Departamento del Huila', ''),
(375, 49, 'Departamento del Magdalena', ''),
(376, 49, 'Departamento del Meta', ''),
(377, 49, 'Departamento del Putumayo', ''),
(378, 49, 'Departamento del Valle del Cauca', ''),
(379, 49, 'Departamento del Vichada', ''),
(380, 49, 'Providencia y Santa Catalina, Departamento de Archipielago de San Andres', ''),
(381, 49, 'Quindio Department', ''),
(382, 50, 'Grande Comore', ''),
(383, 50, 'Ndzuwani', ''),
(384, 51, 'Katanga Province', ''),
(385, 51, 'Kinshasa City', ''),
(386, 51, 'Nord Kivu', ''),
(387, 51, 'Province du Bas-Congo', ''),
(388, 53, 'Provincia de Alajuela', ''),
(389, 53, 'Provincia de Cartago', ''),
(390, 53, 'Provincia de Guanacaste', ''),
(391, 53, 'Provincia de Heredia', ''),
(392, 53, 'Provincia de Limon', ''),
(393, 53, 'Provincia de Puntarenas', ''),
(394, 53, 'Provincia de San Jose', ''),
(395, 54, 'Bjelovarsko-Bilogorska Zupanija', ''),
(396, 54, 'Brodsko-Posavska Zupanija', ''),
(397, 54, 'Dubrovacko-Neretvanska Zupanija', ''),
(398, 54, 'Grad Zagreb', ''),
(399, 54, 'Istarska Zupanija', ''),
(400, 54, 'Karlovacka Zupanija', ''),
(401, 54, 'Koprivnicko-Krizevacka Zupanija', ''),
(402, 54, 'Krapinsko-Zagorska Zupanija', ''),
(403, 54, 'Licko-Senjska Zupanija', ''),
(404, 54, 'Megimurska Zupanija', ''),
(405, 54, 'Osjecko-Baranjska Zupanija', ''),
(406, 54, 'Pozesko-Slavonska Zupanija', ''),
(407, 54, 'Primorsko-Goranska Zupanija', ''),
(408, 54, 'Sibensko-Kninska Zupanija', ''),
(409, 54, 'Sisacko-Moslavacka Zupanija', ''),
(410, 54, 'Splitsko-Dalmatinska Zupanija', ''),
(411, 54, 'Varazdinska Zupanija', ''),
(412, 54, 'Viroviticko-Podravska Zupanija', ''),
(413, 54, 'Vukovarsko-Srijemska Zupanija', ''),
(414, 54, 'Zadarska Zupanija', ''),
(415, 54, 'Zagreb County', ''),
(416, 55, 'Artemisa', ''),
(417, 55, 'La Habana', ''),
(418, 55, 'Las Tunas', ''),
(419, 55, 'Provincia de Camagueey', ''),
(420, 55, 'Provincia de Ciego de Avila', ''),
(421, 55, 'Provincia de Cienfuegos', ''),
(422, 55, 'Provincia de Guantanamo', ''),
(423, 55, 'Provincia de Holguin', ''),
(424, 55, 'Provincia de Matanzas', ''),
(425, 55, 'Provincia de Pinar del Rio', ''),
(426, 55, 'Provincia de Sancti Spiritus', ''),
(427, 55, 'Provincia de Santiago de Cuba', ''),
(428, 55, 'Provincia de Villa Clara', ''),
(429, 55, 'Provincia Granma', ''),
(430, 57, 'Ammochostos', ''),
(431, 57, 'Keryneia', ''),
(432, 57, 'Larnaka', ''),
(433, 57, 'Lefkosia', ''),
(434, 57, 'Limassol', ''),
(435, 57, 'Pafos', ''),
(436, 58, 'Central Bohemia', ''),
(437, 58, 'Hlavni mesto Praha', ''),
(438, 58, 'Jihocesky kraj', ''),
(439, 58, 'Karlovarsky kraj', ''),
(440, 58, 'Kraj Vysocina', ''),
(441, 58, 'Kralovehradecky kraj', ''),
(442, 58, 'Liberecky kraj', ''),
(443, 58, 'Moravskoslezsky kraj', ''),
(444, 58, 'Olomoucky kraj', ''),
(445, 58, 'Pardubicky kraj', ''),
(446, 58, 'Plzensky kraj', ''),
(447, 58, 'South Moravian', ''),
(448, 58, 'Ustecky kraj', ''),
(449, 58, 'Zlín', ''),
(450, 59, 'Capital Region', ''),
(451, 59, 'Central Jutland', ''),
(452, 59, 'North Denmark', ''),
(453, 59, 'South Denmark', ''),
(454, 59, 'Zealand', ''),
(455, 61, 'Saint Andrew', ''),
(456, 61, 'Saint George', ''),
(457, 61, 'Saint Patrick', ''),
(458, 61, 'Saint Paul', ''),
(459, 62, 'Nacional', ''),
(460, 62, 'Provincia de El Seibo', ''),
(461, 62, 'Provincia de Independencia', ''),
(462, 62, 'Provincia de La Altagracia', ''),
(463, 62, 'Provincia de La Romana', ''),
(464, 62, 'Provincia de La Vega', ''),
(465, 62, 'Provincia de Monte Cristi', ''),
(466, 62, 'Provincia de Pedernales', ''),
(467, 62, 'Provincia de Peravia', ''),
(468, 62, 'Provincia de San Cristobal', ''),
(469, 62, 'Provincia de San Jose de Ocoa', ''),
(470, 62, 'Provincia de San Juan', ''),
(471, 62, 'Provincia de San Pedro de Macoris', ''),
(472, 62, 'Provincia de Santiago', ''),
(473, 62, 'Provincia de Santiago Rodriguez', ''),
(474, 62, 'Provincia de Santo Domingo', ''),
(475, 62, 'Provincia Duarte', ''),
(476, 62, 'Provincia Sanchez Ramirez', ''),
(477, 62, 'Puerto Plata', ''),
(478, 62, 'Samaná', ''),
(479, 63, 'Dili', ''),
(480, 64, 'Provincia de Bolivar', ''),
(481, 64, 'Provincia de Cotopaxi', ''),
(482, 64, 'Provincia de El Oro', ''),
(483, 64, 'Provincia de Esmeraldas', ''),
(484, 64, 'Provincia de Francisco de Orellana', ''),
(485, 64, 'Provincia de Galapagos', ''),
(486, 64, 'Provincia de Imbabura', ''),
(487, 64, 'Provincia de Loja', ''),
(488, 64, 'Provincia de Los Rios', ''),
(489, 64, 'Provincia de Manabi', ''),
(490, 64, 'Provincia de Morona-Santiago', ''),
(491, 64, 'Provincia de Napo', ''),
(492, 64, 'Provincia de Pichincha', ''),
(493, 64, 'Provincia de Santa Elena', ''),
(494, 64, 'Provincia de Santo Domingo de los Tsachilas', ''),
(495, 64, 'Provincia de Sucumbios', ''),
(496, 64, 'Provincia de Zamora-Chinchipe', ''),
(497, 64, 'Provincia del Azuay', ''),
(498, 64, 'Provincia del Canar', ''),
(499, 64, 'Provincia del Carchi', ''),
(500, 64, 'Provincia del Chimborazo', ''),
(501, 64, 'Provincia del Guayas', ''),
(502, 64, 'Provincia del Pastaza', ''),
(503, 64, 'Provincia del Tungurahua', ''),
(504, 65, 'Alexandria', ''),
(505, 65, 'As Suways', ''),
(506, 65, 'Beheira Governorate', ''),
(507, 65, 'Eastern Province', ''),
(508, 65, 'Ismailia Governorate', ''),
(509, 65, 'Luxor', ''),
(510, 65, 'Muhafazat ad Daqahliyah', ''),
(511, 65, 'Muhafazat al Fayyum', ''),
(512, 65, 'Muhafazat al Gharbiyah', ''),
(513, 65, 'Muhafazat al Jizah', ''),
(514, 65, 'Muhafazat al Minufiyah', ''),
(515, 65, 'Muhafazat al Minya', ''),
(516, 65, 'Muhafazat al Qahirah', ''),
(517, 65, 'Muhafazat al Qalyubiyah', ''),
(518, 65, 'Muhafazat Aswan', ''),
(519, 65, 'Muhafazat Asyut', ''),
(520, 65, 'Muhafazat Bani Suwayf', ''),
(521, 65, 'Muhafazat Bur Sa`id', ''),
(522, 65, 'Muhafazat Dumyat', ''),
(523, 65, 'Muhafazat Shamal Sina\'', ''),
(524, 65, 'Muhafazat Suhaj', ''),
(525, 65, 'Red Sea', ''),
(526, 66, 'Departamento de Ahuachapan', ''),
(527, 66, 'Departamento de Cabanas', ''),
(528, 66, 'Departamento de La Libertad', ''),
(529, 66, 'Departamento de Morazan', ''),
(530, 66, 'Departamento de San Miguel', ''),
(531, 66, 'Departamento de San Salvador', ''),
(532, 66, 'Departamento de Santa Ana', ''),
(533, 66, 'Departamento de Usulutan', ''),
(534, 67, 'Provincia de Bioko Norte', ''),
(535, 68, 'Maekel Region', ''),
(536, 69, 'Harjumaa', ''),
(537, 69, 'Hiiumaa', ''),
(538, 69, 'Ida-Virumaa', ''),
(539, 69, 'Järvamaa', ''),
(540, 69, 'Jõgevamaa', ''),
(541, 69, 'Lääne', ''),
(542, 69, 'Lääne-Virumaa', ''),
(543, 69, 'Pärnumaa', ''),
(544, 69, 'Põlvamaa', ''),
(545, 69, 'Raplamaa', ''),
(546, 69, 'Saare', ''),
(547, 69, 'Tartu', ''),
(548, 69, 'Valgamaa', ''),
(549, 69, 'Viljandimaa', ''),
(550, 69, 'Võrumaa', ''),
(551, 70, 'Adis Abeba Astedader', ''),
(552, 70, 'Afar Region', ''),
(553, 70, 'Amhara', ''),
(554, 70, 'Bīnshangul Gumuz', ''),
(555, 70, 'Dire Dawa', ''),
(556, 70, 'Gambela', ''),
(557, 70, 'Harari Region', ''),
(558, 70, 'Oromiya', ''),
(559, 70, 'Somali', ''),
(560, 70, 'Southern Nations, Nationalities, and People\'s Region', ''),
(561, 70, 'Tigray', ''),
(562, 72, 'Eysturoy', ''),
(563, 72, 'Streymoy', ''),
(564, 73, 'State of Yap', ''),
(565, 74, 'Central', ''),
(566, 74, 'Western', ''),
(567, 75, 'Central Ostrobothnia', ''),
(568, 75, 'Eastern Finland', ''),
(569, 75, 'Haeme', ''),
(570, 75, 'Kainuu', ''),
(571, 75, 'Kymenlaakso', ''),
(572, 75, 'Lapland', ''),
(573, 75, 'North Karelia', ''),
(574, 75, 'Northern Ostrobothnia', ''),
(575, 75, 'Northern Savo', ''),
(576, 75, 'Päijänne Tavastia', ''),
(577, 75, 'Pirkanmaa', ''),
(578, 75, 'Satakunta', ''),
(579, 75, 'South Karelia', ''),
(580, 75, 'Southern Finland', ''),
(581, 75, 'Southern Savonia', ''),
(582, 75, 'Southwest Finland', ''),
(583, 75, 'Uusimaa', ''),
(584, 75, 'Western Finland', ''),
(585, 76, 'Alsace', ''),
(586, 76, 'Aquitaine', ''),
(587, 76, 'Auvergne', ''),
(588, 76, 'Bourgogne', ''),
(589, 76, 'Brittany', ''),
(590, 76, 'Centre', ''),
(591, 76, 'Champagne-Ardenne', ''),
(592, 76, 'Corsica', ''),
(593, 76, 'Franche-Comté', ''),
(594, 76, 'Haute-Normandie', ''),
(595, 76, 'Île-de-France', ''),
(596, 76, 'Languedoc-Roussillon', ''),
(597, 76, 'Limousin', ''),
(598, 76, 'Lorraine', ''),
(599, 76, 'Lower Normandy', ''),
(600, 76, 'Midi-Pyrénées', ''),
(601, 76, 'Nord-Pas-de-Calais', ''),
(602, 76, 'Pays de la Loire', ''),
(603, 76, 'Picardie', ''),
(604, 76, 'Poitou-Charentes', ''),
(605, 76, 'Provence-Alpes-Côte d\'Azur', ''),
(606, 76, 'Rhône-Alpes', ''),
(607, 78, 'Iles du Vent', ''),
(608, 79, 'Archipel des Kerguelen', ''),
(609, 80, 'Estuaire', ''),
(610, 80, 'Province de l\'Ogooue-Maritime', ''),
(611, 80, 'Province de la Ngounie', ''),
(612, 80, 'Province du Moyen-Ogooue', ''),
(613, 81, 'City of Banjul', ''),
(614, 82, 'Abkhazia', ''),
(615, 82, 'Ajaria', ''),
(616, 82, 'Guria', ''),
(617, 82, 'K\'alak\'i T\'bilisi', ''),
(618, 82, 'Mtskheta-Mtianeti', ''),
(619, 82, 'Racha-Lechkhumi and Kvemo Svaneti', ''),
(620, 82, 'Samegrelo and Zemo Svaneti', ''),
(621, 82, 'Shida Kartli', ''),
(622, 83, 'Baden-Württemberg Region', ''),
(623, 83, 'Bavaria', ''),
(624, 83, 'Brandenburg', ''),
(625, 83, 'Bremen', ''),
(626, 83, 'Hamburg', ''),
(627, 83, 'Hesse', ''),
(628, 83, 'Land Berlin', ''),
(629, 83, 'Lower Saxony', ''),
(630, 83, 'Mecklenburg-Vorpommern', ''),
(631, 83, 'North Rhine-Westphalia', ''),
(632, 83, 'Rheinland-Pfalz', ''),
(633, 83, 'Saarland', ''),
(634, 83, 'Saxony', ''),
(635, 83, 'Saxony-Anhalt', ''),
(636, 83, 'Schleswig-Holstein', ''),
(637, 83, 'Thuringia', ''),
(638, 84, 'Ashanti Region', ''),
(639, 84, 'Brong-Ahafo', ''),
(640, 84, 'Central Region', ''),
(641, 84, 'Greater Accra Region', ''),
(642, 84, 'Upper East Region', ''),
(643, 84, 'Upper West Region', ''),
(644, 84, 'Volta Region', ''),
(645, 84, 'Western Region', ''),
(646, 86, 'Attica', ''),
(647, 86, 'Central Greece', ''),
(648, 86, 'Central Macedonia', ''),
(649, 86, 'Crete', ''),
(650, 86, 'East Macedonia and Thrace', ''),
(651, 86, 'Epirus', ''),
(652, 86, 'Ionian Islands', ''),
(653, 86, 'North Aegean', ''),
(654, 86, 'Peloponnese', ''),
(655, 86, 'South Aegean', ''),
(656, 86, 'Thessaly', ''),
(657, 86, 'West Greece', ''),
(658, 86, 'West Macedonia', ''),
(659, 87, 'Kujalleq', ''),
(660, 87, 'Qaasuitsup', ''),
(661, 87, 'Qeqqata', ''),
(662, 87, 'Sermersooq', ''),
(663, 88, 'Saint Andrew', ''),
(664, 88, 'Saint George', ''),
(665, 90, 'Agat', ''),
(666, 90, 'Barrigada', ''),
(667, 90, 'Dededo', ''),
(668, 90, 'Hagatna', ''),
(669, 90, 'Santa Rita Municipality', ''),
(670, 90, 'Tamuning', ''),
(671, 90, 'Yigo', ''),
(672, 91, 'Departamento de Chimaltenango', ''),
(673, 91, 'Departamento de Chiquimula', ''),
(674, 91, 'Departamento de Escuintla', ''),
(675, 91, 'Departamento de Guatemala', ''),
(676, 91, 'Departamento de Huehuetenango', ''),
(677, 91, 'Departamento de Izabal', ''),
(678, 91, 'Departamento de Jutiapa', ''),
(679, 91, 'Departamento de Quetzaltenango', ''),
(680, 91, 'Departamento de Retalhuleu', ''),
(681, 91, 'Departamento de Sacatepequez', ''),
(682, 91, 'Departamento de San Marcos', ''),
(683, 91, 'Departamento de Santa Rosa', ''),
(684, 91, 'Departamento de Solola', ''),
(685, 91, 'Departamento de Zacapa', ''),
(686, 91, 'Departamento del Peten', ''),
(687, 91, 'Suchitepeque', ''),
(688, 92, 'Saint Peter Port', ''),
(689, 93, 'Boke Region', ''),
(690, 93, 'Conakry Region', ''),
(691, 93, 'Faranah', ''),
(692, 93, 'Kankan Region', ''),
(693, 93, 'Kindia', ''),
(694, 93, 'Labe Region', ''),
(695, 93, 'Mamou Region', ''),
(696, 93, 'Nzerekore Region', ''),
(697, 94, 'Bissau', ''),
(698, 94, 'Bolama and Bijagos', ''),
(699, 94, 'Cacheu Region', ''),
(700, 95, 'Demerara-Mahaica Region', ''),
(701, 95, 'East Berbice-Corentyne Region', ''),
(702, 96, 'Centre', ''),
(703, 96, 'Departement de l\'Ouest', ''),
(704, 96, 'Departement du Nord-Est', ''),
(705, 96, 'Grandans', ''),
(706, 96, 'Nord', ''),
(707, 96, 'Sud-Est', ''),
(708, 97, 'Ajloun', ''),
(709, 97, 'Amman', ''),
(710, 97, 'Aqaba', ''),
(711, 97, 'Balqa', ''),
(712, 97, 'Irbid', ''),
(713, 97, 'Jerash', ''),
(714, 97, 'Karak', ''),
(715, 97, 'Madaba', ''),
(716, 97, 'Mafraq', ''),
(717, 97, 'Ma’an', ''),
(718, 97, 'Tafielah', ''),
(719, 98, 'Bay Islands', ''),
(720, 98, 'Departamento de Atlantida', ''),
(721, 98, 'Departamento de Choluteca', ''),
(722, 98, 'Departamento de Colon', ''),
(723, 98, 'Departamento de Comayagua', ''),
(724, 98, 'Departamento de Copan', ''),
(725, 98, 'Departamento de Cortes', ''),
(726, 98, 'Departamento de El Paraiso', ''),
(727, 98, 'Departamento de Francisco Morazan', ''),
(728, 98, 'Departamento de Gracias a Dios', ''),
(729, 98, 'Departamento de Intibuca', ''),
(730, 98, 'Departamento de Lempira', ''),
(731, 98, 'Departamento de Santa Barbara', ''),
(732, 98, 'Departamento de Valle', ''),
(733, 98, 'Departamento de Yoro', ''),
(734, 99, 'Central and Western District', ''),
(735, 99, 'Eastern', ''),
(736, 99, 'Kowloon City', ''),
(737, 99, 'Kwon Tong', ''),
(738, 99, 'Sha Tin', ''),
(739, 99, 'Sham Shui Po', ''),
(740, 99, 'Southern', ''),
(741, 99, 'Wanchai', ''),
(742, 99, 'Wong Tai Sin', ''),
(743, 99, 'Yau Tsim Mong', ''),
(744, 99, 'Yuen Long District', ''),
(745, 100, 'Bács-Kiskun', ''),
(746, 100, 'Baranya', ''),
(747, 100, 'Bekes', ''),
(748, 100, 'Borsod-Abaúj-Zemplén', ''),
(749, 100, 'Budapest fovaros', ''),
(750, 100, 'Csongrad megye', ''),
(751, 100, 'Fejér', ''),
(752, 100, 'Győr-Moson-Sopron', ''),
(753, 100, 'Hajdú-Bihar', ''),
(754, 100, 'Heves megye', ''),
(755, 100, 'Jász-Nagykun-Szolnok', ''),
(756, 100, 'Komárom-Esztergom', ''),
(757, 100, 'Nograd megye', ''),
(758, 100, 'Pest megye', ''),
(759, 100, 'Somogy megye', ''),
(760, 100, 'Szabolcs-Szatmár-Bereg', ''),
(761, 100, 'Tolna megye', ''),
(762, 100, 'Vas', ''),
(763, 100, 'Veszprem megye', ''),
(764, 100, 'Zala', ''),
(765, 101, 'Capital Region', ''),
(766, 101, 'East', ''),
(767, 101, 'Northeast', ''),
(768, 101, 'Northwest', ''),
(769, 101, 'South', ''),
(770, 101, 'Southern Peninsula', ''),
(771, 101, 'West', ''),
(772, 101, 'Westfjords', ''),
(773, 102, 'Andhra Pradesh', ''),
(774, 102, 'Arunachal Pradesh', ''),
(775, 102, 'Assam', ''),
(776, 102, 'Bihar', ''),
(777, 102, 'Chandigarh', ''),
(778, 102, 'Dadra and Nagar Haveli', ''),
(779, 102, 'Daman and Diu', ''),
(780, 102, 'Goa', ''),
(781, 102, 'Gujarat', ''),
(782, 102, 'Haryana', ''),
(783, 102, 'Karnataka', ''),
(784, 102, 'Kashmir', ''),
(785, 102, 'Kerala', ''),
(786, 102, 'Laccadives', ''),
(787, 102, 'Madhya Pradesh', ''),
(788, 102, 'Maharashtra', ''),
(789, 102, 'Manipur', ''),
(790, 102, 'Meghalaya', ''),
(791, 102, 'Mizoram', ''),
(792, 102, 'Nagaland', ''),
(793, 102, 'National Capital Territory of Delhi', ''),
(794, 102, 'Odisha', ''),
(795, 102, 'Rajasthan', ''),
(796, 102, 'Sikkim', ''),
(797, 102, 'State of Chhattisgarh', ''),
(798, 102, 'State of Himachal Pradesh', ''),
(799, 102, 'State of Jharkhand', ''),
(800, 102, 'State of Punjab', ''),
(801, 102, 'Tamil Nadu', ''),
(802, 102, 'Telangana', ''),
(803, 102, 'Tripura', ''),
(804, 102, 'Union Territory of Andaman and Nicobar Islands', ''),
(805, 102, 'Union Territory of Puducherry', ''),
(806, 102, 'Uttar Pradesh', ''),
(807, 102, 'Uttarakhand', ''),
(808, 102, 'West Bengal', ''),
(809, 103, 'Bali', ''),
(810, 103, 'Bangka–Belitung Islands', ''),
(811, 103, 'Banten', ''),
(812, 103, 'Central Java', ''),
(813, 103, 'Central Kalimantan', ''),
(814, 103, 'Central Sulawesi', ''),
(815, 103, 'Daerah Istimewa Yogyakarta', ''),
(816, 103, 'Daerah Khusus Ibukota Jakarta', ''),
(817, 103, 'East Java', ''),
(818, 103, 'East Kalimantan', ''),
(819, 103, 'East Nusa Tenggara', ''),
(820, 103, 'Nanggroe Aceh Darussalam Province', ''),
(821, 103, 'North Kalimantan', ''),
(822, 103, 'North Sulawesi', ''),
(823, 103, 'North Sumatra', ''),
(824, 103, 'Propinsi Bengkulu', ''),
(825, 103, 'Provinsi Gorontalo', ''),
(826, 103, 'Provinsi Jambi', ''),
(827, 103, 'Provinsi Lampung', ''),
(828, 103, 'Provinsi Maluku', ''),
(829, 103, 'Provinsi Maluku Utara', ''),
(830, 103, 'Provinsi Papua', ''),
(831, 103, 'Provinsi Riau', ''),
(832, 103, 'Provinsi Sulawesi Barat', ''),
(833, 103, 'Riau Islands', ''),
(834, 103, 'South Kalimantan', ''),
(835, 103, 'South Sulawesi', ''),
(836, 103, 'South Sumatra', ''),
(837, 103, 'Sulawesi Tenggara', ''),
(838, 103, 'West Java', ''),
(839, 103, 'West Kalimantan', ''),
(840, 103, 'West Nusa Tenggara', ''),
(841, 103, 'West Papua', ''),
(842, 103, 'West Sumatra', ''),
(843, 104, 'Alborz', ''),
(844, 104, 'Bushehr', ''),
(845, 104, 'East Azerbaijan', ''),
(846, 104, 'Fars', ''),
(847, 104, 'Hormozgan', ''),
(848, 104, 'Isfahan', ''),
(849, 104, 'Kerman', ''),
(850, 104, 'Khuzestan', ''),
(851, 104, 'Markazi', ''),
(852, 104, 'Māzandarān', ''),
(853, 104, 'Ostan-e Ardabil', ''),
(854, 104, 'Ostan-e Azarbayjan-e Gharbi', ''),
(855, 104, 'Ostan-e Chahar Mahal va Bakhtiari', ''),
(856, 104, 'Ostan-e Gilan', ''),
(857, 104, 'Ostan-e Golestan', ''),
(858, 104, 'Ostan-e Hamadan', ''),
(859, 104, 'Ostan-e Ilam', ''),
(860, 104, 'Ostan-e Kermanshah', ''),
(861, 104, 'Ostan-e Khorasan-e Jonubi', ''),
(862, 104, 'Ostan-e Khorasan-e Shomali', ''),
(863, 104, 'Ostan-e Kohgiluyeh va Bowyer Ahmad', ''),
(864, 104, 'Ostan-e Kordestan', ''),
(865, 104, 'Ostan-e Lorestan', ''),
(866, 104, 'Ostan-e Qazvin', ''),
(867, 104, 'Ostan-e Tehran', ''),
(868, 104, 'Qom', ''),
(869, 104, 'Razavi Khorasan', ''),
(870, 104, 'Semnān', ''),
(871, 104, 'Sistan and Baluchestan', ''),
(872, 104, 'Yazd', ''),
(873, 104, 'Zanjan', ''),
(874, 105, 'An Najaf', ''),
(875, 105, 'Anbar', ''),
(876, 105, 'Basra Governorate', ''),
(877, 105, 'Dhi Qar', ''),
(878, 105, 'Dihok', ''),
(879, 105, 'Diyālá', ''),
(880, 105, 'Mayorality of Baghdad', ''),
(881, 105, 'Maysan', ''),
(882, 105, 'Muhafazat al Muthanna', ''),
(883, 105, 'Muhafazat Arbil', ''),
(884, 105, 'Muhafazat as Sulaymaniyah', ''),
(885, 105, 'Muhafazat Babil', ''),
(886, 105, 'Muhafazat Karbala\'', ''),
(887, 105, 'Muhafazat Kirkuk', ''),
(888, 105, 'Muhafazat Ninawa', ''),
(889, 106, 'Connaught', ''),
(890, 106, 'Leinster', ''),
(891, 106, 'Munster', ''),
(892, 106, 'Ulster', ''),
(893, 108, 'Central District', ''),
(894, 108, 'Haifa', ''),
(895, 108, 'Jerusalem', ''),
(896, 108, 'Northern District', ''),
(897, 108, 'Southern District', ''),
(898, 108, 'Tel Aviv', ''),
(899, 109, 'Abruzzo', ''),
(900, 109, 'Aosta Valley', ''),
(901, 109, 'Apulia', ''),
(902, 109, 'Basilicate', ''),
(903, 109, 'Calabria', ''),
(904, 109, 'Campania', ''),
(905, 109, 'Emilia-Romagna', ''),
(906, 109, 'Friuli Venezia Giulia', ''),
(907, 109, 'Latium', ''),
(908, 109, 'Liguria', ''),
(909, 109, 'Lombardy', ''),
(910, 109, 'Molise', ''),
(911, 109, 'Piedmont', ''),
(912, 109, 'Sardinia', ''),
(913, 109, 'Sicily', ''),
(914, 109, 'The Marches', ''),
(915, 109, 'Trentino-Alto Adige', ''),
(916, 109, 'Tuscany', ''),
(917, 109, 'Umbria', ''),
(918, 109, 'Veneto', ''),
(919, 110, 'Haut-Sassandra', ''),
(920, 110, 'Lagunes', ''),
(921, 110, 'Vallee du Bandama', ''),
(922, 111, 'Kingston', ''),
(923, 111, 'Parish of Clarendon', ''),
(924, 111, 'Parish of Manchester', ''),
(925, 111, 'Parish of Saint Andrew', ''),
(926, 111, 'Parish of Saint Ann', ''),
(927, 111, 'Parish of Saint Catherine', ''),
(928, 111, 'Parish of Saint James', ''),
(929, 111, 'Parish of Saint Mary', ''),
(930, 111, 'Parish of Saint Thomas', ''),
(931, 111, 'Parish of Westmoreland', ''),
(932, 112, 'Aichi', ''),
(933, 112, 'Akita', ''),
(934, 112, 'Aomori', ''),
(935, 112, 'Chiba', ''),
(936, 112, 'Ehime', ''),
(937, 112, 'Fukui', ''),
(938, 112, 'Fukuoka', ''),
(939, 112, 'Fukushima-ken', ''),
(940, 112, 'Gifu', ''),
(941, 112, 'Gunma', ''),
(942, 112, 'Hiroshima', ''),
(943, 112, 'Hokkaido', ''),
(944, 112, 'Hyōgo', ''),
(945, 112, 'Ibaraki', ''),
(946, 112, 'Ishikawa', ''),
(947, 112, 'Iwate', ''),
(948, 112, 'Kagawa', ''),
(949, 112, 'Kagoshima', ''),
(950, 112, 'Kanagawa', ''),
(951, 112, 'Kochi', ''),
(952, 112, 'Kumamoto', ''),
(953, 112, 'Kyoto', ''),
(954, 112, 'Mie', ''),
(955, 112, 'Miyagi', ''),
(956, 112, 'Miyazaki', ''),
(957, 112, 'Nagano', ''),
(958, 112, 'Nagasaki', ''),
(959, 112, 'Nara', ''),
(960, 112, 'Niigata', ''),
(961, 112, 'Oita', ''),
(962, 112, 'Okayama', ''),
(963, 112, 'Okinawa', ''),
(964, 112, 'Ōsaka', ''),
(965, 112, 'Saga Prefecture', ''),
(966, 112, 'Saitama', ''),
(967, 112, 'Shiga Prefecture', ''),
(968, 112, 'Shimane', ''),
(969, 112, 'Shizuoka', ''),
(970, 112, 'Tochigi', ''),
(971, 112, 'Tokushima', ''),
(972, 112, 'Tokyo', ''),
(973, 112, 'Tottori', ''),
(974, 112, 'Toyama', ''),
(975, 112, 'Wakayama', ''),
(976, 112, 'Yamagata', ''),
(977, 112, 'Yamaguchi', ''),
(978, 112, 'Yamanashi', ''),
(979, 113, 'Saint Helier', ''),
(980, 113, 'Saint Lawrence', ''),
(981, 113, 'Saint Peter', ''),
(982, 113, 'St. Brelade', ''),
(983, 114, 'Aktyubinskaya Oblast', ''),
(984, 114, 'Almaty Oblysy', ''),
(985, 114, 'Almaty Qalasy', ''),
(986, 114, 'Aqmola Oblysy', ''),
(987, 114, 'Astana Qalasy', ''),
(988, 114, 'Atyrau Oblysy', ''),
(989, 114, 'Batys Qazaqstan Oblysy', ''),
(990, 114, 'East Kazakhstan', ''),
(991, 114, 'Mangistauskaya Oblast', ''),
(992, 114, 'Pavlodar Oblysy', ''),
(993, 114, 'Qaraghandy Oblysy', ''),
(994, 114, 'Qostanay Oblysy', ''),
(995, 114, 'Qyzylorda Oblysy', ''),
(996, 114, 'Severo-Kazakhstanskaya Oblast', ''),
(997, 114, 'Yuzhno-Kazakhstanskaya Oblast', ''),
(998, 114, 'Zhambyl Oblysy', ''),
(999, 115, 'Garissa District', ''),
(1000, 115, 'Homa Bay District', ''),
(1001, 115, 'Kajiado District', ''),
(1002, 115, 'Kiambu District', ''),
(1003, 115, 'Kirinyaga District', ''),
(1004, 115, 'Kisii District', ''),
(1005, 115, 'Kisumu', ''),
(1006, 115, 'Kitui District', ''),
(1007, 115, 'Kwale District', ''),
(1008, 115, 'Machakos District', ''),
(1009, 115, 'Makueni District', ''),
(1010, 115, 'Mandera District', ''),
(1011, 115, 'Meru Central District', ''),
(1012, 115, 'Mombasa District', ''),
(1013, 115, 'Nairobi Province', ''),
(1014, 115, 'Nakuru District', ''),
(1015, 115, 'Nandi South District', ''),
(1016, 115, 'Nyeri District', ''),
(1017, 115, 'Siaya District', ''),
(1018, 115, 'Tharaka District', ''),
(1019, 115, 'Trans Nzoia District', ''),
(1020, 115, 'Uasin Gishu', ''),
(1021, 116, 'Gilbert Islands', ''),
(1022, 117, 'Komuna e Gjilanit', ''),
(1023, 117, 'Komuna e Mitrovices', ''),
(1024, 117, 'Komuna e Prishtines', ''),
(1025, 118, 'Al Aḩmadī', ''),
(1026, 118, 'Al Asimah', ''),
(1027, 118, 'Al Farwaniyah', ''),
(1028, 118, 'Muhafazat Hawalli', ''),
(1029, 119, 'Gorod Bishkek', ''),
(1030, 119, 'Osh Oblasty', ''),
(1031, 120, 'Khammouan', ''),
(1032, 120, 'Khoueng Savannakhet', ''),
(1033, 120, 'Vientiane', ''),
(1034, 121, 'Baldone', ''),
(1035, 121, 'Balvu Novads', ''),
(1036, 121, 'Bauskas Novads', ''),
(1037, 121, 'Carnikava', ''),
(1038, 121, 'Cesu Novads', ''),
(1039, 121, 'Daugavpils', ''),
(1040, 121, 'Dobeles Rajons', ''),
(1041, 121, 'Gulbenes Rajons', ''),
(1042, 121, 'Ikšķile', ''),
(1043, 121, 'Jēkabpils Municipality', ''),
(1044, 121, 'Jelgava', ''),
(1045, 121, 'Jurmala', ''),
(1046, 121, 'Ķegums', ''),
(1047, 121, 'Ķekava', ''),
(1048, 121, 'Kraslavas Rajons', ''),
(1049, 121, 'Krimulda', ''),
(1050, 121, 'Kuldigas Rajons', ''),
(1051, 121, 'Lecava', ''),
(1052, 121, 'Liepaja', ''),
(1053, 121, 'Ludzas Rajons', ''),
(1054, 121, 'Mārupe', ''),
(1055, 121, 'Ogre', ''),
(1056, 121, 'Olaine', ''),
(1057, 121, 'Ozolnieku Novads', ''),
(1058, 121, 'Preili Municipality', ''),
(1059, 121, 'Rezekne', ''),
(1060, 121, 'Riga', ''),
(1061, 121, 'Rojas Novads', ''),
(1062, 121, 'Ropazu Novads', ''),
(1063, 121, 'Rundales Novads', ''),
(1064, 121, 'Salaspils Novads', ''),
(1065, 121, 'Saldus Municipality', ''),
(1066, 121, 'Siguldas Novads', ''),
(1067, 121, 'Smiltenes Novads', ''),
(1068, 121, 'Stopinu Novads', ''),
(1069, 121, 'Talsi Municipality', ''),
(1070, 121, 'Tukuma Rajons', ''),
(1071, 121, 'Valmiera District', ''),
(1072, 121, 'Ventspils', ''),
(1073, 121, 'Viesites Novads', ''),
(1074, 122, 'Beyrouth', ''),
(1075, 122, 'Mohafazat Aakkar', ''),
(1076, 122, 'Mohafazat Baalbek-Hermel', ''),
(1077, 122, 'Mohafazat Beqaa', ''),
(1078, 122, 'Mohafazat Liban-Nord', ''),
(1079, 122, 'Mohafazat Liban-Sud', ''),
(1080, 122, 'Mohafazat Mont-Liban', ''),
(1081, 123, 'Maseru', ''),
(1082, 124, 'Montserrado County', ''),
(1083, 124, 'Nimba County', ''),
(1084, 125, 'Sha\'biyat Banghazi', ''),
(1085, 125, 'Sha\'biyat Misratah', ''),
(1086, 125, 'Sha\'biyat Sabha', ''),
(1087, 125, 'Sha`biyat Nalut', ''),
(1088, 125, 'Tripoli', ''),
(1089, 126, 'Balzers', ''),
(1090, 126, 'Eschen', ''),
(1091, 126, 'Gemeinde Gamprin', ''),
(1092, 126, 'Mauren', ''),
(1093, 126, 'Planken', ''),
(1094, 126, 'Schaan', ''),
(1095, 126, 'Schellenberg', ''),
(1096, 126, 'Triesen', ''),
(1097, 126, 'Triesenberg', ''),
(1098, 126, 'Vaduz', ''),
(1099, 127, 'District de Diekirch', ''),
(1100, 127, 'District de Grevenmacher', ''),
(1101, 127, 'District de Luxembourg', ''),
(1102, 129, 'Bitola', ''),
(1103, 129, 'Čair', ''),
(1104, 129, 'Debar', ''),
(1105, 129, 'Demir Hisar', ''),
(1106, 129, 'Gevgelija', ''),
(1107, 129, 'Gostivar', ''),
(1108, 129, 'Ilinden', ''),
(1109, 129, 'Kavadarci', ''),
(1110, 129, 'Kumanovo', ''),
(1111, 129, 'Negotino', ''),
(1112, 129, 'Novo Selo', ''),
(1113, 129, 'Ohrid', ''),
(1114, 129, 'Opstina Caska', ''),
(1115, 129, 'Opstina Karpos', ''),
(1116, 129, 'Opstina Kicevo', ''),
(1117, 129, 'Opstina Kocani', ''),
(1118, 129, 'Opstina Radovis', ''),
(1119, 129, 'Opstina Stip', ''),
(1120, 129, 'Opstina Vevcani', ''),
(1121, 129, 'Prilep', ''),
(1122, 129, 'Struga', ''),
(1123, 129, 'Strumica', ''),
(1124, 129, 'Tetovo', ''),
(1125, 129, 'Veles', ''),
(1126, 130, 'Analamanga Region', ''),
(1127, 130, 'Atsimo-Andrefana Region', ''),
(1128, 130, 'Atsinanana Region', ''),
(1129, 130, 'Boeny Region', ''),
(1130, 130, 'Diana Region', ''),
(1131, 130, 'Sava Region', ''),
(1132, 130, 'Upper Matsiatra', ''),
(1133, 130, 'Vakinankaratra Region', ''),
(1134, 131, 'Central Region', ''),
(1135, 131, 'Northern Region', ''),
(1136, 131, 'Southern Region', ''),
(1137, 132, 'Johor', ''),
(1138, 132, 'Kedah', ''),
(1139, 132, 'Kelantan', ''),
(1140, 132, 'Kuala Lumpur', ''),
(1141, 132, 'Labuan', ''),
(1142, 132, 'Melaka', ''),
(1143, 132, 'Negeri Sembilan', ''),
(1144, 132, 'Pahang', ''),
(1145, 132, 'Penang', ''),
(1146, 132, 'Perak', ''),
(1147, 132, 'Perlis', ''),
(1148, 132, 'Putrajaya', ''),
(1149, 132, 'Sabah', ''),
(1150, 132, 'Sarawak', ''),
(1151, 132, 'Selangor', ''),
(1152, 132, 'Terengganu', ''),
(1153, 133, 'Kaafu Atoll', ''),
(1154, 134, 'Bamako Region', ''),
(1155, 134, 'Sikasso', ''),
(1156, 135, 'Attard', ''),
(1157, 135, 'Balzan', ''),
(1158, 135, 'Birkirkara', ''),
(1159, 135, 'Birzebbuga', ''),
(1160, 135, 'Bormla', ''),
(1161, 135, 'Dingli', ''),
(1162, 135, 'Ghajnsielem', ''),
(1163, 135, 'Hal Gharghur', ''),
(1164, 135, 'Hal Ghaxaq', ''),
(1165, 135, 'Haz-Zabbar', ''),
(1166, 135, 'Haz-Zebbug', ''),
(1167, 135, 'Il-Belt Valletta', ''),
(1168, 135, 'Il-Birgu', ''),
(1169, 135, 'Il-Fgura', ''),
(1170, 135, 'Il-Furjana', ''),
(1171, 135, 'Il-Gudja', ''),
(1172, 135, 'Il-Gzira', ''),
(1173, 135, 'Il-Hamrun', ''),
(1174, 135, 'Il-Kalkara', ''),
(1175, 135, 'Il-Marsa', ''),
(1176, 135, 'Il-Mellieha', ''),
(1177, 135, 'Il-Mosta', ''),
(1178, 135, 'Il-Munxar', ''),
(1179, 135, 'Il-Qala', ''),
(1180, 135, 'In-Nadur', ''),
(1181, 135, 'In-Naxxar', ''),
(1182, 135, 'Ir-Rabat', ''),
(1183, 135, 'Is-Siggiewi', ''),
(1184, 135, 'Is-Swieqi', ''),
(1185, 135, 'Ix-Xaghra', ''),
(1186, 135, 'Ix-Xewkija', ''),
(1187, 135, 'Ix-Xghajra', ''),
(1188, 135, 'Iz-Zebbug', ''),
(1189, 135, 'Iz-Zejtun', ''),
(1190, 135, 'Iz-Zurrieq', ''),
(1191, 135, 'Kirkop', ''),
(1192, 135, 'L-Gharb', ''),
(1193, 135, 'L-Ghasri', ''),
(1194, 135, 'L-Iklin', ''),
(1195, 135, 'L-Imdina', ''),
(1196, 135, 'L-Imgarr', ''),
(1197, 135, 'L-Imqabba', ''),
(1198, 135, 'L-Imsida', ''),
(1199, 135, 'L-Imtarfa', ''),
(1200, 135, 'L-Isla', ''),
(1201, 135, 'Lija', ''),
(1202, 135, 'Luqa', ''),
(1203, 135, 'Marsaskala', ''),
(1204, 135, 'Marsaxlokk', ''),
(1205, 135, 'Paola', ''),
(1206, 135, 'Qormi', ''),
(1207, 135, 'Safi', ''),
(1208, 135, 'Saint John', ''),
(1209, 135, 'Saint Julian', ''),
(1210, 135, 'Saint Lawrence', ''),
(1211, 135, 'Saint Lucia', ''),
(1212, 135, 'Saint Paul’s Bay', ''),
(1213, 135, 'Saint Venera', ''),
(1214, 135, 'Sannat', ''),
(1215, 135, 'Ta\' Xbiex', ''),
(1216, 135, 'Tal-Pieta', ''),
(1217, 135, 'Tarxien', ''),
(1218, 135, 'Tas-Sliema', ''),
(1219, 135, 'Victoria', ''),
(1220, 136, 'Majuro Atoll', ''),
(1221, 138, 'District de Nouakchott', ''),
(1222, 139, 'Black River District', ''),
(1223, 139, 'Flacq District', ''),
(1224, 139, 'Moka District', ''),
(1225, 139, 'Pamplemousses District', ''),
(1226, 139, 'Plaines Wilhems District', ''),
(1227, 139, 'Port Louis District', ''),
(1228, 139, 'Riviere du Rempart District', ''),
(1229, 139, 'Rodrigues', ''),
(1230, 139, 'Savanne District', ''),
(1231, 140, 'Acoua', ''),
(1232, 140, 'Bandrele', ''),
(1233, 140, 'Chiconi', ''),
(1234, 140, 'Koungou', ''),
(1235, 140, 'Mamoudzou', ''),
(1236, 140, 'Ouangani', ''),
(1237, 140, 'Tsingoni', ''),
(1238, 141, 'Aguascalientes', ''),
(1239, 141, 'Baja California Sur', ''),
(1240, 141, 'Campeche', ''),
(1241, 141, 'Chiapas', ''),
(1242, 141, 'Chihuahua', ''),
(1243, 141, 'Coahuila', ''),
(1244, 141, 'Colima', ''),
(1245, 141, 'Durango', ''),
(1246, 141, 'Estado de Baja California', ''),
(1247, 141, 'Estado de Mexico', ''),
(1248, 141, 'Guanajuato', ''),
(1249, 141, 'Guerrero', ''),
(1250, 141, 'Hidalgo', ''),
(1251, 141, 'Jalisco', ''),
(1252, 141, 'Mexico City', ''),
(1253, 141, 'Michoacán', ''),
(1254, 141, 'Morelos', ''),
(1255, 141, 'Nayarit', ''),
(1256, 141, 'Nuevo León', ''),
(1257, 141, 'Oaxaca', ''),
(1258, 141, 'Puebla', ''),
(1259, 141, 'Querétaro', ''),
(1260, 141, 'Quintana Roo', ''),
(1261, 141, 'San Luis Potosí', ''),
(1262, 141, 'Sinaloa', ''),
(1263, 141, 'Sonora', ''),
(1264, 141, 'Tabasco', ''),
(1265, 141, 'Tamaulipas', ''),
(1266, 141, 'Tlaxcala', ''),
(1267, 141, 'Veracruz', ''),
(1268, 141, 'Yucatán', ''),
(1269, 141, 'Zacatecas', ''),
(1270, 143, 'Arhangay Aymag', ''),
(1271, 143, 'Bayan-OElgiy Aymag', ''),
(1272, 143, 'Bayanhongor Aymag', ''),
(1273, 143, 'Bulgan', ''),
(1274, 143, 'Central Aimak', ''),
(1275, 143, 'Darhan-Uul Aymag', ''),
(1276, 143, 'East Aimak', ''),
(1277, 143, 'East Gobi Aymag', ''),
(1278, 143, 'Govi-Altay Aymag', ''),
(1279, 143, 'Govi-Sumber', ''),
(1280, 143, 'Hentiy Aymag', ''),
(1281, 143, 'Hovd', ''),
(1282, 143, 'Hovsgol Aymag', ''),
(1283, 143, 'Middle Govĭ', ''),
(1284, 143, 'Ömnögovĭ', ''),
(1285, 143, 'Övörhangay', ''),
(1286, 143, 'Selenge Aymag', ''),
(1287, 143, 'Suhbaatar Aymag', ''),
(1288, 143, 'Ulaanbaatar Hot', ''),
(1289, 144, 'Budva', ''),
(1290, 144, 'Herceg Novi', ''),
(1291, 144, 'Kotor', ''),
(1292, 144, 'Opstina Niksic', ''),
(1293, 144, 'Podgorica', ''),
(1294, 144, 'Ulcinj', ''),
(1295, 145, 'Parish of Saint Peter', ''),
(1296, 146, 'Chaouia-Ouardigha', ''),
(1297, 146, 'Doukkala-Abda', ''),
(1298, 146, 'Gharb-Chrarda-Beni Hssen', ''),
(1299, 146, 'Guelmim-Es Semara', ''),
(1300, 146, 'Laayoune-Boujdour-Sakia El Hamra', ''),
(1301, 146, 'Marrakech-Tensift-Al Haouz', ''),
(1302, 146, 'Oriental', ''),
(1303, 146, 'Region de Fes-Boulemane', ''),
(1304, 146, 'Region de Meknes-Tafilalet', ''),
(1305, 146, 'Region de Rabat-Sale-Zemmour-Zaer', ''),
(1306, 146, 'Region de Souss-Massa-Draa', ''),
(1307, 146, 'Region de Tanger-Tetouan', ''),
(1308, 146, 'Region du Grand Casablanca', ''),
(1309, 146, 'Tadla-Azilal', ''),
(1310, 146, 'Taza-Al Hoceima-Taounate', ''),
(1311, 147, 'Cabo Delgado Province', ''),
(1312, 147, 'Cidade de Maputo', ''),
(1313, 147, 'Gaza Province', ''),
(1314, 147, 'Inhambane Province', ''),
(1315, 147, 'Manica Province', ''),
(1316, 147, 'Maputo Province', ''),
(1317, 147, 'Nampula', ''),
(1318, 147, 'Niassa Province', ''),
(1319, 147, 'Provincia de Zambezia', ''),
(1320, 147, 'Sofala Province', ''),
(1321, 147, 'Tete', ''),
(1322, 148, 'Kayin State', ''),
(1323, 148, 'Magway Region', ''),
(1324, 148, 'Mandalay Region', ''),
(1325, 148, 'Shan State', ''),
(1326, 148, 'Yangon Region', ''),
(1327, 149, 'Erongo', ''),
(1328, 149, 'Karas', ''),
(1329, 149, 'Kavango East', ''),
(1330, 149, 'Khomas', ''),
(1331, 149, 'Omaheke', ''),
(1332, 149, 'Omusati', ''),
(1333, 149, 'Oshana', ''),
(1334, 149, 'Oshikoto', ''),
(1335, 149, 'Otjozondjupa', ''),
(1336, 149, 'Zambezi Region', ''),
(1337, 150, 'Anabar', ''),
(1338, 151, 'Central Region', ''),
(1339, 151, 'Eastern Region', ''),
(1340, 151, 'Western Region', ''),
(1341, 152, 'Friesland', ''),
(1342, 152, 'Groningen', ''),
(1343, 152, 'Limburg', ''),
(1344, 152, 'North Brabant', ''),
(1345, 152, 'North Holland', ''),
(1346, 152, 'Provincie Drenthe', ''),
(1347, 152, 'Provincie Flevoland', ''),
(1348, 152, 'Provincie Gelderland', ''),
(1349, 152, 'Provincie Overijssel', ''),
(1350, 152, 'Provincie Utrecht', ''),
(1351, 152, 'Provincie Zeeland', ''),
(1352, 152, 'South Holland', ''),
(1353, 153, 'South Province', ''),
(1354, 154, 'Auckland', ''),
(1355, 154, 'Bay of Plenty', ''),
(1356, 154, 'Canterbury', ''),
(1357, 154, 'Chatham Islands', ''),
(1358, 154, 'Gisborne', ''),
(1359, 154, 'Hawke\'s Bay', ''),
(1360, 154, 'Manawatu-Wanganui', ''),
(1361, 154, 'Marlborough', ''),
(1362, 154, 'Nelson', ''),
(1363, 154, 'Northland', ''),
(1364, 154, 'Otago', ''),
(1365, 154, 'Southland', ''),
(1366, 154, 'Taranaki', ''),
(1367, 154, 'Tasman', ''),
(1368, 154, 'Waikato', ''),
(1369, 154, 'Wellington', ''),
(1370, 154, 'West Coast', ''),
(1371, 155, 'Departamento de Carazo', ''),
(1372, 155, 'Departamento de Chinandega', ''),
(1373, 155, 'Departamento de Esteli', ''),
(1374, 155, 'Departamento de Leon', ''),
(1375, 155, 'Departamento de Managua', ''),
(1376, 155, 'Departamento de Masaya', ''),
(1377, 155, 'Departamento de Matagalpa', ''),
(1378, 155, 'Departamento de Nueva Segovia', ''),
(1379, 155, 'Departamento de Rivas', ''),
(1380, 155, 'Region Autonoma Atlantico Sur', ''),
(1381, 156, 'Niamey', ''),
(1382, 157, 'Adamawa', ''),
(1383, 157, 'Akwa Ibom State', ''),
(1384, 157, 'Anambra', ''),
(1385, 157, 'Bauchi', ''),
(1386, 157, 'Bayelsa State', ''),
(1387, 157, 'Benue State', ''),
(1388, 157, 'Cross River State', ''),
(1389, 157, 'Delta', ''),
(1390, 157, 'Ebonyi State', ''),
(1391, 157, 'Edo', ''),
(1392, 157, 'Ekiti State', ''),
(1393, 157, 'Enugu State', ''),
(1394, 157, 'Federal Capital Territory', ''),
(1395, 157, 'Gombe State', ''),
(1396, 157, 'Imo State', ''),
(1397, 157, 'Kaduna State', ''),
(1398, 157, 'Kano State', ''),
(1399, 157, 'Katsina State', ''),
(1400, 157, 'Kebbi State', ''),
(1401, 157, 'Kogi State', ''),
(1402, 157, 'Kwara State', ''),
(1403, 157, 'Lagos', ''),
(1404, 157, 'Niger State', ''),
(1405, 157, 'Ogun State', ''),
(1406, 157, 'Ondo State', ''),
(1407, 157, 'Osun State', ''),
(1408, 157, 'Oyo State', ''),
(1409, 157, 'Plateau State', ''),
(1410, 157, 'Rivers State', ''),
(1411, 157, 'Sokoto State', ''),
(1412, 157, 'Taraba State', ''),
(1413, 157, 'Yobe State', ''),
(1414, 157, 'Zamfara State', ''),
(1415, 160, 'Chagang-do', ''),
(1416, 160, 'Pyongyang', ''),
(1417, 161, 'Saipan', ''),
(1418, 162, 'Akershus', ''),
(1419, 162, 'Aust-Agder', ''),
(1420, 162, 'Buskerud', ''),
(1421, 162, 'Finnmark Fylke', ''),
(1422, 162, 'Hedmark', ''),
(1423, 162, 'Hordaland Fylke', ''),
(1424, 162, 'More og Romsdal fylke', ''),
(1425, 162, 'Nord-Trondelag Fylke', ''),
(1426, 162, 'Nordland Fylke', ''),
(1427, 162, 'Oppland', ''),
(1428, 162, 'Oslo County', ''),
(1429, 162, 'Rogaland Fylke', ''),
(1430, 162, 'Sogn og Fjordane Fylke', ''),
(1431, 162, 'Sor-Trondelag Fylke', ''),
(1432, 162, 'Telemark', ''),
(1433, 162, 'Troms Fylke', ''),
(1434, 162, 'Vest-Agder Fylke', ''),
(1435, 162, 'Vestfold', ''),
(1436, 162, 'Østfold', ''),
(1437, 163, 'Al Batinah', ''),
(1438, 163, 'Muhafazat Masqat', ''),
(1439, 163, 'Muhafazat Zufar', ''),
(1440, 164, 'Azad Kashmir', ''),
(1441, 164, 'Balochistan', ''),
(1442, 164, 'Federally Administered Tribal Areas', ''),
(1443, 164, 'Islamabad Capital Territory', ''),
(1444, 164, 'Khyber Pakhtunkhwa', ''),
(1445, 164, 'Punjab', ''),
(1446, 164, 'Sindh', ''),
(1447, 166, 'Gaza Strip', ''),
(1448, 166, 'West Bank', ''),
(1449, 167, 'Embera-Wounaan', ''),
(1450, 167, 'Guna Yala', ''),
(1451, 167, 'Ngoebe-Bugle', ''),
(1452, 167, 'Provincia de Bocas del Toro', ''),
(1453, 167, 'Provincia de Chiriqui', ''),
(1454, 167, 'Provincia de Cocle', ''),
(1455, 167, 'Provincia de Colon', ''),
(1456, 167, 'Provincia de Herrera', ''),
(1457, 167, 'Provincia de Los Santos', ''),
(1458, 167, 'Provincia de Panama', ''),
(1459, 167, 'Provincia de Veraguas', ''),
(1460, 167, 'Provincia del Darien', ''),
(1461, 168, 'Bougainville', ''),
(1462, 168, 'Central Province', ''),
(1463, 168, 'Chimbu Province', ''),
(1464, 168, 'East New Britain Province', ''),
(1465, 168, 'East Sepik Province', ''),
(1466, 168, 'Eastern Highlands Province', ''),
(1467, 168, 'Enga Province', ''),
(1468, 168, 'Gulf Province', ''),
(1469, 168, 'Madang Province', ''),
(1470, 168, 'Manus Province', ''),
(1471, 168, 'Milne Bay Province', ''),
(1472, 168, 'National Capital', ''),
(1473, 168, 'New Ireland', ''),
(1474, 168, 'Northern Province', ''),
(1475, 168, 'Southern Highlands Province', ''),
(1476, 168, 'West New Britain Province', ''),
(1477, 168, 'West Sepik Province', ''),
(1478, 168, 'Western Highlands Province', ''),
(1479, 168, 'Western Province', ''),
(1480, 169, 'Asuncion', ''),
(1481, 169, 'Departamento Central', ''),
(1482, 169, 'Departamento de Alto Paraguay', ''),
(1483, 169, 'Departamento de Boqueron', ''),
(1484, 169, 'Departamento de Caazapa', ''),
(1485, 169, 'Departamento de Itapua', ''),
(1486, 169, 'Departamento de Misiones', ''),
(1487, 169, 'Departamento del Alto Parana', ''),
(1488, 169, 'Departamento del Guaira', ''),
(1489, 170, 'Amazonas', ''),
(1490, 170, 'Ancash', ''),
(1491, 170, 'Apurimac', ''),
(1492, 170, 'Arequipa', ''),
(1493, 170, 'Ayacucho', ''),
(1494, 170, 'Cajamarca', ''),
(1495, 170, 'Callao', ''),
(1496, 170, 'Cusco', ''),
(1497, 170, 'Departamento de Moquegua', ''),
(1498, 170, 'Huancavelica', ''),
(1499, 170, 'Ica', ''),
(1500, 170, 'Junin', ''),
(1501, 170, 'La Libertad', ''),
(1502, 170, 'Lambayeque', ''),
(1503, 170, 'Lima', ''),
(1504, 170, 'Loreto', ''),
(1505, 170, 'Pasco', ''),
(1506, 170, 'Piura', ''),
(1507, 170, 'Provincia de Lima', ''),
(1508, 170, 'Puno', ''),
(1509, 170, 'Region de Huanuco', ''),
(1510, 170, 'Region de San Martin', ''),
(1511, 170, 'Tacna', ''),
(1512, 170, 'Tumbes', ''),
(1513, 170, 'Ucayali', ''),
(1514, 171, 'Autonomous Region in Muslim Mindanao', ''),
(1515, 171, 'Bicol', ''),
(1516, 171, 'Cagayan Valley', ''),
(1517, 171, 'Calabarzon', ''),
(1518, 171, 'Caraga', ''),
(1519, 171, 'Central Luzon', ''),
(1520, 171, 'Central Visayas', ''),
(1521, 171, 'Cordillera', ''),
(1522, 171, 'Davao', ''),
(1523, 171, 'Eastern Visayas', ''),
(1524, 171, 'Ilocos', ''),
(1525, 171, 'Mimaropa', ''),
(1526, 171, 'National Capital Region', ''),
(1527, 171, 'Northern Mindanao', ''),
(1528, 171, 'Soccsksargen', ''),
(1529, 171, 'Western Visayas', ''),
(1530, 171, 'Zamboanga Peninsula', ''),
(1531, 173, 'Greater Poland Voivodeship', ''),
(1532, 173, 'Kujawsko-Pomorskie', ''),
(1533, 173, 'Lesser Poland Voivodeship', ''),
(1534, 173, 'Lower Silesian Voivodeship', ''),
(1535, 173, 'Lublin Voivodeship', ''),
(1536, 173, 'Lubusz', ''),
(1537, 173, 'Masovian Voivodeship', ''),
(1538, 173, 'Opole Voivodeship', ''),
(1539, 173, 'Podlasie', ''),
(1540, 173, 'Pomeranian Voivodeship', ''),
(1541, 173, 'Silesian Voivodeship', ''),
(1542, 173, 'Subcarpathian Voivodeship', ''),
(1543, 173, 'Świętokrzyskie', ''),
(1544, 173, 'Warmian-Masurian Voivodeship', ''),
(1545, 173, 'West Pomeranian Voivodeship', ''),
(1546, 173, 'Łódź Voivodeship', ''),
(1547, 174, 'Aveiro', ''),
(1548, 174, 'Azores', ''),
(1549, 174, 'Bragança', ''),
(1550, 174, 'Distrito da Guarda', ''),
(1551, 174, 'Distrito de Beja', ''),
(1552, 174, 'Distrito de Braga', ''),
(1553, 174, 'Distrito de Castelo Branco', ''),
(1554, 174, 'Distrito de Coimbra', ''),
(1555, 174, 'Distrito de Evora', ''),
(1556, 174, 'Distrito de Faro', ''),
(1557, 174, 'Distrito de Leiria', ''),
(1558, 174, 'Distrito de Portalegre', ''),
(1559, 174, 'Distrito de Santarem', ''),
(1560, 174, 'Distrito de Viana do Castelo', ''),
(1561, 174, 'Distrito de Vila Real', ''),
(1562, 174, 'Distrito de Viseu', ''),
(1563, 174, 'Distrito do Porto', ''),
(1564, 174, 'Lisbon', ''),
(1565, 174, 'Madeira', ''),
(1566, 174, 'Setúbal', ''),
(1567, 175, 'Adjuntas', ''),
(1568, 175, 'Aguada', ''),
(1569, 175, 'Aguadilla', ''),
(1570, 175, 'Aguas Buenas', ''),
(1571, 175, 'Aibonito', ''),
(1572, 175, 'Anasco', ''),
(1573, 175, 'Arecibo', ''),
(1574, 175, 'Arroyo', ''),
(1575, 175, 'Barceloneta', ''),
(1576, 175, 'Barranquitas', ''),
(1577, 175, 'Bayamon Municipio', ''),
(1578, 175, 'Cabo Rojo Municipio', ''),
(1579, 175, 'Caguas Municipio', ''),
(1580, 175, 'Camuy Municipio', ''),
(1581, 175, 'Canovanas Municipio', '');
INSERT INTO `regions` (`region_id`, `country_id`, `region`, `region_code`) VALUES
(1582, 175, 'Carolina Municipio', ''),
(1583, 175, 'Catano Municipio', ''),
(1584, 175, 'Cayey Municipio', ''),
(1585, 175, 'Ceiba Municipio', ''),
(1586, 175, 'Ciales Municipio', ''),
(1587, 175, 'Cidra Municipio', ''),
(1588, 175, 'Coamo Municipio', ''),
(1589, 175, 'Comerio Municipio', ''),
(1590, 175, 'Corozal Municipio', ''),
(1591, 175, 'Culebra Municipio', ''),
(1592, 175, 'Dorado Municipio', ''),
(1593, 175, 'Fajardo Municipio', ''),
(1594, 175, 'Guanica Municipio', ''),
(1595, 175, 'Guayama Municipio', ''),
(1596, 175, 'Guayanilla Municipio', ''),
(1597, 175, 'Guaynabo Municipio', ''),
(1598, 175, 'Gurabo Municipio', ''),
(1599, 175, 'Hatillo Municipio', ''),
(1600, 175, 'Hormigueros Municipio', ''),
(1601, 175, 'Humacao Municipio', ''),
(1602, 175, 'Juana Diaz Municipio', ''),
(1603, 175, 'Lajas Municipio', ''),
(1604, 175, 'Lares Municipio', ''),
(1605, 175, 'Las Marias Municipio', ''),
(1606, 175, 'Las Piedras Municipio', ''),
(1607, 175, 'Loiza Municipio', ''),
(1608, 175, 'Luquillo Municipio', ''),
(1609, 175, 'Manati Municipio', ''),
(1610, 175, 'Maricao Municipio', ''),
(1611, 175, 'Mayagueez Municipio', ''),
(1612, 175, 'Moca Municipio', ''),
(1613, 175, 'Morovis Municipio', ''),
(1614, 175, 'Municipio de Isabela', ''),
(1615, 175, 'Municipio de Juncos', ''),
(1616, 175, 'Naguabo Municipio', ''),
(1617, 175, 'Naranjito Municipio', ''),
(1618, 175, 'Orocovis Municipio', ''),
(1619, 175, 'Patillas Municipio', ''),
(1620, 175, 'Penuelas Municipio', ''),
(1621, 175, 'Ponce Municipio', ''),
(1622, 175, 'Quebradillas Municipio', ''),
(1623, 175, 'Rincon Municipio', ''),
(1624, 175, 'Rio Grande Municipio', ''),
(1625, 175, 'Sabana Grande Municipio', ''),
(1626, 175, 'Salinas Municipio', ''),
(1627, 175, 'San German Municipio', ''),
(1628, 175, 'San Juan', ''),
(1629, 175, 'San Lorenzo Municipio', ''),
(1630, 175, 'San Sebastian Municipio', ''),
(1631, 175, 'Santa Isabel Municipio', ''),
(1632, 175, 'Toa Alta Municipio', ''),
(1633, 175, 'Toa Baja Municipio', ''),
(1634, 175, 'Trujillo Alto Municipio', ''),
(1635, 175, 'Utuado Municipio', ''),
(1636, 175, 'Vega Alta Municipio', ''),
(1637, 175, 'Vega Baja Municipio', ''),
(1638, 175, 'Vieques Municipality', ''),
(1639, 175, 'Villalba Municipio', ''),
(1640, 175, 'Yabucoa Municipio', ''),
(1641, 175, 'Yauco Municipio', ''),
(1642, 176, 'Al Wakrah', ''),
(1643, 176, 'Baladiyat ad Dawhah', ''),
(1644, 176, 'Baladiyat al Khawr wa adh Dhakhirah', ''),
(1645, 176, 'Baladiyat ar Rayyan', ''),
(1646, 176, 'Baladiyat ash Shamal', ''),
(1647, 176, 'Baladiyat az Za\'ayin', ''),
(1648, 176, 'Baladiyat Umm Salal', ''),
(1649, 177, 'Busan', ''),
(1650, 177, 'Chungcheongbuk-do', ''),
(1651, 177, 'Chungcheongnam-do', ''),
(1652, 177, 'Daegu', ''),
(1653, 177, 'Daejeon', ''),
(1654, 177, 'Gangwon-do', ''),
(1655, 177, 'Gwangju', ''),
(1656, 177, 'Gyeonggi-do', ''),
(1657, 177, 'Gyeongsangbuk-do', ''),
(1658, 177, 'Gyeongsangnam-do', ''),
(1659, 177, 'Incheon', ''),
(1660, 177, 'Jeju-do', ''),
(1661, 177, 'Jeollabuk-do', ''),
(1662, 177, 'Jeollanam-do', ''),
(1663, 177, 'Seoul', ''),
(1664, 177, 'Ulsan', ''),
(1665, 178, 'Alytaus apskritis', ''),
(1666, 178, 'Kauno apskritis', ''),
(1667, 178, 'Klaipedos apskritis', ''),
(1668, 178, 'Marijampoles apskritis', ''),
(1669, 178, 'Panevėžys', ''),
(1670, 178, 'Siauliu apskritis', ''),
(1671, 178, 'Taurages apskritis', ''),
(1672, 178, 'Telsiu apskritis', ''),
(1673, 178, 'Utenos apskritis', ''),
(1674, 178, 'Vilnius County', ''),
(1675, 179, 'Anenii Noi', ''),
(1676, 179, 'Basarabeasca', ''),
(1677, 179, 'Briceni', ''),
(1678, 179, 'Cahul', ''),
(1679, 179, 'Cantemir', ''),
(1680, 179, 'Criuleni', ''),
(1681, 179, 'Donduşeni', ''),
(1682, 179, 'Drochia', ''),
(1683, 179, 'Făleşti', ''),
(1684, 179, 'Floreşti', ''),
(1685, 179, 'Gagauzia', ''),
(1686, 179, 'Glodeni', ''),
(1687, 179, 'Hînceşti', ''),
(1688, 179, 'Laloveni', ''),
(1689, 179, 'Municipiul Balti', ''),
(1690, 179, 'Municipiul Bender', ''),
(1691, 179, 'Municipiul Chisinau', ''),
(1692, 179, 'Nisporeni', ''),
(1693, 179, 'Orhei', ''),
(1694, 179, 'Raionul Causeni', ''),
(1695, 179, 'Raionul Dubasari', ''),
(1696, 179, 'Raionul Edineţ', ''),
(1697, 179, 'Raionul Ocniţa', ''),
(1698, 179, 'Raionul Soroca', ''),
(1699, 179, 'Raionul Stefan Voda', ''),
(1700, 179, 'Rezina', ''),
(1701, 179, 'Rîşcani', ''),
(1702, 179, 'Sîngerei', ''),
(1703, 179, 'Şoldăneşti', ''),
(1704, 179, 'Strășeni', ''),
(1705, 179, 'Taraclia', ''),
(1706, 179, 'Teleneşti', ''),
(1707, 179, 'Unitatea Teritoriala din Stinga Nistrului', ''),
(1708, 180, 'Commune de Brazzaville', ''),
(1709, 180, 'Pointe-Noire', ''),
(1710, 180, 'Sangha', ''),
(1711, 182, 'Arad', ''),
(1712, 182, 'Bihor', ''),
(1713, 182, 'Bucuresti', ''),
(1714, 182, 'Constanta', ''),
(1715, 182, 'Covasna', ''),
(1716, 182, 'Dolj', ''),
(1717, 182, 'Giurgiu', ''),
(1718, 182, 'Gorj', ''),
(1719, 182, 'Harghita', ''),
(1720, 182, 'Hunedoara', ''),
(1721, 182, 'Ilfov', ''),
(1722, 182, 'Judetul Alba', ''),
(1723, 182, 'Judetul Arges', ''),
(1724, 182, 'Judetul Bacau', ''),
(1725, 182, 'Judetul Bistrita-Nasaud', ''),
(1726, 182, 'Judetul Botosani', ''),
(1727, 182, 'Judetul Braila', ''),
(1728, 182, 'Judetul Brasov', ''),
(1729, 182, 'Judetul Buzau', ''),
(1730, 182, 'Judetul Calarasi', ''),
(1731, 182, 'Judetul Caras-Severin', ''),
(1732, 182, 'Judetul Cluj', ''),
(1733, 182, 'Judetul Dambovita', ''),
(1734, 182, 'Judetul Galati', ''),
(1735, 182, 'Judetul Ialomita', ''),
(1736, 182, 'Judetul Iasi', ''),
(1737, 182, 'Judetul Mehedinti', ''),
(1738, 182, 'Judetul Mures', ''),
(1739, 182, 'Judetul Neamt', ''),
(1740, 182, 'Judetul Salaj', ''),
(1741, 182, 'Judetul Sibiu', ''),
(1742, 182, 'Judetul Timis', ''),
(1743, 182, 'Judetul Valcea', ''),
(1744, 182, 'Maramureş', ''),
(1745, 182, 'Olt', ''),
(1746, 182, 'Prahova', ''),
(1747, 182, 'Satu Mare', ''),
(1748, 182, 'Suceava', ''),
(1749, 182, 'Teleorman', ''),
(1750, 182, 'Tulcea', ''),
(1751, 182, 'Vaslui', ''),
(1752, 182, 'Vrancea', ''),
(1753, 183, 'Altai Krai', ''),
(1754, 183, 'Amurskaya Oblast', ''),
(1755, 183, 'Arkhangelskaya', ''),
(1756, 183, 'Astrakhanskaya Oblast', ''),
(1757, 183, 'Bashkortostan', ''),
(1758, 183, 'Belgorodskaya Oblast', ''),
(1759, 183, 'Bryanskaya Oblast', ''),
(1760, 183, 'Chechnya', ''),
(1761, 183, 'Chelyabinsk', ''),
(1762, 183, 'Chukotskiy Avtonomnyy Okrug', ''),
(1763, 183, 'Chuvashia', ''),
(1764, 183, 'Dagestan', ''),
(1765, 183, 'Irkutskaya Oblast', ''),
(1766, 183, 'Ivanovskaya Oblast', ''),
(1767, 183, 'Jewish Autonomous Oblast', ''),
(1768, 183, 'Kabardino-Balkarskaya Respublika', ''),
(1769, 183, 'Kaliningradskaya Oblast', ''),
(1770, 183, 'Kalmykiya', ''),
(1771, 183, 'Kaluzhskaya Oblast', ''),
(1772, 183, 'Kamtchatski Kray', ''),
(1773, 183, 'Karachayevo-Cherkesiya', ''),
(1774, 183, 'Kemerovskaya Oblast', ''),
(1775, 183, 'Khabarovsk Krai', ''),
(1776, 183, 'Khanty-Mansiyskiy Avtonomnyy Okrug-Yugra', ''),
(1777, 183, 'Kirovskaya Oblast', ''),
(1778, 183, 'Komi Republic', ''),
(1779, 183, 'Kostromskaya Oblast', ''),
(1780, 183, 'Krasnodarskiy Kray', ''),
(1781, 183, 'Krasnoyarskiy Kray', ''),
(1782, 183, 'Kurganskaya Oblast', ''),
(1783, 183, 'Kurskaya Oblast', ''),
(1784, 183, 'Leningrad', ''),
(1785, 183, 'Lipetskaya Oblast', ''),
(1786, 183, 'Magadanskaya Oblast', ''),
(1787, 183, 'Moscow', ''),
(1788, 183, 'Moscow Oblast', ''),
(1789, 183, 'Murmansk', ''),
(1790, 183, 'Nenetskiy Avtonomnyy Okrug', ''),
(1791, 183, 'Nizhegorodskaya Oblast', ''),
(1792, 183, 'North Ossetia', ''),
(1793, 183, 'Novgorodskaya Oblast', ''),
(1794, 183, 'Novosibirskaya Oblast', ''),
(1795, 183, 'Omskaya Oblast', ''),
(1796, 183, 'Orenburgskaya Oblast', ''),
(1797, 183, 'Orlovskaya Oblast', ''),
(1798, 183, 'Penzenskaya Oblast', ''),
(1799, 183, 'Perm Krai', ''),
(1800, 183, 'Primorskiy Kray', ''),
(1801, 183, 'Pskovskaya Oblast', ''),
(1802, 183, 'Republic of Karelia', ''),
(1803, 183, 'Respublika Adygeya', ''),
(1804, 183, 'Respublika Altay', ''),
(1805, 183, 'Respublika Buryatiya', ''),
(1806, 183, 'Respublika Ingushetiya', ''),
(1807, 183, 'Respublika Khakasiya', ''),
(1808, 183, 'Respublika Mariy-El', ''),
(1809, 183, 'Respublika Mordoviya', ''),
(1810, 183, 'Respublika Sakha (Yakutiya)', ''),
(1811, 183, 'Respublika Tyva', ''),
(1812, 183, 'Rostov', ''),
(1813, 183, 'Ryazanskaya Oblast', ''),
(1814, 183, 'Sakhalinskaya Oblast', ''),
(1815, 183, 'Samarskaya Oblast', ''),
(1816, 183, 'Saratovskaya Oblast', ''),
(1817, 183, 'Smolenskaya Oblast', ''),
(1818, 183, 'St.-Petersburg', ''),
(1819, 183, 'Stavropol\'skiy Kray', ''),
(1820, 183, 'Sverdlovskaya Oblast', ''),
(1821, 183, 'Tambovskaya Oblast', ''),
(1822, 183, 'Tatarstan', ''),
(1823, 183, 'Tomskaya Oblast', ''),
(1824, 183, 'Transbaikal Territory', ''),
(1825, 183, 'Tul\'skaya Oblast', ''),
(1826, 183, 'Tverskaya Oblast', ''),
(1827, 183, 'Tyumenskaya Oblast', ''),
(1828, 183, 'Udmurtskaya Respublika', ''),
(1829, 183, 'Ulyanovsk Oblast', ''),
(1830, 183, 'Vladimirskaya Oblast', ''),
(1831, 183, 'Volgogradskaya Oblast', ''),
(1832, 183, 'Vologodskaya Oblast', ''),
(1833, 183, 'Voronezhskaya Oblast', ''),
(1834, 183, 'Yamalo-Nenetskiy Avtonomnyy Okrug', ''),
(1835, 183, 'Yaroslavskaya Oblast', ''),
(1836, 184, 'Kigali', ''),
(1837, 186, 'Saint Anne Sandy Point', ''),
(1838, 186, 'Saint George Basseterre', ''),
(1839, 186, 'Saint Mary Cayon', ''),
(1840, 186, 'Saint Paul Charlestown', ''),
(1841, 187, 'Castries Quarter', ''),
(1842, 187, 'Choiseul Quarter', ''),
(1843, 187, 'Gros-Islet', ''),
(1844, 189, 'Commune de Miquelon-Langlade', ''),
(1845, 189, 'Commune de Saint-Pierre', ''),
(1846, 190, 'Grenadines', ''),
(1847, 190, 'Parish of Charlotte', ''),
(1848, 190, 'Parish of Saint George', ''),
(1849, 192, 'Atua', ''),
(1850, 192, 'Tuamasaga', ''),
(1851, 193, 'Castello di Acquaviva', ''),
(1852, 193, 'Castello di Borgo Maggiore', ''),
(1853, 193, 'Castello di Domagnano', ''),
(1854, 193, 'Castello di San Marino Citta', ''),
(1855, 193, 'Serravalle', ''),
(1856, 194, 'São Tomé Island', ''),
(1857, 195, 'Al Madinah al Munawwarah', ''),
(1858, 195, 'Al-Qassim', ''),
(1859, 195, 'Ar Riyāḑ', ''),
(1860, 195, 'Eastern Province', ''),
(1861, 195, 'Jizan', ''),
(1862, 195, 'Makkah Province', ''),
(1863, 195, 'Mintaqat \'Asir', ''),
(1864, 195, 'Mintaqat al Bahah', ''),
(1865, 195, 'Mintaqat Ha\'il', ''),
(1866, 195, 'Mintaqat Najran', ''),
(1867, 195, 'Mintaqat Tabuk', ''),
(1868, 195, 'Northern Borders', ''),
(1869, 196, 'Dakar', ''),
(1870, 196, 'Fatick', ''),
(1871, 196, 'Kaolack', ''),
(1872, 196, 'Kolda', ''),
(1873, 196, 'Louga', ''),
(1874, 196, 'Region de Kaffrine', ''),
(1875, 196, 'Region de Kedougou', ''),
(1876, 196, 'Region de Sedhiou', ''),
(1877, 196, 'Saint-Louis', ''),
(1878, 196, 'Tambacounda', ''),
(1879, 197, 'Central Serbia', ''),
(1880, 197, 'Vojvodina', ''),
(1881, 198, 'English River', ''),
(1882, 198, 'Takamaka', ''),
(1883, 199, 'Western Area', ''),
(1884, 200, 'Central Singapore Community Development Council', ''),
(1885, 200, 'North East Community Development Region', ''),
(1886, 200, 'North West Community Development Council', ''),
(1887, 202, 'Banskobystricky kraj', ''),
(1888, 202, 'Bratislavsky kraj', ''),
(1889, 202, 'Kosicky kraj', ''),
(1890, 202, 'Nitriansky kraj', ''),
(1891, 202, 'Presovsky kraj', ''),
(1892, 202, 'Trenciansky kraj', ''),
(1893, 202, 'Trnavsky kraj', ''),
(1894, 202, 'Zilinsky kraj', ''),
(1895, 203, 'Beltinci', ''),
(1896, 203, 'Benedikt', ''),
(1897, 203, 'Bistrica ob Sotli', ''),
(1898, 203, 'Borovnica', ''),
(1899, 203, 'Brda', ''),
(1900, 203, 'Brezovica', ''),
(1901, 203, 'Celje', ''),
(1902, 203, 'Cerklje na Gorenjskem', ''),
(1903, 203, 'Cerknica', ''),
(1904, 203, 'Cerkvenjak', ''),
(1905, 203, 'Dobrova-Polhov Gradec', ''),
(1906, 203, 'Dol pri Ljubljani', ''),
(1907, 203, 'Dornava', ''),
(1908, 203, 'Dravograd', ''),
(1909, 203, 'Duplek', ''),
(1910, 203, 'Gorenja Vas-Poljane', ''),
(1911, 203, 'Gornja Radgona', ''),
(1912, 203, 'Grosuplje', ''),
(1913, 203, 'Hajdina', ''),
(1914, 203, 'Horjul', ''),
(1915, 203, 'Idrija', ''),
(1916, 203, 'Ilirska Bistrica', ''),
(1917, 203, 'Izola', ''),
(1918, 203, 'Jesenice', ''),
(1919, 203, 'Kamnik', ''),
(1920, 203, 'Kanal', ''),
(1921, 203, 'Kobilje', ''),
(1922, 203, 'Komenda', ''),
(1923, 203, 'Koper', ''),
(1924, 203, 'Kranj', ''),
(1925, 203, 'Kranjska Gora', ''),
(1926, 203, 'Litija', ''),
(1927, 203, 'Ljubljana', ''),
(1928, 203, 'Ljubno', ''),
(1929, 203, 'Ljutomer', ''),
(1930, 203, 'Maribor', ''),
(1931, 203, 'Markovci', ''),
(1932, 203, 'Medvode', ''),
(1933, 203, 'Mestna Obcina Novo mesto', ''),
(1934, 203, 'Miren-Kostanjevica', ''),
(1935, 203, 'Mislinja', ''),
(1936, 203, 'Mozirje', ''),
(1937, 203, 'Murska Sobota', ''),
(1938, 203, 'Naklo', ''),
(1939, 203, 'Nazarje', ''),
(1940, 203, 'Nova Gorica', ''),
(1941, 203, 'Obcina Ajdovscina', ''),
(1942, 203, 'Obcina Bled', ''),
(1943, 203, 'Obcina Braslovce', ''),
(1944, 203, 'Obcina Brezice', ''),
(1945, 203, 'Obcina Crensovci', ''),
(1946, 203, 'Obcina Divaca', ''),
(1947, 203, 'Obcina Domzale', ''),
(1948, 203, 'Obcina Gorisnica', ''),
(1949, 203, 'Obcina Hoce-Slivnica', ''),
(1950, 203, 'Obcina Ivancna Gorica', ''),
(1951, 203, 'Obcina Kidricevo', ''),
(1952, 203, 'Obcina Kobarid', ''),
(1953, 203, 'Obcina Kocevje', ''),
(1954, 203, 'Obcina Krizevci', ''),
(1955, 203, 'Obcina Krsko', ''),
(1956, 203, 'Obcina Lasko', ''),
(1957, 203, 'Obcina Majsperk', ''),
(1958, 203, 'Obcina Menges', ''),
(1959, 203, 'Obcina Mezica', ''),
(1960, 203, 'Obcina Miklavz na Dravskem Polju', ''),
(1961, 203, 'Obcina Radece', ''),
(1962, 203, 'Obcina Ravne na Koroskem', ''),
(1963, 203, 'Obcina Ruse', ''),
(1964, 203, 'Obcina Sencur', ''),
(1965, 203, 'Obcina Sentjur', ''),
(1966, 203, 'Obcina Sezana', ''),
(1967, 203, 'Obcina Skofljica', ''),
(1968, 203, 'Obcina Smarje pri Jelsah', ''),
(1969, 203, 'Obcina Smartno ob Paki', ''),
(1970, 203, 'Obcina Sodrazica', ''),
(1971, 203, 'Obcina Sostanj', ''),
(1972, 203, 'Obcina Sveti Jurij ob Scavnici', ''),
(1973, 203, 'Obcina Tisina', ''),
(1974, 203, 'Obcina Tolmin', ''),
(1975, 203, 'Obcina Trzic', ''),
(1976, 203, 'Obcina Velike Lasce', ''),
(1977, 203, 'Obcina Ziri', ''),
(1978, 203, 'Obcina Zrece', ''),
(1979, 203, 'Pesnica', ''),
(1980, 203, 'Piran', ''),
(1981, 203, 'Podvelka', ''),
(1982, 203, 'Postojna', ''),
(1983, 203, 'Prevalje', ''),
(1984, 203, 'Ptuj', ''),
(1985, 203, 'Puconci', ''),
(1986, 203, 'Radovljica', ''),
(1987, 203, 'Selnica ob Dravi', ''),
(1988, 203, 'Škofja Loka', ''),
(1989, 203, 'Slovenj Gradec', ''),
(1990, 203, 'Slovenska Bistrica', ''),
(1991, 203, 'Slovenske Konjice', ''),
(1992, 203, 'Sveta Ana', ''),
(1993, 203, 'Trbovlje', ''),
(1994, 203, 'Trebnje', ''),
(1995, 203, 'Trzin', ''),
(1996, 203, 'Velenje', ''),
(1997, 203, 'Vodice', ''),
(1998, 203, 'Vojnik', ''),
(1999, 203, 'Vrhnika', ''),
(2000, 203, 'Zagorje ob Savi', ''),
(2001, 204, 'Guadalcanal Province', ''),
(2002, 205, 'Banaadir', ''),
(2003, 205, 'Gedo', ''),
(2004, 205, 'Woqooyi Galbeed', ''),
(2005, 206, 'Eastern Cape', ''),
(2006, 206, 'Gauteng', ''),
(2007, 206, 'KwaZulu-Natal', ''),
(2008, 206, 'Limpopo', ''),
(2009, 206, 'Mpumalanga', ''),
(2010, 206, 'Northern Cape', ''),
(2011, 206, 'Orange Free State', ''),
(2012, 206, 'Province of North West', ''),
(2013, 206, 'Province of the Western Cape', ''),
(2014, 208, 'Central Equatoria', ''),
(2015, 209, 'Andalusia', ''),
(2016, 209, 'Aragon', ''),
(2017, 209, 'Balearic Islands', ''),
(2018, 209, 'Basque Country', ''),
(2019, 209, 'Canary Islands', ''),
(2020, 209, 'Cantabria', ''),
(2021, 209, 'Castille and León', ''),
(2022, 209, 'Castille-La Mancha', ''),
(2023, 209, 'Catalonia', ''),
(2024, 209, 'Ceuta', ''),
(2025, 209, 'Extremadura', ''),
(2026, 209, 'Galicia', ''),
(2027, 209, 'La Rioja', ''),
(2028, 209, 'Madrid', ''),
(2029, 209, 'Melilla', ''),
(2030, 209, 'Murcia', ''),
(2031, 209, 'Navarre', ''),
(2032, 209, 'Principality of Asturias', ''),
(2033, 209, 'Valencia', ''),
(2034, 210, 'Central Province', ''),
(2035, 210, 'Eastern Province', ''),
(2036, 210, 'North Central Province', ''),
(2037, 210, 'Northern Province', ''),
(2038, 210, 'Province of Uva', ''),
(2039, 210, 'Western Province', ''),
(2040, 211, 'Al Jazīrah', ''),
(2041, 211, 'Blue Nile', ''),
(2042, 211, 'Kassala', ''),
(2043, 211, 'Khartoum', ''),
(2044, 211, 'Northern', ''),
(2045, 211, 'Northern Darfur', ''),
(2046, 211, 'River Nile', ''),
(2047, 211, 'Sinnār', ''),
(2048, 211, 'Southern Darfur', ''),
(2049, 211, 'Southern Kordofan', ''),
(2050, 212, 'Distrikt Brokopondo', ''),
(2051, 212, 'Distrikt Commewijne', ''),
(2052, 212, 'Distrikt Coronie', ''),
(2053, 212, 'Distrikt Marowijne', ''),
(2054, 212, 'Distrikt Nickerie', ''),
(2055, 212, 'Distrikt Para', ''),
(2056, 212, 'Distrikt Paramaribo', ''),
(2057, 212, 'Distrikt Saramacca', ''),
(2058, 212, 'Distrikt Sipaliwini', ''),
(2059, 213, 'Jan Mayen', ''),
(2060, 213, 'Svalbard', ''),
(2061, 214, 'Hhohho District', ''),
(2062, 214, 'Manzini District', ''),
(2063, 215, 'Blekinge', ''),
(2064, 215, 'Dalarna', ''),
(2065, 215, 'Gävleborg', ''),
(2066, 215, 'Gotland', ''),
(2067, 215, 'Halland', ''),
(2068, 215, 'Jämtland', ''),
(2069, 215, 'Jönköping', ''),
(2070, 215, 'Kalmar', ''),
(2071, 215, 'Kronoberg', ''),
(2072, 215, 'Norrbotten', ''),
(2073, 215, 'Örebro', ''),
(2074, 215, 'Östergötland', ''),
(2075, 215, 'Skåne', ''),
(2076, 215, 'Södermanland', ''),
(2077, 215, 'Stockholm', ''),
(2078, 215, 'Uppsala', ''),
(2079, 215, 'Värmland', ''),
(2080, 215, 'Västerbotten', ''),
(2081, 215, 'Västernorrland', ''),
(2082, 215, 'Västmanland', ''),
(2083, 215, 'Västra Götaland', ''),
(2084, 216, 'Aargau', ''),
(2085, 216, 'Appenzell Ausserrhoden', ''),
(2086, 216, 'Appenzell Innerrhoden', ''),
(2087, 216, 'Basel-City', ''),
(2088, 216, 'Basel-Landschaft', ''),
(2089, 216, 'Bern', ''),
(2090, 216, 'Fribourg', ''),
(2091, 216, 'Geneva', ''),
(2092, 216, 'Glarus', ''),
(2093, 216, 'Grisons', ''),
(2094, 216, 'Jura', ''),
(2095, 216, 'Lucerne', ''),
(2096, 216, 'Neuchâtel', ''),
(2097, 216, 'Nidwalden', ''),
(2098, 216, 'Obwalden', ''),
(2099, 216, 'Saint Gallen', ''),
(2100, 216, 'Schaffhausen', ''),
(2101, 216, 'Schwyz', ''),
(2102, 216, 'Solothurn', ''),
(2103, 216, 'Thurgau', ''),
(2104, 216, 'Ticino', ''),
(2105, 216, 'Uri', ''),
(2106, 216, 'Valais', ''),
(2107, 216, 'Vaud', ''),
(2108, 216, 'Zug', ''),
(2109, 216, 'Zurich', ''),
(2110, 217, 'Aleppo Governorate', ''),
(2111, 217, 'As-Suwayda Governorate', ''),
(2112, 217, 'Damascus Governorate', ''),
(2113, 217, 'Hama Governorate', ''),
(2114, 217, 'Latakia Governorate', ''),
(2115, 218, 'Fukien', ''),
(2116, 218, 'Kaohsiung', ''),
(2117, 218, 'Taipei', ''),
(2118, 218, 'Taiwan', ''),
(2119, 219, 'Gorno-Badakhshan', ''),
(2120, 220, 'Arusha', ''),
(2121, 220, 'Dar es Salaam Region', ''),
(2122, 220, 'Dodoma', ''),
(2123, 220, 'Iringa', ''),
(2124, 220, 'Kagera', ''),
(2125, 220, 'Kigoma', ''),
(2126, 220, 'Kilimanjaro', ''),
(2127, 220, 'Lindi', ''),
(2128, 220, 'Manyara', ''),
(2129, 220, 'Mara', ''),
(2130, 220, 'Mbeya', ''),
(2131, 220, 'Morogoro', ''),
(2132, 220, 'Mtwara', ''),
(2133, 220, 'Mwanza', ''),
(2134, 220, 'Pemba North', ''),
(2135, 220, 'Pemba South', ''),
(2136, 220, 'Pwani', ''),
(2137, 220, 'Rukwa', ''),
(2138, 220, 'Ruvuma', ''),
(2139, 220, 'Shinyanga', ''),
(2140, 220, 'Singida', ''),
(2141, 220, 'Tabora', ''),
(2142, 220, 'Tanga', ''),
(2143, 220, 'Zanzibar Central/South', ''),
(2144, 220, 'Zanzibar North', ''),
(2145, 220, 'Zanzibar Urban/West', ''),
(2146, 221, 'Bangkok', ''),
(2147, 221, 'Changwat Amnat Charoen', ''),
(2148, 221, 'Changwat Ang Thong', ''),
(2149, 221, 'Changwat Bueng Kan', ''),
(2150, 221, 'Changwat Buriram', ''),
(2151, 221, 'Changwat Chachoengsao', ''),
(2152, 221, 'Changwat Chaiyaphum', ''),
(2153, 221, 'Changwat Chanthaburi', ''),
(2154, 221, 'Changwat Chiang Rai', ''),
(2155, 221, 'Changwat Chon Buri', ''),
(2156, 221, 'Changwat Chumphon', ''),
(2157, 221, 'Changwat Kalasin', ''),
(2158, 221, 'Changwat Kamphaeng Phet', ''),
(2159, 221, 'Changwat Kanchanaburi', ''),
(2160, 221, 'Changwat Khon Kaen', ''),
(2161, 221, 'Changwat Krabi', ''),
(2162, 221, 'Changwat Lampang', ''),
(2163, 221, 'Changwat Lamphun', ''),
(2164, 221, 'Changwat Loei', ''),
(2165, 221, 'Changwat Lop Buri', ''),
(2166, 221, 'Changwat Mae Hong Son', ''),
(2167, 221, 'Changwat Maha Sarakham', ''),
(2168, 221, 'Changwat Mukdahan', ''),
(2169, 221, 'Changwat Nakhon Nayok', ''),
(2170, 221, 'Changwat Nakhon Pathom', ''),
(2171, 221, 'Changwat Nakhon Ratchasima', ''),
(2172, 221, 'Changwat Nakhon Sawan', ''),
(2173, 221, 'Changwat Nakhon Si Thammarat', ''),
(2174, 221, 'Changwat Nan', ''),
(2175, 221, 'Changwat Narathiwat', ''),
(2176, 221, 'Changwat Nong Bua Lamphu', ''),
(2177, 221, 'Changwat Nong Khai', ''),
(2178, 221, 'Changwat Nonthaburi', ''),
(2179, 221, 'Changwat Pathum Thani', ''),
(2180, 221, 'Changwat Pattani', ''),
(2181, 221, 'Changwat Phangnga', ''),
(2182, 221, 'Changwat Phatthalung', ''),
(2183, 221, 'Changwat Phayao', ''),
(2184, 221, 'Changwat Phetchabun', ''),
(2185, 221, 'Changwat Phetchaburi', ''),
(2186, 221, 'Changwat Phichit', ''),
(2187, 221, 'Changwat Phitsanulok', ''),
(2188, 221, 'Changwat Phra Nakhon Si Ayutthaya', ''),
(2189, 221, 'Changwat Phrae', ''),
(2190, 221, 'Changwat Prachin Buri', ''),
(2191, 221, 'Changwat Prachuap Khiri Khan', ''),
(2192, 221, 'Changwat Ranong', ''),
(2193, 221, 'Changwat Ratchaburi', ''),
(2194, 221, 'Changwat Rayong', ''),
(2195, 221, 'Changwat Roi Et', ''),
(2196, 221, 'Changwat Sa Kaeo', ''),
(2197, 221, 'Changwat Sakon Nakhon', ''),
(2198, 221, 'Changwat Samut Prakan', ''),
(2199, 221, 'Changwat Samut Sakhon', ''),
(2200, 221, 'Changwat Samut Songkhram', ''),
(2201, 221, 'Changwat Sara Buri', ''),
(2202, 221, 'Changwat Satun', ''),
(2203, 221, 'Changwat Sing Buri', ''),
(2204, 221, 'Changwat Sisaket', ''),
(2205, 221, 'Changwat Songkhla', ''),
(2206, 221, 'Changwat Sukhothai', ''),
(2207, 221, 'Changwat Suphan Buri', ''),
(2208, 221, 'Changwat Surat Thani', ''),
(2209, 221, 'Changwat Surin', ''),
(2210, 221, 'Changwat Tak', ''),
(2211, 221, 'Changwat Trang', ''),
(2212, 221, 'Changwat Trat', ''),
(2213, 221, 'Changwat Ubon Ratchathani', ''),
(2214, 221, 'Changwat Udon Thani', ''),
(2215, 221, 'Changwat Uthai Thani', ''),
(2216, 221, 'Changwat Uttaradit', ''),
(2217, 221, 'Changwat Yala', ''),
(2218, 221, 'Changwat Yasothon', ''),
(2219, 221, 'Chiang Mai Province', ''),
(2220, 221, 'Phuket', ''),
(2221, 222, 'Maritime', ''),
(2222, 223, 'Nukunonu', ''),
(2223, 224, 'Vava\'u', ''),
(2224, 225, 'Borough of Arima', ''),
(2225, 225, 'Chaguanas', ''),
(2226, 225, 'City of Port of Spain', ''),
(2227, 225, 'City of San Fernando', ''),
(2228, 225, 'Couva-Tabaquite-Talparo', ''),
(2229, 225, 'Diego Martin', ''),
(2230, 225, 'Eastern Tobago', ''),
(2231, 225, 'Mayaro', ''),
(2232, 225, 'Penal/Debe', ''),
(2233, 225, 'Point Fortin', ''),
(2234, 225, 'Princes Town', ''),
(2235, 225, 'San Juan/Laventille', ''),
(2236, 225, 'Sangre Grande', ''),
(2237, 225, 'Siparia', ''),
(2238, 225, 'Tobago', ''),
(2239, 225, 'Tunapuna/Piarco', ''),
(2240, 226, 'Gouvernorat de Beja', ''),
(2241, 226, 'Gouvernorat de Ben Arous', ''),
(2242, 226, 'Gouvernorat de Kairouan', ''),
(2243, 226, 'Gouvernorat de Kef', ''),
(2244, 226, 'Gouvernorat de l\'Ariana', ''),
(2245, 226, 'Gouvernorat de Mahdia', ''),
(2246, 226, 'Gouvernorat de Nabeul', ''),
(2247, 226, 'Gouvernorat de Sfax', ''),
(2248, 226, 'Gouvernorat de Sidi Bouzid', ''),
(2249, 226, 'Gouvernorat de Siliana', ''),
(2250, 226, 'Gouvernorat de Sousse', ''),
(2251, 226, 'Gouvernorat de Tozeur', ''),
(2252, 226, 'Gouvernorat de Tunis', ''),
(2253, 226, 'Gouvernorat de Zaghouan', ''),
(2254, 226, 'Manouba', ''),
(2255, 226, 'Tataouine', ''),
(2256, 227, 'Adana', ''),
(2257, 227, 'Adiyaman', ''),
(2258, 227, 'Afyonkarahisar', ''),
(2259, 227, 'Ağrı', ''),
(2260, 227, 'Aksaray', ''),
(2261, 227, 'Amasya', ''),
(2262, 227, 'Ankara', ''),
(2263, 227, 'Antalya', ''),
(2264, 227, 'Ardahan', ''),
(2265, 227, 'Artvin', ''),
(2266, 227, 'Aydın', ''),
(2267, 227, 'Balıkesir', ''),
(2268, 227, 'Bartın', ''),
(2269, 227, 'Batman', ''),
(2270, 227, 'Bayburt', ''),
(2271, 227, 'Bilecik', ''),
(2272, 227, 'Bingöl', ''),
(2273, 227, 'Bitlis', ''),
(2274, 227, 'Bolu', ''),
(2275, 227, 'Burdur', ''),
(2276, 227, 'Bursa', ''),
(2277, 227, 'Çanakkale', ''),
(2278, 227, 'Çankırı', ''),
(2279, 227, 'Çorum', ''),
(2280, 227, 'Denizli', ''),
(2281, 227, 'Diyarbakir', ''),
(2282, 227, 'Duezce', ''),
(2283, 227, 'Edirne', ''),
(2284, 227, 'Elazığ', ''),
(2285, 227, 'Erzincan', ''),
(2286, 227, 'Erzurum', ''),
(2287, 227, 'Eskişehir', ''),
(2288, 227, 'Gaziantep', ''),
(2289, 227, 'Giresun', ''),
(2290, 227, 'Guemueshane', ''),
(2291, 227, 'Hakkâri', ''),
(2292, 227, 'Hatay', ''),
(2293, 227, 'Iğdır', ''),
(2294, 227, 'Isparta', ''),
(2295, 227, 'Istanbul', ''),
(2296, 227, 'Izmir', ''),
(2297, 227, 'Kahramanmaraş', ''),
(2298, 227, 'Karabuek', ''),
(2299, 227, 'Karaman', ''),
(2300, 227, 'Kars', ''),
(2301, 227, 'Kastamonu', ''),
(2302, 227, 'Kayseri', ''),
(2303, 227, 'Kilis', ''),
(2304, 227, 'Kırıkkale', ''),
(2305, 227, 'Kırklareli', ''),
(2306, 227, 'Kırşehir', ''),
(2307, 227, 'Kocaeli', ''),
(2308, 227, 'Konya', ''),
(2309, 227, 'Kütahya', ''),
(2310, 227, 'Malatya', ''),
(2311, 227, 'Manisa', ''),
(2312, 227, 'Mardin', ''),
(2313, 227, 'Mersin', ''),
(2314, 227, 'Muğla', ''),
(2315, 227, 'Muş', ''),
(2316, 227, 'Nevsehir', ''),
(2317, 227, 'Nigde', ''),
(2318, 227, 'Ordu', ''),
(2319, 227, 'Osmaniye', ''),
(2320, 227, 'Rize', ''),
(2321, 227, 'Sakarya', ''),
(2322, 227, 'Samsun', ''),
(2323, 227, 'Şanlıurfa', ''),
(2324, 227, 'Siirt', ''),
(2325, 227, 'Sinop', ''),
(2326, 227, 'Şırnak', ''),
(2327, 227, 'Sivas', ''),
(2328, 227, 'Tekirdağ', ''),
(2329, 227, 'Tokat', ''),
(2330, 227, 'Trabzon', ''),
(2331, 227, 'Tunceli', ''),
(2332, 227, 'Uşak', ''),
(2333, 227, 'Van', ''),
(2334, 227, 'Yalova', ''),
(2335, 227, 'Yozgat', ''),
(2336, 227, 'Zonguldak', ''),
(2337, 228, 'Ahal', ''),
(2338, 230, 'Funafuti', ''),
(2339, 230, 'Vaitupu', ''),
(2340, 232, 'Saint Croix Island', ''),
(2341, 232, 'Saint John Island', ''),
(2342, 232, 'Saint Thomas Island', ''),
(2343, 233, 'Central Region', ''),
(2344, 234, 'Cherkas\'ka Oblast', ''),
(2345, 234, 'Chernihiv', ''),
(2346, 234, 'Chernivtsi', ''),
(2347, 234, 'Crimea', ''),
(2348, 234, 'Dnipropetrovska Oblast', ''),
(2349, 234, 'Donets\'ka Oblast', ''),
(2350, 234, 'Ivano-Frankivs\'ka Oblast', ''),
(2351, 234, 'Kharkivs\'ka Oblast', ''),
(2352, 234, 'Khersons\'ka Oblast', ''),
(2353, 234, 'Khmel\'nyts\'ka Oblast', ''),
(2354, 234, 'Kirovohrads\'ka Oblast', ''),
(2355, 234, 'Kyiv City', ''),
(2356, 234, 'Kyiv Oblast', ''),
(2357, 234, 'L\'vivs\'ka Oblast', ''),
(2358, 234, 'Luhans\'ka Oblast', ''),
(2359, 234, 'Misto Sevastopol\'', ''),
(2360, 234, 'Mykolayivs\'ka Oblast', ''),
(2361, 234, 'Odessa', ''),
(2362, 234, 'Poltavs\'ka Oblast', ''),
(2363, 234, 'Rivnens\'ka Oblast', ''),
(2364, 234, 'Sums\'ka Oblast', ''),
(2365, 234, 'Ternopil\'s\'ka Oblast', ''),
(2366, 234, 'Vinnyts\'ka Oblast', ''),
(2367, 234, 'Volyns\'ka Oblast', ''),
(2368, 234, 'Zakarpattia Oblast', ''),
(2369, 234, 'Zaporizhia', ''),
(2370, 234, 'Zhytomyrs\'ka Oblast', ''),
(2371, 235, 'Abu Dhabi', ''),
(2372, 235, 'Ajman', ''),
(2373, 235, 'Al Fujayrah', ''),
(2374, 235, 'Ash Shariqah', ''),
(2375, 235, 'Dubai', ''),
(2376, 235, 'Ra\'s al Khaymah', ''),
(2377, 236, 'England', ''),
(2378, 236, 'Northern Ireland', ''),
(2379, 236, 'Scotland', ''),
(2380, 236, 'Wales', ''),
(2381, 237, 'Alabama', 'AL'),
(2382, 237, 'Alaska', 'AK'),
(2383, 237, 'Arizona', 'AZ'),
(2384, 237, 'Arkansas', 'AR'),
(2385, 237, 'California', 'CA'),
(2386, 237, 'Colorado', 'CO'),
(2387, 237, 'Connecticut', 'CT'),
(2388, 237, 'Delaware', 'DE'),
(2389, 237, 'District of Columbia', 'DC'),
(2390, 237, 'Florida', 'FL'),
(2391, 237, 'Georgia', 'GA'),
(2392, 237, 'Hawaii', 'HI'),
(2393, 237, 'Idaho', 'ID'),
(2394, 237, 'Illinois', 'IL'),
(2395, 237, 'Indiana', 'IN'),
(2396, 237, 'Iowa', 'IA'),
(2397, 237, 'Kansas', 'KS'),
(2398, 237, 'Kentucky', 'KY'),
(2399, 237, 'Louisiana', 'LA'),
(2400, 237, 'Maine', 'ME'),
(2401, 237, 'Maryland', 'MD'),
(2402, 237, 'Massachusetts', 'MA'),
(2403, 237, 'Michigan', 'MI'),
(2404, 237, 'Minnesota', 'MN'),
(2405, 237, 'Mississippi', 'MS'),
(2406, 237, 'Missouri', 'MO'),
(2407, 237, 'Montana', 'MT'),
(2408, 237, 'Nebraska', 'NE'),
(2409, 237, 'Nevada', 'NV'),
(2410, 237, 'New Hampshire', 'NH'),
(2411, 237, 'New Jersey', 'NJ'),
(2412, 237, 'New Mexico', 'NM'),
(2413, 237, 'New York', 'NY'),
(2414, 237, 'North Carolina', 'NC'),
(2415, 237, 'North Dakota', 'ND'),
(2416, 237, 'Ohio', 'OH'),
(2417, 237, 'Oklahoma', 'OK'),
(2418, 237, 'Oregon', 'OR'),
(2419, 237, 'Pennsylvania', 'PA'),
(2420, 237, 'Rhode Island', 'RI'),
(2421, 237, 'South Carolina', 'SC'),
(2422, 237, 'South Dakota', 'SD'),
(2423, 237, 'Tennessee', 'TN'),
(2424, 237, 'Texas', 'TX'),
(2425, 237, 'Utah', 'UT'),
(2426, 237, 'Vermont', 'VT'),
(2427, 237, 'Virginia', 'VA'),
(2428, 237, 'Washington', 'WA'),
(2429, 237, 'West Virginia', 'WV'),
(2430, 237, 'Wisconsin', 'WI'),
(2431, 237, 'Wyoming', 'WY'),
(2432, 238, 'Canelones', ''),
(2433, 238, 'Colonia', ''),
(2434, 238, 'Departamento de Durazno', ''),
(2435, 238, 'Departamento de Montevideo', ''),
(2436, 238, 'Departamento de Paysandu', ''),
(2437, 238, 'Departamento de Salto', ''),
(2438, 238, 'Florida', ''),
(2439, 238, 'Lavalleja', ''),
(2440, 238, 'Maldonado', ''),
(2441, 238, 'Soriano', ''),
(2442, 239, 'Andijan', ''),
(2443, 239, 'Qashqadaryo', ''),
(2444, 239, 'Samarqand Viloyati', ''),
(2445, 239, 'Surxondaryo Viloyati', ''),
(2446, 239, 'Toshkent Shahri', ''),
(2447, 240, 'Penama Province', ''),
(2448, 240, 'Shefa Province', ''),
(2449, 242, 'Amazonas', ''),
(2450, 242, 'Anzoátegui', ''),
(2451, 242, 'Apure', ''),
(2452, 242, 'Aragua', ''),
(2453, 242, 'Barinas', ''),
(2454, 242, 'Bolívar', ''),
(2455, 242, 'Capital', ''),
(2456, 242, 'Carabobo', ''),
(2457, 242, 'Cojedes', ''),
(2458, 242, 'Delta Amacuro', ''),
(2459, 242, 'Dependencias Federales', ''),
(2460, 242, 'Estado Trujillo', ''),
(2461, 242, 'Falcón', ''),
(2462, 242, 'Guárico', ''),
(2463, 242, 'Lara', ''),
(2464, 242, 'Mérida', ''),
(2465, 242, 'Miranda', ''),
(2466, 242, 'Monagas', ''),
(2467, 242, 'Nueva Esparta', ''),
(2468, 242, 'Portuguesa', ''),
(2469, 242, 'Sucre', ''),
(2470, 242, 'Táchira', ''),
(2471, 242, 'Vargas', ''),
(2472, 242, 'Yaracuy', ''),
(2473, 242, 'Zulia', ''),
(2474, 243, 'An Giang', ''),
(2475, 243, 'Gia Lai', ''),
(2476, 243, 'Hau Giang', ''),
(2477, 243, 'Ho Chi Minh City', ''),
(2478, 243, 'Kon Tum', ''),
(2479, 243, 'Thanh Pho Can Tho', ''),
(2480, 243, 'Thanh Pho GJa Nang', ''),
(2481, 243, 'Thanh Pho Ha Noi', ''),
(2482, 243, 'Thanh Pho Hai Phong', ''),
(2483, 243, 'Tinh Ba Ria-Vung Tau', ''),
(2484, 243, 'Tinh Bac Giang', ''),
(2485, 243, 'Tinh Bac Ninh', ''),
(2486, 243, 'Tinh Ben Tre', ''),
(2487, 243, 'Tinh Binh Duong', ''),
(2488, 243, 'Tinh Binh GJinh', ''),
(2489, 243, 'Tinh Binh Thuan', ''),
(2490, 243, 'Tinh Ca Mau', ''),
(2491, 243, 'Tinh Dien Bien', ''),
(2492, 243, 'Tinh GJong Nai', ''),
(2493, 243, 'Tinh Ha Giang', ''),
(2494, 243, 'Tinh Ha Tinh', ''),
(2495, 243, 'Tinh Hai Duong', ''),
(2496, 243, 'Tinh Hoa Binh', ''),
(2497, 243, 'Tinh Hung Yen', ''),
(2498, 243, 'Tinh Khanh Hoa', ''),
(2499, 243, 'Tinh Lai Chau', ''),
(2500, 243, 'Tinh Lam GJong', ''),
(2501, 243, 'Tinh Lang Son', ''),
(2502, 243, 'Tinh Lao Cai', ''),
(2503, 243, 'Tinh Nam GJinh', ''),
(2504, 243, 'Tinh Nghe An', ''),
(2505, 243, 'Tinh Ninh Binh', ''),
(2506, 243, 'Tinh Phu Tho', ''),
(2507, 243, 'Tinh Quang Binh', ''),
(2508, 243, 'Tinh Quang Nam', ''),
(2509, 243, 'Tinh Quang Ngai', ''),
(2510, 243, 'Tinh Quang Ninh', ''),
(2511, 243, 'Tinh Quang Tri', ''),
(2512, 243, 'Tinh Soc Trang', ''),
(2513, 243, 'Tinh Son La', ''),
(2514, 243, 'Tinh Thai Binh', ''),
(2515, 243, 'Tinh Thai Nguyen', ''),
(2516, 243, 'Tinh Thanh Hoa', ''),
(2517, 243, 'Tinh Thua Thien-Hue', ''),
(2518, 243, 'Tinh Tien Giang', ''),
(2519, 243, 'Tinh Tra Vinh', ''),
(2520, 243, 'Tinh Tuyen Quang', ''),
(2521, 243, 'Tinh Vinh Long', ''),
(2522, 243, 'Tinh Vinh Phuc', ''),
(2523, 243, 'Tinh Yen Bai', ''),
(2524, 244, 'Circonscription d\'Uvea', ''),
(2525, 245, 'Aden', ''),
(2526, 245, 'Muhafazat Hadramawt', ''),
(2527, 245, 'Sanaa', ''),
(2528, 246, 'Central Province', ''),
(2529, 246, 'Copperbelt', ''),
(2530, 246, 'Luapula Province', ''),
(2531, 246, 'Lusaka Province', ''),
(2532, 246, 'North-Western Province', ''),
(2533, 246, 'Northern Province', ''),
(2534, 246, 'Southern Province', ''),
(2535, 246, 'Western Province', ''),
(2536, 247, 'Bulawayo', ''),
(2537, 247, 'Harare', ''),
(2538, 247, 'Mashonaland West', ''),
(2539, 247, 'Matabeleland North', ''),
(2540, 247, 'Matabeleland South Province', '');

-- --------------------------------------------------------

--
-- Table structure for table `reps`
--

CREATE TABLE `reps` (
  `rep_id` smallint(5) UNSIGNED NOT NULL,
  `rep_name` varchar(128) COLLATE utf8mb4_unicode_ci NOT NULL,
  `code` varchar(16) COLLATE utf8mb4_unicode_ci NOT NULL,
  `address` varchar(255) COLLATE utf8mb4_unicode_ci NOT NULL,
  `country_id` smallint(5) UNSIGNED NOT NULL,
  `region_id` smallint(5) UNSIGNED NOT NULL,
  `city_id` mediumint(8) UNSIGNED NOT NULL,
  `logo` varchar(255) COLLATE utf8mb4_unicode_ci NOT NULL,
  `url` varchar(255) COLLATE utf8mb4_unicode_ci NOT NULL,
  `email1` varchar(255) COLLATE utf8mb4_unicode_ci NOT NULL,
  `email2` varchar(255) COLLATE utf8mb4_unicode_ci NOT NULL,
  `phone1` varchar(32) COLLATE utf8mb4_unicode_ci NOT NULL,
  `phone2` varchar(32) COLLATE utf8mb4_unicode_ci NOT NULL
) ENGINE=InnoDB DEFAULT CHARSET=utf8mb4 COLLATE=utf8mb4_unicode_ci;

--
-- Dumping data for table `reps`
--

INSERT INTO `reps` (`rep_id`, `rep_name`, `code`, `address`, `country_id`, `region_id`, `city_id`, `logo`, `url`, `email1`, `email2`, `phone1`, `phone2`) VALUES
(9, 'KSA Lighting', 'KSA', '1220 Central Ave', 237, 2394, 74338, '', 'http://www.ksalighting.com/contact/', 'jwilliams@ksalighting.com', '', '630.307.6955', ''),
(10, 'PG enlighten', 'PG', '1830 B Howard Street', 237, 2394, 74448, '', 'http://www.pg-enlighten.com/', 'info@pg-enlighten.com', '', '847.228.1199', ''),
(11, 'Southern California Illumination', 'SCI', 'TEST', 237, 2385, 72236, '', '', 'quotes@scilights.com', '', '', '');

-- --------------------------------------------------------

--
-- Table structure for table `search_options`
--

CREATE TABLE `search_options` (
  `node_id` smallint(5) UNSIGNED NOT NULL,
  `parent_id` smallint(5) UNSIGNED NOT NULL,
  `name` varchar(40) COLLATE utf8mb4_unicode_ci NOT NULL,
  `lft` smallint(5) UNSIGNED NOT NULL,
  `rgt` smallint(10) UNSIGNED NOT NULL,
  `option_key` varchar(50) COLLATE utf8mb4_unicode_ci NOT NULL,
  `option_code` varchar(4) COLLATE utf8mb4_unicode_ci NOT NULL,
  `db_fields` varchar(200) COLLATE utf8mb4_unicode_ci NOT NULL,
  `type` varchar(3) COLLATE utf8mb4_unicode_ci NOT NULL,
  `section` tinyint(3) UNSIGNED NOT NULL,
  `img_src` varchar(255) COLLATE utf8mb4_unicode_ci NOT NULL,
  `hs_order` tinyint(3) UNSIGNED NOT NULL COMMENT 'Flag whether to make the dropdown available for ordering in hybrid search',
  `active` tinyint(3) UNSIGNED NOT NULL DEFAULT 1
) ENGINE=InnoDB DEFAULT CHARSET=utf8mb4 COLLATE=utf8mb4_unicode_ci;

--
-- Dumping data for table `search_options`
--

INSERT INTO `search_options` (`node_id`, `parent_id`, `name`, `lft`, `rgt`, `option_key`, `option_code`, `db_fields`, `type`, `section`, `img_src`, `hs_order`, `active`) VALUES
(1, 0, 'Specs', 1, 2014, '', '', '', '', 0, '', 0, 1),
(2, 1, 'Light Source', 766, 785, 'light_source', '', 'light_source', 'dd', 1, '', 1, 1),
(3, 1, 'Options', 1410, 1445, '', '', '', '', 1, '', 0, 1),
(4, 1, 'Fixture Type', 786, 891, 'fixture_type', '', 'fixture_type_1,fixture_type_2,fixture_type_3,fixture_type_4', 'dd', 1, '', 1, 1),
(5, 1, 'Appearance', 1246, 1307, 'appearance', '', 'appearance_1,appearance_2', 'dd', 1, '', 1, 1),
(6, 1, 'Adjustable Options', 1446, 1457, 'adjustable', '', 'adjustable', 'dd', 1, '', 1, 1),
(7, 1, 'Quick Ship', 2002, 2011, 'quick_ship', '', 'quick_ship', 'ddv', 0, '', 1, 1),
(8, 1, 'Warranty', 1990, 2001, 'warranty', '', 'warranty', 'ddv', 2, '', 1, 1),
(10, 1, 'Environment', 960, 1009, 'environment', '', 'environment_1,environment_2,environment_3,environment_4', 'dd', 1, '', 1, 1),
(11, 1, 'Maintenance', 1944, 1955, 'maintenance', '', 'maintenance', 'int', 2, '', 1, 1),
(12, 1, 'Shape', 1058, 1105, 'shape', '', 'shape', 'dd', 1, '', 1, 1),
(13, 1, 'Dimensions', 1106, 1245, '', '', '', '', 1, '', 0, 1),
(15, 1, 'Mounting', 892, 959, 'mounting', '', 'mounting_1,mounting_2', 'dd', 1, '', 1, 1),
(17, 1, 'Recessed Options', 1308, 1409, '', '', '', '', 1, '', 0, 1),
(18, 1, 'CCT/Light Color', 1536, 1587, 'cct_color', '', 'cct_color', 'dd', 2, '', 1, 1),
(19, 1, 'CRI', 1588, 1597, 'cri', '', 'cri', 'int', 2, '', 1, 1),
(20, 1, 'Optics', 1458, 1535, '', '', '', '', 1, '', 0, 1),
(21, 1, 'Dimming', 1736, 1853, '', '', '', '', 2, '', 0, 1),
(22, 1, 'Controls', 1854, 1895, '', '', '', '', 2, '', 0, 1),
(23, 1, 'Power/Voltage', 1896, 1943, '', '', '', '', 2, '', 0, 1),
(24, 1, 'Lumen', 1598, 1663, '', '', '', '', 2, '', 1, 1),
(25, 1, 'Watt', 1664, 1723, '', '', '', '', 2, '', 1, 1),
(26, 1, 'Efficacy', 1724, 1735, 'efficacy', '', 'efficacy', 'int', 2, '', 1, 1),
(27, 1, 'Listings & Certificates', 1956, 1989, '', '', '', '', 2, '', 0, 1),
(28, 2, 'LED', 767, 768, '', 'so01', '', '', 0, 'assets/images/search-options/search-options-1/led.jpg', 0, 1),
(29, 2, 'OLED', 769, 770, '', 'so02', '', '', 0, 'assets/images/search-options/search-options-1/oled.jpg', 0, 1),
(30, 2, 'PAR, BR, R- Bulbs', 773, 774, '', 'so03', '', '', 0, 'assets/images/search-options/search-options-1/par.jpg', 0, 1),
(31, 2, 'MR - Bulbs', 775, 776, '', 'so04', '', '', 0, 'assets/images/search-options/search-options-1/mr.jpg', 0, 1),
(32, 2, 'AR - Bulbs', 777, 778, '', 'so05', '', '', 0, 'assets/images/search-options/search-options-1/ar.jpg', 0, 1),
(33, 2, 'Bulbs Other', 779, 780, '', 'so06', '', '', 0, 'assets/images/search-options/search-options-1/other.jpg', 0, 1),
(34, 2, 'Fluorescent', 781, 782, '', 'so07', '', '', 0, 'assets/images/search-options/search-options-1/fluorescent.jpg', 0, 1),
(35, 2, 'HID', 783, 784, '', 'so08', '', '', 0, 'assets/images/search-options/search-options-1/hid.jpg', 0, 1),
(36, 3, 'Light Sources Qty', 1411, 1430, 'light_sources_qty', '', 'light_sources_qty', 'dd', 0, '', 1, 1),
(37, 3, 'Fixture Options', 1431, 1444, 'linear_option', '', 'linear_option_1,linear_option_2', 'dd', 0, '', 1, 1),
(38, 36, '1', 1412, 1413, '', 'lq01', '', '', 0, '', 0, 1),
(39, 36, '2', 1414, 1415, '', 'lq02', '', '', 0, '', 0, 1),
(40, 36, '3', 1416, 1417, '', 'lq03', '', '', 0, '', 0, 1),
(41, 36, '4', 1418, 1419, '', 'lq04', '', '', 0, '', 0, 1),
(42, 36, '5', 1420, 1421, '', 'lq05', '', '', 0, '', 0, 1),
(43, 36, '6', 1422, 1423, '', 'lq06', '', '', 0, '', 0, 1),
(44, 36, '7', 1424, 1425, '', 'lq07', '', '', 0, '', 0, 1),
(45, 36, '8 or more', 1426, 1427, '', 'lq08', '', '', 0, '', 0, 1),
(46, 37, 'Corners', 1432, 1433, '', 'lo01', '', '', 0, '', 0, 1),
(47, 37, 'Lit Corners', 1434, 1435, '', 'lo02', '', '', 0, '', 0, 1),
(48, 37, 'Plug & Play', 1436, 1437, '', 'lo03', '', '', 0, '', 0, 1),
(51, 37, 'Daisy Chain', 1438, 1439, '', 'lo07', '', '', 0, '', 0, 1),
(53, 4, 'Area and Site', 787, 788, '', 'ft01', '', '', 0, 'assets/images/search-options/search-options-1/area.jpg', 0, 1),
(54, 4, 'Area Historical', 789, 790, '', 'ft02', '', '', 0, 'assets/images/search-options/search-options-1/area_hystorical.jpg', 0, 1),
(55, 4, 'Roadways/Infrastructure', 791, 792, '', 'ft03', '', '', 0, 'assets/images/search-options/search-options-1/roadway_.jpg', 0, 1),
(56, 4, 'Façade Architectural', 793, 794, '', 'ft04', '', '', 0, 'assets/images/search-options/search-options-1/facade.jpg', 0, 1),
(58, 4, 'Façade Historical', 795, 796, '', 'ft05', '', '', 0, 'assets/images/search-options/search-options-1/area_hystorical.jpg', 0, 1),
(59, 4, 'Façade Utility/Wallpack', 797, 798, '', 'ft06', '', '', 0, 'assets/images/search-options/search-options-1/wallpack.jpg', 0, 1),
(60, 4, 'Facade Media', 799, 800, '', 'ft07', '', '', 0, 'assets/images/search-options/search-options-1/media.jpg', 0, 1),
(61, 4, 'Floodlight', 801, 802, '', 'ft08', '', '', 0, 'assets/images/search-options/search-options-1/floodlight.jpg', 0, 1),
(63, 4, 'Pathway', 805, 806, '', 'ft09', '', '', 0, 'assets/images/search-options/search-options-1/pathlight.jpg', 0, 1),
(64, 4, 'Parking Garage/Canopy', 811, 812, '', 'ft13', '', '', 0, 'assets/images/search-options/search-options-1/garage.jpg', 0, 1),
(65, 4, 'High Bay/Low Bay', 813, 814, '', 'ft14', '', '', 0, 'assets/images/search-options/search-options-1/hibay.jpg', 0, 1),
(67, 4, 'Industrial/Strip', 815, 816, '', 'ft15', '', '', 0, 'assets/images/search-options/search-options-1/industrials.jpg', 0, 1),
(68, 4, 'Sports', 857, 858, '', 'ft16', '', '', 0, 'assets/images/search-options/search-options-1/sports.jpg', 0, 1),
(69, 4, 'Architectural', 817, 818, '', 'ft17', '', '', 0, 'assets/images/search-options/search-options-1/architectural_.jpg', 0, 1),
(71, 4, 'Decorative', 819, 820, '', 'ft18', '', '', 0, 'assets/images/search-options/search-options-1/decor_main.jpg', 0, 1),
(72, 4, 'Accent', 821, 822, '', 'ft19', '', '', 0, 'assets/images/search-options/search-options-1/adjustable.jpg', 0, 1),
(74, 4, 'Downlight', 825, 826, '', 'ft20', '', '', 0, 'assets/images/search-options/search-options-1/downlight_adjustable_wallwash.jpg', 0, 1),
(76, 4, 'Multiples', 823, 824, '', 'ft21', '', '', 0, 'assets/images/search-options/search-options-1/adjustable_multi.jpg', 0, 1),
(77, 4, 'Wall Wash', 827, 828, '', 'ft22', '', '', 0, 'assets/images/search-options/search-options-1/wallwash.jpg', 0, 1),
(80, 4, 'Perimeter', 829, 830, '', 'ft23', '', '', 0, 'assets/images/search-options/search-options-1/perimiter.jpg', 0, 1),
(81, 4, 'Troffer', 831, 832, '', 'ft24', '', '', 0, 'assets/images/search-options/search-options-1/troffer.jpg', 0, 1),
(82, 4, 'Teleconference', 833, 834, '', 'ft25', '', '', 0, '', 0, 1),
(83, 4, 'Combo Lighting', 835, 836, '', 'ft26', '', '', 0, 'assets/images/search-options/search-options-1/combo_fixture.jpg', 0, 1),
(84, 4, 'Cove Light', 839, 840, '', 'ft28', '', '', 0, 'assets/images/search-options/search-options-1/covelight.jpg', 0, 1),
(86, 4, 'Light Panels', 843, 844, '', 'ft31', '', '', 0, 'assets/images/search-options/search-options-1/ledpanels.jpg', 0, 1),
(89, 5, 'Diodes', 1247, 1248, '', 'ap01', '', '', 0, 'assets/images/search-options/search-options-1/diode.jpg', 0, 1),
(90, 5, 'Lensed Diodes', 1249, 1250, '', 'ap02', '', '', 0, 'assets/images/search-options/search-options-1/lensedd.jpg', 0, 1),
(91, 5, 'Reflector', 1255, 1256, '', 'ap05', '', '', 0, 'assets/images/search-options/search-options-1/refl.jpg', 0, 1),
(92, 5, 'Baffle', 1257, 1258, '', 'ap06', '', '', 0, 'assets/images/search-options/search-options-1/baffle.jpg', 0, 1),
(93, 5, 'Beveled', 1259, 1260, '', 'ap07', '', '', 0, 'assets/images/search-options/search-options-1/bevel.jpg', 0, 1),
(94, 5, 'Pinhole', 1261, 1262, '', 'ap08', '', '', 0, 'assets/images/search-options/search-options-1/pinhgole.jpg', 0, 1),
(95, 5, 'Cluster Mini Reflectors', 1263, 1264, '', 'ap09', '', '', 0, 'assets/images/search-options/search-options-1/clusters.jpg', 0, 1),
(96, 5, 'Basket/Bridge', 1265, 1266, '', 'ap10', '', '', 0, 'assets/images/search-options/search-options-1/bridge.jpg', 0, 1),
(97, 5, 'Regressed Diffuser', 1269, 1270, '', 'ap12', '', '', 0, 'assets/images/search-options/search-options-1/regressedduif.jpg', 0, 1),
(98, 5, 'Flush Diffuser', 1267, 1268, '', 'ap11', '', '', 0, 'assets/images/search-options/search-options-1/flushdif.jpg', 0, 1),
(99, 5, 'Dropped Diffuser', 1271, 1272, '', 'ap13', '', '', 0, 'assets/images/search-options/search-options-1/droppeddif.jpg', 0, 1),
(100, 5, 'Light Wave Diffuser', 1273, 1274, '', 'ap14', '', '', 0, '', 0, 1),
(101, 5, 'Blades/Louvers', 1275, 1276, '', 'ap15', '', '', 0, 'assets/images/search-options/search-options-1/blade.jpg', 0, 1),
(102, 5, 'Parabolic Louvers', 1277, 1278, '', 'ap16', '', '', 0, 'assets/images/search-options/search-options-1/luver.jpg', 0, 1),
(103, 5, 'Shielded', 1279, 1280, '', 'ap17', '', '', 0, 'assets/images/search-options/search-options-1/shielded.jpg', 0, 1),
(105, 5, 'Decorative Diffuser/Shade', 1281, 1282, '', 'ap18', '', '', 0, 'assets/images/search-options/search-options-1/decoglass.jpg', 0, 1),
(106, 5, 'Multiple Diffusers/Shades', 1283, 1284, '', 'ap19', '', '', 0, 'assets/images/search-options/search-options-1/multiglass.jpg', 0, 1),
(107, 5, 'Exposed Bulbs', 1285, 1286, '', 'ap20', '', '', 0, 'assets/images/search-options/search-options-1/bulb.jpg', 0, 1),
(108, 6, 'Adjustable', 1447, 1448, '', 'ad01', '', '', 0, '', 0, 1),
(109, 6, 'Hot Aiming', 1449, 1450, '', 'ad02', '', '', 0, '', 0, 1),
(110, 6, 'Pre Aimed', 1451, 1452, '', 'ad03', '', '', 0, '', 0, 1),
(111, 6, 'Remote Aiming', 1453, 1454, '', 'ad04', '', '', 0, '', 0, 1),
(112, 6, 'Lock Aiming', 1455, 1456, '', 'ad05', '', '', 0, '', 0, 1),
(113, 7, '5 days or less', 2003, 2004, '', 'qs01', '', '', 0, '', 0, 1),
(114, 7, '10 days or less', 2005, 2006, '', 'qs02', '', '', 0, '', 0, 1),
(115, 7, '2 Weeks or less', 2007, 2008, '', 'qs03', '', '', 0, '', 0, 1),
(116, 7, '4 Weeks or less', 2009, 2010, '', 'qs04', '', '', 0, '', 0, 1),
(117, 8, 'at least 1 year', 1991, 1992, '', 'wr01', '', '', 0, '', 0, 1),
(118, 8, 'at least 3 years', 1995, 1996, '', 'wr02', '', '', 0, '', 0, 1),
(119, 8, 'at least 5 years', 1997, 1998, '', 'wr03', '', '', 0, '', 0, 1),
(120, 8, 'at least 10 years', 1999, 2000, '', 'wr04', '', '', 0, '', 0, 1),
(121, 10, 'Acoustic Absorption', 961, 962, '', 'et01', '', '', 0, 'assets/images/search-options/search-options-1/acustic.jpg', 0, 1),
(122, 10, 'Clean Room', 963, 964, '', 'et02', '', '', 0, 'assets/images/search-options/search-options-1/clean.jpg', 0, 1),
(123, 10, 'Antimicrobial Finish', 965, 966, '', 'et03', '', '', 0, 'assets/images/search-options/search-options-1/antimicrobe.jpg', 0, 1),
(124, 10, 'MRI', 969, 970, '', 'et05', '', '', 0, 'assets/images/search-options/search-options-1/MRI.jpg', 0, 1),
(125, 10, 'Damp', 971, 972, '', 'et06', '', '', 0, 'assets/images/search-options/search-options-1/damp.jpg', 0, 1),
(126, 10, 'Shower', 973, 974, '', 'et07', '', '', 0, 'assets/images/search-options/search-options-1/shower.jpg', 0, 1),
(127, 10, 'Wet', 975, 976, '', 'et08', '', '', 0, 'assets/images/search-options/search-options-1/WET.jpg', 0, 1),
(128, 10, 'Wet IP65', 977, 978, '', 'et09', '', '', 0, 'assets/images/search-options/search-options-1/IP65.jpg', 0, 1),
(129, 10, 'Wet IP66', 979, 980, '', 'et10', '', '', 0, 'assets/images/search-options/search-options-1/IP66.jpg', 0, 1),
(130, 10, 'Wet IP67', 981, 982, '', 'et11', '', '', 0, 'assets/images/search-options/search-options-1/IP67.jpg', 0, 1),
(131, 10, 'Submersible IP68', 983, 984, '', 'et12', '', '', 0, 'assets/images/search-options/search-options-1/IP68.jpg', 0, 1),
(132, 10, 'Natatorium', 985, 986, '', 'et13', '', '', 0, 'assets/images/search-options/search-options-1/natatorium.jpg', 0, 1),
(133, 10, 'Marine', 987, 988, '', 'et14', '', '', 0, 'assets/images/search-options/search-options-1/marine.jpg', 0, 1),
(134, 10, 'Vandalproof', 989, 990, '', 'et15', '', '', 0, 'assets/images/search-options/search-options-1/vandal.jpg', 0, 1),
(135, 10, 'Vaporproof', 991, 992, '', 'et16', '', '', 0, 'assets/images/search-options/search-options-1/vapor.jpg', 0, 1),
(136, 10, 'Hazardous', 993, 994, '', 'et17', '', '', 0, 'assets/images/search-options/search-options-1/hazardous.jpg', 0, 1),
(137, 10, 'Refrigerator', 995, 996, '', 'et18', '', '', 0, 'assets/images/search-options/search-options-1/fridge.jpg', 0, 1),
(138, 11, 'at least 30,000 h', 1945, 1946, '', 'mn01', '', '', 0, '', 0, 1),
(139, 11, 'at least 50,000 h', 1947, 1948, '', 'mn02', '', '', 0, '', 0, 1),
(140, 11, 'at least 75,000 h', 1949, 1950, '', 'mn03', '', '', 0, '', 0, 1),
(141, 11, 'at least 100,000 h', 1951, 1952, '', 'mn04', '', '', 0, '', 0, 1),
(142, 11, 'at least 150,000 h', 1953, 1954, '', 'mn05', '', '', 0, '', 0, 1),
(147, 12, 'Round', 1059, 1060, '', 'sp01', '', '', 0, 'assets/images/search-options/search-options-1/shape_round.png', 0, 1),
(148, 12, 'Square', 1081, 1082, '', 'sp02', '', '', 0, 'assets/images/search-options/search-options-1/shape_sq.png', 0, 1),
(149, 12, 'Rectangular', 1083, 1084, '', 'sp03', '', '', 0, 'assets/images/search-options/search-options-1/shape_rect.png', 0, 1),
(150, 12, 'Linear', 1087, 1088, '', 'sp04', '', '', 0, 'assets/images/search-options/search-options-1/shape_lin.png', 0, 1),
(151, 12, 'Oval', 1061, 1062, '', 'sp05', '', '', 0, 'assets/images/search-options/search-options-1/shape_oval.png', 0, 1),
(152, 12, 'Triangular', 1089, 1090, '', 'sp06', '', '', 0, 'assets/images/search-options/search-options-1/shape_tr.png', 0, 1),
(153, 12, 'Polygonal', 1091, 1092, '', 'sp08', '', '', 0, 'assets/images/search-options/search-options-1/shape_poly.png', 0, 1),
(154, 12, 'Round Cylinder', 1063, 1064, '', 'sp09', '', '', 0, 'assets/images/search-options/search-options-1/shape_cylinder.png', 0, 1),
(155, 12, 'Square Cylinder', 1065, 1066, '', 'sp10', '', '', 0, 'assets/images/search-options/search-options-1/shape_cylindersq.png', 0, 1),
(156, 12, 'Drum', 1067, 1068, '', 'sp11', '', '', 0, 'assets/images/search-options/search-options-1/shape_drum.png', 0, 1),
(157, 12, 'Spherical', 1069, 1070, '', 'sp12', '', '', 0, 'assets/images/search-options/search-options-1/shape_sphere.png', 0, 1),
(158, 12, 'Multi Element', 1095, 1096, '', 'sp13', '', '', 0, 'assets/images/search-options/search-options-1/shape_multi.png', 0, 1),
(159, 12, 'Other', 1101, 1102, '', 'sp14', '', '', 0, '', 0, 1),
(160, 13, 'Size (W)', 1107, 1148, 'width', '', 'width', 'dd', 0, '', 1, 1),
(161, 13, 'Size (L)', 1149, 1218, 'length', '', 'length', 'dd', 0, '', 1, 1),
(162, 13, 'Size (H)', 1219, 1244, 'height', '', 'height', 'dd', 0, '', 1, 1),
(163, 160, '1\" or less', 1108, 1109, '', 'wd01', '', '', 0, 'assets/images/search-options/search-options-1/WB.png', 0, 1),
(164, 160, '2\"', 1110, 1111, '', 'wd02', '', '', 0, 'assets/images/search-options/search-options-1/WB.png', 0, 1),
(165, 160, '3\"', 1112, 1113, '', 'wd03', '', '', 0, 'assets/images/search-options/search-options-1/WB.png', 0, 1),
(166, 160, '4\"', 1114, 1115, '', 'wd04', '', '', 0, 'assets/images/search-options/search-options-1/WB.png', 0, 1),
(167, 160, '5\"', 1116, 1117, '', 'wd05', '', '', 0, 'assets/images/search-options/search-options-1/WB.png', 0, 1),
(168, 160, '6\"', 1118, 1119, '', 'wd06', '', '', 0, 'assets/images/search-options/search-options-1/WB.png', 0, 1),
(169, 160, '7\"', 1120, 1121, '', 'wd07', '', '', 0, 'assets/images/search-options/search-options-1/WB.png', 0, 1),
(170, 160, '8\"', 1122, 1123, '', 'wd08', '', '', 0, 'assets/images/search-options/search-options-1/WB.png', 0, 1),
(171, 160, '9\"', 1124, 1125, '', 'wd09', '', '', 0, 'assets/images/search-options/search-options-1/WB.png', 0, 1),
(172, 160, '10\"', 1126, 1127, '', 'wd10', '', '', 0, 'assets/images/search-options/search-options-1/WB.png', 0, 1),
(173, 160, '1 Ft', 1128, 1129, '', 'wd11', '', '', 0, 'assets/images/search-options/search-options-1/WB.png', 0, 1),
(174, 160, '5 Ft', 1138, 1139, '', 'wd17', '', '', 0, 'assets/images/search-options/search-options-1/WB.png', 0, 1),
(175, 160, '2 Ft', 1132, 1133, '', 'wd12', '', '', 0, 'assets/images/search-options/search-options-1/WB.png', 0, 1),
(176, 160, '6 Ft', 1140, 1141, '', 'wd18', '', '', 0, 'assets/images/search-options/search-options-1/WB.png', 0, 1),
(177, 160, '3 Ft', 1134, 1135, '', 'wd13', '', '', 0, 'assets/images/search-options/search-options-1/WB.png', 0, 1),
(179, 160, '4 Ft', 1136, 1137, '', 'wd16', '', '', 0, 'assets/images/search-options/search-options-1/WB.png', 0, 1),
(181, 160, '6 Ft-12 Ft', 1142, 1143, '', 'wd19', '', '', 0, 'assets/images/search-options/search-options-1/WB.png', 0, 1),
(182, 160, 'More than 12 Ft', 1144, 1145, '', 'wd20', '', '', 0, 'assets/images/search-options/search-options-1/WB.png', 0, 1),
(183, 161, '1 Ft', 1154, 1155, '', 'lg02', '', '', 0, 'assets/images/search-options/search-options-1/LB.png', 0, 1),
(185, 161, '2 Ft', 1156, 1157, '', 'lg03', '', '', 0, 'assets/images/search-options/search-options-1/LB.png', 0, 1),
(187, 161, '3 Ft', 1158, 1159, '', 'lg04', '', '', 0, 'assets/images/search-options/search-options-1/LB.png', 0, 1),
(189, 161, '4 Ft', 1160, 1161, '', 'lg05', '', '', 0, 'assets/images/search-options/search-options-1/LB.png', 0, 1),
(190, 161, '5 Ft', 1162, 1163, '', 'lg06', '', '', 0, 'assets/images/search-options/search-options-1/LB.png', 0, 1),
(191, 161, '6 Ft', 1164, 1165, '', 'lg07', '', '', 0, 'assets/images/search-options/search-options-1/LB.png', 0, 1),
(192, 161, '7 Ft', 1166, 1167, '', 'lg08', '', '', 0, 'assets/images/search-options/search-options-1/LB.png', 0, 1),
(193, 161, '8 Ft', 1168, 1169, '', 'lg09', '', '', 0, 'assets/images/search-options/search-options-1/LB.png', 0, 1),
(194, 161, '10 Ft', 1172, 1173, '', 'lg11', '', '', 0, 'assets/images/search-options/search-options-1/LB.png', 0, 1),
(195, 161, '11 Ft', 1174, 1175, '', 'lg12', '', '', 0, 'assets/images/search-options/search-options-1/LB.png', 0, 1),
(196, 161, '12 Ft', 1176, 1177, '', 'lg13', '', '', 0, 'assets/images/search-options/search-options-1/LB.png', 0, 1),
(198, 161, 'More than 12 Ft', 1178, 1179, '', 'lg14', '', '', 0, 'assets/images/search-options/search-options-1/LB.png', 0, 1),
(199, 161, 'Run length (Ft)', 1194, 1195, '', 'lg15', '', '', 0, '', 0, 1),
(200, 162, '1\" or less', 1220, 1221, '', 'ht01', '', '', 0, 'assets/images/search-options/search-options-1/HB.png', 0, 1),
(201, 162, '1\"-3\"', 1222, 1223, '', 'ht02', '', '', 0, 'assets/images/search-options/search-options-1/HB.png', 0, 1),
(202, 162, '3\"-6\"', 1224, 1225, '', 'ht03', '', '', 0, 'assets/images/search-options/search-options-1/HB.png', 0, 1),
(203, 162, '6\"-12\"', 1226, 1227, '', 'ht04', '', '', 0, 'assets/images/search-options/search-options-1/HB.png', 0, 1),
(204, 162, '1 Ft', 1228, 1229, '', 'ht05', '', '', 0, 'assets/images/search-options/search-options-1/HB.png', 0, 1),
(206, 162, '2 Ft', 1232, 1233, '', 'ht06', '', '', 0, 'assets/images/search-options/search-options-1/HB.png', 0, 1),
(208, 162, '3 Ft', 1234, 1235, '', 'ht07', '', '', 0, 'assets/images/search-options/search-options-1/HB.png', 0, 1),
(209, 162, '4 Ft', 1236, 1237, '', 'ht08', '', '', 0, 'assets/images/search-options/search-options-1/HB.png', 0, 1),
(211, 162, '5 Ft', 1238, 1239, '', 'ht09', '', '', 0, 'assets/images/search-options/search-options-1/HB.png', 0, 1),
(212, 162, '6 Ft', 1240, 1241, '', 'ht10', '', '', 0, 'assets/images/search-options/search-options-1/HB.png', 0, 1),
(213, 162, 'More than 6 Ft', 1242, 1243, '', 'ht11', '', '', 0, 'assets/images/search-options/search-options-1/HB.png', 0, 1),
(214, 15, 'Pole/Mast Arm', 893, 894, '', 'mt01', '', '', 0, 'assets/images/search-options/search-options-1/pole_arm.jpg', 0, 1),
(215, 15, 'Pole/Post Top', 895, 896, '', 'mt02', '', '', 0, 'assets/images/search-options/search-options-1/post_top.png', 0, 1),
(216, 15, 'Bollard', 897, 898, '', 'mt03', '', '', 0, 'assets/images/search-options/search-options-1/bollard.png', 0, 1),
(217, 15, 'Spike/Stem', 899, 900, '', 'mt04', '', '', 0, 'assets/images/search-options/search-options-1/spike_copy.jpg', 0, 1),
(218, 15, 'Ceiling Surface', 913, 914, '', 'mt05', '', '', 0, 'assets/images/search-options/search-options-1/ceiling_surface.png', 0, 1),
(219, 15, 'Pendant', 901, 902, '', 'mt06', '', '', 0, 'assets/images/search-options/search-options-1/pendant.jpg', 0, 1),
(220, 15, 'Track/Busway', 903, 904, '', 'mt07', '', '', 0, 'assets/images/search-options/search-options-1/track.png', 0, 1),
(221, 15, 'Monopoint', 911, 912, '', 'mt10', '', '', 0, 'assets/images/search-options/search-options-1/monopoint_copy.jpg', 0, 1),
(222, 15, 'Ceiling Recessed', 917, 918, '', 'mt11', '', '', 0, 'assets/images/search-options/search-options-1/ceiling_recessed.png', 0, 1),
(223, 15, 'Millwork Recessed', 919, 920, '', 'mt12', '', '', 0, 'assets/images/search-options/search-options-1/millwork_recessed.png', 0, 1),
(224, 15, 'Wall Surface', 921, 922, '', 'mt13', '', '', 0, 'assets/images/search-options/search-options-1/wall_surface.jpg', 0, 1),
(225, 15, 'Wall Recessed', 927, 928, '', 'mt15', '', '', 0, 'assets/images/search-options/search-options-1/wall_recessed.jpg', 0, 1),
(226, 15, 'In-Grade', 931, 932, '', 'mt16', '', '', 0, 'assets/images/search-options/search-options-1/ingrade.png', 0, 1),
(227, 15, 'Hand Rail', 933, 934, '', 'mt17', '', '', 0, 'assets/images/search-options/search-options-1/rail.png', 0, 1),
(228, 15, 'Clamp', 941, 942, '', 'mt18', '', '', 0, 'assets/images/search-options/search-options-1/tree_clamp.jpg', 0, 1),
(229, 15, 'Retrofit', 935, 936, '', 'mt19', '', '', 0, 'assets/images/search-options/search-options-1/retrofit.png', 0, 1),
(231, 17, 'Installation Type', 1309, 1356, 'installation', '', 'installation_1,installation_2', 'dd', 0, '', 1, 1),
(232, 17, 'Housing Type', 1357, 1388, 'housing_type', '', 'housing_type_1,housing_type_2,housing_type_3,housing_type_4', 'dd', 0, '', 1, 1),
(233, 17, 'Housing Depth', 1389, 1408, 'housing_depth', '', 'housing_depth_1,housing_depth_2,housing_depth_3,housing_depth_4,housing_depth_em_1,housing_depth_em_2,housing_depth_em_3,housing_depth_em_4', 'dec', 0, '', 1, 1),
(234, 231, 'Drywall', 1310, 1311, '', 'in01', '', '', 0, 'assets/images/search-options/search-options-1/drywalltrimless.jpg', 0, 1),
(235, 231, 'Trimless. Drywall', 1312, 1313, '', 'in02', '', '', 0, 'assets/images/search-options/search-options-1/drywalltrimless.jpg', 0, 1),
(236, 231, 'T-Grid Ceiling', 1314, 1315, '', 'in03', '', '', 0, 'assets/images/search-options/search-options-1/grid.jpg', 0, 1),
(237, 231, 'T-Bar', 1318, 1319, '', 'in04', '', '', 0, 'assets/images/search-options/search-options-1/tbar.jpg', 0, 1),
(238, 231, 'Tech Zone', 1320, 1321, '', 'in05', '', '', 0, 'assets/images/search-options/search-options-1/techzone.jpg', 0, 1),
(239, 231, 'Wood', 1330, 1331, '', 'in06', '', '', 0, 'assets/images/search-options/search-options-1/wood.jpg', 0, 1),
(240, 231, 'Trimless. Wood', 1332, 1333, '', 'in07', '', '', 0, 'assets/images/search-options/search-options-1/woodtrimless.jpg', 0, 1),
(241, 231, 'Concrete', 1338, 1339, '', 'in08', '', '', 0, 'assets/images/search-options/search-options-1/concrete.jpg', 0, 1),
(242, 231, 'Concrete Drive Over', 1340, 1341, '', 'in09', '', '', 0, 'assets/images/search-options/search-options-1/concrete.jpg', 0, 1),
(243, 231, 'Trimless. Concrete', 1342, 1343, '', 'in10', '', '', 0, 'assets/images/search-options/search-options-1/concrete.jpg', 0, 1),
(244, 231, 'Trimless Drive Over', 1344, 1345, '', 'in11', '', '', 0, 'assets/images/search-options/search-options-1/concrete.jpg', 0, 1),
(245, 231, 'Ground', 1354, 1355, '', 'in12', '', '', 0, 'assets/images/search-options/search-options-1/ground.jpg', 0, 1),
(246, 231, 'Stone/Tile', 1346, 1347, '', 'in13', '', '', 0, 'assets/images/search-options/search-options-1/massonry.jpg', 0, 1),
(247, 231, 'Trimless. Stone/Tile', 1348, 1349, '', 'in14', '', '', 0, 'assets/images/search-options/search-options-1/pavement.jpg', 0, 1),
(248, 231, 'Stone/Tile Drive Over', 1350, 1351, '', 'in15', '', '', 0, 'assets/images/search-options/search-options-1/pavement.jpg', 0, 1),
(249, 232, 'Junction Box', 1358, 1359, '', 'ho01', '', '', 0, 'assets/images/search-options/search-options-1/JB.png', 0, 1),
(250, 232, 'New Construction', 1360, 1361, '', 'ho02', '', '', 0, 'assets/images/search-options/search-options-1/newconstruction.png', 0, 1),
(251, 232, 'IC', 1362, 1363, '', 'ho03', '', '', 0, 'assets/images/search-options/search-options-1/IC.png', 0, 1),
(252, 232, 'Chicago Plenum', 1364, 1365, '', 'ho04', '', '', 0, 'assets/images/search-options/search-options-1/Airtight.png', 0, 1),
(253, 232, 'Remodel', 1366, 1367, '', 'ho05', '', '', 0, 'assets/images/search-options/search-options-1/Remodel.png', 0, 1),
(254, 232, 'Remodel IC', 1368, 1369, '', 'ho06', '', '', 0, 'assets/images/search-options/search-options-1/ICremodel.png', 0, 1),
(255, 232, 'Air Tight', 1370, 1371, '', 'ho07', '', '', 0, 'assets/images/search-options/search-options-1/Airtight.png', 0, 1),
(256, 232, 'IC Air Tight', 1372, 1373, '', 'ho08', '', '', 0, 'assets/images/search-options/search-options-1/Airtight.png', 0, 1),
(257, 232, 'Remodel Air Tight', 1374, 1375, '', 'ho09', '', '', 0, 'assets/images/search-options/search-options-1/airtightremodel.png', 0, 1),
(258, 232, 'Remodel IC Air Tight', 1376, 1377, '', 'ho10', '', '', 0, 'assets/images/search-options/search-options-1/airtightremodel.png', 0, 1),
(259, 232, 'Remodel Chicago Plenum', 1378, 1379, '', 'ho11', '', '', 0, 'assets/images/search-options/search-options-1/airtightremodel.png', 0, 1),
(260, 232, 'Air Return', 1380, 1381, '', 'ho12', '', '', 0, 'assets/images/search-options/search-options-1/airreturn.png', 0, 1),
(262, 232, 'Modular Trough', 1382, 1383, '', 'ho14', '', '', 0, 'assets/images/search-options/search-options-1/modular.png', 0, 1),
(263, 232, 'Retrofit', 1384, 1385, '', 'ho15', '', '', 0, 'assets/images/search-options/search-options-1/retrofit_housing.png', 0, 1),
(264, 232, 'Fixture', 1386, 1387, '', 'ho16', '', '', 0, 'assets/images/search-options/search-options-1/fixture.png', 0, 1),
(265, 233, '1\" or less', 1392, 1393, '', 'hd01', '', '', 0, 'assets/images/search-options/search-options-1/1inch.jpg', 0, 1),
(266, 233, '2\" or less', 1394, 1395, '', 'hd02', '', '', 0, 'assets/images/search-options/search-options-1/2inch.png', 0, 1),
(267, 233, '3\" or less', 1396, 1397, '', 'hd03', '', '', 0, 'assets/images/search-options/search-options-1/3inch.png', 0, 1),
(268, 233, '4\" or less', 1398, 1399, '', 'hd04', '', '', 0, 'assets/images/search-options/search-options-1/4inch.png', 0, 1),
(269, 233, '5\" or less', 1400, 1401, '', 'hd05', '', '', 0, 'assets/images/search-options/search-options-1/4inch.png', 0, 1),
(270, 233, '6\" or less', 1402, 1403, '', 'hd06', '', '', 0, 'assets/images/search-options/search-options-1/other.png', 0, 1),
(271, 233, '8\" or less', 1404, 1405, '', 'hd07', '', '', 0, 'assets/images/search-options/search-options-1/other.png', 0, 1),
(272, 233, '12\" or less', 1406, 1407, '', 'hd08', '', '', 0, 'assets/images/search-options/search-options-1/other.png', 0, 1),
(273, 18, 'Amber (WildLife)', 1537, 1538, '', 'ct01', '', '', 0, 'assets/images/search-options/search-options-1/cct_2000.jpg', 0, 1),
(274, 18, '2400K or less', 1539, 1540, '', 'ct02', '', '', 0, 'assets/images/search-options/search-options-1/cct_2400.jpg', 0, 1),
(275, 18, '2700K', 1541, 1542, '', 'ct03', '', '', 0, 'assets/images/search-options/search-options-1/cct_2700.jpg', 0, 1),
(276, 18, '2700K Dim to Warm', 1543, 1544, '', 'ct04', '', '', 0, 'assets/images/search-options/search-options-1/cct_2700T.jpg', 0, 1),
(277, 18, '3000K', 1545, 1546, '', 'ct05', '', '', 0, 'assets/images/search-options/search-options-1/cct_3000.jpg', 0, 1),
(278, 18, '3000K Dim to Warm', 1547, 1548, '', 'ct06', '', '', 0, 'assets/images/search-options/search-options-1/cct_3000T.jpg', 0, 1),
(279, 18, '3500K', 1549, 1550, '', 'ct07', '', '', 0, 'assets/images/search-options/search-options-1/cct_3500.jpg', 0, 1),
(280, 18, '3500K Dim to Warm', 1551, 1552, '', 'ct08', '', '', 0, 'assets/images/search-options/search-options-1/cct_3500T.jpg', 0, 1),
(281, 18, '4000K', 1553, 1554, '', 'ct09', '', '', 0, 'assets/images/search-options/search-options-1/cct_4000.jpg', 0, 1),
(282, 18, '4500K', 1555, 1556, '', 'ct10', '', '', 0, 'assets/images/search-options/search-options-1/cct_4500.jpg', 0, 1),
(283, 18, '5000K', 1557, 1558, '', 'ct11', '', '', 0, 'assets/images/search-options/search-options-1/cct_5000.jpg', 0, 1),
(284, 18, '5500K', 1559, 1560, '', 'ct12', '', '', 0, 'assets/images/search-options/search-options-1/cct_5500.jpg', 0, 1),
(285, 18, '5700K', 1561, 1562, '', 'ct13', '', '', 0, 'assets/images/search-options/search-options-1/cct_5500.jpg', 0, 1),
(286, 18, '6000K', 1563, 1564, '', 'ct14', '', '', 0, 'assets/images/search-options/search-options-1/cct_6000.jpg', 0, 1),
(287, 18, '6500K', 1565, 1566, '', 'ct15', '', '', 0, 'assets/images/search-options/search-options-1/cct_6500.jpg', 0, 1),
(288, 18, 'Tunable White', 1567, 1568, '', 'ct16', '', '', 0, 'assets/images/search-options/search-options-1/cct_white_tune.jpg', 0, 1),
(289, 18, 'RGB', 1573, 1574, '', 'ct17', '', '', 0, 'assets/images/search-options/search-options-1/cct_RGB.jpg', 0, 1),
(290, 18, 'RGBW', 1575, 1576, '', 'ct18', '', '', 0, 'assets/images/search-options/search-options-1/cct_RGBW.jpg', 0, 1),
(291, 18, 'RGBA', 1577, 1578, '', 'ct19', '', '', 0, 'assets/images/search-options/search-options-1/cct_RGBA.jpg', 0, 1),
(292, 18, 'Blue', 1585, 1586, '', 'ct20', '', '', 0, 'assets/images/search-options/search-options-1/cct_blue.jpg', 0, 1),
(293, 18, 'Green', 1583, 1584, '', 'ct21', '', '', 0, 'assets/images/search-options/search-options-1/cct_green.jpg', 0, 1),
(294, 18, 'Red', 1581, 1582, '', 'ct22', '', '', 0, 'assets/images/search-options/search-options-1/cct_red.jpg', 0, 1),
(295, 18, 'Yellow/Amber', 1579, 1580, '', 'ct23', '', '', 0, 'assets/images/search-options/search-options-1/cct_amber.jpg', 0, 1),
(296, 19, '70 or higher', 1589, 1590, '', 'cr01', '', '', 0, 'assets/images/search-options/search-options-1/cri70.png', 0, 1),
(297, 19, '80 or higher', 1591, 1592, '', 'cr02', '', '', 0, 'assets/images/search-options/search-options-1/cri80.png', 0, 1),
(298, 19, '90 or higher', 1593, 1594, '', 'cr03', '', '', 0, 'assets/images/search-options/search-options-1/cri90.png', 0, 1),
(299, 19, '95 or higher', 1595, 1596, '', 'cr04', '', '', 0, 'assets/images/search-options/search-options-1/cri95.png', 0, 1),
(300, 20, 'Light Distribution', 1459, 1476, 'distribution', '', 'distribution_1,distribution_2', 'dd', 0, '', 1, 1),
(301, 20, 'Optics', 1477, 1532, 'optics', '', 'optics_1,optics_2,optics_3', 'dd', 0, '', 1, 1),
(302, 300, 'Direct', 1460, 1461, '', 'dn01', '', '', 0, 'assets/images/search-options/search-options-1/distr_dir.png', 0, 1),
(303, 300, 'Indirect', 1462, 1463, '', 'dn02', '', '', 0, 'assets/images/search-options/search-options-1/distr_indir.png', 0, 1),
(304, 300, 'Direct/Indirect', 1464, 1465, '', 'dn03', '', '', 0, 'assets/images/search-options/search-options-1/distr_dirindir.png', 0, 1),
(305, 300, 'Indirect/Direct', 1466, 1467, '', 'dn04', '', '', 0, 'assets/images/search-options/search-options-1/distr_indirdir.png', 0, 1),
(306, 300, 'Omni-Directional', 1468, 1469, '', 'dn05', '', '', 0, 'assets/images/search-options/search-options-1/distr_omni.png', 0, 1),
(307, 300, 'Pattern', 1470, 1471, '', 'dn06', '', '', 0, 'assets/images/search-options/search-options-1/distr_pat.png', 0, 1),
(308, 301, 'Narrow', 1480, 1481, '', 'op01', '', '', 0, 'assets/images/search-options/search-options-1/narrow.png', 0, 1),
(309, 301, 'Medium', 1482, 1483, '', 'op02', '', '', 0, 'assets/images/search-options/search-options-1/medium.png', 0, 1),
(310, 301, 'Flood', 1484, 1485, '', 'op03', '', '', 0, 'assets/images/search-options/search-options-1/wide.png', 0, 1),
(311, 301, 'Wide Flood', 1486, 1487, '', 'op04', '', '', 0, 'assets/images/search-options/search-options-1/verywide.png', 0, 1),
(312, 301, 'General', 1490, 1491, '', 'op05', '', '', 0, 'assets/images/search-options/search-options-1/general.png', 0, 1),
(313, 301, 'Volumetric', 1492, 1493, '', 'op06', '', '', 0, 'assets/images/search-options/search-options-1/volumetric.png', 0, 1),
(314, 301, 'Asymmetric/Wash', 1494, 1495, '', 'op07', '', '', 0, 'assets/images/search-options/search-options-1/wash.png', 0, 1),
(315, 301, 'Grazing', 1478, 1479, '', 'op10', '', '', 0, 'assets/images/search-options/search-options-1/graze.png', 0, 1),
(316, 301, 'Batwing', 1498, 1499, '', 'op11', '', '', 0, 'assets/images/search-options/search-options-1/batwing.png', 0, 1),
(317, 301, 'Batwing Indirect/General Direct', 1502, 1503, '', 'op12', '', '', 0, 'assets/images/search-options/search-options-1/batupgendown.png', 0, 1),
(318, 301, 'Asymmetric Indirect/General Direct', 1504, 1505, '', 'op13', '', '', 0, 'assets/images/search-options/search-options-1/genwashup.png', 0, 1),
(319, 301, 'Direct View', 1506, 1507, '', 'op14', '', '', 0, 'assets/images/search-options/search-options-1/direct.png', 0, 1),
(320, 301, 'Area I', 1510, 1511, '', 'op15', '', '', 0, 'assets/images/search-options/search-options-1/type1.jpg', 0, 1),
(321, 301, 'Area II', 1512, 1513, '', 'op16', '', '', 0, 'assets/images/search-options/search-options-1/type2.jpg', 0, 1),
(322, 301, 'Area III', 1514, 1515, '', 'op17', '', '', 0, 'assets/images/search-options/search-options-1/type3.jpg', 0, 1),
(323, 301, 'Area IV', 1516, 1517, '', 'op18', '', '', 0, 'assets/images/search-options/search-options-1/type4.jpg', 0, 1),
(324, 301, 'Area V', 1518, 1519, '', 'op19', '', '', 0, 'assets/images/search-options/search-options-1/type5.jpg', 0, 1),
(325, 301, 'Area 90°', 1520, 1521, '', 'op20', '', '', 0, '', 0, 1),
(326, 301, 'Area Forward Throw', 1522, 1523, '', 'op21', '', '', 0, '', 0, 1),
(327, 301, 'Area Petroleum', 1524, 1525, '', 'op22', '', '', 0, '', 0, 1),
(328, 301, 'Area Dealership', 1526, 1527, '', 'op23', '', '', 0, '', 0, 1),
(329, 21, 'Dimming Range', 1737, 1752, 'dimming', '', 'dimming', 'dd', 0, '', 1, 1),
(330, 21, 'Driver Type', 1753, 1852, 'driver_type', '', 'driver_type_1,driver_type_2', 'dd', 0, '', 1, 1),
(331, 329, 'Dim to 3-10%', 1738, 1739, '', 'dm01', '', '', 0, 'assets/images/search-options/search-options-1/dim10.jpg', 0, 1),
(332, 329, 'Dim to 1%', 1740, 1741, '', 'dm02', '', '', 0, 'assets/images/search-options/search-options-1/dIm1.jpg', 0, 1),
(333, 329, 'Dim to <1%', 1742, 1743, '', 'dm03', '', '', 0, 'assets/images/search-options/search-options-1/dIm0.jpg', 0, 1),
(334, 329, 'Bi-Level', 1744, 1745, '', 'dm04', '', '', 0, 'assets/images/search-options/search-options-1/bylevel.jpg', 0, 1),
(335, 329, 'Step Dim', 1746, 1747, '', 'dm05', '', '', 0, 'assets/images/search-options/search-options-1/stepdim.jpg', 0, 1),
(336, 329, 'Non-Dim', 1748, 1749, '', 'dm06', '', '', 0, 'assets/images/search-options/search-options-1/nondim.jpg', 0, 1),
(337, 330, 'TRIAC/Forward/Leading', 1754, 1755, '', 'dt01', '', '', 0, 'assets/images/search-options/search-options-1/dim2.jpg', 0, 1),
(338, 330, 'ELV/Reverse/Trailing', 1756, 1757, '', 'dt02', '', '', 0, 'assets/images/search-options/search-options-1/dim.jpg', 0, 1),
(339, 330, '3-Wire Dimming', 1758, 1759, '', 'dt03', '', '', 0, 'assets/images/search-options/search-options-1/dim.jpg', 0, 1),
(340, 330, '0-10V', 1760, 1761, '', 'dt04', '', '', 0, 'assets/images/search-options/search-options-1/10v.jpg', 0, 1),
(341, 330, 'DALI', 1762, 1763, '', 'dt05', '', '', 0, 'assets/images/search-options/search-options-1/dali.jpg', 0, 1),
(342, 330, 'DMX', 1846, 1847, '', 'dt06', '', '', 0, 'assets/images/search-options/search-options-1/dmx.jpg', 0, 1),
(343, 330, 'DVI', 1844, 1845, '', 'dt07', '', '', 0, 'assets/images/search-options/search-options-1/dmx.jpg', 0, 1),
(344, 330, 'Lutron Hi-Lume 3D', 1764, 1765, '', 'dt08', '', '', 0, 'assets/images/search-options/search-options-1/lutron.jpg', 0, 1),
(345, 330, 'Lutron Hi-Lume 2-wire (LTEA)', 1766, 1767, '', 'dt09', '', '', 0, 'assets/images/search-options/search-options-1/lutron.jpg', 0, 1),
(346, 330, 'Lutron Hi-Lume 3-wire (L3D)', 1768, 1769, '', 'dt10', '', '', 0, 'assets/images/search-options/search-options-1/lutron.jpg', 0, 1),
(347, 330, 'Lutron Hi-Lume A', 1770, 1771, '', 'dt11', '', '', 0, 'assets/images/search-options/search-options-1/lutron.jpg', 0, 1),
(348, 330, 'Lutron Hi-lume EcoSystem &#40;LDE1&#41;', 1772, 1773, '', 'dt12', '', '', 0, 'assets/images/search-options/search-options-1/lutron.jpg', 0, 1),
(349, 330, 'Lutron EcoSystem 5 (LDE5)', 1774, 1775, '', 'dt13', '', '', 0, 'assets/images/search-options/search-options-1/lutron.jpg', 0, 1),
(350, 330, 'Lutron EcoSystem H', 1776, 1777, '', 'dt14', '', '', 0, 'assets/images/search-options/search-options-1/lutron.jpg', 0, 1),
(351, 330, 'Lutron EcoSystem A', 1778, 1779, '', 'dt15', '', '', 0, 'assets/images/search-options/search-options-1/lutron.jpg', 0, 1),
(352, 330, 'EldoLED 0-10V/DALI', 1840, 1841, '', 'dt16', '', '', 0, 'assets/images/search-options/search-options-1/eldo.jpg', 0, 1),
(353, 330, 'eldoLED DUAL DALI', 1814, 1815, '', 'dt17', '', '', 0, 'assets/images/search-options/search-options-1/eldo.jpg', 0, 1),
(354, 330, 'eldoLED POWER DMX/RDM', 1816, 1817, '', 'dt18', '', '', 0, 'assets/images/search-options/search-options-1/eldo.jpg', 0, 1),
(355, 330, 'Fifth Light DALI', 1780, 1781, '', 'dt19', '', '', 0, 'assets/images/search-options/search-options-1/dim.jpg', 0, 1),
(356, 330, 'Built-in dimmer', 1782, 1783, '', 'dt20', '', '', 0, 'assets/images/search-options/search-options-1/builtin.jpg', 0, 1),
(357, 330, 'Other', 1784, 1785, '', 'dt21', '', '', 0, '', 0, 1),
(358, 1, 'Manufacturers', 2, 765, 'manufacturers', '', 'manf_spec_id', '', 1, '', 1, 1),
(359, 1, 'Conglomerates', 1010, 1057, 'brands', '', 'brand_spec_id', '', 1, '', 1, 1),
(463, 27, 'Listing', 1957, 1968, 'listing', '', 'listing', 'dd', 0, '', 1, 1),
(473, 463, 'UL/CUL', 1958, 1959, '', 'lt01', '', '', 0, '', 0, 1),
(474, 463, 'ETL', 1960, 1961, '', 'lt02', '', '', 0, '', 0, 1),
(475, 463, 'CSA', 1962, 1963, '', 'lt03', '', '', 0, '', 0, 1),
(476, 463, 'CE', 1964, 1965, '', 'lt04', '', '', 0, '', 0, 1),
(477, 26, '50 or higher', 1725, 1726, '', 'ef01', '', '', 0, '', 0, 1),
(478, 26, '70 or higher', 1727, 1728, '', 'ef02', '', '', 0, '', 0, 1),
(479, 26, '90 or higher', 1729, 1730, '', 'ef03', '', '', 0, '', 0, 1),
(480, 26, '120 or higher', 1731, 1732, '', 'ef04', '', '', 0, '', 0, 1),
(481, 26, '150 or higher', 1733, 1734, '', 'ef05', '', '', 0, '', 0, 1),
(482, 24, 'Lumens', 1599, 1642, 'lumens', '', 'lumens', 'int', 0, '', 0, 1),
(483, 24, 'Lumens Linear', 1643, 1662, 'lumens_linear', '', 'lumens_linear', 'int', 0, '', 0, 1),
(484, 482, '100 Lm or less', 1600, 1601, '', '', '', '', 0, '', 0, 1),
(485, 482, '100 - 200 Lm', 1602, 1603, '', '', '', '', 0, '', 0, 1),
(486, 482, '200 - 300 Lm', 1604, 1605, '', '', '', '', 0, '', 0, 1),
(487, 482, '300 - 500 Lm', 1606, 1607, '', '', '', '', 0, '', 0, 1),
(488, 482, '500 - 750 Lm', 1608, 1609, '', '', '', '', 0, '', 0, 1),
(489, 482, '750 - 1000 Lm', 1610, 1611, '', '', '', '', 0, '', 0, 1),
(490, 482, '1,000 - 1,500 Lm', 1612, 1613, '', '', '', '', 0, '', 0, 1),
(491, 482, '1,500 - 2,000 Lm', 1614, 1615, '', '', '', '', 0, '', 0, 1),
(492, 482, '2,000 - 3,000 Lm', 1616, 1617, '', '', '', '', 0, '', 0, 1),
(493, 482, '3,000 - 5,000 Lm', 1618, 1619, '', '', '', '', 0, '', 0, 1),
(494, 482, '5,000 - 7,000 Lm', 1620, 1621, '', '', '', '', 0, '', 0, 1),
(495, 482, '7,000 - 10,000 Lm', 1622, 1623, '', '', '', '', 0, '', 0, 1),
(496, 482, '10,000 - 15,000 Lm', 1624, 1625, '', '', '', '', 0, '', 0, 1),
(497, 482, '15,000 - 20,000 Lm', 1626, 1627, '', '', '', '', 0, '', 0, 1),
(498, 482, '20,000 - 30,000 Lm', 1628, 1629, '', '', '', '', 0, '', 0, 1),
(499, 482, '30,000 - 40,000 Lm', 1630, 1631, '', '', '', '', 0, '', 0, 1),
(500, 482, '40,000 - 50,000 Lm', 1632, 1633, '', '', '', '', 0, '', 0, 1),
(501, 482, '50,000 - 75,000 Lm', 1634, 1635, '', '', '', '', 0, '', 0, 1),
(502, 482, '75,000 - 100,000 Lm', 1636, 1637, '', '', '', '', 0, '', 0, 1),
(503, 482, '100,000 Lm or more', 1638, 1639, '', '', '', '', 0, '', 0, 1),
(504, 483, '100 Lm/Ft or less', 1644, 1645, '', '', '', '', 0, '', 0, 1),
(505, 483, '100-200 Lm/Ft', 1646, 1647, '', '', '', '', 0, '', 0, 1),
(506, 483, '200-300 Lm/Ft', 1648, 1649, '', '', '', '', 0, '', 0, 1),
(507, 483, '300-500 Lm/Ft', 1650, 1651, '', '', '', '', 0, '', 0, 1),
(508, 483, '500-750 Lm/Ft', 1652, 1653, '', '', '', '', 0, '', 0, 1),
(509, 483, '750-1,000 Lm/Ft', 1654, 1655, '', '', '', '', 0, '', 0, 1),
(510, 483, '1,000-1,500 Lm/Ft', 1656, 1657, '', '', '', '', 0, '', 0, 1),
(511, 483, '1,500 Lm/Ft or more', 1658, 1659, '', '', '', '', 0, '', 0, 1),
(512, 25, 'Watt', 1665, 1700, 'watt', '', 'watt', 'dec', 0, '', 0, 1),
(513, 25, 'Watt Linear', 1701, 1722, 'watt_linear', '', 'watt_linear', 'dec', 0, '', 0, 1),
(514, 512, '3 W or less', 1666, 1667, '', '', '', '', 0, '', 0, 1),
(515, 512, '3 - 5 W', 1668, 1669, '', '', '', '', 0, '', 0, 1),
(516, 512, '5 - 10 W', 1670, 1671, '', '', '', '', 0, '', 0, 1),
(517, 512, '10 - 15 W', 1672, 1673, '', '', '', '', 0, '', 0, 1),
(518, 512, '15 - 20 W', 1674, 1675, '', '', '', '', 0, '', 0, 1),
(519, 512, '20 - 30 W', 1676, 1677, '', '', '', '', 0, '', 0, 1),
(520, 512, '30 - 40 W', 1678, 1679, '', '', '', '', 0, '', 0, 1),
(521, 512, '40 - 50 W', 1680, 1681, '', '', '', '', 0, '', 0, 1),
(522, 512, '50 - 75 W', 1682, 1683, '', '', '', '', 0, '', 0, 1),
(523, 512, '75 - 100 W', 1684, 1685, '', '', '', '', 0, '', 0, 1),
(524, 512, '100 - 150 W', 1686, 1687, '', '', '', '', 0, '', 0, 1),
(525, 512, '150 - 250 W', 1688, 1689, '', '', '', '', 0, '', 0, 1),
(526, 512, '250 - 350 W', 1690, 1691, '', '', '', '', 0, '', 0, 1),
(527, 512, '350 - 500W', 1692, 1693, '', '', '', '', 0, '', 0, 1),
(528, 512, '500 - 750 W', 1694, 1695, '', '', '', '', 0, '', 0, 1),
(529, 512, '750 W or more', 1696, 1697, '', '', '', '', 0, '', 0, 1),
(530, 513, '1 W/Ft or less', 1702, 1703, '', '', '', '', 0, '', 0, 1),
(531, 513, '1 - 2 W/Ft', 1704, 1705, '', '', '', '', 0, '', 0, 1),
(532, 513, '2 - 3 W/Ft', 1706, 1707, '', '', '', '', 0, '', 0, 1),
(533, 513, '3 - 5 W/Ft', 1708, 1709, '', '', '', '', 0, '', 0, 1),
(534, 513, '5 - 7 W/Ft', 1710, 1711, '', '', '', '', 0, '', 0, 1),
(535, 513, '7 - 10 W/Ft', 1712, 1713, '', '', '', '', 0, '', 0, 1),
(536, 513, '10 - 15 W/Ft', 1714, 1715, '', '', '', '', 0, '', 0, 1),
(537, 513, '15 - 25 W/Ft', 1716, 1717, '', '', '', '', 0, '', 0, 1),
(538, 513, '25 W/Ft or more', 1718, 1719, '', '', '', '', 0, '', 0, 1),
(539, 23, 'Power/PoE', 1897, 1906, 'power', '', 'power', 'dd', 0, '', 1, 1),
(540, 23, 'Voltage', 1907, 1924, 'voltage', '', 'voltage', 'dd', 0, '', 1, 1),
(541, 23, 'Track Circuits', 1925, 1938, 'track_circuits', '', 'track_circuits', 'dd', 0, '', 1, 1),
(542, 23, 'Emergency', 1939, 1942, 'emergency', '', 'emergency', 'dd', 0, '', 1, 1),
(543, 539, 'Integral', 1898, 1899, '', 'pw01', '', '', 0, 'assets/images/search-options/search-options-1/INTEGRAL.png', 0, 1),
(544, 539, 'Remote/Low Voltage', 1900, 1901, '', 'pw02', '', '', 0, 'assets/images/search-options/search-options-1/remote.png', 0, 1),
(545, 539, 'Solar', 1902, 1903, '', 'pw03', '', '', 0, 'assets/images/search-options/search-options-1/solar.png', 0, 1),
(546, 540, 'UNV 120-277V', 1908, 1909, '', 'vt01', '', '', 0, 'assets/images/search-options/search-options-1/UNV.png', 0, 1),
(547, 540, '120V', 1910, 1911, '', 'vt02', '', '', 0, 'assets/images/search-options/search-options-1/120.png', 0, 1),
(548, 540, '208V', 1912, 1913, '', 'vt03', '', '', 0, 'assets/images/search-options/search-options-1/208.png', 0, 1),
(549, 540, '220-240V', 1914, 1915, '', 'vt04', '', '', 0, 'assets/images/search-options/search-options-1/220.png', 0, 1),
(550, 540, '277V', 1916, 1917, '', 'vt05', '', '', 0, 'assets/images/search-options/search-options-1/277.png', 0, 1),
(551, 540, 'UNC 347-480V', 1918, 1919, '', 'vt06', '', '', 0, 'assets/images/search-options/search-options-1/UNC.png', 0, 1),
(552, 540, '347V', 1920, 1921, '', 'vt07', '', '', 0, 'assets/images/search-options/search-options-1/347.png', 0, 1),
(553, 540, '480V', 1922, 1923, '', 'vt08', '', '', 0, 'assets/images/search-options/search-options-1/480.png', 0, 1),
(554, 542, 'EM Integral', 1940, 1941, '', 'em01', '', '', 0, 'assets/images/search-options/search-options-1/em.png', 0, 1),
(555, 541, '1 Circuit Track', 1926, 1927, '', 'tc01', '', '', 0, 'assets/images/search-options/search-options-1/1circuittrack.png', 0, 1),
(556, 541, '2 Circuits Track', 1928, 1929, '', 'tc02', '', '', 0, 'assets/images/search-options/search-options-1/2circuittrack.png', 0, 1),
(557, 541, '3 Circuits Track', 1930, 1931, '', 'tc03', '', '', 0, 'assets/images/search-options/search-options-1/3circuittrack.png', 0, 1),
(558, 541, '3+ Circuits Track', 1932, 1933, '', 'tc04', '', '', 0, 'assets/images/search-options/search-options-1/3circuittrack.png', 0, 1),
(559, 541, '1 or 2 Circuit Track', 1934, 1935, '', 'tc05', '', '', 0, 'assets/images/search-options/search-options-1/2circuittrack.png', 0, 1),
(560, 541, '1/2/3 Circuit Track', 1936, 1937, '', 'tc06', '', '', 0, '', 0, 0),
(561, 22, 'Network', 1855, 1890, 'network', '', 'network', 'dd', 0, 'assets/images/search-options/search-options-1/network.png', 1, 1),
(562, 22, 'Sensors', 1891, 1894, 'sensors', '', 'sensors', 'dd', 0, 'assets/images/search-options/search-options-1/sensor.png', 1, 1),
(563, 561, 'Lumentalk™', 1856, 1857, '', 'nt01', '', '', 0, 'assets/images/search-options/search-options-1/network.png', 0, 1),
(564, 561, 'Fifth Light®', 1858, 1859, '', 'nt02', '', '', 0, 'assets/images/search-options/search-options-1/network.png', 0, 1),
(565, 561, 'XPoint™ Wireless', 1860, 1861, '', 'nt03', '', '', 0, 'assets/images/search-options/search-options-1/network.png', 0, 1),
(566, 561, 'Redwood®', 1862, 1863, '', 'nt04', '', '', 0, 'assets/images/search-options/search-options-1/network.png', 0, 1),
(567, 561, 'Lutron®', 1864, 1865, '', 'nt05', '', '', 0, 'assets/images/search-options/search-options-1/network.png', 0, 1),
(568, 561, 'Ethernet', 1866, 1867, '', 'nt06', '', '', 0, 'assets/images/search-options/search-options-1/network.png', 0, 1),
(569, 561, 'Network', 1868, 1869, '', 'nt07', '', '', 0, 'assets/images/search-options/search-options-1/network.png', 0, 1),
(570, 561, 'Local', 1870, 1871, '', 'nt08', '', '', 0, 'assets/images/search-options/search-options-1/network.png', 0, 1),
(571, 562, 'Integral Sensor', 1892, 1893, '', 'sn01', '', '', 0, 'assets/images/search-options/search-options-1/sensor.jpg', 0, 1),
(572, 4, 'Steplight', 807, 808, '', 'ft11', '', '', 0, 'assets/images/search-options/search-options-1/step.jpg', 0, 1),
(573, 4, 'In-Grade', 809, 810, '', 'ft12', '', '', 0, 'assets/images/search-options/search-options-1/ingrade.jpg', 0, 1),
(574, 4, 'Modular Lighting', 837, 838, '', 'ft27', '', '', 0, 'assets/images/search-options/search-options-1/systems.jpg', 0, 1),
(575, 4, 'Flex/Channel Lighting', 841, 842, '', 'ft29', '', '', 0, 'assets/images/search-options/search-options-1/flex_channel.jpg', 0, 1),
(576, 4, 'Undercabinet', 845, 846, '', 'ft32', '', '', 0, 'assets/images/search-options/search-options-1/pucklight.jpg', 0, 1),
(577, 4, 'Millwork/Cases', 847, 848, '', 'ft33', '', '', 0, 'assets/images/search-options/search-options-1/caselight.jpg', 0, 1),
(578, 4, 'Special Task Lighting', 849, 850, '', 'ft35', '', '', 0, 'assets/images/search-options/search-options-1/specialtaskmain.jpg', 0, 1),
(579, 4, 'Display/Signage', 851, 852, '', 'ft36', '', '', 0, 'assets/images/search-options/search-options-1/facadelinear_old.jpg', 0, 1),
(580, 4, 'Emergency Lighting', 853, 854, '', 'ft37', '', '', 0, 'assets/images/search-options/search-options-1/emergency.jpg', 0, 1),
(581, 4, 'Exit Signs', 855, 856, '', 'ft38', '', '', 0, 'assets/images/search-options/search-options-1/exitsign.jpg', 0, 1),
(582, 4, 'Entertainment', 859, 860, '', 'ft39', '', '', 0, 'assets/images/search-options/search-options-1/stage.jpg', 0, 1),
(583, 4, 'Landscape Lighting', 803, 804, '', 'ft10', '', '', 0, 'assets/images/search-options/search-options-1/landscape.jpg', 0, 1),
(584, 15, 'System', 905, 906, '', 'mt08', '', '', 0, 'assets/images/search-options/search-options-1/system.png', 0, 1),
(585, 15, 'Monorail', 907, 908, '', 'mt09', '', '', 0, 'assets/images/search-options/search-options-1/track_momorail.jpg', 0, 1),
(586, 15, 'Cable Track', 909, 910, '', 'mt23', '', '', 0, 'assets/images/search-options/search-options-1/track_cable.png', 0, 1),
(587, 15, 'Surface', 929, 930, '', 'mt22', '', '', 0, 'assets/images/search-options/search-options-1/ceiling_surface.png', 0, 1),
(588, 15, 'Wall Arm/Cantilever', 923, 924, '', 'mt14', '', '', 0, 'assets/images/search-options/search-options-1/wall_arm.jpg', 0, 1),
(589, 10, 'Antimicrobial Light', 967, 968, '', 'et04', '', '', 0, 'assets/images/search-options/search-options-1/antimicrobelight.jpg', 0, 1),
(590, 10, 'Food Processing', 997, 998, '', 'et19', '', '', 0, 'assets/images/search-options/search-options-1/food.jpg', 0, 1),
(591, 12, 'Curve', 1093, 1094, '', 'sp07', '', '', 0, 'assets/images/search-options/search-options-1/shape_curve.png', 0, 1),
(593, 161, '6\" or less', 1150, 1151, '', 'lg01', '', '', 0, 'assets/images/search-options/search-options-1/LB.png', 0, 1),
(594, 161, '9 Ft', 1170, 1171, '', 'lg10', '', '', 0, 'assets/images/search-options/search-options-1/LB.png', 0, 1),
(596, 5, 'Regressed Bulb', 1287, 1288, '', 'ap21', '', '', 0, 'assets/images/search-options/search-options-1/regressedbulb.jpg', 0, 1),
(638, 233, 'Drywall Thikness', 1390, 1391, '', 'hd09', '', '', 0, 'assets/images/search-options/search-options-1/drywallthikness.png', 0, 1),
(1014, 161, 'Incremental (inch). Run', 1196, 1197, '', 'lg34', '', '', 0, '', 0, 1),
(1016, 161, 'Incremental (inch). 12 Ft Max', 1198, 1199, '', 'lg16', '', '', 0, '', 0, 1),
(1017, 161, 'Incremental (inch). 10 Ft Max', 1200, 1201, '', 'lg17', '', '', 0, '', 0, 1),
(1018, 161, 'Incremental (inch). 8 Ft Max', 1202, 1203, '', 'lg18', '', '', 0, '', 0, 1),
(1019, 301, 'Spot', 1508, 1509, '', 'op24', '', '', 0, 'assets/images/search-options/search-options-1/spot.png', 0, 1),
(1026, 482, 'Custom', 1640, 1641, '', '', '', '', 0, '', 0, 1),
(1027, 1, 'Agents', 2012, 2013, '', '', '', '', 0, '', 1, 1),
(1028, 483, 'Custom', 1660, 1661, '', '', '', '', 0, '', 0, 1),
(1029, 512, 'Custom', 1698, 1699, '', '', '', '', 0, '', 0, 1),
(1030, 513, 'Custom', 1720, 1721, '', '', '', '', 0, '', 0, 1),
(1031, 231, 'Slot T-Grid Ceiling', 1322, 1323, '', 'in16', '', '', 0, 'assets/images/search-options/search-options-1/slot.jpg', 0, 1),
(1032, 358, '118', 3, 4, '', '', '', '', 0, 'assets/images/search-options/search-options-1/3G_lighting_logo.jpg', 0, 1);
INSERT INTO `search_options` (`node_id`, `parent_id`, `name`, `lft`, `rgt`, `option_key`, `option_code`, `db_fields`, `type`, `section`, `img_src`, `hs_order`, `active`) VALUES
(1033, 358, '120', 5, 6, '', '', '', '', 0, 'assets/images/search-options/search-options-1/a_light_logo.jpg', 0, 1),
(1034, 358, '327', 7, 8, '', '', '', '', 0, '', 0, 1),
(1035, 358, '171', 9, 10, '', '', '', '', 0, '', 0, 1),
(1036, 358, '272', 11, 12, '', '', '', '', 0, '', 0, 1),
(1037, 358, '113', 13, 14, '', '', '', '', 0, '', 0, 1),
(1038, 358, '119', 15, 16, '', '', '', '', 0, 'assets/images/search-options/search-options-1/acdc_lighting_logo.jpg', 0, 1),
(1039, 358, '95', 17, 18, '', '', '', '', 0, '', 0, 1),
(1040, 358, '7', 19, 20, '', '', '', '', 0, 'assets/images/search-options/search-options-1/Aculux_logo.jpg', 0, 1),
(1041, 358, '271', 21, 22, '', '', '', '', 0, '', 0, 1),
(1042, 358, '219', 23, 24, '', '', '', '', 0, 'assets/images/search-options/search-options-1/ALM_2.png', 0, 1),
(1043, 358, '277', 25, 26, '', '', '', '', 0, '', 0, 1),
(1044, 358, '170', 27, 28, '', '', '', '', 0, '', 0, 1),
(1045, 358, '358', 29, 30, '', '', '', '', 0, '', 0, 1),
(1046, 358, '371', 31, 32, '', '', '', '', 0, '', 0, 1),
(1047, 358, '326', 33, 34, '', '', '', '', 0, '', 0, 1),
(1048, 358, '81', 35, 36, '', '', '', '', 0, '', 0, 1),
(1049, 358, '270', 37, 38, '', '', '', '', 0, '', 0, 1),
(1050, 358, '56', 39, 40, '', '', '', '', 0, '', 0, 1),
(1051, 358, '37', 41, 42, '', '', '', '', 0, '', 0, 1),
(1052, 358, '254', 43, 44, '', '', '', '', 0, '', 0, 1),
(1053, 358, '368', 45, 46, '', '', '', '', 0, '', 0, 1),
(1054, 358, '124', 47, 48, '', '', '', '', 0, '', 0, 1),
(1055, 358, '122', 49, 50, '', '', '', '', 0, '', 0, 1),
(1056, 358, '235', 51, 52, '', '', '', '', 0, '', 0, 1),
(1057, 358, '169', 53, 54, '', '', '', '', 0, 'assets/images/search-options/search-options-1/arancia_lighting_logo.jpg', 0, 1),
(1058, 358, '367', 55, 56, '', '', '', '', 0, '', 0, 1),
(1059, 358, '126', 57, 58, '', '', '', '', 0, '', 0, 1),
(1060, 358, '104', 59, 60, '', '', '', '', 0, '', 0, 1),
(1061, 358, '26', 61, 62, '', '', '', '', 0, '', 0, 1),
(1062, 358, '100', 63, 64, '', '', '', '', 0, '', 0, 1),
(1063, 358, '360', 65, 66, '', '', '', '', 0, '', 0, 1),
(1064, 358, '125', 67, 68, '', '', '', '', 0, '', 0, 1),
(1065, 358, '127', 69, 70, '', '', '', '', 0, '', 0, 1),
(1066, 358, '92', 71, 72, '', '', '', '', 0, '', 0, 1),
(1067, 358, '336', 73, 74, '', '', '', '', 0, '', 0, 1),
(1068, 358, '237', 75, 76, '', '', '', '', 0, '', 0, 1),
(1069, 358, '253', 77, 78, '', '', '', '', 0, '', 0, 1),
(1070, 358, '205', 79, 80, '', '', '', '', 0, '', 0, 1),
(1071, 358, '361', 81, 82, '', '', '', '', 0, '', 0, 1),
(1072, 358, '382', 83, 84, '', '', '', '', 0, '', 0, 1),
(1073, 358, '18', 85, 86, '', '', '', '', 0, 'assets/images/search-options/search-options-1/axis_lighting_logo.png', 0, 1),
(1074, 358, '90', 87, 88, '', '', '', '', 0, '', 0, 1),
(1075, 358, '174', 89, 90, '', '', '', '', 0, '', 0, 1),
(1076, 358, '357', 91, 92, '', '', '', '', 0, '', 0, 1),
(1077, 358, '80', 93, 94, '', '', '', '', 0, '', 0, 1),
(1078, 358, '128', 95, 96, '', '', '', '', 0, '', 0, 1),
(1079, 358, '57', 97, 98, '', '', '', '', 0, '', 0, 1),
(1080, 358, '105', 99, 100, '', '', '', '', 0, '', 0, 1),
(1081, 358, '25', 101, 102, '', '', '', '', 0, '', 0, 1),
(1082, 358, '240', 103, 104, '', '', '', '', 0, '', 0, 1),
(1083, 358, '279', 105, 106, '', '', '', '', 0, '', 0, 1),
(1084, 358, '130', 107, 108, '', '', '', '', 0, '', 0, 1),
(1085, 358, '58', 109, 110, '', '', '', '', 0, '', 0, 1),
(1086, 358, '27', 111, 112, '', '', '', '', 0, 'assets/images/search-options/search-options-1/birchwood_lighting_logo.jpg', 0, 1),
(1087, 358, '91', 113, 114, '', '', '', '', 0, 'assets/images/search-options/search-options-1/blackjack_lighting_logo.jpg', 0, 1),
(1088, 358, '175', 115, 116, '', '', '', '', 0, '', 0, 1),
(1089, 358, '72', 117, 118, '', '', '', '', 0, '', 0, 1),
(1090, 358, '129', 119, 120, '', '', '', '', 0, '', 0, 1),
(1091, 358, '275', 121, 122, '', '', '', '', 0, '', 0, 1),
(1092, 358, '131', 123, 124, '', '', '', '', 0, '', 0, 1),
(1093, 358, '177', 125, 126, '', '', '', '', 0, '', 0, 1),
(1094, 358, '273', 127, 128, '', '', '', '', 0, '', 0, 1),
(1095, 358, '375', 129, 130, '', '', '', '', 0, '', 0, 1),
(1096, 358, '354', 131, 132, '', '', '', '', 0, '', 0, 1),
(1097, 358, '78', 133, 134, '', '', '', '', 0, '', 0, 1),
(1098, 358, '123', 135, 136, '', '', '', '', 0, '', 0, 1),
(1099, 358, '99', 137, 138, '', '', '', '', 0, 'assets/images/search-options/search-options-1/chameleon_logo.png', 0, 1),
(1100, 358, '172', 139, 140, '', '', '', '', 0, '', 0, 1),
(1101, 358, '71', 141, 142, '', '', '', '', 0, '', 0, 1),
(1102, 358, '97', 143, 144, '', '', '', '', 0, '', 0, 1),
(1103, 358, '46', 145, 146, '', '', '', '', 0, '', 0, 1),
(1104, 358, '228', 147, 148, '', '', '', '', 0, '', 0, 1),
(1105, 358, '260', 149, 150, '', '', '', '', 0, '', 0, 1),
(1106, 358, '239', 151, 152, '', '', '', '', 0, '', 0, 1),
(1107, 358, '278', 153, 154, '', '', '', '', 0, '', 0, 1),
(1108, 358, '179', 155, 156, '', '', '', '', 0, '', 0, 1),
(1109, 358, '337', 157, 158, '', '', '', '', 0, '', 0, 1),
(1110, 358, '55', 159, 160, '', '', '', '', 0, '', 0, 1),
(1111, 358, '178', 161, 162, '', '', '', '', 0, '', 0, 1),
(1112, 358, '62', 163, 164, '', '', '', '', 0, '', 0, 1),
(1113, 358, '325', 165, 166, '', '', '', '', 0, '', 0, 1),
(1114, 358, '276', 167, 168, '', '', '', '', 0, '', 0, 1),
(1115, 358, '42', 169, 170, '', '', '', '', 0, '', 0, 1),
(1116, 358, '117', 171, 172, '', '', '', '', 0, '', 0, 1),
(1117, 358, '116', 173, 174, '', '', '', '', 0, '', 0, 1),
(1118, 358, '132', 175, 176, '', '', '', '', 0, '', 0, 1),
(1119, 358, '31', 177, 178, '', '', '', '', 0, '', 0, 1),
(1120, 358, '59', 179, 180, '', '', '', '', 0, '', 0, 1),
(1121, 358, '88', 181, 182, '', '', '', '', 0, '', 0, 1),
(1122, 358, '29', 183, 184, '', '', '', '', 0, 'assets/images/search-options/search-options-1/delta_light_logo.png', 0, 1),
(1123, 358, '121', 185, 186, '', '', '', '', 0, '', 0, 1),
(1124, 358, '34', 187, 188, '', '', '', '', 0, '', 0, 1),
(1125, 358, '319', 189, 190, '', '', '', '', 0, '', 0, 1),
(1126, 358, '234', 191, 192, '', '', '', '', 0, '', 0, 1),
(1127, 358, '274', 193, 194, '', '', '', '', 0, '', 0, 1),
(1128, 358, '321', 195, 196, '', '', '', '', 0, '', 0, 1),
(1129, 358, '133', 197, 198, '', '', '', '', 0, '', 0, 1),
(1130, 358, '40', 199, 200, '', '', '', '', 0, '', 0, 1),
(1131, 358, '41', 201, 202, '', '', '', '', 0, 'assets/images/search-options/search-options-1/edison_price_logo.jpg', 0, 1),
(1132, 358, '280', 203, 204, '', '', '', '', 0, '', 0, 1),
(1133, 358, '181', 205, 206, '', '', '', '', 0, '', 0, 1),
(1134, 358, '180', 207, 208, '', '', '', '', 0, '', 0, 1),
(1135, 358, '328', 209, 210, '', '', '', '', 0, '', 0, 1),
(1136, 358, '176', 211, 212, '', '', '', '', 0, '', 0, 1),
(1137, 358, '22', 213, 214, '', '', '', '', 0, '', 0, 1),
(1138, 358, '241', 215, 216, '', '', '', '', 0, '', 0, 1),
(1139, 358, '182', 217, 218, '', '', '', '', 0, '', 0, 1),
(1140, 358, '9', 219, 220, '', '', '', '', 0, '', 0, 1),
(1141, 358, '388', 221, 222, '', '', '', '', 0, '', 0, 1),
(1142, 358, '359', 223, 224, '', '', '', '', 0, '', 0, 1),
(1143, 358, '281', 225, 226, '', '', '', '', 0, '', 0, 1),
(1144, 358, '317', 227, 228, '', '', '', '', 0, '', 0, 1),
(1145, 358, '115', 229, 230, '', '', '', '', 0, 'assets/images/search-options/search-options-1/eureka_lighting_logo.jpg', 0, 1),
(1146, 358, '307', 231, 232, '', '', '', '', 0, '', 0, 1),
(1147, 358, '134', 233, 234, '', '', '', '', 0, '', 0, 1),
(1148, 358, '333', 235, 236, '', '', '', '', 0, '', 0, 1),
(1149, 358, '257', 237, 238, '', '', '', '', 0, '', 0, 1),
(1150, 358, '168', 239, 240, '', '', '', '', 0, '', 0, 1),
(1151, 358, '110', 241, 242, '', '', '', '', 0, 'assets/images/search-options/search-options-1/fc_lighting_logo.png', 0, 1),
(1152, 358, '330', 243, 244, '', '', '', '', 0, '', 0, 1),
(1153, 358, '288', 245, 246, '', '', '', '', 0, '', 0, 1),
(1154, 358, '370', 247, 248, '', '', '', '', 0, '', 0, 1),
(1155, 358, '222', 249, 250, '', '', '', '', 0, 'assets/images/search-options/search-options-1/filix_lighting_logo.png', 0, 1),
(1156, 358, '322', 251, 252, '', '', '', '', 0, '', 0, 1),
(1157, 358, '138', 253, 254, '', '', '', '', 0, '', 0, 1),
(1158, 358, '282', 255, 256, '', '', '', '', 0, '', 0, 1),
(1159, 358, '135', 257, 258, '', '', '', '', 0, 'assets/images/search-options/search-options-1/FLUXWERX.jpg', 0, 1),
(1160, 358, '21', 259, 260, '', '', '', '', 0, 'assets/images/search-options/search-options-1/focal_point_logo.png', 0, 1),
(1161, 358, '386', 261, 262, '', '', '', '', 0, '', 0, 1),
(1162, 358, '184', 263, 264, '', '', '', '', 0, '', 0, 1),
(1163, 358, '283', 265, 266, '', '', '', '', 0, '', 0, 1),
(1164, 358, '136', 267, 268, '', '', '', '', 0, '', 0, 1),
(1165, 358, '96', 269, 270, '', '', '', '', 0, '', 0, 1),
(1166, 358, '188', 271, 272, '', '', '', '', 0, '', 0, 1),
(1167, 358, '137', 273, 274, '', '', '', '', 0, '', 0, 1),
(1168, 358, '32', 275, 276, '', '', '', '', 0, '', 0, 1),
(1169, 358, '364', 277, 278, '', '', '', '', 0, '', 0, 1),
(1170, 358, '20', 279, 280, '', '', '', '', 0, 'assets/images/search-options/search-options-1/Gotham_Lighting_logo.jpg', 0, 1),
(1171, 358, '251', 281, 282, '', '', '', '', 0, '', 0, 1),
(1172, 358, '223', 283, 284, '', '', '', '', 0, '', 0, 1),
(1173, 358, '189', 285, 286, '', '', '', '', 0, '', 0, 1),
(1174, 358, '67', 287, 288, '', '', '', '', 0, '', 0, 1),
(1175, 358, '139', 289, 290, '', '', '', '', 0, '', 0, 1),
(1176, 358, '33', 291, 292, '', '', '', '', 0, '', 0, 1),
(1177, 358, '293', 293, 294, '', '', '', '', 0, '', 0, 1),
(1178, 358, '83', 295, 296, '', '', '', '', 0, 'assets/images/search-options/search-options-1/Healthcare_Lighting_logo.jpg', 0, 1),
(1179, 358, '192', 297, 298, '', '', '', '', 0, '', 0, 1),
(1180, 358, '214', 299, 300, '', '', '', '', 0, '', 0, 1),
(1181, 358, '297', 301, 302, '', '', '', '', 0, '', 0, 1),
(1182, 358, '287', 303, 304, '', '', '', '', 0, '', 0, 1),
(1183, 358, '140', 305, 306, '', '', '', '', 0, '', 0, 1),
(1184, 358, '63', 307, 308, '', '', '', '', 0, '', 0, 1),
(1185, 358, '185', 309, 310, '', '', '', '', 0, '', 0, 1),
(1186, 358, '286', 311, 312, '', '', '', '', 0, '', 0, 1),
(1187, 358, '48', 313, 314, '', '', '', '', 0, '', 0, 1),
(1188, 358, '227', 315, 316, '', '', '', '', 0, '', 0, 1),
(1189, 358, '187', 317, 318, '', '', '', '', 0, '', 0, 1),
(1190, 358, '289', 319, 320, '', '', '', '', 0, '', 0, 1),
(1191, 358, '13', 321, 322, '', '', '', '', 0, 'assets/images/search-options/search-options-1/Hydrel_logo.jpg', 0, 1),
(1192, 358, '220', 323, 324, '', '', '', '', 0, '', 0, 1),
(1193, 358, '66', 325, 326, '', '', '', '', 0, '', 0, 1),
(1194, 358, '197', 327, 328, '', '', '', '', 0, '', 0, 1),
(1195, 358, '196', 329, 330, '', '', '', '', 0, '', 0, 1),
(1196, 358, '380', 331, 332, '', '', '', '', 0, '', 0, 1),
(1197, 358, '216', 333, 334, '', '', '', '', 0, '', 0, 1),
(1198, 358, '141', 335, 336, '', '', '', '', 0, '', 0, 1),
(1199, 358, '217', 337, 338, '', '', '', '', 0, '', 0, 1),
(1200, 358, '6', 339, 340, '', '', '', '', 0, '', 0, 1),
(1201, 358, '315', 341, 342, '', '', '', '', 0, '', 0, 1),
(1202, 358, '258', 343, 344, '', '', '', '', 0, '', 0, 1),
(1203, 358, '252', 345, 346, '', '', '', '', 0, 'assets/images/search-options/search-options-1/insight_lighting_logo.jpg', 0, 1),
(1204, 358, '43', 347, 348, '', '', '', '', 0, 'assets/images/search-options/search-options-1/intense_lighting_logo.jpg', 0, 1),
(1205, 358, '195', 349, 350, '', '', '', '', 0, '', 0, 1),
(1206, 358, '2', 351, 352, '', '', '', '', 0, '', 0, 1),
(1207, 358, '38', 353, 354, '', '', '', '', 0, '', 0, 1),
(1208, 358, '60', 355, 356, '', '', '', '', 0, '', 0, 1),
(1209, 358, '324', 357, 358, '', '', '', '', 0, '', 0, 1),
(1210, 358, '5', 359, 360, '', '', '', '', 0, '', 0, 1),
(1211, 358, '53', 361, 362, '', '', '', '', 0, 'assets/images/search-options/search-options-1/kenall_logo.png', 0, 1),
(1212, 358, '30', 363, 364, '', '', '', '', 0, '', 0, 1),
(1213, 358, '230', 365, 366, '', '', '', '', 0, '', 0, 1),
(1214, 358, '255', 367, 368, '', '', '', '', 0, '', 0, 1),
(1215, 358, '186', 369, 370, '', '', '', '', 0, '', 0, 1),
(1216, 358, '332', 371, 372, '', '', '', '', 0, '', 0, 1),
(1217, 358, '383', 373, 374, '', '', '', '', 0, '', 0, 1),
(1218, 358, '284', 375, 376, '', '', '', '', 0, '', 0, 1),
(1219, 358, '355', 377, 378, '', '', '', '', 0, '', 0, 1),
(1220, 358, '111', 379, 380, '', '', '', '', 0, '', 0, 1),
(1221, 358, '259', 381, 382, '', '', '', '', 0, '', 0, 1),
(1222, 358, '292', 383, 384, '', '', '', '', 0, '', 0, 1),
(1223, 358, '191', 385, 386, '', '', '', '', 0, '', 0, 1),
(1224, 358, '224', 387, 388, '', '', '', '', 0, '', 0, 1),
(1225, 358, '242', 389, 390, '', '', '', '', 0, '', 0, 1),
(1226, 358, '54', 391, 392, '', '', '', '', 0, '', 0, 1),
(1227, 358, '362', 393, 394, '', '', '', '', 0, '', 0, 1),
(1228, 358, '183', 395, 396, '', '', '', '', 0, '', 0, 1),
(1229, 358, '365', 397, 398, '', '', '', '', 0, '', 0, 1),
(1230, 358, '69', 399, 400, '', '', '', '', 0, '', 0, 1),
(1231, 358, '244', 401, 402, '', '', '', '', 0, '', 0, 1),
(1232, 358, '73', 403, 404, '', '', '', '', 0, '', 0, 1),
(1233, 358, '190', 405, 406, '', '', '', '', 0, '', 0, 1),
(1234, 358, '45', 407, 408, '', '', '', '', 0, '', 0, 1),
(1235, 358, '142', 409, 410, '', '', '', '', 0, '', 0, 1),
(1236, 358, '334', 411, 412, '', '', '', '', 0, '', 0, 1),
(1237, 358, '39', 413, 414, '', '', '', '', 0, 'assets/images/search-options/search-options-1/Lithonia_Lighting_logo.jpg', 0, 1),
(1238, 358, '296', 415, 416, '', '', '', '', 0, '', 0, 1),
(1239, 358, '44', 417, 418, '', '', '', '', 0, '', 0, 1),
(1240, 358, '101', 419, 420, '', '', '', '', 0, '', 0, 1),
(1241, 358, '373', 421, 422, '', '', '', '', 0, '', 0, 1),
(1242, 358, '199', 423, 424, '', '', '', '', 0, '', 0, 1),
(1243, 358, '291', 425, 426, '', '', '', '', 0, '', 0, 1),
(1244, 358, '144', 427, 428, '', '', '', '', 0, '', 0, 1),
(1245, 358, '247', 429, 430, '', '', '', '', 0, '', 0, 1),
(1246, 358, '94', 431, 432, '', '', '', '', 0, '', 0, 1),
(1247, 358, '70', 433, 434, '', '', '', '', 0, '', 0, 1),
(1248, 358, '314', 435, 436, '', '', '', '', 0, '', 0, 1),
(1249, 358, '143', 437, 438, '', '', '', '', 0, 'assets/images/search-options/search-options-1/LumenArt_Logo_1.png', 0, 1),
(1250, 358, '35', 439, 440, '', '', '', '', 0, 'assets/images/search-options/search-options-1/Lumenpulse_logo.jpg', 0, 1),
(1251, 358, '23', 441, 442, '', '', '', '', 0, 'assets/images/search-options/search-options-1/lumenwerx_logo.jpg', 0, 1),
(1252, 358, '318', 443, 444, '', '', '', '', 0, '', 0, 1),
(1253, 358, '51', 445, 446, '', '', '', '', 0, '', 0, 1),
(1254, 358, '4', 447, 448, '', '', '', '', 0, '', 0, 1),
(1255, 358, '238', 449, 450, '', '', '', '', 0, 'assets/images/search-options/search-options-1/luminaire_led_logo.png', 0, 1),
(1256, 358, '346', 451, 452, '', '', '', '', 0, '', 0, 1),
(1257, 358, '82', 453, 454, '', '', '', '', 0, 'assets/images/search-options/search-options-1/luminii_logo.png', 0, 1),
(1258, 358, '98', 455, 456, '', '', '', '', 0, 'assets/images/search-options/search-options-1/lumium_logo_2.png', 0, 1),
(1259, 358, '243', 457, 458, '', '', '', '', 0, '', 0, 1),
(1260, 358, '335', 459, 460, '', '', '', '', 0, '', 0, 1),
(1261, 358, '203', 461, 462, '', '', '', '', 0, '', 0, 1),
(1262, 358, '295', 463, 464, '', '', '', '', 0, '', 0, 1),
(1263, 358, '378', 465, 466, '', '', '', '', 0, '', 0, 1),
(1264, 358, '12', 467, 468, '', '', '', '', 0, 'assets/images/search-options/search-options-1/Mark_Architectural_Lighting_logo.jpg', 0, 1),
(1265, 358, '312', 469, 470, '', '', '', '', 0, '', 0, 1),
(1266, 358, '343', 471, 472, '', '', '', '', 0, '', 0, 1),
(1267, 358, '290', 473, 474, '', '', '', '', 0, '', 0, 1),
(1268, 358, '331', 475, 476, '', '', '', '', 0, '', 0, 1),
(1269, 358, '145', 477, 478, '', '', '', '', 0, '', 0, 1),
(1270, 358, '3', 479, 480, '', '', '', '', 0, '', 0, 1),
(1271, 358, '1', 481, 482, '', '', '', '', 0, '', 0, 1),
(1272, 358, '246', 483, 484, '', '', '', '', 0, '', 0, 1),
(1273, 358, '28', 485, 486, '', '', '', '', 0, '', 0, 1),
(1274, 358, '148', 487, 488, '', '', '', '', 0, '', 0, 1),
(1275, 358, '299', 489, 490, '', '', '', '', 0, '', 0, 1),
(1276, 358, '261', 491, 492, '', '', '', '', 0, '', 0, 1),
(1277, 358, '215', 493, 494, '', '', '', '', 0, '', 0, 1),
(1278, 358, '202', 495, 496, '', '', '', '', 0, '', 0, 1),
(1279, 358, '204', 497, 498, '', '', '', '', 0, '', 0, 1),
(1280, 358, '366', 499, 500, '', '', '', '', 0, '', 0, 1),
(1281, 358, '374', 501, 502, '', '', '', '', 0, '', 0, 1),
(1282, 358, '385', 503, 504, '', '', '', '', 0, '', 0, 1),
(1283, 358, '285', 505, 506, '', '', '', '', 0, '', 0, 1),
(1284, 358, '75', 507, 508, '', '', '', '', 0, '', 0, 1),
(1285, 358, '381', 509, 510, '', '', '', '', 0, '', 0, 1),
(1286, 358, '93', 511, 512, '', '', '', '', 0, '', 0, 1),
(1287, 358, '209', 513, 514, '', '', '', '', 0, '', 0, 1),
(1288, 358, '304', 515, 516, '', '', '', '', 0, '', 0, 1),
(1289, 358, '329', 517, 518, '', '', '', '', 0, '', 0, 1),
(1290, 358, '363', 519, 520, '', '', '', '', 0, '', 0, 1),
(1291, 358, '146', 521, 522, '', '', '', '', 0, 'assets/images/search-options/search-options-1/northstar_logo.png', 0, 1),
(1292, 358, '294', 523, 524, '', '', '', '', 0, '', 0, 1),
(1293, 358, '353', 525, 526, '', '', '', '', 0, '', 0, 1),
(1294, 358, '266', 527, 528, '', '', '', '', 0, '', 0, 1),
(1295, 358, '263', 529, 530, '', '', '', '', 0, '', 0, 1),
(1296, 358, '210', 531, 532, '', '', '', '', 0, '', 0, 1),
(1298, 358, '376', 533, 534, '', '', '', '', 0, '', 0, 1),
(1299, 358, '201', 535, 536, '', '', '', '', 0, '', 0, 1),
(1300, 358, '147', 537, 538, '', '', '', '', 0, 'assets/images/search-options/search-options-1/ocl_architectural_lighting_logo.jpg', 0, 1),
(1301, 358, '149', 539, 540, '', '', '', '', 0, '', 0, 1),
(1302, 358, '316', 541, 542, '', '', '', '', 0, '', 0, 1),
(1303, 358, '14', 543, 544, '', '', '', '', 0, 'assets/images/search-options/search-options-1/Peerless_Lighting_logo.jpg', 0, 1),
(1304, 358, '151', 545, 546, '', '', '', '', 0, '', 0, 1),
(1305, 358, '300', 547, 548, '', '', '', '', 0, '', 0, 1),
(1306, 358, '351', 549, 550, '', '', '', '', 0, '', 0, 1),
(1307, 358, '17', 551, 552, '', '', '', '', 0, '', 0, 1),
(1308, 358, '379', 553, 554, '', '', '', '', 0, '', 0, 1),
(1309, 358, '155', 555, 556, '', '', '', '', 0, '', 0, 1),
(1310, 358, '61', 557, 558, '', '', '', '', 0, 'assets/images/search-options/search-options-1/prudential_lighting_logo.png', 0, 1),
(1311, 358, '389', 559, 560, '', '', '', '', 0, 'assets/images/search-options/search-options-1/pure_edge_lighting.png', 0, 1),
(1312, 358, '79', 561, 562, '', '', '', '', 0, '', 0, 1),
(1313, 358, '152', 563, 564, '', '', '', '', 0, '', 0, 1),
(1314, 358, '200', 565, 566, '', '', '', '', 0, '', 0, 1),
(1315, 358, '198', 567, 568, '', '', '', '', 0, '', 0, 1),
(1316, 358, '342', 569, 570, '', '', '', '', 0, '', 0, 1),
(1317, 358, '310', 571, 572, '', '', '', '', 0, '', 0, 1),
(1318, 358, '306', 573, 574, '', '', '', '', 0, '', 0, 1),
(1319, 358, '150', 575, 576, '', '', '', '', 0, '', 0, 1),
(1320, 358, '154', 577, 578, '', '', '', '', 0, '', 0, 1),
(1321, 358, '36', 579, 580, '', '', '', '', 0, '', 0, 1),
(1322, 358, '248', 581, 582, '', '', '', '', 0, '', 0, 1),
(1323, 358, '308', 583, 584, '', '', '', '', 0, '', 0, 1),
(1324, 358, '156', 585, 586, '', '', '', '', 0, '', 0, 1),
(1325, 358, '84', 587, 588, '', '', '', '', 0, '', 0, 1),
(1326, 358, '265', 589, 590, '', '', '', '', 0, '', 0, 1),
(1327, 358, '112', 591, 592, '', '', '', '', 0, '', 0, 1),
(1328, 358, '250', 593, 594, '', '', '', '', 0, '', 0, 1),
(1329, 358, '349', 595, 596, '', '', '', '', 0, '', 0, 1),
(1330, 358, '65', 597, 598, '', '', '', '', 0, '', 0, 1),
(1331, 358, '352', 599, 600, '', '', '', '', 0, '', 0, 1),
(1332, 358, '311', 601, 602, '', '', '', '', 0, '', 0, 1),
(1333, 358, '356', 603, 604, '', '', '', '', 0, '', 0, 1),
(1334, 358, '157', 605, 606, '', '', '', '', 0, '', 0, 1),
(1335, 358, '158', 607, 608, '', '', '', '', 0, '', 0, 1),
(1336, 358, '229', 609, 610, '', '', '', '', 0, 'assets/images/search-options/search-options-1/solid_state_luminaires_logo.png', 0, 1),
(1337, 358, '233', 611, 612, '', '', '', '', 0, '', 0, 1),
(1338, 358, '256', 613, 614, '', '', '', '', 0, '', 0, 1),
(1339, 358, '231', 615, 616, '', '', '', '', 0, '', 0, 1),
(1340, 358, '167', 617, 618, '', '', '', '', 0, '', 0, 1),
(1341, 358, '153', 619, 620, '', '', '', '', 0, '', 0, 1),
(1342, 358, '159', 621, 622, '', '', '', '', 0, '', 0, 1),
(1343, 358, '211', 623, 624, '', '', '', '', 0, '', 0, 1),
(1344, 358, '341', 625, 626, '', '', '', '', 0, '', 0, 1),
(1345, 358, '165', 627, 628, '', '', '', '', 0, '', 0, 1),
(1346, 358, '68', 629, 630, '', '', '', '', 0, '', 0, 1),
(1347, 358, '338', 631, 632, '', '', '', '', 0, '', 0, 1),
(1348, 358, '309', 633, 634, '', '', '', '', 0, '', 0, 1),
(1349, 358, '10', 635, 636, '', '', '', '', 0, 'assets/images/search-options/search-options-1/targetti_logo.png', 0, 1),
(1350, 358, '64', 637, 638, '', '', '', '', 0, '', 0, 1),
(1351, 358, '206', 639, 640, '', '', '', '', 0, '', 0, 1),
(1352, 358, '207', 641, 642, '', '', '', '', 0, '', 0, 1),
(1353, 358, '52', 643, 644, '', '', '', '', 0, '', 0, 1),
(1354, 358, '384', 645, 646, '', '', '', '', 0, '', 0, 1),
(1355, 358, '320', 647, 648, '', '', '', '', 0, '', 0, 1),
(1356, 358, '372', 649, 650, '', '', '', '', 0, '', 0, 1),
(1357, 358, '249', 651, 652, '', '', '', '', 0, '', 0, 1),
(1358, 358, '344', 653, 654, '', '', '', '', 0, '', 0, 1),
(1359, 358, '161', 655, 656, '', '', '', '', 0, '', 0, 1),
(1360, 358, '47', 657, 658, '', '', '', '', 0, 'assets/images/search-options/search-options-1/Traxon_Lighting_logo.jpg', 0, 1),
(1361, 358, '387', 659, 660, '', '', '', '', 0, '', 0, 1),
(1362, 358, '313', 661, 662, '', '', '', '', 0, '', 0, 1),
(1363, 358, '218', 663, 664, '', '', '', '', 0, '', 0, 1),
(1364, 358, '303', 665, 666, '', '', '', '', 0, '', 0, 1),
(1365, 358, '160', 667, 668, '', '', '', '', 0, '', 0, 1),
(1366, 358, '19', 669, 670, '', '', '', '', 0, '', 0, 1),
(1367, 358, '301', 671, 672, '', '', '', '', 0, '', 0, 1),
(1368, 358, '108', 673, 674, '', '', '', '', 0, '', 0, 1),
(1369, 358, '162', 675, 676, '', '', '', '', 0, '', 0, 1),
(1370, 358, '305', 677, 678, '', '', '', '', 0, '', 0, 1),
(1371, 358, '89', 679, 680, '', '', '', '', 0, 'assets/images/search-options/search-options-1/vibia_logo.png', 0, 1),
(1372, 358, '76', 681, 682, '', '', '', '', 0, 'assets/images/search-options/search-options-1/visa_lighting_logo.jpg', 0, 1),
(1373, 358, '166', 683, 684, '', '', '', '', 0, '', 0, 1),
(1374, 358, '164', 685, 686, '', '', '', '', 0, '', 0, 1),
(1375, 358, '114', 687, 688, '', '', '', '', 0, '', 0, 1),
(1376, 358, '208', 689, 690, '', '', '', '', 0, '', 0, 1),
(1377, 358, '103', 691, 692, '', '', '', '', 0, '', 0, 1),
(1378, 358, '106', 693, 694, '', '', '', '', 0, '', 0, 1),
(1379, 358, '213', 695, 696, '', '', '', '', 0, '', 0, 1),
(1380, 358, '74', 697, 698, '', '', '', '', 0, '', 0, 1),
(1381, 358, '225', 699, 700, '', '', '', '', 0, 'assets/images/search-options/search-options-1/whitegoods_logo.png', 0, 1),
(1382, 358, '77', 701, 702, '', '', '', '', 0, '', 0, 1),
(1383, 358, '369', 703, 704, '', '', '', '', 0, '', 0, 1),
(1384, 358, '323', 705, 706, '', '', '', '', 0, '', 0, 1),
(1385, 358, '212', 707, 708, '', '', '', '', 0, '', 0, 1),
(1386, 358, '102', 709, 710, '', '', '', '', 0, 'assets/images/search-options/search-options-1/zumtobel_logo.png', 0, 1),
(1387, 359, '1', 1011, 1012, '', '', '', '', 0, '', 0, 1),
(1388, 359, '4', 1013, 1014, '', '', '', '', 0, 'assets/images/search-options/search-options-1/AcuityBrandsLogo.png', 0, 1),
(1389, 359, '16', 1015, 1016, '', '', '', '', 0, '', 0, 1),
(1390, 359, '14', 1017, 1018, '', '', '', '', 0, '', 0, 1),
(1391, 359, '12', 1019, 1020, '', '', '', '', 0, '', 0, 1),
(1392, 359, '2', 1021, 1022, '', '', '', '', 0, '', 0, 1),
(1393, 359, '7', 1023, 1024, '', '', '', '', 0, '', 0, 1),
(1394, 359, '6', 1025, 1026, '', '', '', '', 0, '', 0, 1),
(1395, 359, '9', 1027, 1028, '', '', '', '', 0, '', 0, 1),
(1396, 359, '18', 1029, 1030, '', '', '', '', 0, 'assets/images/search-options/search-options-1/interlux_logo.png', 0, 1),
(1397, 359, '15', 1031, 1032, '', '', '', '', 0, '', 0, 1),
(1398, 359, '8', 1033, 1034, '', '', '', '', 0, 'assets/images/search-options/search-options-1/leviton_logo.png', 0, 1),
(1399, 359, '22', 1035, 1036, '', '', '', '', 0, '', 0, 1),
(1400, 359, '10', 1037, 1038, '', '', '', '', 0, '', 0, 1),
(1401, 359, '5', 1039, 1040, '', '', '', '', 0, '', 0, 1),
(1402, 359, '19', 1041, 1042, '', '', '', '', 0, '', 0, 1),
(1403, 359, '11', 1043, 1044, '', '', '', '', 0, '', 0, 1),
(1404, 359, '13', 1045, 1046, '', '', '', '', 0, '', 0, 1),
(1405, 359, '21', 1047, 1048, '', '', '', '', 0, '', 0, 1),
(1406, 359, '20', 1049, 1050, '', '', '', '', 0, '', 0, 1),
(1407, 12, 'Ring', 1071, 1072, '', 'sp16', '', '', 0, 'assets/images/search-options/search-options-1/shape_ring.png', 0, 1),
(1408, 12, 'Dome', 1073, 1074, '', 'sp15', '', '', 0, 'assets/images/search-options/search-options-1/shape_dome.png', 0, 1),
(1409, 5, 'Refractor', 1289, 1290, '', 'ap26', '', '', 0, 'assets/images/search-options/search-options-1/refracror.jpg', 0, 1),
(1410, 5, 'Perforated', 1293, 1294, '', 'ap23', '', '', 0, 'assets/images/search-options/search-options-1/perforated.jpg', 0, 1),
(1411, 5, 'Slotted', 1295, 1296, '', 'ap24', '', '', 0, 'assets/images/search-options/search-options-1/slotted.jpg', 0, 1),
(1412, 5, 'Solid', 1297, 1298, '', 'ap25', '', '', 0, 'assets/images/search-options/search-options-1/solid.jpg', 0, 1),
(1413, 358, '392', 711, 712, '', '', '', '', 0, 'assets/images/search-options/search-options-1/luminis_logo.jpg', 0, 1),
(1414, 358, '394', 713, 714, '', '', '', '', 0, 'assets/images/search-options/search-options-1/lli_architectural_lighting_logo.jpg', 0, 1),
(1415, 358, '395', 715, 716, '', '', '', '', 0, 'assets/images/search-options/search-options-1/LED_Linear.jpg', 0, 1),
(1416, 359, '23', 1051, 1052, '', '', '', '', 0, 'assets/images/search-options/search-options-1/luminaires_group_logo.jpg', 0, 1),
(1417, 358, '396', 717, 718, '', '', '', '', 0, 'assets/images/search-options/search-options-1/cyclone_lighting_logo.jpg', 0, 1),
(1418, 15, 'Table', 937, 938, '', 'mt20', '', '', 0, 'assets/images/search-options/search-options-1/table_mount.jpg', 0, 1),
(1419, 15, 'Floor', 939, 940, '', 'mt21', '', '', 0, 'assets/images/search-options/search-options-1/floor_mount.jpg', 0, 1),
(1420, 160, '1.5 Ft', 1130, 1131, '', 'wd21', '', '', 0, 'assets/images/search-options/search-options-1/WB.png', 0, 1),
(1421, 4, 'Portables', 861, 862, '', 'ft34', '', '', 0, 'assets/images/search-options/search-options-1/portables.jpg', 0, 1),
(1422, 162, '1.5 Ft', 1230, 1231, '', 'ht12', '', '', 0, 'assets/images/search-options/search-options-1/HB.png', 0, 1),
(1423, 161, '6\"-12\"', 1152, 1153, '', 'lg19', '', '', 0, 'assets/images/search-options/search-options-1/LB.png', 0, 1),
(1424, 161, 'not less than 2 Ft', 1180, 1181, '', 'lg20', '', '', 0, '', 0, 0),
(1425, 161, 'not less than 3 Ft', 1182, 1183, '', 'lg21', '', '', 0, '', 0, 0),
(1426, 161, 'not less than 4 Ft', 1184, 1185, '', 'lg22', '', '', 0, '', 0, 0),
(1427, 561, 'Enlighted', 1872, 1873, '', 'nt09', '', '', 0, 'assets/images/search-options/search-options-1/network.png', 0, 1),
(1428, 561, 'nLight®', 1874, 1875, '', 'nt13', '', '', 0, 'assets/images/search-options/search-options-1/network.png', 0, 1),
(1429, 561, 'ENCELIUM®', 1876, 1877, '', 'nt14', '', '', 0, 'assets/images/search-options/search-options-1/network.png', 0, 1),
(1430, 561, 'ZigBee', 1878, 1879, '', 'nt12', '', '', 0, 'assets/images/search-options/search-options-1/network.png', 0, 1),
(1431, 561, 'Wattstopper® DLM', 1880, 1881, '', 'nt15', '', '', 0, 'assets/images/search-options/search-options-1/network.png', 0, 1),
(1432, 561, 'Bluetooth', 1882, 1883, '', 'nt11', '', '', 0, 'assets/images/search-options/search-options-1/network.png', 0, 1),
(1433, 561, 'Wireless Dimming', 1884, 1885, '', 'nt10', '', '', 0, 'assets/images/search-options/search-options-1/network.png', 0, 1),
(1434, 330, 'Xitanium SR', 1792, 1793, '', 'dt24', '', '', 0, 'assets/images/search-options/search-options-1/xitanium.jpg', 0, 1),
(1435, 330, 'Mark 10', 1788, 1789, '', 'dt23', '', '', 0, 'assets/images/search-options/search-options-1/dim2.jpg', 0, 1),
(1436, 329, 'Multi Switching', 1750, 1751, '', 'dm07', '', '', 0, 'assets/images/search-options/search-options-1/multiswitch.jpg', 0, 1),
(1437, 4, 'Examination Lighting', 863, 864, '', 'ft40', '', '', 0, 'assets/images/search-options/search-options-1/medexam.jpg', 0, 1),
(1438, 359, '24', 1053, 1054, '', '', '', '', 0, 'assets/images/search-options/search-options-1/legrand_logo.png', 0, 1),
(1440, 5, 'Lensed', 1251, 1252, '', 'ap03', '', '', 0, 'assets/images/search-options/search-options-1/lensed.jpg', 0, 1),
(1441, 300, 'Semi-direct', 1472, 1473, '', 'dn08', '', '', 0, 'assets/images/search-options/search-options-1/distr_semidir.png', 0, 1),
(1442, 300, 'Semi-Indirect', 1474, 1475, '', 'dn07', '', '', 0, 'assets/images/search-options/search-options-1/distr_semiindir.png', 0, 1),
(1443, 15, 'Catenary', 943, 944, '', 'mt24', '', '', 0, 'assets/images/search-options/search-options-1/catenary.png', 0, 1),
(1445, 330, 'DMX/RDM', 1848, 1849, '', 'dt41', '', '', 0, 'assets/images/search-options/search-options-1/dmx.jpg', 0, 1),
(1446, 5, 'Geometrical Wireframe', 1299, 1300, '', 'ap27', '', '', 0, 'assets/images/search-options/search-options-1/wireframe.jpg', 0, 1),
(1447, 330, 'Line Voltage', 1786, 1787, '', 'dt22', '', '', 0, 'assets/images/search-options/search-options-1/dim2.jpg', 0, 1),
(1448, 15, 'Trunnion', 945, 946, '', 'mt25', '', '', 0, 'assets/images/search-options/search-options-1/trunion.jpg', 0, 1),
(1449, 15, 'Tree Strap', 955, 956, '', 'mt26', '', '', 0, 'assets/images/search-options/search-options-1/tree_strap.jpg', 0, 1),
(1450, 4, 'Mirror Light', 865, 866, '', 'ft41', '', '', 0, 'assets/images/search-options/search-options-1/mirrorlight.jpg', 0, 1),
(1451, 12, 'Zigzag', 1097, 1098, '', 'sp17', '', '', 0, 'assets/images/search-options/search-options-1/shape_zig.png', 0, 1),
(1452, 12, 'Donut', 1077, 1078, '', 'sp21', '', '', 0, 'assets/images/search-options/search-options-1/shape_donut.png', 0, 1),
(1453, 330, 'Lutron 3-wire Fluorescent', 1812, 1813, '', 'dt42', '', '', 0, 'assets/images/search-options/search-options-1/lutron.jpg', 0, 1),
(1454, 12, 'Acorn', 1099, 1100, '', 'sp18', '', '', 0, 'assets/images/search-options/search-options-1/shape_acorn.png', 0, 1),
(1456, 330, 'Lutron T-Series (PSQ0)', 1796, 1797, '', 'dt26', '', '', 0, 'assets/images/search-options/search-options-1/lutron.jpg', 0, 1),
(1457, 231, 'Drywall, T-Grid', 1324, 1325, '', 'in17', '', '', 0, 'assets/images/search-options/search-options-1/drywalltrimless.jpg', 0, 1),
(1458, 231, 'Drywall, T-Grid, Wood', 1326, 1327, '', 'in18', '', '', 0, 'assets/images/search-options/search-options-1/drywalltrimless.jpg', 0, 1),
(1461, 231, 'Drywall, Wood', 1328, 1329, '', 'in19', '', '', 0, 'assets/images/search-options/search-options-1/drywalltrimless.jpg', 0, 1),
(1468, 27, 'Certificates', 1969, 1988, 'certificates', '', '', '', 0, '', 1, 1),
(1469, 1468, 'Night Sky', 1970, 1971, 'night_sky', 'ns01', 'night_sky', 'bln', 0, '', 0, 1),
(1470, 1468, 'Made in USA', 1972, 1973, 'arra', 'ar01', 'arra', 'bln', 0, '', 0, 1),
(1471, 1468, 'IBEW', 1974, 1975, 'ibew', 'ib01', 'ibew', 'bln', 0, '', 0, 1),
(1472, 1468, 'NYC', 1976, 1977, 'nyc', 'ny01', 'nyc', 'bln', 0, '', 0, 1),
(1473, 1468, 'ADA', 1978, 1979, 'ada', 'aa01', 'ada', 'bln', 0, '', 0, 1),
(1474, 1468, 'DLC*', 1980, 1981, 'dlc', 'dl01', 'dlc', 'bln', 0, '', 0, 1),
(1475, 1468, 'T24*', 1982, 1983, 't24', 'ti01', 't24', 'bln', 0, '', 0, 1),
(1476, 1468, 'Energy Star*', 1984, 1985, 'energy_star', 'es01', 'energy_star', 'bln', 0, '', 0, 1),
(1477, 1468, 'Chicago Approved', 1986, 1987, 'chicago_approved', 'ca01', 'chicago_approved', 'bln', 0, '', 0, 1),
(1478, 330, 'Lutron Hi-lume Premier Eco (PEQ0)', 1798, 1799, '', 'dt27', '', '', 0, 'assets/images/search-options/search-options-1/lutron.jpg', 0, 1),
(1479, 561, 'RightLight™', 1886, 1887, '', 'nt16', '', '', 0, 'assets/images/search-options/search-options-1/network.png', 0, 1),
(1490, 8, 'at least 2 years', 1993, 1994, '', 'wr05', '', '', 0, '', 0, 1),
(1491, 231, 'Stone/Tile, Concrete', 1352, 1353, '', 'in20', '', '', 0, 'assets/images/search-options/search-options-1/concrete.jpg', 0, 1),
(1492, 330, 'Lutron Ecosystem Digital', 1800, 1801, '', 'dt29', '', '', 0, 'assets/images/search-options/search-options-1/lutron.jpg', 0, 1),
(1493, 330, 'Mark 7', 1790, 1791, '', 'dt28', '', '', 0, 'assets/images/search-options/search-options-1/dim2.jpg', 0, 1),
(1494, 330, 'Lutron Hi-lume Premier Eco (L3D0E)', 1802, 1803, '', 'dt30', '', '', 0, 'assets/images/search-options/search-options-1/lutron.jpg', 0, 1),
(1496, 330, 'Lutron Hi-lume Premier 3-wire (L3D03W)', 1804, 1805, '', 'dt31', '', '', 0, 'assets/images/search-options/search-options-1/lutron.jpg', 0, 1),
(1497, 330, 'Lutron Hi-lume Eco (L3DAE)', 1806, 1807, '', 'dt32', '', '', 0, 'assets/images/search-options/search-options-1/lutron.jpg', 0, 1),
(1498, 330, 'Lutron Hi-lume 3-wire (L3DA3W)', 1808, 1809, '', 'dt33', '', '', 0, 'assets/images/search-options/search-options-1/lutron.jpg', 0, 1),
(1499, 330, 'Lutron Hi-lume Eco (PEQ1)', 1810, 1811, '', 'dt34', '', '', 0, 'assets/images/search-options/search-options-1/lutron.jpg', 0, 1),
(1500, 330, 'EldoLED ECO 0-10V/DALI', 1838, 1839, '', 'dt35', '', '', 0, 'assets/images/search-options/search-options-1/eldo.jpg', 0, 1),
(1501, 330, 'EldoLED SOLO 0-10V/DALI', 1836, 1837, '', 'dt36', '', '', 0, 'assets/images/search-options/search-options-1/eldo.jpg', 0, 1),
(1502, 330, 'eldoLED LINEAR', 1826, 1827, '', 'dt37', '', '', 0, 'assets/images/search-options/search-options-1/eldo.jpg', 0, 1),
(1503, 330, 'eldoLED L Series', 1830, 1831, '', 'dt38', '', '', 0, 'assets/images/search-options/search-options-1/eldo.jpg', 0, 1),
(1504, 330, 'eldoLED LM Series', 1832, 1833, '', 'dt39', '', '', 0, 'assets/images/search-options/search-options-1/eldo.jpg', 0, 1),
(1505, 330, 'eldoLED V Series', 1834, 1835, '', 'dt40', '', '', 0, 'assets/images/search-options/search-options-1/eldo.jpg', 0, 1),
(1506, 36, 'Run', 1428, 1429, '', 'lq09', '', '', 0, '', 0, 1),
(1507, 330, 'Lutron EcoSystem', 1794, 1795, '', 'dt25', '', '', 0, 'assets/images/search-options/search-options-1/lutron.jpg', 0, 1),
(1508, 12, 'Lantern', 1103, 1104, '', 'sp19', '', '', 0, '', 0, 1),
(1509, 358, '397', 719, 720, '', '', '', '', 0, 'assets/images/search-options/search-options-1/JLC_Tech_logo.jpg', 0, 1),
(1514, 358, '404', 721, 722, '', '', '', '', 0, 'assets/images/search-options/search-options-1/mike_stoane_lighting_logo.jpg', 0, 1),
(1517, 358, '407', 723, 724, '', '', '', '', 0, 'assets/images/search-options/search-options-1/sattler_logo.png', 0, 1),
(1520, 358, '410', 725, 726, '', '', '', '', 0, 'assets/images/search-options/search-options-1/linea_light_logo.png', 0, 1),
(1526, 330, 'Osram DEXAL', 1850, 1851, '', 'dt43', '', '', 0, 'assets/images/search-options/search-options-1/osram.jpg', 0, 1),
(1527, 301, 'Adjustable Optics', 1488, 1489, '', 'op25', '', '', 0, 'assets/images/search-options/search-options-1/adjustable.png', 0, 1),
(1530, 12, 'Cone', 1075, 1076, '', 'sp20', '', '', 0, 'assets/images/search-options/search-options-1/shape_cone.png', 0, 1),
(1533, 301, 'Double Wash', 1496, 1497, '', 'op08', '', '', 0, 'assets/images/search-options/search-options-1/doublewash.png', 0, 1),
(1536, 301, 'Aisle/Shelves Beam', 1500, 1501, '', 'op09', '', '', 0, 'assets/images/search-options/search-options-1/shelf.png', 0, 1),
(1537, 4, 'Utility', 867, 868, '', 'ft42', '', '', 0, '', 0, 1),
(1539, 231, 'Insulated Metal Panel', 1334, 1335, '', 'in21', '', '', 0, 'assets/images/search-options/search-options-1/metal.jpg', 0, 1),
(1540, 5, 'Edge Lit', 1301, 1302, '', 'ap28', '', '', 0, '', 0, 1),
(1541, 231, 'Concealed Grid System', 1316, 1317, '', 'in22', '', '', 0, 'assets/images/search-options/search-options-1/cconcealed.jpg', 0, 1),
(1542, 231, 'Metal Pan', 1336, 1337, '', 'in23', '', '', 0, 'assets/images/search-options/search-options-1/metal.jpg', 0, 1),
(1543, 301, 'Area Aisle', 1528, 1529, '', 'op26', '', '', 0, '', 0, 1),
(1544, 10, 'Spectrally-Sensitive Applications', 999, 1000, '', 'et20', '', '', 0, 'assets/images/search-options/search-options-1/spectr.jpg', 0, 1),
(1545, 561, 'TekLink', 1888, 1889, '', 'nt17', '', '', 0, 'assets/images/search-options/search-options-1/network.png', 0, 1),
(1546, 12, 'Box', 1085, 1086, '', 'sp22', '', '', 0, 'assets/images/search-options/search-options-1/shape_box.png', 0, 1),
(1547, 12, 'Bowl', 1079, 1080, '', 'sp23', '', '', 0, 'assets/images/search-options/search-options-1/shape_bowl.png', 0, 1),
(1548, 10, 'Patient Room', 1001, 1002, '', 'et21', '', '', 0, 'assets/images/search-options/search-options-1/patient.jpg', 0, 1),
(1549, 10, 'Surgical', 1003, 1004, '', 'et22', '', '', 0, 'assets/images/search-options/search-options-1/surgical.jpg', 0, 1),
(1550, 15, 'Semi-Recessed', 915, 916, '', 'mt27', '', '', 0, 'assets/images/search-options/search-options-1/ceiling_semirecessed.png', 0, 1),
(1551, 330, 'eldoLED ECO DALI', 1818, 1819, '', 'dt45', '', '', 0, 'assets/images/search-options/search-options-1/eldo.jpg', 0, 1),
(1552, 330, 'eldoLED ECO 0-10V', 1820, 1821, '', 'dt46', '', '', 0, 'assets/images/search-options/search-options-1/eldo.jpg', 0, 1),
(1553, 330, 'eldoLED SOLO DALI', 1822, 1823, '', 'dt47', '', '', 0, 'assets/images/search-options/search-options-1/eldo.jpg', 0, 1),
(1554, 330, 'eldoLED SOLO 0-10V', 1824, 1825, '', 'dt48', '', '', 0, 'assets/images/search-options/search-options-1/eldo.jpg', 0, 1),
(1555, 330, 'eldoLED SOLO DMX', 1828, 1829, '', 'dt49', '', '', 0, 'assets/images/search-options/search-options-1/eldo.jpg', 0, 1),
(1556, 358, '411', 727, 728, '', '', '', '', 0, '', 0, 1),
(1557, 358, '412', 729, 730, '', '', '', '', 0, '', 0, 1),
(1558, 358, '414', 731, 732, '', '', '', '', 0, '', 0, 1),
(1559, 359, '30', 1055, 1056, '', '', '', '', 0, '', 0, 1),
(1560, 4, 'Skylight', 869, 870, '', 'ft43', '', '', 0, 'assets/images/search-options/search-options-1/skylight.jpg', 0, 1),
(1561, 4, 'Gobo Projector', 871, 872, '', 'ft44', '', '', 0, 'assets/images/search-options/search-options-1/gobo.jpg', 0, 1),
(1562, 358, '415', 733, 734, '', '', '', '', 0, 'assets/images/search-options/search-options-1/HE_Williams_Logo.png', 0, 1),
(1566, 2, 'T5, T8 LED', 771, 772, '', 'so09', '', '', 0, 'assets/images/search-options/search-options-1/t5led.jpg', 0, 1),
(1567, 18, 'Tunable White & Colors', 1569, 1570, '', 'ct24', '', '', 0, 'assets/images/search-options/search-options-1/tunewhitecolor.jpg', 0, 1),
(1568, 4, 'Emergency/Exit Combo', 873, 874, '', 'ft45', '', '', 0, 'assets/images/search-options/search-options-1/emergency_combo.jpg', 0, 1),
(1569, 5, 'Letters Faceplate', 1303, 1304, '', 'ap29', '', '', 0, '', 0, 1),
(1570, 18, 'Field Select CCT', 1571, 1572, '', 'ct25', '', '', 0, 'assets/images/search-options/search-options-1/cct_white_tune.jpg', 0, 1),
(1571, 20, 'Remote Adjustable', 1533, 1534, '', 'op27', '', '', 0, '', 1, 1),
(1572, 301, 'Remote Adjustable', 1530, 1531, '', 'op27', '', '', 0, '', 0, 1),
(1574, 358, '418', 735, 736, '', '', '', '', 0, '', 0, 1),
(1575, 4, 'Lit Surface', 875, 876, '', 'ft46', '', '', 0, 'assets/images/search-options/search-options-1/lightsurface.jpg', 0, 1),
(1578, 160, 'xx Ft', 1146, 1147, '', 'wd14', '', '', 0, 'assets/images/search-options/search-options-1/WB.png', 0, 0),
(1580, 161, 'not less than 5 Ft', 1186, 1187, '', 'lg23', '', '', 0, '', 0, 0),
(1581, 161, 'not less than 6 Ft', 1188, 1189, '', 'lg24', '', '', 0, '', 0, 0),
(1582, 161, 'not less than 7 Ft', 1190, 1191, '', 'lg25', '', '', 0, '', 0, 0),
(1583, 161, 'not less than 8 Ft', 1192, 1193, '', 'lg26', '', '', 0, '', 0, 0),
(1584, 161, 'up to 2 Ft', 1204, 1205, '', 'lg27', '', '', 0, '', 0, 0),
(1585, 161, 'up to 3 Ft', 1206, 1207, '', 'lg28', '', '', 0, '', 0, 0),
(1586, 161, 'up to 4 Ft', 1208, 1209, '', 'lg29', '', '', 0, '', 0, 0),
(1587, 161, 'up to 5 Ft', 1210, 1211, '', 'lg30', '', '', 0, '', 0, 0),
(1588, 161, 'up to 6 Ft', 1212, 1213, '', 'lg31', '', '', 0, '', 0, 0),
(1589, 4, 'Sheet/Module Lighting', 877, 878, '', 'ft30', '', '', 0, '', 0, 1),
(1590, 161, 'up to 7 Ft', 1214, 1215, '', 'lg32', '', '', 0, '', 0, 0),
(1591, 161, 'up to 8 Ft', 1216, 1217, '', 'lg33', '', '', 0, '', 0, 0),
(1592, 5, 'Interchangeable Lens', 1253, 1254, '', 'ap04', '', '', 0, '', 0, 1),
(1593, 5, 'Optical Accessories', 1291, 1292, '', 'ap22', '', '', 0, '', 0, 1),
(1594, 463, 'cTUVus', 1966, 1967, '', 'lt05', '', '', 0, '', 0, 1),
(1595, 330, 'EldoLED DUAL 0-10V', 1842, 1843, '', 'dt50', '', '', 0, 'assets/images/search-options/search-options-1/eldo.jpg', 0, 1),
(1596, 358, '420', 737, 738, '', '', '', '', 0, '', 0, 1),
(1597, 358, '421', 739, 740, '', '', '', '', 0, '', 0, 1),
(1598, 358, '424', 741, 742, '', '', '', '', 0, '', 0, 1),
(1599, 4, 'Wraparound', 879, 880, '', 'ft47', '', '', 0, '', 0, 1),
(1600, 4, 'Picture Light', 881, 882, '', 'ft48', '', '', 0, '', 0, 1),
(1601, 358, '425', 743, 744, '', '', '', '', 0, '', 0, 1),
(1602, 358, '426', 745, 746, '', '', '', '', 0, '', 0, 1),
(1603, 358, '427', 747, 748, '', '', '', '', 0, '', 0, 1),
(1604, 358, '428', 749, 750, '', '', '', '', 0, '', 0, 1),
(1605, 358, '429', 751, 752, '', '', '', '', 0, '', 0, 1),
(1606, 358, '430', 753, 754, '', '', '', '', 0, '', 0, 1),
(1608, 4, 'Vanity Light', 883, 884, '', 'ft49', '', '', 0, '', 0, 1),
(1609, 4, 'Self Lit Signs', 885, 886, '', 'ft50', '', '', 0, '', 0, 1),
(1610, 358, '431', 755, 756, '', '', '', '', 0, '', 0, 1),
(1611, 358, '432', 757, 758, '', '', '', '', 0, '', 0, 1),
(1612, 4, 'Slim Downlight', 887, 888, '', 'ft51', '', '', 0, '', 0, 1),
(1613, 358, '433', 759, 760, '', '', '', '', 0, 'assets/images/search-options/search-options-1/edisongroup.jpg', 0, 1),
(1614, 358, '434', 761, 762, '', '', '', '', 0, '', 0, 1),
(1615, 358, '437', 763, 764, '', '', '', '', 0, '', 0, 1),
(1616, 4, 'Reading Light', 889, 890, '', 'ft52', '', '', 0, '', 0, 1),
(1617, 5, 'With Pattern/Graphics', 1305, 1306, '', 'ap30', '', '', 0, '', 0, 1),
(1618, 37, 'Remote Aiming', 1440, 1441, '', '', '', '', 0, '', 0, 1),
(1619, 37, 'Remote Focusing', 1442, 1443, '', '', '', '', 0, '', 0, 1),
(1620, 10, 'Healthcare', 1005, 1006, '', 'et23', '', '', 0, 'assets/images/search-options/search-options-1/healthcare.jpg', 0, 1),
(1622, 10, 'Corrosion Resistant', 1007, 1008, '', 'et24', '', '', 0, 'assets/images/search-options/search-options-1/corrosion.png', 0, 1),
(1628, 15, 'Yoke', 947, 948, '', 'mt28', '', '', 0, 'assets/images/search-options/search-options-1/yoke.png', 0, 1),
(1629, 15, 'Knuckle', 949, 950, '', 'mt29', '', '', 0, 'assets/images/search-options/search-options-1/knockle.png', 0, 1),
(1630, 15, 'Slipfitter', 951, 952, '', 'mt30', '', '', 0, 'assets/images/search-options/search-options-1/slipfitter.png', 0, 1),
(1631, 15, 'Tenon', 953, 954, '', 'mt31', '', '', 0, 'assets/images/search-options/search-options-1/tenon.png', 0, 1),
(1632, 15, 'Gooseneck', 925, 926, '', 'mt32', '', '', 0, 'assets/images/search-options/search-options-1/goosneck.png', 0, 1),
(1633, 539, 'PoE', 1904, 1905, '', 'pw04', '', '', 0, 'assets/images/search-options/search-options-1/PoE.png', 0, 1),
(1634, 15, 'Light Column', 957, 958, '', 'mt33', '', '', 0, '', 0, 1);

-- --------------------------------------------------------

--
-- Table structure for table `search_options_range`
--

CREATE TABLE `search_options_range` (
  `node_id` smallint(5) UNSIGNED NOT NULL,
  `parent_id` smallint(5) UNSIGNED NOT NULL,
  `val` decimal(10,2) DEFAULT NULL,
  `val_min` decimal(10,2) DEFAULT NULL,
  `val_max` decimal(10,2) DEFAULT NULL,
  `field_min` varchar(32) COLLATE utf8mb4_unicode_ci NOT NULL,
  `field_max` varchar(32) COLLATE utf8mb4_unicode_ci NOT NULL,
  `range_type` varchar(16) COLLATE utf8mb4_unicode_ci NOT NULL,
  `val_dd` int(10) UNSIGNED DEFAULT NULL,
  `val_dd_decimal` decimal(4,1) UNSIGNED DEFAULT NULL
) ENGINE=InnoDB DEFAULT CHARSET=utf8mb4 COLLATE=utf8mb4_unicode_ci;

--
-- Dumping data for table `search_options_range`
--

INSERT INTO `search_options_range` (`node_id`, `parent_id`, `val`, `val_min`, `val_max`, `field_min`, `field_max`, `range_type`, `val_dd`, `val_dd_decimal`) VALUES
(113, 7, '5.00', NULL, NULL, '', '', 'lte', NULL, NULL),
(114, 7, '10.00', NULL, NULL, '', '', 'lte', NULL, NULL),
(115, 7, '14.00', NULL, NULL, '', '', 'lte', NULL, NULL),
(116, 7, '28.00', NULL, NULL, '', '', 'lte', NULL, NULL),
(117, 8, '1.00', NULL, NULL, 'warranty', 'warranty', 'gte', 1, NULL),
(118, 8, '3.00', NULL, NULL, 'warranty', 'warranty', 'gte', 3, NULL),
(119, 8, '5.00', NULL, NULL, 'warranty', 'warranty', 'gte', 5, NULL),
(120, 8, '10.00', NULL, NULL, 'warranty', 'warranty', 'gte', 10, NULL),
(138, 11, '30000.00', NULL, NULL, '', '', 'gte', NULL, NULL),
(139, 11, '50000.00', NULL, NULL, '', '', 'gte', NULL, NULL),
(140, 11, '75000.00', NULL, NULL, '', '', 'gte', NULL, NULL),
(141, 11, '100000.00', NULL, NULL, '', '', 'gte', NULL, NULL),
(142, 11, '150000.00', NULL, NULL, '', '', 'gte', NULL, NULL),
(265, 233, '1.00', NULL, NULL, '', '', 'lte', NULL, NULL),
(266, 233, '2.00', NULL, NULL, '', '', 'lte', NULL, NULL),
(267, 233, '3.00', NULL, NULL, '', '', 'lte', NULL, NULL),
(268, 233, '4.00', NULL, NULL, '', '', 'lte', NULL, NULL),
(269, 233, '5.00', NULL, NULL, '', '', 'lte', NULL, NULL),
(270, 233, '6.00', NULL, NULL, '', '', 'lte', NULL, NULL),
(271, 233, '8.00', NULL, NULL, '', '', 'lte', NULL, NULL),
(272, 233, '12.00', NULL, NULL, '', '', 'lte', NULL, NULL),
(296, 19, '70.00', NULL, NULL, '', '', 'gte', NULL, NULL),
(297, 19, '80.00', NULL, NULL, '', '', 'gte', NULL, NULL),
(298, 19, '90.00', NULL, NULL, '', '', 'gte', NULL, NULL),
(299, 19, '95.00', NULL, NULL, '', '', 'gte', NULL, NULL),
(477, 26, '50.00', NULL, NULL, '', '', 'gte', NULL, NULL),
(478, 26, '70.00', NULL, NULL, '', '', 'gte', NULL, NULL),
(479, 26, '90.00', NULL, NULL, '', '', 'gte', NULL, NULL),
(480, 26, '120.00', NULL, NULL, '', '', 'gte', NULL, NULL),
(481, 26, '150.00', NULL, NULL, '', '', 'gte', NULL, NULL),
(484, 482, '100.00', NULL, NULL, '', '', 'lte', NULL, NULL),
(485, 482, NULL, '90.00', '220.00', '', '', 'btw', NULL, NULL),
(486, 482, NULL, '190.00', '330.00', '', '', 'btw', NULL, NULL),
(487, 482, NULL, '290.00', '550.00', '', '', 'btw', NULL, NULL),
(488, 482, NULL, '480.00', '800.00', '', '', 'btw', NULL, NULL),
(489, 482, NULL, '700.00', '1200.00', '', '', 'btw', NULL, NULL),
(490, 482, NULL, '900.00', '1600.00', '', '', 'btw', NULL, NULL),
(491, 482, NULL, '1400.00', '2200.00', '', '', 'btw', NULL, NULL),
(492, 482, NULL, '1900.00', '3300.00', '', '', 'btw', NULL, NULL),
(493, 482, NULL, '2800.00', '5500.00', '', '', 'btw', NULL, NULL),
(494, 482, NULL, '4700.00', '8000.00', '', '', 'btw', NULL, NULL),
(495, 482, NULL, '6500.00', '11000.00', '', '', 'btw', NULL, NULL),
(496, 482, NULL, '9000.00', '16000.00', '', '', 'btw', NULL, NULL),
(497, 482, NULL, '13500.00', '22000.00', '', '', 'btw', NULL, NULL),
(498, 482, NULL, '18000.00', '33000.00', '', '', 'btw', NULL, NULL),
(499, 482, NULL, '27000.00', '43000.00', '', '', 'btw', NULL, NULL),
(500, 482, NULL, '37000.00', '52000.00', '', '', 'btw', NULL, NULL),
(501, 482, NULL, '47000.00', '77000.00', '', '', 'btw', NULL, NULL),
(502, 482, NULL, '70000.00', '110000.00', '', '', 'btw', NULL, NULL),
(503, 482, NULL, '90000.00', '1000000.00', '', '', 'btw', NULL, NULL),
(504, 483, '100.00', NULL, NULL, '', '', 'lte', NULL, NULL),
(505, 483, NULL, '90.00', '220.00', '', '', 'btw', NULL, NULL),
(506, 483, NULL, '180.00', '330.00', '', '', 'btw', NULL, NULL),
(507, 483, NULL, '280.00', '550.00', '', '', 'btw', NULL, NULL),
(508, 483, NULL, '470.00', '800.00', '', '', 'btw', NULL, NULL),
(509, 483, NULL, '700.00', '1100.00', '', '', 'btw', NULL, NULL),
(510, 483, NULL, '950.00', '1600.00', '', '', 'btw', NULL, NULL),
(511, 483, NULL, '1400.00', '100000.00', '', '', 'btw', NULL, NULL),
(514, 512, '3.00', NULL, NULL, '', '', 'lte', NULL, NULL),
(515, 512, NULL, '3.00', '5.00', '', '', 'btw', NULL, NULL),
(516, 512, NULL, '5.00', '10.00', '', '', 'btw', NULL, NULL),
(517, 512, NULL, '9.00', '16.00', '', '', 'btw', NULL, NULL),
(518, 512, NULL, '14.00', '22.00', '', '', 'btw', NULL, NULL),
(519, 512, NULL, '19.00', '33.00', '', '', 'btw', NULL, NULL),
(520, 512, NULL, '28.00', '44.00', '', '', 'btw', NULL, NULL),
(521, 512, NULL, '38.00', '55.00', '', '', 'btw', NULL, NULL),
(522, 512, NULL, '47.00', '80.00', '', '', 'btw', NULL, NULL),
(523, 512, NULL, '72.00', '105.00', '', '', 'btw', NULL, NULL),
(524, 512, NULL, '95.00', '160.00', '', '', 'btw', NULL, NULL),
(525, 512, NULL, '140.00', '260.00', '', '', 'btw', NULL, NULL),
(526, 512, NULL, '230.00', '360.00', '', '', 'btw', NULL, NULL),
(527, 512, NULL, '330.00', '520.00', '', '', 'btw', NULL, NULL),
(528, 512, NULL, '480.00', '800.00', '', '', 'btw', NULL, NULL),
(529, 512, NULL, '730.00', '1000000.00', '', '', 'btw', NULL, NULL),
(530, 513, '1.00', NULL, NULL, '', '', 'lte', NULL, NULL),
(531, 513, NULL, '1.00', '2.00', '', '', 'btw', NULL, NULL),
(532, 513, NULL, '2.00', '3.00', '', '', 'btw', NULL, NULL),
(533, 513, NULL, '3.00', '5.00', '', '', 'btw', NULL, NULL),
(534, 513, NULL, '5.00', '7.00', '', '', 'btw', NULL, NULL),
(535, 513, NULL, '7.00', '10.00', '', '', 'btw', NULL, NULL),
(536, 513, NULL, '10.00', '15.00', '', '', 'btw', NULL, NULL),
(537, 513, NULL, '15.00', '25.00', '', '', 'btw', NULL, NULL),
(538, 513, NULL, '25.00', '1000000.00', '', '', 'btw', NULL, NULL),
(638, 233, '0.70', NULL, NULL, '', '', 'lte', NULL, NULL),
(1026, 482, '10000000.00', NULL, NULL, '', '', 'gte', NULL, NULL),
(1028, 483, '10000000.00', NULL, NULL, '', '', 'gte', NULL, NULL),
(1029, 512, '10000000.00', NULL, NULL, '', '', 'gte', NULL, NULL),
(1030, 513, '10000000.00', NULL, NULL, '', '', 'gte', NULL, NULL),
(1490, 8, '2.00', NULL, NULL, 'warranty', 'warranty', 'gte', 2, NULL);

-- --------------------------------------------------------

--
-- Table structure for table `settings`
--

CREATE TABLE `settings` (
  `id` tinyint(4) NOT NULL,
  `days_recent_fams` smallint(6) NOT NULL,
  `days_recent_prj` smallint(6) NOT NULL
) ENGINE=InnoDB DEFAULT CHARSET=utf8mb4 COLLATE=utf8mb4_unicode_ci;

--
-- Dumping data for table `settings`
--

INSERT INTO `settings` (`id`, `days_recent_fams`, `days_recent_prj`) VALUES
(1, 3000, 3000);

-- --------------------------------------------------------

--
-- Table structure for table `shared_search`
--

CREATE TABLE `shared_search` (
  `id` int(10) UNSIGNED NOT NULL,
  `params` mediumblob NOT NULL,
  `uts` int(10) UNSIGNED NOT NULL
) ENGINE=InnoDB DEFAULT CHARSET=utf8mb4 COLLATE=utf8mb4_unicode_ci;

--
-- Dumping data for table `shared_search`
--

INSERT INTO `shared_search` (`id`, `params`, `uts`) VALUES
(1, 0x34080000789cbd94ed6eda3014866f25f2af4d22e483b1b5114342685d27759f54da8f31a18363126f4eecd906caaa5ec72e6837b6632054cb46295db43fa0f3faf5c9f1e3737c4d0c034df3d732652421b9212dfcb95c2917cdf8959d6b86d23745924f9df0a4153febb44ea3cfcef452cbb97a9592a41bbb70349f6695f234eeb6b68947cc5a5e668624d744ea9469cc0b86624ec5f43bc8dc779e84182e385b169b2a32cd5317faae9a6d1a2ad725a1c0cdf96a8a0e92583d672e7e3fe7f4abc93916390361d80dee5243595ae025d3e7b610b8b327b8470518f37c8cab3e1d132f050bbe54d6e7298addb89270b9a63893452828e6a6127393f9822d98403542d1d895708e31e9f78c8272f73967cc19a4c8a15aeb9f6dd87a2e6b2f584bd51f2f32cf68ea365aab4c1204cbe5b2ad34734cda8267b985ef6d2a8b801708d004f99a87bfc66f82250831615796692e75fb8bcafea807cf5742c1507fb1b579674021dd15f29b9b4a21401967fff96357aae0fdbb886e615181b7772c9aa1dbe40d84a871d973868d1d6eedff5efd9e7ec0b6be7743c4c79e7acf5534d31333309873620ac474a02546cee30d70e6b865147b149a06db09a33a597c5afe4216d2c5b114df2acba979303c4cccaca9186e9e1e571197653df4a3a004ad25262aefe2f9666d6a1861745227880f73330487c3cbe0c221f1865248fd9f50526a27711886079a73504c99f61e7de422bde033f6b8e991af533d8d9a813a500a4f0c257df85c1fc753b3d9a141ff80161cf0db2bbe1f4472f30bb53cd916, 1588353796),
(2, 0x080b0000789cbd96df6ed33014c65fc58a04574df3a72d656154429d462b3634b64a5c3054798e9b181cdbd84e4399f61c3c102fc671bb6ca2652b65516f9a9e2fdfb14f7e3927c9b56728d6243f9529f5122f375e0b7e260be5a219fb6e4b4d41faa6bce453dc0d5b71bfdfea743aadb817b6a2e845f8d9d9df6a59aa71ea25dd03175e945759ad4451dcbadde2825acb4466bce4da933aa51a76c086c0ea8aea339cb91dbb21847346ab62554fa659ea42dfd575bb0c91cbe2406066b4b8028797585d52177f2819f96a7206e5ce3037f406b2d4500a8b99a07a640b0e99879c21c2b131af2fe1ac4f2e3d94628b7da9accf5210bb07b504a7d71467b28007c4dcd4626e329fd339e5a046201abbe0ce71e90d0e8dc2e26e3b67cc294e81437d6e70bca28cdcaa87c152aa0facc890d1c4255aab4c12045555b595a68e499bb32cb7f8479bc8226005003441bee4e12ff19b209595589ada5f54b6510b5c9bc00505fd9c126a0c4dd1519d60ea0afec8209273ac8c4bf9f5f3ae54ce068f11bd854538dcbd5dd10c5d127ac3f91a9707ae6365c7f7f6a757ff403f405bff7343c4bb5ef523b763df7d31e39458a9031821da30d4b813ad538507cc5fa8e274be2bc1b13016da005b26059a3c65ae600f6a4d8d71f50472c5c1c2eba11f059594a9d5ace070ffb6b09dd436f411921a661bbddc40dbef378376389c04270e101a4a2ef59ec01262a79d300cb7407596770db3ecc41bd30f2fc066601eb1a280189d6391edab47d371b10d239485ac44cfb97d153d6b7cece38ddeec3534f623591a87738f132f6845e01f7c7f1027b595780cec7b5ac1d8dcdb9b6ed5dec6dcbb6fb466e09e6251ce30719f2afaffdf47bbd19d4982f9544926ec94cb4c6ec17becece8ccd97723ebddfc06a960d5cc, 1588354630),
(3, 0x080b0000789cbd96df6ed33014c65fc58a04574df3a72d656154429d462b3634b64a5c3054798e9b181cdbd84e4399f61c3c102fc671bb6ca2652b65516f9a9e2fdfb14f7e3927c9b56728d6243f9529f5122f375e0b7e260be5a219fb6e4b4d41faa6bce453dc0d5b71bfdfea743aadb817b6a2e845f8d9d9df6a59aa71ea25dd03175e945759ad4451dcbadde2825acb4466bce4da933aa51a76c086c0ea8aea339cb91dbb21847346ab62554fa659ea42dfd575bb0c91cbe2406066b4b8028797585d52177f2819f96a7206e5ce3037f406b2d4500a8b99a07a640b0e99879c21c2b131af2fe1ac4f2e3d94628b7da9accf5210bb07b504a7d71467b28007c4dcd4626e329fd339e5a046201abbe0ce71e90d0e8dc2e26e3b67cc294e81437d6e70bca28cdcaa87c152aa0facc890d1c4255aab4c12045555b595a68e499bb32cb7f8479bc8226005003441bee4e12ff19b209595589ada5f54b6510b5c9bc00505fd9c126a0c4dd1519d60ea0afec8209273ac8c4bf9f5f3ae54ce068f11bd854538dcbd5dd10c5d127ac3f91a9707ae6365c7f7f6a757ff403f405bff7343c4bb5ef523b763df7d31e39458a9031821da30d4b813ad538507cc5fa8e274be2bc1b13016da005b26059a3c65ae600f6a4d8d71f50472c5c1c2eba11f059594a9d5ace070ffb6b09dd436f411921a661bbddc40dbef378376389c04270e101a4a2ef59ec01262a79d300cb7407596770db3ecc41bd30f2fc066601eb1a280189d6391edab47d371b10d239485ac44cfb97d153d6b7cece38ddeec3534f623591a87738f132f6845e01f7c7f1027b595780cec7b5ac1d8dcdb9b6ed5dec6dcbb6fb466e09e6251ce30719f2afaffdf47bbd19d4982f9544926ec94cb4c6ec17becece8ccd97723ebddfc06a960d5cc, 1588354641),
(4, 0x29020000789c65504b4ec33010bd4ae53549a8040ba2d20da22a12159f8240a22c06679218ecd8f538a4a5ea39381017634cd522e8ca7a9f797e332b41085ed6135ba0c8454d664ee280dfbba58b44a916a1f5c8d4dc89fce9394a53691d5eb97051b0a1df3f3e61759332c510545391c857c2fa023d1b8024eb0efd355431f1e890e1bbc2ce6cbeacbc2a224ce837267ec012138ac6cb1776883cf81623be69957ca35a719d1234e19aa7dc996d02a806fd3818cd9303ad7a5203d1e98cd544ce44af8000897521510593b1f69664c31e575342b105d3069a92690a4b1de14c0c07e4a0d9e5d754253542c18b6fb5e1049ab604194fe707d90fb57d94a97ae4651c0cc1519e655dd7a5ce633c42aa555507f848a53519c763a04c193e1c659bd3c40d946dfec3a49f8d2eef1f1fce6f1fd35757ed75e4151b30c8fc48b78b0efd625be78f4d5aadc151f47d7dee7a6b3514eb6fb49fbda7, 1588359445),
(5, 0x7d050000789cad94e16ed33010c75f25f2e7255959a950d4559a26b14d02011a121fe8843cdb8b6fd8b1f1b90d65da73ec817831ce6932b4c2c63af625d1fdefeff3f9e793af182a1e847eeba46215d3c876e8f371e5537401dfe3222892be79567dde1b8dcf52f628b8853f91ac1a4f5278ba38af07e5e5e4d54e5ff154c5084d8dacba622e4815a8204741c5bc0aef799d3618ef52b804d5daf5f6750099c23cb5d19711aeeb8504c0e3d539395875c10daa247c5880f88a1a7caf5dd3327fe89ac8a151e1385a434ba706326138e2fe9cb2b998b34cf2c873e7630e92c4f1649028bda12453241c246a1c448d756ed45219524724625c99e498b3d9143d6f6eb74b46adb82410436ef67a4d354b55a765270d3fb0758641a485317aaccab26ddbc20795a014066a1df98f42385b82258258ea0e48def1c7d2d0a179f862e9f0c5a5afffe8864ed770ab487fd339876def988433867b4cae9f37b7fd19983d84b127240c55dd96c7615a941d18b301e39ed6d776fedbfeffdddf330434cc8f9e8217db9efaee0d3cebfd4323212811ff310327bded9939eeed8e3641d2c3f117905c2eb785f6ce4710f864685458451cd8addf97d411b86633cc4765cb5117be7908e101aeac553180283f917b3b92ecfa173255e6f1, 1588359571),
(6, 0x2a020000789c65904d4ec3301085af52794d122ac182a87483a88a44c54f4154a22c06c7490cfeabc7212d55cfc181b818634a8aa02b6bbef766fc66d60c05785e4f6c2158ce6ad40b6407f4dead5c04a55c86c60b420bc7f2c7a7284db975e2ca858b820cfdfef109a9db295311823415b27ccdac2f8427032027dd097f0d559c787448e59b14adde7e597959c432c1df31f1039208481caf9ec9c1f212148a086e1ac95fb196ee876da8cd9d5913401ae1c7412b6a1d28d9e30a104fe7a4267cce7a050448ac0b892c08c6dc1d24c31eab31c11883b0065312c6b052b19cb3e1001d98ddfc1aaba41650d0e69d369c80694ae0f1767e907da3ee91baeaa1e7b13104877996b56d9b3a2fe2155225ab3ac07bcaadce68bc0898494d97c36c7b9bb881b4e67f99f4b3d1e5fdece1fc7696beb86a2f23ad68400be223d52c5be1975d9c3f366e950287d1f7f9b1cbade4906dbe005c8cbdf2, 1588359854),
(7, 0x34020000789c6550cb4ec33010fc95c8679250813844a51784281215a072a31c8cbd490c7ee17508a5ea77f041fc18eb4629825e12cdccce7876370c8107d12e9c0456b1160d3ba2efc3da2758ab8fd80520eacdb3eaf129494be13cdcfa782d69607236392175c858428cca36c8aa0d734142a001123d843bdea4b8d36382ef0a7a33bcd6042513ccf13723a50f3e85f3f5334db02a860e12beef9478c55651979a6b842db9fc85b3912b0b611e8d26e754ab4c688e78be2235172b96491e79ee7ccc952432751e491a38e05acc31b520da705b138d71ad135cb1d9143db7fbfc169bbc052e69eb519b2db8ed6a2ed2ddc2b4dc51e34f9926c3209231468f5559f67d5ff800e90885564d1bf967219c29291e2296cad0e1b01c4e933650cefe87f9a404a9d0d926b8ce172fbe39a8495b5a6e80f8cbdd6476939ea2d2d955f28cf5fe7884d39a7b4ca6efaffd1e5acdd8f607827cc227, 1588789138),
(8, 0x5c050000789cbd54db6ed43010fd95c8cf4d42aaad2aa265a5b61297070462fbc6a2ca75661d83131bcf6497a5ea77f041fc18e34db35503adba6ac54ba23973e676c6f695409041d5ef5d05a214358a03fe9c6f7cb496e607750118faee45f9b998bcfc12bd6f82ebfcbb4a9493a368cebb4b3d20c7c516516e1b2f76c6074fd1dd76d61edc549c039169358af24ab85041e8033c848f52c7e8c90b365706d64ddf9b3548d114d79cc29fb996a46921bca5c6b2776a4da2ac447cb5606faa1622a924c9d4794a4dc5e0e46880d83d4222897866066b1cc01a756a610596d18241a48d8d8c85984dd1cb76572e126b90154f33f866af7be99298759a6fa1e1671a9d60503190c86399e7ebf53af301e2709935ba26f93353aec94dc34a605e6f2e83a9d2adc8985370cb2584ecabd77f75c293b5b201c6cf7bd650f30e4b396ba5c748fbfd6bd79c35b38734bc9147595edebe629cc5a0e4c4da9112f7f4ded3e52dfde9dddf73028e8b479f80c37d871e6de07f2eff942334e4a712bf013db388c5e158447e16fea1a2ac56fb2a36afe5132e0be705c241b6fe8d890d19d78ecdb4c831d6ba08a028f3ed435a7e628a6c7567e59e97495cff01f5b2db40, 1595860220),
(9, 0x970a0000789cbd96df6e9b3014c65f05f91a0224e9f24759a489a95bb555ab9ade2d53e582079e8cedd94e585af539f6407bb11d43c834b226a345b9019dcf9f8f8f7f1cd93c204db08ab34b9110344599462e3c6e36d2465fe90fb35204a4ef124d3ff7c3893b0803b73f1ab9fdc9c80dcf865facfb9d122b7991a0e9f055dfc68bd55dba93c66129c5a2cc8876c12769ec385f31e66e6b581063284f359a3e20a112a2aa0992a82b9cdad9c300c23525455e55cba83636448f904246821b4c3951ef4dce6074c6a81333acf5eb258c7af112390936d813d278340111caad35186f4ad6668003a899aec54ca71e236bc2400d41d466c3ac6389e6332d31df2d688d19c109eca71e9b9f57381d9b75e69752fda279ea6815db89c6483df5fda2287a5211bbbd1ea36966f07d2f16b94f7360a1fd6c73a768e2959cb51f6f18e500acf74da67ba5c0de38ce09e8d1d6a6eb65fff2c582312cb535fefab9ab8fd1f921905b4231832fd896476427396f186bc078aafad28effd85f5efd936d300effbb0dfaadb7ddfc0a27ed816bb1e289f35614bcccd831cbf0ac89120e8d7fa0c4c9ba2db64b28dc1e0fcfa606a989d135bceac8b13551c19ba117fa92f004737384e655e5ea98e220089b18e1dced06239cbb347e7eebb58358d084f4243f44f09c099174dd85e3bd2e1c8dbac1174537fe47cbc3890413ea441ce3d8dc0e822038d28dd6f2a16b96933d9693ae585e5f9c8a9fa2e3e048238e03472827833588ea9ae1de0503bf4edd305c64f8053f13ed286abbd6edee9e398cb3ba67eabbae1d50f4f81bd73caac9, 1595860424),
(10, 0x29020000789c65904d4ec3400c85af52cdba49a8404844a51b1650890aa4b2a3084d27d364a4f963ec9096aae7e0405c0cbb90f2d34da2f7f9d97ee3ad002d936a66a1d2a2140d3831a4efc326b25c9935b649137a89a27c7ce2d2750a6d9c56a2f4adb50ce6edb23e622aec072c93f4953890bb88ec1a9d5e9c0fbf17cf35a2f13588722b42aa74a22e6a883addcb9a479c9d907c35ba735f11ad0164297634225e058fd2789d6ed059aa8ead19282b012e1754cdd4420c2a89320b11335311e4dd3d24c3116b20038e4a781f9e38e0c6b25e88c918a2f487050dd459a36545f9fbda64267dbb928acf96c6c51ef53fe3ea0124c58d8811caa2e8ba2e8f49f373726bea06e55bae822b68bc46288ca31340f175287e8209febfcc4685f1a8936dd7cf36d4218f3f617e5fc24ba7894fd99bddb6eb3ed41f9f0ad6ca086cfc783fa4b76622769f181cbef9, 1595860761),
(11, 0x3b040000789cad525d4fc23014fd2b4b9f1d53b310b2208921f1e3c148026f624ce9ea56eddada7b0191f83bfc41fe316f19c3a89140f465cb3df79cf69ed3bb6420b917e595cd25cb5809ec803ea3850bd5bd7ac6a997043d3996dddc86d6b9b7537799b32ced8472389d141b246daf2061576ab629ae1d86be996a7db0be6f2811952980654b667d2e7d2d70d20f7811d4e921953325e7553d59e1551eca18d82b1de2fad6205746fa0bac34f5bb5a4542738093317563316651ce91c7d661ac7202d34e0351fb1b1248489e092ca1014b28622d6752137a4420e04207c698f5bae0b8d95c1788a5e439f9697abdb33aba289cda4d5650f353551181174188e8204b92f97cde725e067b2dad8a12f94b4bd82a5115650149b99890f978953324e8b978bcabc87bebc1153f862173865792f0512026c305ca0a922b6bacb3ca6033c51791b05a730741f5feb61957abdeb654d781094d0fba6f3cfd208a4eb5fe96cd2f566a3affa4ff7dfadf76226defbc14c7fbbadefe22ffb91e4e9a9c1bdc6543a241cd85fdb265af1fe32d76f6, 1595945509),
(12, 0x5c040000789ca553d16e133110fc15cb4f20f5726da13c9c42a4505140222a6af24650e4fa363e239f6dbcbe26a1ea77f041fc18ebbb5c02a900055eeeb4e3ddf1cc687dcf114490d5c495c00b5e61cd4fe83bdbf8542ef53a360108fae279f1f1533a7a135ce3df95bcb8384fe5b4b9553d621b635a4cba76bc1676c977c0b58fa9e9ecd98bd393edad5388515b85bcb8e72e94106888063c840f422586e7a754de6958d59d3e157499ca0cf90391f84b67a3d016c2db581b3a1f1acda411882fe7749ac93967a58822733e66ba2430ddde83d4f008ab30c32496e0a49e608c1b93ca391f0dd10bbbe3af50651588920cf467a389b0cd52c8145a18e62dd4ff74ad1806990663f458e4f96ab51af800c9cfc0685545f175205d9d133d44cc754d1960de25951c68670fcbec2c9f05b17676f13e1190948571ca0d3e7bf5482fd9b5a206c2bb113603595947fd1a903d195b763dbd194fd8ab062951c4a7bdf25f58a43346784c34dfbfed2c1a3dfa53f471d3262a0d893f36d2cb34c4c6c61ce4f91b6f5dbbd8b7ffbffa76492ece0fd7668ffc64b1c2fd26a9ccc01d98b461c79abeea1e1e4bacffbc47db05aa36b7f46ab2f69562bea26816b08e10b40b7fd993d7db367625a428e1b844f9c30f563f82bc, 1595947228),
(13, 0xf1060000789cbd54d16eda3014fd15cb4f9bd490d2151e228ac42a759b54d469f0362a641c93b8736ccfd781b2aadfb10fda8fed3a29d0c13696b6da4ba27b7cefc9b947c7b9a32098e3f9d0a482263487821ee173bcb2a19ccb5b5f3a81d0574b93cfddf675387ce74c693fa434e9764e423d2a67d916ea5410371541c1f49c6e802beb434ffb4df7f8e8e1bb23e1bdd419d0e48e1a970a8743386085fbc8b2c0707a8ce5428a65512bcc9c4c431901bd47127b6eb467520bf7de170acf7b4a12ae18c0d9044f233ea124659e45c6fa48a60886afaf416cd8c3728820884538a84718fc4a857242fb3db04c6ff873c8a25cb01417589ff5874c9773c6836dae1757d0fa258b8c80e361d07b0b491c2f97cb967522ecd35232cb3dfbd6e2a688915e788865811e405c3b15369046ef96513b1e3b766bf4f43210a094a9329969ddd86c4f2faeab592110af47c858f05c1bec9702c8ab812657a34f8321795b023a0af07aadfc17166e94621602cd8fef9b1595ecffcd7abfaa1ce50ac537b5f43c0c9181523b7efe61b7ba9d6ddb9fafbe0a09a67d37378fa0474be6b0cd521629b1102a64ace9da17f5e52381f5c9497a8850be9ae1bd89aa6b0a314b6f4af06ca6c494712eb43f909601b260f3fff0b3f3cf7e9e34f573678b97b1b230da58230f5a7869f817820a50d00bdb78ba6762fb371eb274f1d4fc8d9f93bf667fb2b93226adc60fd879b1696ce626bdff093dcb68df, 1595948166);

-- --------------------------------------------------------

--
-- Table structure for table `sku_charmask`
--

CREATE TABLE `sku_charmask` (
  `manf_code` varchar(3) COLLATE utf8mb4_unicode_ci NOT NULL,
  `charmask` varchar(10) COLLATE utf8mb4_unicode_ci NOT NULL
) ENGINE=InnoDB DEFAULT CHARSET=utf8mb4 COLLATE=utf8mb4_unicode_ci;

--
-- Dumping data for table `sku_charmask`
--

INSERT INTO `sku_charmask` (`manf_code`, `charmask`) VALUES
('3LG', '_'),
('ABC', '_'),
('ACD', '_'),
('AEL', '_'),
('ALG', '_'),
('ALM', '_'),
('ALT', '_'),
('ALW', '_'),
('ALX', '_'),
('AMR', '_'),
('ARA', '_'),
('ATM', '_'),
('AXS', '_'),
('BJK', '_'),
('BWD', '_'),
('CML', '_'),
('CYC', '_'),
('DLT', '_'),
('EDP', '_'),
('ELM', '_'),
('FLG', '_'),
('FLX', '_'),
('FOP', '_'),
('GTM', '_'),
('HDR', '_'),
('HEW', '_'),
('INL', '_'),
('INS', '_'),
('KNL', '_'),
('LAL', '_'),
('LAT', '_'),
('LMI', '_'),
('LML', '_'),
('LMN', '_'),
('LMP', '_'),
('LNL', '_'),
('LNR', '_'),
('LOU', '_'),
('LSI', '_'),
('LTL', '_'),
('LTS', '_'),
('LUL', '_'),
('LWX', '_'),
('MAR', '_'),
('MSL', '_'),
('NSL', '_'),
('OCL', '_'),
('PEL', '_'),
('PIN', '_'),
('PRL', '_'),
('PRU', '_'),
('SAT', '_'),
('SEL', '_'),
('SPI', '_'),
('SSL', '_'),
('STK', '_'),
('SVL', '_'),
('TRG', '_'),
('USA', '_'),
('VBA', '_'),
('VIS', '_'),
('WDN', '_'),
('WGD', '_'),
('ZTB', '_');

-- --------------------------------------------------------

--
-- Table structure for table `sliders`
--

CREATE TABLE `sliders` (
  `slider_id` int(11) UNSIGNED NOT NULL,
  `sku` varchar(6) COLLATE utf8mb4_unicode_ci NOT NULL,
  `bgcolor` varchar(7) COLLATE utf8mb4_unicode_ci NOT NULL,
  `dt` datetime NOT NULL
) ENGINE=InnoDB DEFAULT CHARSET=utf8mb4 COLLATE=utf8mb4_unicode_ci;

--
-- Dumping data for table `sliders`
--

INSERT INTO `sliders` (`slider_id`, `sku`, `bgcolor`, `dt`) VALUES
(2, 'EVNT', '#000000', '2015-09-29 00:00:00'),
(4, 'SRCH', '#000000', '2015-10-17 00:00:00'),
(5, '00', '#000000', '2015-10-21 00:00:00'),
(6, 'INSP', '#000000', '2015-10-21 00:00:00'),
(7, 'MDIA', '#000000', '2015-10-21 00:00:00');

-- --------------------------------------------------------

--
-- Table structure for table `sliders_images`
--

CREATE TABLE `sliders_images` (
  `image_id` int(10) UNSIGNED NOT NULL,
  `slider_id` int(10) UNSIGNED NOT NULL,
  `advertiser` varchar(255) COLLATE utf8mb4_unicode_ci NOT NULL,
  `sku_advertiser` varchar(3) COLLATE utf8mb4_unicode_ci NOT NULL,
  `img_src` varchar(255) COLLATE utf8mb4_unicode_ci NOT NULL,
  `alt_name` varchar(255) COLLATE utf8mb4_unicode_ci NOT NULL,
  `url` varchar(255) COLLATE utf8mb4_unicode_ci NOT NULL,
  `anchor_target` varchar(8) COLLATE utf8mb4_unicode_ci NOT NULL,
  `active_from` date NOT NULL,
  `active_to` date NOT NULL
) ENGINE=InnoDB DEFAULT CHARSET=utf8mb4 COLLATE=utf8mb4_unicode_ci;

--
-- Dumping data for table `sliders_images`
--

INSERT INTO `sliders_images` (`image_id`, `slider_id`, `advertiser`, `sku_advertiser`, `img_src`, `alt_name`, `url`, `anchor_target`, `active_from`, `active_to`) VALUES
(1002, 5, 'Arancia', 'ARA', 'Arancia_Jack_P91.jpg', 'Arancia Jack P91', '/led-luminaire-details?f=ARA_P91', '_self', '2019-09-20', '2019-10-31'),
(1003, 5, 'LEDELUM', '', 'product6.jpg', '', '', '_blank', '2015-10-02', '2016-03-31'),
(1004, 5, 'LEDELUM', '', 'project1.jpg', '', '', '_blank', '2015-10-02', '2016-03-31'),
(1005, 5, 'LEDELUM', '', 'product2.jpg', '', '', '_blank', '2015-10-01', '2016-03-31'),
(1115, 6, 'Arancia', 'ARA', 'Arancia_Jack_P91.jpg', 'Arancia Jack P91', '', '_self', '2019-11-18', '2020-02-29'),
(1116, 6, 'Focal Point', '', 'LightAZ_FocalPointBanner_SeemAcoustic_A.jpg', 'LightAZ_FocalPointBanner_SeemAcoustic_A', '', '_self', '2019-09-21', '2020-02-29'),
(1117, 6, 'Visa', '', 'laterna-visa-lighting.jpg', 'laterna-visa-lighting', '', '_self', '2019-09-12', '2020-02-29'),
(1118, 6, 'Prudential', '', 'Prudential_Rounds-banner_.jpg', 'Prudential_Rounds banner', '', '_self', '2019-09-12', '2020-02-29'),
(1119, 2, 'Prudential', '', 'PrudentialLighting_Bolt.jpg', 'Prudential Lighting. Bolt', '', '_self', '2019-03-05', '2020-02-29'),
(1120, 2, 'Focal Point', '', 'LightAZ_FocalPointBanner_Cylinders_A.jpg', 'LightAZ_FocalPointBanner_Cylinders_A', '', '_self', '2019-09-12', '2020-02-29'),
(1121, 2, 'Edison price', '', 'Edison_Price-Artima-2.jpg', 'Edison_Price-Artima-2', '', '_self', '2019-03-04', '2020-02-29'),
(1122, 2, 'Visa', '', 'sequence-square-visa-lighting.jpg', 'sequence-square-visa-lighting', '', '_blank', '2019-11-18', '2020-02-29'),
(1123, 2, 'LED SUMMIT', 'LSM', 'LED-Summit-Chicago-2019.jpg', 'LED Summit Chicago', 'https://www.ledspecifiersummit.com/midwest/', '_blank', '2019-11-08', '2019-11-17'),
(1173, 7, 'JLC-Tech', '', 'JLC-Tech_LightAZ_banner_1.png', 'JLC-Tech_LightAZ banner ', '', '_self', '2019-11-18', '2020-05-31'),
(1174, 7, 'Focal Point', '', 'LightAZ_FocalPointBanner_Cylinders_A.jpg', 'LightAZ_FocalPointBanner_Cylinders_A', '', '_self', '2019-09-12', '2020-05-31'),
(1175, 7, 'Visa', '', 'sequence-square-visa-lighting.jpg', 'sequence-square-visa-lighting', '', '_self', '2019-09-12', '2020-05-31'),
(1176, 7, 'Edison Price', '', 'Edison_Price-Artima-2.jpg', 'Edison_Price-Artima-2', '', '_self', '2019-09-12', '2020-05-31'),
(1177, 7, 'LED SUMMIT', 'LSM', 'LED-Summit-Chicago-2019.jpg', 'LED Summit Chicago', 'https://www.ledspecifiersummit.com/midwest/', '_blank', '2019-11-08', '2019-11-17'),
(1348, 4, 'JLC', 'JLC', 'JLC_T-Bar-wood.jpg', 'JLC T Bar', 'https://www.lightaz.com/led-luminaire-details?f=JLC_TBSL-C2', '_self', '2020-05-10', '2020-07-19'),
(1349, 4, 'Focal Point', '', 'LightAZ_FocalPointBanner_SeemAcoustic_A.jpg', 'LightAZ_FocalPointBanner_SeemAcoustic_A', '', '_self', '2019-03-24', '2020-02-20'),
(1350, 4, 'LIGHTAZ', 'TRG', 'Targetti_CORO.jpg', 'Targetti CORO LARGE.', 'https://www.lightaz.com/led-luminaire-details?f=TRG_COL', '_self', '2020-05-10', '2020-08-31'),
(1351, 4, 'LIGHTAZ', 'ZTB', 'Zumtobel_maxi.jpg', 'Zumtobel_maxi', 'https://www.lightaz.com/led-luminaire-details?f=ZTB_SPSAL', '_self', '2020-05-10', '2020-08-31'),
(1352, 4, 'Traxon', 'TRX', 'Traxon_Propoint_pixel.jpg', 'Traxon Propoint pixel RGB', 'https://www.lightaz.com/led-luminaire-details?f=TRX_PPP-RGBW-DD', '_self', '2020-07-22', '2020-08-31'),
(1353, 4, 'LIGHTAZ', 'LAZ', 'Explora_Star.jpg', 'Explora Star Pendant by Hacel', 'https://www.lightaz.com/led-product-details/explora--star?g=534', '_self', '2020-02-22', '2020-04-22'),
(1354, 4, 'LIGHTAZ', 'LAZ', 'Golden_Cloud.jpg', 'Golden Cloud, Paolo Castelli', 'https://www.lightaz.com/led-product-details/golden-cloud?g=481', '_self', '2020-02-22', '2020-04-20'),
(1355, 4, 'HEWilliams', 'HEW', 'HEWilliams_4ps_shallow_downlight.jpg', '4PS   4.5” Shallow Plenum Downlight – Square', 'https://www.lightaz.com/led-luminaire-details?f=HEW_4PS-TW', '_blank', '2020-05-10', '2020-06-28'),
(1356, 4, 'laz', 'laz', 'NINETY-FIVE.jpg', 'NINETY-FIVE', '/led-product-details/ninety-five?g=425', '_self', '2020-04-21', '2020-05-31'),
(1357, 4, 'ARANCIA', 'ARA', 'Arancia_Cy_P44.jpg', 'Arancia_Cy_P44', 'https://www.lightaz.com/led-luminaire-details?f=ARA_P44', '_blank', '2020-06-28', '2020-08-31');

-- --------------------------------------------------------

--
-- Table structure for table `sliders_pages`
--

CREATE TABLE `sliders_pages` (
  `page_id` int(11) NOT NULL,
  `page_name` varchar(255) COLLATE utf8mb4_unicode_ci NOT NULL,
  `slider_id` int(11) NOT NULL
) ENGINE=InnoDB DEFAULT CHARSET=utf8mb4 COLLATE=utf8mb4_unicode_ci;

--
-- Dumping data for table `sliders_pages`
--

INSERT INTO `sliders_pages` (`page_id`, `page_name`, `slider_id`) VALUES
(1, 'Profesional Search', 4),
(2, 'Media Partners', 4),
(3, 'Projects Library', 4),
(4, 'Browse by Manufacturer', 0),
(5, 'My Projects', 0),
(6, 'Ledelum Statistics', 0),
(7, 'New Product Guide', 4),
(8, 'Events', 4),
(9, 'News', 0),
(10, 'Ledelum Surveys', 0),
(11, 'Terminology', 0),
(12, 'About Us', 0),
(13, 'Advertisement Opportunities', 4),
(14, 'Membership Opportunities', 0),
(15, 'Privacy Policy', 0),
(16, 'Industry', 0),
(17, 'FAQ', 0),
(18, 'Disclaimer', 0),
(19, 'Post Your Project', 0),
(20, 'Applications', 0),
(24, 'Family', 4),
(25, 'Agency', 0);

-- --------------------------------------------------------

--
-- Table structure for table `stats_user_visits`
--

CREATE TABLE `stats_user_visits` (
  `id` int(11) UNSIGNED NOT NULL,
  `user_id` int(10) UNSIGNED NOT NULL,
  `utc` int(10) UNSIGNED NOT NULL,
  `pv` smallint(5) UNSIGNED NOT NULL
) ENGINE=InnoDB DEFAULT CHARSET=utf8mb4 COLLATE=utf8mb4_unicode_ci;

--
-- Dumping data for table `stats_user_visits`
--

INSERT INTO `stats_user_visits` (`id`, `user_id`, `utc`, `pv`) VALUES
(1, 58, 1569394800, 90),
(4, 1, 1569394800, 1),
(30, 153, 1569394800, 21),
(68, 9, 1569394800, 2),
(115, 58, 1569481200, 226),
(134, 155, 1569481200, 50),
(199, 72, 1569481200, 1),
(223, 9, 1569481200, 18),
(228, 153, 1569481200, 102),
(241, 156, 1569481200, 7),
(519, 58, 1569567600, 41),
(530, 157, 1569567600, 11),
(571, 58, 1569654000, 21),
(592, 58, 1569740400, 23),
(605, 158, 1569740400, 4),
(613, 9, 1569740400, 1),
(620, 58, 1569826800, 24),
(626, 153, 1569826800, 5),
(629, 159, 1569826800, 17),
(660, 9, 1569826800, 9),
(663, 152, 1569826800, 3),
(670, 72, 1569826800, 6),
(676, 160, 1569826800, 3),
(687, 58, 1569913200, 61),
(693, 9, 1569913200, 31),
(704, 160, 1569913200, 2),
(705, 72, 1569913200, 27),
(710, 161, 1569913200, 3),
(718, 153, 1569913200, 13),
(737, 1, 1569913200, 19),
(815, 162, 1569913200, 7),
(816, 163, 1569913200, 2),
(833, 164, 1569913200, 7),
(859, 1, 1569999600, 14),
(860, 58, 1569999600, 68),
(869, 165, 1569999600, 3),
(878, 9, 1569999600, 67),
(891, 72, 1569999600, 85),
(894, 166, 1569999600, 3),
(910, 153, 1569999600, 80),
(932, 167, 1569999600, 2),
(965, 168, 1569999600, 8),
(984, 169, 1569999600, 3),
(999, 170, 1569999600, 8),
(1012, 171, 1569999600, 2),
(1014, 172, 1569999600, 4),
(1021, 173, 1569999600, 3),
(1033, 174, 1569999600, 1),
(1056, 160, 1569999600, 9),
(1063, 175, 1569999600, 2),
(1125, 176, 1569999600, 2),
(1222, 177, 1569999600, 5),
(1228, 58, 1570086000, 65),
(1232, 178, 1570086000, 3),
(1241, 179, 1570086000, 9),
(1248, 9, 1570086000, 43),
(1249, 160, 1570086000, 16),
(1260, 72, 1570086000, 125),
(1262, 180, 1570086000, 12),
(1291, 181, 1570086000, 2),
(1338, 182, 1570086000, 1),
(1343, 183, 1570086000, 2),
(1352, 184, 1570086000, 1),
(1357, 185, 1570086000, 2),
(1452, 186, 1570086000, 7),
(1455, 187, 1570086000, 1),
(1480, 188, 1570086000, 2),
(1517, 189, 1570086000, 2),
(1519, 190, 1570086000, 1),
(1522, 191, 1570086000, 1),
(1523, 192, 1570172400, 4),
(1527, 58, 1570172400, 28),
(1532, 180, 1570172400, 15),
(1538, 72, 1570172400, 30),
(1554, 193, 1570172400, 7),
(1580, 194, 1570172400, 2),
(1588, 9, 1570172400, 4),
(1611, 160, 1570172400, 7),
(1620, 58, 1570258800, 29),
(1639, 9, 1570258800, 1),
(1650, 1, 1570345200, 5),
(1652, 58, 1570345200, 66),
(1660, 195, 1570345200, 9),
(1693, 164, 1570345200, 4),
(1721, 9, 1570345200, 6),
(1740, 58, 1570431600, 34),
(1749, 9, 1570431600, 3),
(1752, 72, 1570431600, 43),
(1759, 180, 1570431600, 11),
(1779, 160, 1570431600, 1),
(1791, 196, 1570431600, 3),
(1794, 197, 1570431600, 3),
(1822, 198, 1570431600, 28),
(1859, 153, 1570431600, 4),
(1870, 58, 1570518000, 76),
(1889, 153, 1570518000, 4),
(1890, 199, 1570518000, 1),
(1891, 200, 1570518000, 39),
(1908, 72, 1570518000, 9),
(1941, 201, 1570518000, 5),
(1978, 202, 1570518000, 10),
(1983, 160, 1570518000, 1),
(1994, 198, 1570518000, 2),
(2017, 58, 1570604400, 71),
(2034, 153, 1570604400, 30),
(2045, 203, 1570604400, 2),
(2047, 204, 1570604400, 15),
(2074, 205, 1570604400, 1),
(2075, 206, 1570604400, 3),
(2082, 207, 1570604400, 3),
(2096, 72, 1570604400, 11),
(2110, 160, 1570604400, 1),
(2154, 58, 1570690800, 87),
(2163, 208, 1570690800, 4),
(2174, 153, 1570690800, 10),
(2176, 72, 1570690800, 2),
(2177, 204, 1570690800, 4),
(2185, 9, 1570690800, 20),
(2205, 209, 1570690800, 5),
(2211, 210, 1570690800, 1),
(2212, 212, 1570690800, 7),
(2213, 211, 1570690800, 2),
(2223, 213, 1570690800, 3),
(2226, 214, 1570690800, 4),
(2230, 215, 1570690800, 6),
(2288, 216, 1570690800, 5),
(2314, 58, 1570777200, 69),
(2319, 221, 1570777200, 2),
(2332, 215, 1570777200, 1),
(2333, 222, 1570777200, 2),
(2337, 153, 1570777200, 12),
(2345, 9, 1570777200, 10),
(2352, 1, 1570777200, 7),
(2355, 72, 1570777200, 7),
(2380, 223, 1570777200, 5),
(2386, 224, 1570777200, 5),
(2399, 225, 1570777200, 6),
(2403, 226, 1570777200, 9),
(2449, 58, 1570863600, 30),
(2474, 9, 1570863600, 15),
(2494, 58, 1570950000, 14),
(2499, 9, 1570950000, 2),
(2510, 9, 1571036400, 2),
(2512, 227, 1571036400, 3),
(2515, 58, 1571036400, 7),
(2522, 9, 1571122800, 3),
(2525, 153, 1571122800, 2),
(2527, 58, 1571122800, 5),
(2530, 159, 1571122800, 24),
(2556, 58, 1571209200, 48),
(2565, 228, 1571209200, 9),
(2569, 213, 1571209200, 54),
(2624, 229, 1571209200, 1),
(2625, 153, 1571209200, 9),
(2636, 230, 1571209200, 11),
(2670, 72, 1571209200, 39),
(2725, 9, 1571209200, 7),
(2732, 231, 1571209200, 3),
(2737, 58, 1571295600, 44),
(2739, 9, 1571295600, 42),
(2749, 232, 1571295600, 1),
(2751, 153, 1571295600, 5),
(2778, 233, 1571295600, 15),
(2831, 234, 1571295600, 2),
(2839, 235, 1571295600, 4),
(2850, 58, 1571382000, 17),
(2857, 236, 1571382000, 2),
(2859, 153, 1571382000, 13),
(2860, 237, 1571382000, 3),
(2863, 238, 1571382000, 12),
(2891, 239, 1571382000, 18),
(2915, 58, 1571468400, 74),
(2986, 9, 1571468400, 40),
(2990, 1, 1571468400, 3),
(3032, 240, 1571468400, 2),
(3034, 58, 1571554800, 9),
(3039, 9, 1571554800, 15),
(3058, 58, 1571641200, 125),
(3083, 241, 1571641200, 11),
(3094, 153, 1571641200, 5),
(3129, 242, 1571641200, 26),
(3141, 9, 1571641200, 47),
(3151, 243, 1571641200, 6),
(3163, 72, 1571641200, 16),
(3235, 190, 1571641200, 14),
(3254, 160, 1571641200, 9),
(3256, 244, 1571641200, 3),
(3320, 58, 1571727600, 46),
(3325, 9, 1571727600, 23),
(3337, 72, 1571727600, 41),
(3338, 160, 1571727600, 10),
(3401, 153, 1571727600, 8),
(3402, 245, 1571727600, 2),
(3406, 246, 1571727600, 1),
(3407, 1, 1571727600, 2),
(3409, 251, 1571727600, 2),
(3412, 252, 1571727600, 1),
(3413, 253, 1571727600, 2),
(3414, 254, 1571727600, 1),
(3415, 255, 1571727600, 3),
(3416, 256, 1571727600, 1),
(3421, 257, 1571727600, 1),
(3432, 258, 1571727600, 25),
(3460, 259, 1571727600, 7),
(3468, 260, 1571727600, 3),
(3471, 261, 1571727600, 3),
(3479, 262, 1571727600, 2),
(3493, 263, 1571727600, 6),
(3510, 58, 1571814000, 29),
(3524, 9, 1571814000, 9),
(3525, 233, 1571814000, 2),
(3527, 153, 1571814000, 19),
(3529, 264, 1571814000, 2),
(3545, 265, 1571814000, 2),
(3558, 266, 1571814000, 5),
(3563, 267, 1571814000, 3),
(3569, 268, 1571814000, 2),
(3577, 269, 1571814000, 2),
(3581, 1, 1571814000, 1),
(3582, 59, 1571814000, 3),
(3589, 58, 1571900400, 30),
(3602, 270, 1571900400, 2),
(3604, 271, 1571900400, 3),
(3606, 272, 1571900400, 9),
(3615, 273, 1571900400, 3),
(3623, 244, 1571900400, 3),
(3629, 282, 1571900400, 2),
(3637, 59, 1571900400, 1),
(3642, 58, 1571986800, 32),
(3655, 283, 1571986800, 4),
(3659, 153, 1571986800, 12),
(3672, 9, 1571986800, 1),
(3681, 284, 1571986800, 1),
(3685, 285, 1571986800, 12),
(3704, 58, 1572073200, 18),
(3707, 9, 1572073200, 1),
(3723, 58, 1572159600, 8),
(3731, 9, 1572159600, 10),
(3741, 58, 1572246000, 154),
(3755, 9, 1572246000, 77),
(3765, 160, 1572246000, 6),
(3780, 286, 1572246000, 7),
(3796, 153, 1572246000, 12),
(3798, 287, 1572246000, 4),
(3801, 285, 1572246000, 4),
(3984, 25, 1572246000, 5),
(3995, 72, 1572246000, 1),
(4011, 58, 1572332400, 83),
(4026, 9, 1572332400, 23),
(4049, 25, 1572332400, 3),
(4051, 72, 1572332400, 8),
(4056, 30, 1572332400, 1),
(4077, 187, 1572332400, 2),
(4131, 9, 1573113600, 16),
(4137, 58, 1573113600, 142),
(4207, 9, 1573200000, 22),
(4208, 58, 1573200000, 85),
(4210, 72, 1573200000, 7),
(4321, 58, 1573286400, 108),
(4429, 58, 1573372800, 96),
(4523, 72, 1573372800, 3),
(4528, 58, 1573459200, 18),
(4546, 72, 1573459200, 24),
(4570, 58, 1573977600, 15),
(4585, 72, 1574064000, 9),
(4591, 9, 1574064000, 6),
(4600, 58, 1574150400, 6),
(4602, 72, 1574150400, 9),
(4615, 58, 1574496000, 44),
(4659, 58, 1574582400, 30),
(4689, 72, 1574668800, 2),
(4691, 72, 1574841600, 3),
(4694, 58, 1575187200, 49),
(4743, 58, 1575273600, 8),
(4751, 72, 1575273600, 5),
(4756, 58, 1575705600, 6),
(4762, 58, 1575792000, 18),
(4780, 58, 1575878400, 7),
(4787, 72, 1576483200, 11),
(4798, 72, 1576569600, 1),
(4799, 72, 1577692800, 5),
(4804, 72, 1579939200, 2),
(4806, 9, 1581494400, 1),
(4807, 9, 1581667200, 10),
(4817, 9, 1581753600, 14),
(4831, 9, 1581840000, 18),
(4847, 72, 1581840000, 2),
(4851, 9, 1581926400, 13),
(4857, 72, 1581926400, 7),
(4871, 9, 1582099200, 4),
(4875, 9, 1582272000, 25),
(4899, 72, 1582272000, 51),
(4951, 9, 1582358400, 17),
(4968, 9, 1582444800, 23),
(4969, 1, 1582444800, 11),
(5002, 72, 1582531200, 1),
(5003, 9, 1583222400, 5),
(5008, 9, 1583308800, 21),
(5029, 9, 1583395200, 6),
(5035, 72, 1583395200, 2),
(5037, 9, 1583481600, 11),
(5045, 72, 1583481600, 2),
(5050, 9, 1583568000, 18),
(5068, 9, 1583654400, 6),
(5074, 9, 1583737200, 29),
(5081, 72, 1583737200, 5),
(5108, 9, 1583823600, 49),
(5132, 72, 1583823600, 3),
(5160, 9, 1583910000, 5),
(5163, 72, 1583910000, 7),
(5172, 9, 1583996400, 26),
(5198, 58, 1584082800, 5),
(5202, 9, 1584082800, 7),
(5210, 9, 1584169200, 8),
(5218, 9, 1584255600, 11),
(5229, 9, 1584342000, 11),
(5235, 72, 1584342000, 2),
(5242, 9, 1584428400, 5),
(5247, 9, 1584514800, 18),
(5265, 9, 1584601200, 27),
(5292, 9, 1584687600, 15),
(5301, 72, 1584687600, 3),
(5310, 9, 1584774000, 11),
(5321, 9, 1584860400, 31),
(5352, 9, 1584946800, 26),
(5360, 72, 1584946800, 2),
(5363, 58, 1584946800, 3),
(5383, 9, 1585033200, 43),
(5426, 9, 1585119600, 95),
(5446, 72, 1585119600, 2),
(5523, 9, 1585206000, 52),
(5536, 72, 1585206000, 2),
(5577, 9, 1585292400, 39),
(5578, 72, 1585292400, 3),
(5614, 58, 1585292400, 11),
(5630, 9, 1585378800, 25),
(5655, 58, 1585378800, 11),
(5666, 58, 1585465200, 35),
(5683, 9, 1585465200, 93),
(5794, 9, 1585551600, 41),
(5796, 58, 1585551600, 45),
(5834, 72, 1585551600, 4),
(5872, 1, 1585551600, 3),
(5887, 58, 1585638000, 99),
(5910, 9, 1585638000, 32),
(5924, 72, 1585638000, 3),
(6021, 58, 1585724400, 59),
(6031, 291, 1585724400, 15),
(6082, 9, 1585724400, 10),
(6089, 72, 1585724400, 3),
(6108, 9, 1585810800, 4),
(6110, 72, 1585810800, 6),
(6118, 9, 1585897200, 5),
(6121, 72, 1585897200, 2),
(6125, 58, 1585983600, 4),
(6129, 58, 1586070000, 13),
(6141, 9, 1586070000, 8),
(6150, 72, 1586156400, 23),
(6151, 58, 1586156400, 66),
(6168, 9, 1586156400, 33),
(6272, 58, 1586242800, 20),
(6274, 9, 1586242800, 8),
(6275, 72, 1586242800, 3),
(6303, 58, 1586329200, 11),
(6309, 9, 1586329200, 5),
(6319, 58, 1586415600, 15),
(6326, 9, 1586415600, 1),
(6328, 72, 1586415600, 3),
(6338, 9, 1586502000, 7),
(6339, 58, 1586502000, 47),
(6341, 160, 1586502000, 10),
(6402, 72, 1586674800, 9),
(6411, 9, 1586761200, 10),
(6414, 58, 1586761200, 10),
(6416, 72, 1586761200, 1),
(6432, 9, 1586847600, 6),
(6436, 58, 1586847600, 19),
(6457, 58, 1586934000, 19),
(6459, 72, 1586934000, 2),
(6464, 9, 1586934000, 12),
(6465, 1, 1586934000, 12),
(6502, 9, 1587020400, 40),
(6504, 58, 1587020400, 23),
(6511, 72, 1587020400, 4),
(6522, 1, 1587020400, 23),
(6592, 1, 1587106800, 1),
(6593, 58, 1587106800, 12),
(6599, 9, 1587106800, 8),
(6613, 58, 1587193200, 40),
(6616, 9, 1587193200, 22),
(6675, 58, 1587279600, 32),
(6697, 9, 1587279600, 18),
(6699, 1, 1587279600, 10),
(6735, 58, 1587366000, 14),
(6736, 9, 1587366000, 78),
(6750, 1, 1587366000, 46),
(6790, 72, 1587366000, 10),
(6883, 1, 1587452400, 15),
(6888, 9, 1587452400, 36),
(6929, 72, 1587452400, 20),
(6933, 58, 1587452400, 6),
(6960, 58, 1587538800, 20),
(6976, 9, 1587538800, 65),
(6980, 72, 1587538800, 41),
(7086, 9, 1587625200, 14),
(7096, 72, 1587625200, 4),
(7101, 1, 1587625200, 27),
(7131, 1, 1587970800, 110),
(7233, 9, 1587970800, 3),
(7244, 1, 1588057200, 123),
(7262, 9, 1588057200, 39),
(7406, 1, 1588143600, 20),
(7417, 9, 1588143600, 32),
(7458, 9, 1588230000, 22),
(7462, 1, 1588230000, 20),
(7471, 58, 1588230000, 4),
(7504, 58, 1588316400, 4),
(7505, 1, 1588316400, 19),
(7509, 9, 1588316400, 14),
(7541, 9, 1588489200, 6),
(7547, 9, 1588575600, 14),
(7561, 9, 1588662000, 29),
(7578, 1, 1588662000, 37),
(7627, 1, 1588748400, 36),
(7635, 9, 1588748400, 50),
(7713, 9, 1588834800, 58),
(7720, 1, 1588834800, 11),
(7782, 1, 1588921200, 64),
(7787, 9, 1588921200, 44),
(7890, 9, 1589007600, 15),
(7905, 9, 1589094000, 59),
(7964, 1, 1589180400, 69),
(7971, 9, 1589180400, 51),
(8071, 72, 1589180400, 2),
(8086, 58, 1589180400, 2),
(8088, 1, 1589266800, 4),
(8092, 1, 1589353200, 5),
(8097, 9, 1589439600, 11),
(8108, 9, 1589526000, 2),
(8110, 1, 1589612400, 11),
(8121, 9, 1589698800, 6),
(8127, 58, 1589698800, 5),
(8132, 58, 1589785200, 5),
(8135, 9, 1589785200, 46),
(8183, 1, 1589785200, 11),
(8194, 1, 1589871600, 15),
(8209, 58, 1589871600, 7),
(8216, 9, 1589958000, 24),
(8240, 9, 1590044400, 31),
(8262, 1, 1590044400, 20),
(8291, 1, 1590130800, 45),
(8308, 9, 1590130800, 15),
(8351, 1, 1590217200, 29),
(8355, 9, 1590217200, 24),
(8404, 1, 1590303600, 16),
(8420, 9, 1590303600, 13),
(8433, 1, 1590390000, 63),
(8452, 9, 1590390000, 41),
(8537, 1, 1590476400, 36),
(8542, 9, 1590476400, 21),
(8594, 1, 1590562800, 4),
(8598, 1, 1590822000, 14),
(8604, 9, 1590822000, 76),
(8688, 1, 1590908400, 8),
(8693, 9, 1590908400, 22),
(8718, 9, 1590994800, 86),
(8758, 1, 1590994800, 20),
(8824, 1, 1591081200, 62),
(8825, 9, 1591081200, 48),
(8934, 58, 1591081200, 6),
(8940, 58, 1591167600, 31),
(8944, 1, 1591167600, 6),
(8946, 9, 1591167600, 7),
(8984, 1, 1591254000, 38),
(8987, 58, 1591254000, 10),
(8989, 9, 1591254000, 27),
(9059, 1, 1591340400, 23),
(9062, 9, 1591340400, 47),
(9072, 58, 1591340400, 2),
(9131, 1, 1591426800, 3),
(9132, 58, 1591426800, 3),
(9135, 9, 1591426800, 6),
(9143, 1, 1591513200, 53),
(9148, 9, 1591513200, 68),
(9214, 58, 1591513200, 9),
(9273, 1, 1591599600, 13),
(9276, 58, 1591599600, 8),
(9284, 9, 1591599600, 17),
(9311, 58, 1591686000, 11),
(9313, 9, 1591686000, 3),
(9316, 1, 1591686000, 6),
(9331, 9, 1591772400, 22),
(9350, 58, 1591772400, 3),
(9356, 58, 1591858800, 6),
(9357, 1, 1591858800, 5),
(9367, 58, 1591945200, 6),
(9373, 58, 1592031600, 8),
(9381, 1, 1592118000, 17),
(9386, 58, 1592118000, 18),
(9395, 9, 1592118000, 11),
(9427, 58, 1592204400, 13),
(9430, 9, 1592204400, 9),
(9437, 1, 1592204400, 3),
(9452, 1, 1592290800, 2),
(9454, 58, 1592290800, 9),
(9460, 9, 1592290800, 9),
(9472, 58, 1592377200, 12),
(9475, 9, 1592377200, 35),
(9481, 1, 1592377200, 14),
(9533, 58, 1592463600, 14),
(9539, 9, 1592463600, 13),
(9560, 1, 1592550000, 10),
(9563, 58, 1592550000, 10),
(9565, 9, 1592550000, 14),
(9578, 72, 1592550000, 2),
(9596, 58, 1592636400, 5),
(9598, 9, 1592636400, 10),
(9602, 1, 1592636400, 15),
(9626, 1, 1592722800, 12),
(9638, 9, 1592722800, 9),
(9644, 58, 1592722800, 6),
(9653, 1, 1592809200, 36),
(9654, 9, 1592809200, 36),
(9658, 58, 1592809200, 12),
(9737, 1, 1592895600, 34),
(9744, 58, 1592895600, 18),
(9746, 9, 1592895600, 45),
(9834, 1, 1592982000, 31),
(9836, 58, 1592982000, 21),
(9842, 9, 1592982000, 19),
(9905, 58, 1593068400, 5),
(9909, 9, 1593068400, 1),
(9911, 72, 1593154800, 2),
(9913, 58, 1593154800, 12),
(9925, 58, 1593327600, 1),
(9926, 9, 1593327600, 6),
(9932, 58, 1593414000, 12),
(9935, 9, 1593414000, 12),
(9939, 1, 1593414000, 2),
(9958, 1, 1593500400, 102),
(9960, 58, 1593500400, 13),
(10006, 9, 1593500400, 7),
(10080, 1, 1593586800, 28),
(10104, 9, 1593586800, 14),
(10106, 58, 1593586800, 22),
(10144, 1, 1593673200, 46),
(10152, 58, 1593673200, 5),
(10156, 9, 1593673200, 18),
(10213, 1, 1593759600, 29),
(10221, 58, 1593759600, 41),
(10227, 9, 1593759600, 17),
(10300, 58, 1593846000, 7),
(10307, 1, 1593846000, 27),
(10318, 9, 1593846000, 4),
(10338, 58, 1593932400, 2),
(10340, 9, 1593932400, 42),
(10344, 1, 1593932400, 12),
(10394, 1, 1594018800, 3),
(10395, 9, 1594018800, 4),
(10401, 58, 1594018800, 5),
(10406, 1, 1594105200, 6),
(10412, 9, 1594191600, 1),
(10413, 58, 1594191600, 4),
(10417, 58, 1594278000, 10),
(10427, 9, 1594278000, 4),
(10431, 58, 1594364400, 2),
(10433, 9, 1594364400, 16),
(10449, 58, 1594450800, 4),
(10451, 1, 1594450800, 30),
(10460, 9, 1594450800, 5),
(10488, 1, 1594537200, 45),
(10492, 58, 1594537200, 34),
(10497, 9, 1594537200, 66),
(10633, 1, 1594623600, 27),
(10637, 58, 1594623600, 24),
(10640, 9, 1594623600, 24),
(10708, 1, 1594710000, 16),
(10709, 58, 1594710000, 27),
(10735, 9, 1594710000, 15),
(10766, 58, 1594796400, 18),
(10769, 9, 1594796400, 10),
(10779, 1, 1594796400, 2),
(10796, 58, 1594882800, 18),
(10798, 9, 1594882800, 24),
(10804, 72, 1594882800, 4),
(10809, 1, 1594882800, 12),
(10854, 58, 1594969200, 23),
(10866, 9, 1594969200, 20),
(10880, 72, 1594969200, 1),
(10898, 1, 1595055600, 12),
(10901, 58, 1595055600, 5),
(10905, 9, 1595055600, 44),
(10959, 1, 1595142000, 14),
(10962, 9, 1595142000, 16),
(10971, 58, 1595142000, 2),
(10988, 72, 1595142000, 1),
(10992, 58, 1595228400, 34),
(10999, 72, 1595228400, 16),
(11003, 9, 1595228400, 12),
(11030, 1, 1595228400, 7),
(11061, 9, 1595314800, 42),
(11074, 58, 1595314800, 23),
(11092, 1, 1595314800, 10),
(11136, 58, 1595401200, 22),
(11139, 9, 1595401200, 32),
(11163, 72, 1595401200, 2),
(11192, 1, 1595487600, 45),
(11203, 58, 1595487600, 15),
(11226, 9, 1595487600, 8),
(11260, 58, 1595574000, 59),
(11278, 9, 1595574000, 34),
(11311, 72, 1595574000, 5),
(11341, 1, 1595574000, 4),
(11362, 58, 1595660400, 43),
(11378, 9, 1595660400, 42),
(11381, 1, 1595660400, 15),
(11462, 9, 1595746800, 104),
(11468, 58, 1595746800, 47),
(11474, 1, 1595746800, 17),
(11630, 1, 1595833200, 15),
(11635, 58, 1595833200, 59),
(11650, 9, 1595833200, 26),
(11658, 72, 1595833200, 45),
(11775, 58, 1595919600, 59),
(11782, 1, 1595919600, 18),
(11788, 9, 1595919600, 140),
(11958, 72, 1595919600, 4),
(11996, 1, 1596006000, 26),
(11999, 58, 1596006000, 2),
(12000, 9, 1596006000, 35),
(12056, 72, 1596006000, 2),
(12061, 1, 1596092400, 19),
(12062, 58, 1596092400, 37),
(12090, 9, 1596092400, 74),
(12096, 72, 1596092400, 16),
(12207, 1, 1596178800, 23),
(12220, 9, 1596178800, 29),
(12225, 58, 1596178800, 24),
(12277, 72, 1596178800, 2),
(12285, 58, 1596265200, 67),
(12300, 9, 1596265200, 70),
(12422, 9, 1596351600, 147),
(12436, 58, 1596351600, 20),
(12589, 9, 1596438000, 63),
(12615, 72, 1596438000, 3),
(12617, 58, 1596438000, 54),
(12628, 1, 1596438000, 28),
(12737, 1, 1598389200, 19),
(12756, 1, 1598475600, 3),
(12759, 1, 1598562000, 6),
(12765, 1, 1598907600, 5),
(12770, 1, 1602190800, 251);

-- --------------------------------------------------------

--
-- Table structure for table `users`
--

CREATE TABLE `users` (
  `user_id` int(10) UNSIGNED NOT NULL,
  `first_name` varchar(32) COLLATE utf8mb4_unicode_ci NOT NULL,
  `last_name` varchar(32) COLLATE utf8mb4_unicode_ci NOT NULL,
  `username` varchar(128) COLLATE utf8mb4_unicode_ci NOT NULL,
  `pwd` varchar(255) COLLATE utf8mb4_unicode_ci NOT NULL,
  `role` varchar(15) COLLATE utf8mb4_unicode_ci NOT NULL,
  `status` tinyint(3) UNSIGNED NOT NULL,
  `created` int(10) UNSIGNED NOT NULL,
  `last_login` int(10) UNSIGNED NOT NULL
) ENGINE=InnoDB DEFAULT CHARSET=utf8mb4 COLLATE=utf8mb4_unicode_ci;

--
-- Dumping data for table `users`
--

INSERT INTO `users` (`user_id`, `first_name`, `last_name`, `username`, `pwd`, `role`, `status`, `created`, `last_login`) VALUES
(1, 'Alex', '', 'alexsarkissov@gmail.com', '$2y$10$QnlZez3x.KcHHJYSuoVt7uNr5Nd/XjfGftMQyESs1S9ROqjsmsQBS', 'user', 1, 1518788932, 1602237734),
(2, 'Oleg Petr', '', 'oleg.p@ledelum.com', '$2y$10$rEdFjqKMdSN6L0EBU7PGnuA0QNHstZL7oq0zrcWxoWfdiBWWihKrW', 'user', 1, 1518788932, 0),
(3, 'Oleg Petruchenko', '', 'oleg@opdesign.us', '$2y$10$ruXwkTQN7Cqyk7VA3Fj0J.MqxRYqeRG0VaE/CTsYVZxLu2HOGyF4.', 'user', 1, 1518788932, 0),
(8, 'Vadim Katsman', '', 'vadimk@sctalt.com', '$2y$10$s.GKvFhOhZ5/4joYrbIeZeRuCSK0/eHtpkeRVIahqnfexorEGJo3S', 'user', 1, 1518788932, 0),
(9, 'user', '', 'petryuchenkoom@kjww.com', '$2y$10$kbRqcYmEPZhOwJFr2yY8h.weZPD3DNmTO6hrf9oV00Fu0NerPGUiO', 'user', 1, 1518788932, 1596511999),
(10, 'test', '', 'test@gmail.com', '$2y$10$RaHlz7xR1riqNq3DSTefWu0sRiPyz4t/bN6PS4uc3bbuyZAqnQX7y', 'user', 1, 1518788932, 0),
(11, 'LIGHT', '', 'ledelum@ledelum.com', '$2y$10$w0n3uKRUPBpDHs7I1f6V4.rP8PGJiB3TxtRA/sNHWgSbhyjwLW0hy', 'user', 1, 1518788932, 0),
(12, 'John Smith', '', 'JohnSmith@abcarchitects.com', '$2y$10$WWU8uN6r6kg6b92yKDPp1OHzogRsSXjNfufFC9TM7bxTBcgOeSP7K', 'user', 1, 1518788932, 0),
(13, 'Demo Account', '', 'demo@ledelum.com', '$2y$10$7k9YK1njQZnCL3DhiCTI/eP4cpzefwWVUFn6tvZm3BMvXOXZUb1V6', 'user', 1, 1518788932, 0),
(14, 'Oleg Petruchenko', '', 'oleg@oplightingdesign.com', '$2y$10$42SV3U5qX445POqqcNR/p.pWWGBfYLmIrI0Akf6PzCiHxDtu/1QSO', 'user', 1, 1518788932, 0),
(15, 'Abigail Sorensen', '', 'asorensen@generation-brands.com', '$2y$10$qqtopLrU62aPoPUoC8areOphZLk0x2lK.MIMB6ejR.avQFIQTpvY2', 'user', 1, 1518788933, 0),
(16, 'Kevin Brooks', '', 'kevin@krbcustomhomes.com', '$2y$10$4wMB4JCE/l1A.k1roZfCeOliy3gnavvDLBCnGR6jbg6bAI5zuy2Mm', 'user', 1, 1518788933, 0),
(17, 'Drew', '', 'drew@puredgelighting.com', '$2y$10$W0pUhFuT7EBBzALBJCnkbec1p0SPHA0donDJdzn3bt/qR4kOZd4P2', 'user', 1, 1518788933, 0),
(18, 'matienchi', '', 'matienchi@gmail.com', '$2y$10$5bcvwT3lASmlY1JUnt4iVOVeIS/8JFlD.XnuB0bor7zUkZS1NqgBO', 'user', 1, 1518788933, 0),
(19, 'Lars', '', 'Larsjarl@outlook.com', '$2y$10$dwsCps9cg80GqyAuQ0KuXervhak7uafWnF3jTOc5sSjLUXxSE7iIu', 'user', 1, 1518788933, 1540070450),
(20, 'Lars', '', 'ljc@ledelum.com', '$2y$10$d4F9Unpd180HcGjaKkmGBeT0XuvqYbQDiwl7ojgpMzUUJ0bG9Og8O', 'user', 1, 1518788933, 0),
(21, 'KAVITHA MARUDADU', '', 'Kmarudadu@dmacarch.com', '$2y$10$hKd9gyUOhvsOsoGe6zvV3.8AiP8g452goOSKoJ4Yv3mj.b2JDFSWG', 'user', 1, 1518788933, 0),
(22, 'derek', '', 'derek.deng@cioe.cn', '$2y$10$1CqC/JsT33oA1iQqh7HgBOC7UfFQykVk99YWZYt6fuzKio5kbV8RO', 'user', 1, 1518788933, 0),
(23, 'Caroline Roques', '', 'contact@lighting-days.com', '$2y$10$KfOV2Dubndho97VYvniqmuSyp22osOyIy5Ip3jSKO8l2W7Y3Gf/Yi', 'user', 1, 1518788933, 0),
(24, 'Cynthia Luckoski', '', 'CLUCKOSKI@COMCAST.NET', '$2y$10$CnOaT2/Sx7Da2Cj6zVMoke/WzLHuIvfcOtnNwA/wNvGfvhcQrdXgK', 'user', 1, 1518788934, 0),
(25, 'Giulio Pedota', '', 'gpedota@schulershook.com', '$2y$10$GvGR4yLgSLVZNYGePTUnhO4tXd9.4rbE0t7l7uenuHDDWk7azFJMK', 'user', 1, 1518788934, 1572358729),
(26, 'Hans Hansen', '', 'jubelidiotdk@gmail.com', '$2y$10$wrtya9cNy3I/p0EC1OJHT.Y8M/XeeZgGkTdgjsS2uXh4kQeQQPE0q', 'user', 1, 1518788934, 0),
(27, 'Julie Johnson', '', 'jules_4415@yahoo.com', '$2y$10$de43uaVmBD.sWHGU3Bbg..o4O8qr6Dbz0EvnF6LsGPfexKtpY1j4S', 'user', 1, 1518788934, 0),
(28, 'john allen', '', 'johnallen@duboisco.com', '$2y$10$BSXsPG7AVh2sUEloM34yp.eU3m57VBbV1lekGW64WNRLSaFAX0vN.', 'user', 1, 1518788934, 0),
(30, 'Natalia', '', 'shishovadiz@gmail.com', '$2y$10$H1pGBGX2JTKVvzM2Z2VuFOZmL/evqSbG19fGLNUaBFzbkT4v.IeM2', 'user', 1, 1518788934, 1572359305),
(31, 'Christian Flindt', '', 'creekridge1@gmail.com', '$2y$10$fX7H6dru.gxCg56uTYpuiuXh3qyvFV44W8xmS43h263UQwsuqi7D2', 'user', 1, 1518788934, 0),
(57, 'Kateryna Mezherytska', '', 'Kateryna.M@lightaz.com', '$2y$10$FdEYeeoJho.G9h5wDYb9i..jQbYvwS3yWBhyNyh5qu50fGiCZtRly', 'user', 1, 1519041374, 1521326514),
(58, 'Lars Christiansen', '', 'lars.c@lightAZ.com', '$2y$10$59oIrio3iQgBzHmvwos7I.NCEo.7MH.KUnZ664KMuGRLcpgha4m.6', 'user', 1, 1519313605, 1596510417),
(59, 'Oleg', '', 'oleg.p@lightaz.com', '$2y$10$buVPrscmX8TUOxdbWly.f.3.7FUiou0mgJzMY1mTpbVgfFbfWCw7S', 'user', 1, 1519415788, 1571924724),
(60, 'Css Test', '', 'sazuho@mailtrix.net', '$2y$10$WvZ3erwW9.jReMhi56NqKetyARhEbUe8dovU8DbTa8gddjXp6pnU.', 'user', 1, 1520459723, 1520459723),
(62, 'Greg Kay', '', 'gkay@lightology.com', '$2y$10$A9R9m9SSmt7WcsyCtRoyae2b1JnOAml8KybynIcfZJGaSSKlAr9Ni', 'user', 1, 1523199752, 1545145668),
(63, 'Dominic Hosch', '', 'dominic.hosch@xal.com', '$2y$10$ZfzbTFA4ZMOMVgoIScZBQeig.tFRvNeaxCVeB2ZtTBS9BFhysT/vG', 'user', 1, 1524865944, 1524865944),
(64, 'Daria Kobzar', '', 'daria.kobzar@chartersills.com', '$2y$10$ucoXZpgoRS/rUHFJmpV35ef5fEP0cghDI.fuR/VgMGPvGpnJRJuY6', 'user', 1, 1525126986, 1525126987),
(71, 'Phil Bridge - LDM', '', 'pbridge@launchdigitalmarketing.com', '$2y$10$iZxK1drsaMD.mvNuri0MRO6D3z1PG7W/8Wnmns87wWY.w7BgJWXFC', 'user', 1, 1527031891, 1527031892),
(72, 'Michael', '', 'michael.j@lightaz.com', '$2y$10$k/vhS02ElnpF7Iim4qIo7OCTy4cq.jgyBMZH/doyaY5iYoX7yhLWm', 'user', 1, 1527625133, 1596466471),
(73, '', '', 'AMR_Amerlux', '$2y$10$GhwbP3Z38GcxOd9.uyAS1OOB04bztI92HOCpPu6xZB1THsEm6ZVKW', 'manufactur', 1, 1527506021, 1527507678),
(74, '', '', 'ACL_Acolyte', '$2y$10$LchSv1Kw.hi/3KCVhyiTH.l00TKQpDIv1ye2SncuZn9l9FNvJKkTa', 'manufactur', 1, 1527072481, 1527074324),
(75, '', '', 'EDG_Edge Lighting', '$2y$10$iqONm6BRFYbrO4XuJ7ybCeaLOIdNheAtNuzXmSO/hMOQIhguRQsR2', 'manufactur', 1, 1527522321, 1551983024),
(76, '', '', 'AXS_Axis Lighting', '$2y$10$AVbnyd9GBbeWSKBhLyMhu.AMx4fur1UkfSbqMfDElgUe7PTIeasNW', 'manufactur', 1, 1528058695, 1552053145),
(77, '', '', 'BJK_Blackjack Lighting', '$2y$10$QNigli9EAbox7wtzgj2HCupzJSKeAhqJQICjUiG5YUA3Ei0I7up5a', 'manufactur', 1, 1528059199, 1551982756),
(78, '', '', 'LWX_Lumenwerx', '$2y$10$PGuR.ZuoFc.TVHRAREOhKOyP7y.i632mI0LAUVtdT65c153OLuXFS', 'manufactur', 1, 1528059446, 1551983922),
(80, '', '', 'ZMB_Zumtobel', '$2y$10$OBPolqqZ9QjLm/ZSmQayw.dMYR5ZsjBZ5y9RkkrmrdDmvYP01WcIa', 'manufactur', 1, 1528161778, 1551989889),
(81, '', '', 'PUR_Pure Lighting', '$2y$10$V4yJh1WzqcmCmVotyOREd.uXlZAx/3wi/Mgur.wZ867cvNwtYSZTK', 'manufactur', 1, 1528168787, 1529245317),
(82, '', '', 'WLD_Waldmann', '$2y$10$qZpLf1G4.5a7TtOw5Vj37emix7q7nNQwJdgkTnzmaJm8xprTTV.Ce', 'manufactur', 1, 1528210817, 1551989860),
(83, '', '', 'LLI_LLI', '$2y$10$sZ.dk9QOT86iwh2PW/34v.dnmtiSSoCk1X6YrW28FN/ek8E2zhkni', 'manufactur', 1, 1528210986, 1551983638),
(84, '', '', 'VIS_Visa Lighting', '$2y$10$wP6Axd9J1ABiDNq7WEdlbuKR.5vm55H2fzRmCFCtKhXpc3WSGp/6K', 'manufactur', 1, 1528286744, 1551989836),
(85, 'Steven Clarke', '', 'Steven@ggld.net', '$2y$10$QRacKll9lX7Hx.oFCCXXPO6ZwDQQH7i8NGcXafS4fSKPaVldF5TA6', 'user', 1, 1528745797, 1528746463),
(86, 'GGLD', '', 'info@ggld.net', '$2y$10$id.qvJUzipgG51zvdjK4vecdI3rvGN2b/Q/lLZWpJv8HUyvT57uJ6', 'user', 1, 1528754291, 1528754291),
(87, '', '', 'FRM_Forma Lighting', '$2y$10$TJC.5s3e6ohauhT3raicfexVBKCRE32Xm9.tUNMkdXSaOD4EHUkpW', 'manufactur', 1, 1528977438, 1530911118),
(101, '', '', 'ARA_Arancia', '$2y$10$rACV9G1ltLz4UmMNpvbmHu0O0gCZqa55CMkD/.wL82iX.CZP6ed2S', 'manufactur', 1, 1530367099, 1551839917),
(102, '', '', 'VBA_Vibia Lighting', '$2y$10$jSzPSfX8rZv7rG43SaX11uLmYC4iJKE28R72P1e6B9OdleZlD6B66', 'manufactur', 1, 1531856600, 1551989808),
(103, '', '', 'FOP_Focal Point', '$2y$10$80yABlF28VTTgN1we1wdt.307sr.WnhmeA88xeKEMboS6eR7xQZKG', 'manufactur', 1, 1532097251, 1552075657),
(104, 'Scott D S Young', '', 'scottdsyoung@gmail.com', '$2y$10$LAQ11W5v50phU.wCkyj8I.WzLm7BXwLdJHDiK5T5V5dZ5pfENzEZu', 'user', 1, 1533761295, 1533761295),
(108, 'sam', '', 'cowtoon_01@mac.com', '$2y$10$AgYbmZLgF7RNzkFyQtrdhek0yA60rcaKEf6AZVaBga9z73U.i4Vsq', 'user', 1, 1533859682, 1533859682),
(109, '', '', 'KNL_Kenall', '$2y$10$QqUVP4TChA1EwYccuIbSO.PS6PIrrNk6dzU16uTXPKsJCYlVy0/cS', 'manufactur', 1, 1534362572, 1551983607),
(110, 'adam zepeda', '', 'azepeda@intenselighting.com', '$2y$10$WNcDzu1kngQl2C2BnPSpyOv1OVL1KRkzQD88ypXcbwWqLb0GD/pfK', 'user', 1, 1534530537, 1534530537),
(111, '', '', 'BWD_Birchwood Lighting', '$2y$10$ATwQhXBsUOXesW.kFoIfYuON9/pUoIwIZBQpAO.3ZTvbeHGFWoQti', 'manufactur', 1, 1534862473, 1551982895),
(112, '', '', 'INL_Intense Lighting', '$2y$10$4O.GrJyWZ9F8WFLVuZJIXOSxdtMVCcymS9ZGhD8lcYDuSCJMvjelW', 'manufactur', 1, 1534862730, 1551983464),
(113, '', '', 'ALW_Architectual Lighting', '$2y$10$PX0Xq2lKiK0LkM9sfffHe.BhV8cQUvMoLv4o6yekQA7663isEoW.u', 'manufactur', 1, 1535649270, 0),
(114, '', '', 'AXL_Axolight', '$2y$10$kxwIxkXL/f4ghgmu6.eOwuEDSLQlGeTPUjS3e/ldGHoFyN/6GOpcW', 'manufactur', 1, 1535649696, 0),
(115, '', '', 'BKL_B-K Lighting', '$2y$10$tNHVedVbO/Y.rYZ0NSPPtuBF1UoCcqlJe.52QEcZqUOiFORJe5VbO', 'manufactur', 1, 1535649826, 0),
(116, '', '', 'BRT_Bartco', '$2y$10$4JlMQPqNETzSUPeawvhUb.0YjgNUuLLvAGewj/0I5lKunyCKIWEbK', 'manufactur', 1, 1535649960, 0),
(117, '', '', 'USA_USAI Lighting', '$2y$10$mdh3mbXzP73Brs.gAMjKfuRqCHXz0IYiqi0hIMqw/PgWwhO8zCGL2', 'manufactur', 1, 1535655173, 0),
(118, '', '', '3GL_3G Lighting', '$2y$10$wWbd45p.SGzD6iUTuBgCDuZliEsLCU/VCvWKYvr.P1JyjRA8vpgq6', 'manufacturer', 1, 1536330231, 1573468334),
(119, '', '', 'INS_Insight', '$2y$10$wahZgcfvsJkNDe1.9hot6.KmussUYD3UXUfFY4Z9elbHoQxios/3C', 'manufactur', 1, 1536330489, 1551983473),
(120, '', '', 'LNR_LED Linear', '$2y$10$8ctkts7pg3B6wi5lkyFIuu0iBGLxM.5iaG7An8wvJ9G4v97PSKgjW', 'manufactur', 1, 1536330548, 1551983835),
(121, 'Nicole', '', 'ns125@homail.com', '$2y$10$DvhTCjFcaJvMlIXgNc5k6.47A42FtU4ogjVxfJdCw6S9ujOz5YcSq', 'user', 1, 1536457090, 1536457090),
(122, '', '', 'EDP_Edison Price', '$2y$10$qiFfd9FXwZXfAtsLp5tdWOMKsDE0gKO1u6jIGZvGrRuVwD0SZMhJq', 'manufactur', 1, 1536771707, 1551983066),
(123, 'Aaron', '', 'aaron.gudeyon@meadhunt.com', '$2y$10$TuqyyeJf/0ECb/cVTOiYYOz/Gbo8iAohuYwpuxjzt4rJdXJhGWvda', 'user', 1, 1537288916, 1537288916),
(124, '', '', 'LNS_Luminis Lighting', '$2y$10$Z0mBuscjzx.W/wy.63rpYuItGbNTKBdzBjoyp3cvZXHna1v4X0Ffe', 'manufactur', 1, 1537973147, 1551983856),
(125, '', '', 'LMI_Luminii', '$2y$10$.h3uq3WAAFjQeGBPfza0xeDUg4ec0epHM11lhUhtTpntut4ZKpg7e', 'manufactur', 1, 1537982447, 1551983736),
(126, '', '', 'ALI_A Light', '$2y$10$mAyez/mxGZuSSV4rJ7UvzukRJ1pWFLS7p/0pQaSexhgV7gH3UuUqC', 'manufactur', 1, 1538598074, 1551982614),
(127, '', '', 'CYL_Cyclone', '$2y$10$gWArdfUmFzOYdHdSKkQWXOX6CvDftM5eiiaL2SnXw4uZ9B5ZH/SBG', 'manufactur', 1, 1538598142, 1551982945),
(128, '', '', 'EUR_Eureka Lighting', '$2y$10$nr8UzdNWpXH0TtBdK2JPROc4cK7ykstfWgLVmgzlaKsmIU31GxhrO', 'manufactur', 1, 1538598203, 1551983138),
(129, '', '', 'JLC_JLC Tech', '$2y$10$IIv3Eae8Hm4s2xrilw5UKeG8sN.pMs7bEMkW5Zb11A8udavOQmUYq', 'manufactur', 1, 1538669186, 1551983565),
(130, '', '', 'FCL_FC Lighting', '$2y$10$uYUB85OUHvmIJnt76j7CA.Uq0MLf3OZ46mBL9zUcfvqMSvUbLf822', 'manufactur', 1, 1539637349, 1552082273),
(131, '', '', 'SSL_SSL Lighting', '$2y$10$GfQew1dej.m5WarvSyEUV.Awu4Z.DQaIVSkE89hzlv3t8rGr5RySO', 'manufactur', 1, 1539637614, 1551984116),
(132, '', '', 'OCL_Architectural', '$2y$10$lORNT8XB3VZyVy.HMvA/HemncRXudThY0VLKJ9OvCm1DtgNEZ9s6.', 'manufactur', 1, 1539793694, 1551983949),
(133, '', '', 'test123', '$2y$10$7nxUbs7X7oac7NzhXT60IuXiI8QjOnrninl.g9wIXke8wcKYWW2sW', 'manufactur', 1, 1546534871, 1546535013),
(134, '', '', 'DLT_Delta Light', '$2y$10$olE6RI5jRDH/JwaCDQQjxuWjeTQlTRgeG/aTN3Dmqj8p1rCLe9ioK', 'manufactur', 1, 1546538192, 1551982994),
(135, '', '', 'PRU_Prudential Lighting', '$2y$10$hhZ/vuCLzNj6kU4KH8AC.ONhKl7K7.QFrRgq7Qae.FIsOOt8hn2UK', 'manufactur', 1, 1546538600, 1551984001),
(136, '', '', 'LML_Lumium Lighting', '$2y$10$txsqUn6zcNa/P7NvXMVfzuMAiwHClAp.v/ZIkLKPpPcjiMPLzQnrq', 'manufactur', 1, 1546967662, 1551983761),
(137, '', '', 'CML_Chameleon Lighting', '$2y$10$yrKjN.Mi7hLvHOKdwAxIKefWY3anBgU.rjWd4W/38b2ZrjbB0drGa', 'manufactur', 1, 1547135002, 1551982909),
(138, '', '', 'NSL_North Star Lighting', '$2y$10$m6zu6TgfXJ07yQ9kBaeYL.m38iqPHbIujbvbILXfupEuT9RSp2M86', 'manufactur', 1, 1547480245, 1551452870),
(139, '', '', 'LMD_Luminaire LED', '$2y$10$4b0lk/RfNy6gy1wzD/ElPeuRoFXccFlxhrL0XPkXeiICzlnXFOE8a', 'manufactur', 1, 1547575579, 1551983656),
(140, '', '', 'ARA_Arancia Lighting', '$2y$10$oFiVnzE/tlIl1pPNPnhKoOL7wQ2b1YFTOC/gDwXWv4TgrapwqqVMW', 'manufactur', 1, 1551130026, 1551982678),
(141, '', '', 'ABC_ABC Lighting', '$2y$10$CLEDHoiCtpe1urSg5FDrHuFi0t2ixjjj83OeQEXVO05nYgXVSULFu', 'manufactur', 1, 1551285654, 1551611374),
(142, '', '', 'ACD_ACDC', '$2y$10$7B0eQzpu3tu1T.cys/BHfOHtOdnq1tftQcSSBSuxEXEDz1zzG/yza', 'manufactur', 1, 1551459258, 1551982588),
(143, '', '', 'TRG_Targetti', '$2y$10$RapWtYEuBzYbn1cpfEbNGO6eN3UbngDG9hCPAzGAi8XQkELuh9/K6', 'manufactur', 1, 1551728764, 1551989686),
(149, 'Alex', '', 'alexsarkissov@yahoo.com', '$2y$10$6mhNHhGBqIOHQbKMYATJle8B4b1uBQJUWy0emDf5GlDCxt.CIYw6m', 'user', 1, 1554234534, 1554234534),
(152, 'oleg', '', 'olptr@comcast.net', '$2y$10$1jEPq5oYGxmZV.Mrd1Pn6ul8aTExaNemlDl/OCfrm0WjsTOj4LnBK', 'user', 1, 1569187872, 1569892463),
(153, 'Helene Wismann', '', 'helene.w@lightaz.com', '$2y$10$7/uF4URqO4GcnLdpvrgjn.r9YeAwZIX96lGPjRT0Oj6uUfwXbaEfy', 'user', 1, 1569249387, 1572274503),
(154, 'Eric Boehm', '', 'eboehm@ambiancelighting.com', '$2y$10$It.k5GbPJdvAuj5rPWWB2.g3h3/3XiJdcgp3Grje2yRC4iFIqxj0i', 'user', 1, 1569439350, 1569439350),
(155, 'Lana Rice', '', 'Lr5324@gmail.com', '$2y$10$sRcLvjtSpEsWadjgL4fG5.R3dL87ruecvu7cdzfesGfaML6TEYdBi', 'user', 1, 1569503026, 1569510185),
(156, 'Antonio Cuccoli', '', 'antonio.cuccoli@yahoo.com', '$2y$10$GoljiedvSeNbWgEe44Hh3ezjSvhHHdCvX72GNmD1ZwwfPnOxF4qXi', 'user', 1, 1569521937, 1569521938),
(157, 'Barrett Bayer', '', 'barrett.bayer@perkinswill.com', '$2y$10$TAkCAFoLnjQPr15Ji4b64uTSc2psUz7bva94mwHTwKZKsU6SFbwaK', 'user', 1, 1569610525, 1569610525),
(158, 'jammy', '', 'mianakvi@gmail.com', '$2y$10$j5fUOHYL5fcfAVP.15BdsuPwoOWzyA5ZVvLSsua8vyWcbCdgD5Q.a', 'user', 1, 1569771993, 1569771994),
(159, 'Kelly Catalano', '', 'kelly.catalano@chartersills.com', '$2y$10$2gFpQTyYPagPMfiYw9zwVelTRDBLXNeRkWby/RU//VAmIl8CQMYb6', 'user', 1, 1569857950, 1571236899),
(160, 'Michael', '', 'mjjohnson162@gmail.com', '$2y$10$k/Jb8YBGs5nMU.PK2dpnmOaB4Jdyc9QI0lzzz4u6R/TXo3Fo6iZby', 'user', 1, 1569896476, 1586537875),
(161, 'Jason Broadhurst', '', 'jbroadhurst@luminairesgroup.com', '$2y$10$/yynK4iVP2TzHFH8W2vSr.KH2aUnOgPIzy/eSmbxjXZNwQKjCuHaO', 'user', 1, 1569940598, 1569940598),
(162, 'Darren', '', 'D.king@targetti.com', '$2y$10$BdnpF3dMZAjd.cz0CIJRl.iJlZYHJkhyGcozbHRqM3ezWFmWDb332', 'user', 1, 1569972592, 1569972592),
(163, 'Peter Christiansen', '', 'pdchristiansen@icloud.com', '$2y$10$kVQAMG/g7pqH0ira74x.rOnhboCfCsc2evgU1KWFTnyDVaHeRZ7fW', 'user', 1, 1569972646, 1569972646),
(164, 'Lene Christiansen', '', 'lenechris1@aol.com', '$2y$10$nf67Wv9LPpe1zFdQ74XZMenrBauEl.xAqmAt8Tu9lmC/nJFwIAy0C', 'user', 1, 1569977562, 1570401929),
(165, 'Manoli Perakis', '', 'manoli.perakis@pg-enlighten.com', '$2y$10$uP5G.CBeASEiklRnmj7NJeyOMMVarh2ljJh3h9kHVlZg3Alvae43e', 'user', 1, 1570018473, 1570018473),
(166, 'Finn Geisler', '', 'fg@twins.net', '$2y$10$SGP7qPoTAEfMj1UsL1XkHe/6110Ob.vCtrrrAUUOjwOrl3J4HWN9G', 'user', 1, 1570025414, 1570025414),
(167, 'Catherine L Hall', '', 'chall@hga.com', '$2y$10$MtYqlbR2Ik34JHf9aps/OebNtbP/dvVMWarCrAzO/A0fWS47QhHuu', 'user', 1, 1570028986, 1570028986),
(168, 'W Blair Malcom', '', 'wbmalcom@reesehackman.com', '$2y$10$XdOZM7KEA8fdoJ.Qp7hlAOatnNjc3N.mHN6.yhQXojat7DU/9oSMa', 'user', 1, 1570031189, 1570031189),
(169, 'Alessio Urso', '', 'aurso@lightsmarts.com', '$2y$10$wtvAOXKTcU6JNzkV4U7twuI8S.RIiS857rkg0HB9RZGH8I7Bmd9Oe', 'user', 1, 1570032478, 1570032479),
(170, 'gmihok', '', 'gmihok@awlighting.com', '$2y$10$ptwLl2skP5osvQlG8a.jhObHkHaipSz8crxu5e6eZfoCyixMXcCQm', 'user', 1, 1570035778, 1570035778),
(171, 'Michael Barnes', '', 'michael@mcbarnesarchitect.com', '$2y$10$Ar12WaX7lVc0ULQ1EgxvMeUXcjCppFjpMJ6Pq2Z16P0ISx2c7LAe6', 'user', 1, 1570038706, 1570038706),
(172, 'Reinaldo Rementeria', '', 'rremente@gmail.com', '$2y$10$cnZBgQ54QSQoqHkJrFCktuIW1KfJXtL5RR/lHIGBoQYQ4sGlTN.am', 'user', 1, 1570041114, 1570041115),
(173, 'Scott Bernstein', '', 'sbernstein@nrgllc.com', '$2y$10$z16AOJ1nrZkqOVLn6R8O9OhvlP.nKtH2M1aHhEJEBnyAXK9CSs9IO', 'user', 1, 1570043040, 1570043040),
(174, 'Diane McNabb Rodriguez', '', 'diane@adhlighting.com', '$2y$10$hHbnSO/5QO0jna6VBHW/1OOsUwNMcsCO1Ilw.H7jMHOGnzpogdKBW', 'user', 1, 1570043796, 1570043796),
(175, 'Kevin Grayson', '', 'graysonkevin@hotmail.com', '$2y$10$IjAD/oeEePP1jo/XMgVk5.ZLGByqOPgE7ti0jYfRmG65nDgCo4pzO', 'user', 1, 1570046390, 1570046390),
(176, 'Craig', '', 'Officeofeliteelectric@gmail.com', '$2y$10$plS.SEvi6YYVm0EHwWAjdu3y/c4unaRTClGMNUN18AvIPMJTlUai6', 'user', 1, 1570051907, 1570051907),
(177, 'ledia karaj', '', 'lkaraj@lightingdynamics.com', '$2y$10$UVSo39SDin4gvJYXjUNCLOd5uDGkj.kOo9h3YxX2TxGWexJ61WkMu', 'user', 1, 1570072600, 1570072600),
(178, 'stephen bates', '', 'sbtraffic@msn.com', '$2y$10$6bXChHC88YeTn3/E9HS/OuS3MXfdz5IlgGX4wlIsFW5s30hZn/D7S', 'user', 1, 1570103685, 1570103685),
(179, 'Dan Rajczyk', '', 'drajczyk@lighting-unlimited.com', '$2y$10$52PHd1rjH1gAG6fOgkZEPO9LkV5owQFi9ocruKSW8Bx9SpCa49Zqe', 'user', 1, 1570110065, 1570110065),
(180, 'Alex Fabozzi', '', 'alex@availablelight.com', '$2y$10$ZAr8SBXE9TiCF7CM6Zv2bOp6qVKd.TS37mKyhKYvznwS79ll/Wgn6', 'user', 1, 1570113267, 1570458428),
(181, 'AmyAnn Ehmcke', '', 'amyann.ehmcke@luxetveritasdesign.com', '$2y$10$uviz/FXQRMfpe.jixHgdyOZJnAp8iXgw3yyGQFGhAN2RNzlA1SLmC', 'user', 1, 1570114647, 1570114647),
(182, 'Kristin Raduenz', '', 'kristin.raduenz@meadhunt.com', '$2y$10$mEXclHf4n3m0JDGTcUwlXOa6oYpxFea1MVdaoHpzPWUsykjHhSY7u', 'user', 1, 1570120105, 1570120105),
(183, 'Gene Scholler', '', 'gene.scholler@cesco.com', '$2y$10$ud0YA4RqIilhAygdtBPY7ON2nC4TiZOPd/WgF8iQbcswNthQeJ5Qq', 'user', 1, 1570121477, 1570121477),
(184, 'Porter Wafler', '', 'porter.wafler@assurancelighting.com', '$2y$10$e.zX5.SMy4/OHeoO2u9jFehUVEGukbChW6gl33r2xo9BwVEiljlCq', 'user', 1, 1570122338, 1570122338),
(185, 'Kris Fedoruk', '', 'Funkfedoruk@sbcglobal.net', '$2y$10$QffdgneVUppznySZMXN8k./RJM2Xc6o2wClttCIr85PGYFP3MVnWG', 'user', 1, 1570125023, 1570125023),
(186, 'Roxanna Eke', '', 'reke@alights.com', '$2y$10$n/VpGvL.bzsMnrfP4HYSbuafaviLZ/SX/qqro/T84fQC0qHvqiA7.', 'user', 1, 1570133011, 1570133011),
(187, 'Edward Bartholomew', '', 'edward@availablelight.com', '$2y$10$ht9pBqIc3cEXzmi/uBd2deEZo4r..6Rtw6D3WeZee/nZkqWCKoiZO', 'user', 1, 1570133929, 1572364568),
(188, 'Ron Larimore', '', 'ron.larimore@redleonard.com', '$2y$10$.glpR1mn2JgXLf0QdTSi/OZp1Wr9QfstzVhcdvPf7qNQUkY9M.6Qu', 'user', 1, 1570135304, 1570135304),
(189, 'Kelly Stechschulte', '', 'kellys@illuminatingconcepts.com', '$2y$10$8CzVe4ohIFXDryEXDyV4DekriGxNgo07UAlKL0uGmlJOkZVQqD4D.', 'user', 1, 1570159848, 1570159848),
(190, 'Sonia Noble', '', 'Sonian@illuminatingconcepts.com', '$2y$10$KSzbZKd9AVEmiSPOr679fucTx00SbKx7/xZwr3oapsWBAQ07lWFEe', 'user', 1, 1570159930, 1571689331),
(191, 'Gabor Vamberi', '', 'vamberi@gmail.com', '$2y$10$FrtHLTLtqRVwP/t9ybgoze62Qgrx/6U6kaYKHx2TdtH5Sqy9nJajC', 'user', 1, 1570170188, 1570170188),
(192, 'Gregory Calise', '', 'greg@lamarlighting.com', '$2y$10$.7mianGBR8.nUvH6qh.la.IfKGmM0wQvG7GcKpik63WUtAD4fONcK', 'user', 1, 1570186873, 1570186873),
(193, 'BARRY', '', 'beerjam1@yahoo.ca', '$2y$10$cCS.djLj67llGaFQ4XPX.uOBwSw.whO3U8bM7jjt1K/Bbl3.wjIW6', 'user', 1, 1570207289, 1570207289),
(194, 'HEATHER TROUT', '', 'htrout@crenshawlighting.com', '$2y$10$Lp8mtEWU6TXZBVdSnqzY3uTou8jnbSW/6sSvAzNS5zrHPVvtHYUHe', 'user', 1, 1570209313, 1570209313),
(195, 'Jim Williams', '', 'jwilliams@ksalighting.com', '$2y$10$gRiRDLY0DqDdmY4ZCeYbD.h6el3zp8sLc0lsyni5rZCfiDkXAS2CK', 'user', 1, 1570388631, 1570388631),
(196, 'Lee Vestrich', '', 'LEEV@BULBTRONICS.COM', '$2y$10$.NrMuflXhKkIsjgjSZKvveNBw.Vztc7ky3ZVjXQS6BfPlanJlosnG', 'user', 1, 1570470704, 1570470705),
(197, 'Amy', '', 'amy@hubdigitalmarketing.com', '$2y$10$Ey1f4h60dvFH2wiK5q4NGuOKkJcPYbz8EG3uON8IpbN1NIVjR0ERC', 'user', 1, 1570471122, 1570471122),
(198, 'Scott Keefe', '', 'scott@wsa.ca', '$2y$10$JgPMq3iX4iSI0C6DE6ZlxuEGlFlBPZS0IHffVnt/P86Ko3Uq13o0q', 'user', 1, 1570480981, 1570564467),
(199, 'Stu Eisenberg', '', 'SEisenberg@mars-electric.com', '$2y$10$uG938WA9c4hLLQaJ9voo3O1IB6Upi4IOY3yI1Zv5uv7B8aPx00KlO', 'user', 1, 1570546348, 1570546348),
(200, 'Mahalia', '', 'mahalia@hughlightingdesign.com', '$2y$10$RDEZQBlpRAKJX1TB1lZSE.jNlMEgQi8MKpAlcs7rNH9hVi7USmSzG', 'user', 1, 1570547071, 1570547071),
(201, 'Peter Hugh', '', 'peter@hughlightingdesign.com', '$2y$10$GFgEc6b.KrGt0ftbiAb6M.x/ZvudC9HDFnRy/KRt2Hfyz74OnOROW', 'user', 1, 1570552717, 1572312919),
(202, 'mitchell kohn', '', 'mitchell@mbklightingdesign.com', '$2y$10$gKPXJLq4c4jK3sLgswU7Eu60HK7clz.VqvU5PHWE8eYsrG0uuiCRa', 'user', 1, 1570555027, 1570555027),
(203, 'Joshua Lange', '', 'jdl@ba-inc.com', '$2y$10$qox90O3mHAbhz0SUbFU3iO.L7zB9XbODz4y.kwbdi9bGeKZ3pzYFW', 'user', 1, 1570635888, 1570635888),
(204, 'Lindi Braun', '', 'lindi.braun@mbnengr.com', '$2y$10$g3IVXCnAUMJsp02Z.xZiD.lcvEtGjQDP9ke3F95ujInwyauYliLiS', 'user', 1, 1570636591, 1570720437),
(205, 'Alejandro Carrillo Romano', '', 'acarrillo.scosi@gmail.com', '$2y$10$b9ay7x9l/vHVhfJC.tnMru0EiihF0r5NwXBQD.pFbqN3QSbtjlbK2', 'user', 1, 1570643936, 1570643936),
(206, 'Srushti Totadri', '', 'srushti@lampartners.com', '$2y$10$KcCkfEmm/RT1IkDsnRSlAeNbgbOeCrnSSDuvdbFrar.hMwQndNhZO', 'user', 1, 1570645454, 1570645454),
(207, 'Sarah Fisher', '', 'sarah@lampartners.com', '$2y$10$qxwQ.SW5n2QT5d9zx3xGLus0roWkVlXGSxV2WifGpRrWzEhk8CtUO', 'user', 1, 1570647228, 1570647228),
(208, 'Bill McDonnell', '', 'bill@nadarralighting.com', '$2y$10$frjK6xnndwUZFjHzyAAV5eXYaRXQrwpeQrY145vDwvF4qL3PKriTi', 'user', 1, 1570707856, 1570707857),
(209, 'Katherine Routhier', '', 'marketing@eurekalighting.com', '$2y$10$qvcvCBnBl/LRxnY5q16hEOiNfr6XFTO/kutvqfywWIqIjVvg/v5Ca', 'user', 1, 1570736745, 1570736745),
(210, 'Aimee Bauer', '', 'abauer@ksalighting.com', '$2y$10$4wxRwbf4O2OWoTNAfXHUjepDHmY.JL95sjFnvBsK8v4C2NzvPMEtK', 'user', 1, 1570737303, 1570737303),
(211, 'Jerry DeRousse', '', 'jderousse@ksalighting.com', '$2y$10$s7IgSM5zzM8ZgJBNkDOE.OeeNAwn4JqQlUyE1sYGYXWGKSZYohjY.', 'user', 1, 1570737897, 1570737897),
(212, 'Katie Scaduto', '', 'kscaduto@ksalighting.com', '$2y$10$7MHHfI0G844Bs6Cpv2UU6uH1WDwCSZkQsTwmBf9fMNMeIlBUUqKO6', 'user', 1, 1570737897, 1570737897),
(213, 'Chad Nelson', '', 'cnelson@ksalighting.com', '$2y$10$e7Ge3g5NhfL.xUuCsvXeGexvL3Xjd7Si6uOi3pVr82s/PP7fI6T1S', 'user', 1, 1570739270, 1571235496),
(214, 'Bob Workman', '', 'bobworkman@ksalighting.com', '$2y$10$scBqujaR8lb.5vPrlvgY8OguZlSl/9EzHDKcn9dBbCRgrP2tBcZGK', 'user', 1, 1570739766, 1570739766),
(215, 'Tracy Hasselbring', '', 'thasselbring@ksalighting.com', '$2y$10$Zd4VCla5FfUy7BzhMuOwjOD5DKYyXV/sSgObEC1gMnzM.qUQDQnGG', 'user', 1, 1570740951, 1570802313),
(216, 'Elaine Kilburg', '', 'ekilburg@ksalighting.com', '$2y$10$xUPzswhjIEDrqMjS8GUWKetqG/CETZ2r60R7hj2nI4AD.8UrrmppW', 'user', 1, 1570761812, 1570761812),
(221, 'Sharon Olsen', '', 'solsen@ksalighting.com', '$2y$10$Mcv1nl4q3ardl8XAXQ693uv5UsZCtAN9pzAMrcJK504B/bjJV4mlC', 'user', 1, 1570793756, 1570793756),
(222, 'Rick Magsamen', '', 'rmagsamen@ksalighting.com', '$2y$10$gcByaGfSA63dZK9V5QYUlOkKqadgY31tRulc6VY920BFQFXBs23N.', 'user', 1, 1570804756, 1570804756),
(223, 'Keith Wittenbrink', '', 'kwittenbrink@ksalighting.com', '$2y$10$bFy4K8OEYppWuTG1sZiUCenD2Vb16OipvAJ3.qhNevwCLiSDxu.Oa', 'user', 1, 1570817563, 1570817563),
(224, 'Jeff He', '', 'jeff@lironlighting.com', '$2y$10$5VD94ClSwDT66/mg.MvMW.kXiw/ighgxdfA6/bDbEynusvGGvYO/m', 'user', 1, 1570820002, 1570820017),
(225, 'Schuyler Smith', '', 'schuyler.smith@spectrumlightco.com', '$2y$10$lEEdbKWfSnL5SQxfdxdmruE.CC5nPQu.8xT5HkcVfncOpE8tCUKy2', 'user', 1, 1570823688, 1570823688),
(226, 'Joe Lloyd', '', 'jlloyd@ksalighting.com', '$2y$10$cIqaiL3teKfVFXVQlZ6GhOcnq.I4yO1UcdqW7jXTg4hm6OMUGYZqm', 'user', 1, 1570823900, 1570824364),
(227, 'Christopher Lisle', '', 'clisle@avantidevpartners.com', '$2y$10$JnpDfdPsVOH.rj1bprmy5.cJVdaY1//umcs3i6SMTPqtLbr.kiOE.', 'user', 1, 1571085734, 1571085734),
(228, 'Laura Conn', '', 'lconn@ksalighting.com', '$2y$10$rOAgreGu6QU5uqcvrergMurn3GyQ5StdZRBgqyTuFPLteJ./jM52G', 'user', 1, 1571233325, 1571233325),
(229, 'Colette Wise', '', 'cwise@ksalighting.com', '$2y$10$qyUv0NjTHMtyjZyWedUjJOyIuYFYd.mWYfqXY4o6QZk.Od2zgS8eu', 'user', 1, 1571240358, 1571240358),
(230, 'Erik Rosenberger', '', 'erik@popp.net', '$2y$10$d.cEbTN6sVrMrvsgLpqKSuoylo.8WPw01F4tttKvb.dit2DnkEIc.', 'user', 1, 1571245122, 1571245122),
(231, 'Tony Baker', '', 'tonyb@capcitydesign.com', '$2y$10$EiQ6gzsg..VuoNT3a9kKo.dmogVYESq7CSdHoj2UqrnMMSWMDgYCi', 'user', 1, 1571266029, 1571266029),
(232, 'mark sills', '', 'mark.sills@chartersills.com', '$2y$10$FeWO/YO3kx4nSXkaN1B9FeOiBUlZLZ5oTAvQo6CBqVIowuRPiMG/S', 'user', 1, 1571323297, 1571323297),
(233, 'Nataliya Lebedeva', '', 'nlebedeva@aeieng.com', '$2y$10$6OwqptfJrcLHB8L1Kw3Hu..MlHPvCRcEnolqdo7WOEjdlmD.yRYL2', 'user', 1, 1571335122, 1571843445),
(234, 'Stephanie Goudreau', '', 'stephanie.goudreau@focalpointlights.com', '$2y$10$FS/DyO6pChbBvgqePrgWCulfOQNWrrvhhgP0hqxPwcCGffZakHAra', 'user', 1, 1571344771, 1571344771),
(235, 'Vannessa Pederson', '', 'vannessa.pederson@stantec.com', '$2y$10$0/u2lq89boi4iCjfjV/wCOtCuZGt2jHGEsjBjvyfh1WxzkoB2uO.q', 'user', 1, 1571352774, 1571352824),
(236, 'Peter Lena', '', 'peter.lena@focalpointlights.com', '$2y$10$bPX2DmNzlPYiee5lHj78W.3eyQ/UWXwO2w.ySySnG7yUuhsZgv52y', 'user', 1, 1571402782, 1571402782),
(237, 'Jennifer Curtis', '', 'jcurtis@lighthive.com', '$2y$10$pbZ.5hBpD50GMQeRLVAcpuCsWs5nENca5vYdGsTXL0uGhlNja29si', 'user', 1, 1571414077, 1571414077),
(238, 'Jeff Zdenahlik', '', 'Jeff.zdenahlik@scb.com', '$2y$10$5mDvpaFBaV1EBzyMIUNtq.rNNdOceNXuleLVaJalb.kAQDALk/R9C', 'user', 1, 1571417659, 1571417659),
(239, 'Alexandra Copan', '', 'alexandra.copan@focalpointlights.com', '$2y$10$PGWKNWekerAMnC7mJHHTJ.aibZPYTij3qq6x3lv700Q8RwB.zUqDm', 'user', 1, 1571425709, 1571425709),
(240, 'Connie Jensen', '', 'lightingpros@verizon.net', '$2y$10$tYPXo4jXyLijT2wv3RjOoeBWZjUX5/ayaeH6a6Knv/fbpdK0.78UG', 'user', 1, 1571530603, 1571530604),
(241, 'Lauri Tredinnick', '', 'ltredinnick@pivotal-aei.com', '$2y$10$EySkXXPQ.N7N.DrVR2lOAuMTuc4zFcXF6i76uJ7qQNeThPvTI/81W', 'user', 1, 1571662247, 1571662247),
(242, 'karina philippi', '', 'kphilippi@dgalight.com', '$2y$10$7xtfFMPoaTJWo0eYxyq9JusQ61/0SLFCrPJ3QYcoSalRKAOnHfaFa', 'user', 1, 1571669907, 1571669907),
(243, 'Mark Wang', '', 'mark.wangled@foxmail.com', '$2y$10$gP.rGbcBSCfsFHlLqb.beOwAyO38k2A3UOE9YKYhPlCHnrg8bg2dG', 'user', 1, 1571671657, 1571671657),
(244, 'Gregg Mackell', '', 'gmackell@186group.com', '$2y$10$.3UipNYg4RLzxh8vgD.q.OJSDFhcHjD92P0IaKGYrIjbxBf6HQYWa', 'user', 1, 1571693789, 1573235984),
(245, 'abcdef', '', 'olptr2011@gmail.com', '$2y$10$lt5ynSTmXsOnM0hM.6.5eOgqan6VscsteQP8vMWA3ce6YRedO.n8C', 'user', 1, 1571759530, 1571759531),
(246, 'Larry Cucom', '', 'sillysongslarry@veggie.com', '$2y$10$mwPxjeGD6SstqnaXMZp6oueuJ7F6muLVIfmS/gPM9iyTuiwb/HLXq', 'user', 1, 1571759724, 1571759724),
(251, 'john', '', 'john@gmail.com', '$2y$10$VYtBi4AFb51a2mzpZWkl8uA6hEcAj0ncKzXbkiZzAz7FBrgnZrLKS', 'user', 1, 1571759948, 1571759948),
(252, 'Alex', '', 'alex@alex.com', '$2y$10$SP9gJTlmiIf1VdDKsaIESuEtPha0S9kmEJjBJsYysbEetw9oAHoWO', 'user', 1, 1571760051, 1571760052),
(253, 'dave test', '', 'dave2011@gmail.com', '$2y$10$D2QB0YO2zw8u6efGP9PikOYpYjr3aGZ9puRY4LOY1aO75u7uxlk7y', 'user', 1, 1571760074, 1571760074),
(254, 'Nancy', '', 'Nancy@gmail.com', '$2y$10$S/LITcE0OIFplVdAKdxnOeEp9XAvWggLNUKIil8qmXXc3Im4DlOiC', 'user', 1, 1571760149, 1571760149),
(255, 'Alex Edge', '', 'alex@edge.com', '$2y$10$GTx6we22a4pmwEenqRcNLeb9.JN8LUHXZ2i..RZqbZ9N7YOGVnquS', 'user', 1, 1571760161, 1571760433),
(256, 'Alex opera', '', 'alex@opera.com', '$2y$10$nwItp0L9zmKTvnArFtv9NOrHZXdAdS4ul4QsOFhNnxhdj.LrC4Dsy', 'user', 1, 1571760248, 1571760248),
(257, 'Jane', '', 'Jane@gmail.com', '$2y$10$gKgzu5sF11B0PCd.Ystl..kT09xj4x8YB6g3Jq2KN6m1eJwtzrQee', 'user', 1, 1571761035, 1571761035),
(258, 'Helene', '', 'hmgwismann@hotmail.com', '$2y$10$KCLOjE5zMZf2I24PRKPeieNBU2e8v9Yeio6oI3NRUp/1BBoH1fLvi', 'user', 1, 1571761915, 1571761915),
(259, 'Andrew', '', 'andrew.prevost@signify.com', '$2y$10$fo/lBjsKBS2B6dp.96fPP.EcHvO6dvNP8I5LRmqsIT/BQVtvdyNAe', 'user', 1, 1571768518, 1571768518),
(260, 'Thomas Keown', '', 'tom@wkalighting.com', '$2y$10$5AE3Nbo2w2QtDK1iTf.UtODNKmD7SqFfzGYlSN0hmJkidAJR0RZPq', 'user', 1, 1571769514, 1571769514),
(261, 'ANNE RUDDELL', '', 'anneruddell@alrinc.com', '$2y$10$Ar2k3gjdOd1rc94eN9bMhuxjHWZ.UblsBDPHZYnU/R4q7aggOKJ1i', 'user', 1, 1571770196, 1571770196),
(262, 'Barbara Lee', '', 'Barbara.A.Lee@imegcorp.com', '$2y$10$aWEB9lBD6GkHMzxvFy5cjOvhzfHXyYZXAL4K5sxDWJCr2Vk56qFGC', 'user', 1, 1571776280, 1571776281),
(263, 'Joseph Bullock', '', 'jbullock@thelightingagency.com', '$2y$10$9ucf8LwWnLALe68SqccS7.LAd8B4akF508SeXmyTJBeJ7sB4y/EOi', 'user', 1, 1571785218, 1571785218),
(264, 'Joe Sweeney', '', 'joes@hcmnees.com', '$2y$10$F.sMfEShRGk7G1YGqrZQE.xlYvDqw.8O0kLkBGdDkm/zZ1h1d0zMO', 'user', 1, 1571846411, 1571846411),
(265, 'Tim Manimtim', '', 'mmanimtim@kingcounty.gov', '$2y$10$9pVqyCgfJGuHEUZL2V8Ug.9nBzT4onxOw9Gn3K.RR.n1xF8ou7yXW', 'user', 1, 1571850794, 1571850794),
(266, 'Joe Karsh', '', 'joe.karsh@focalpointlights.com', '$2y$10$HouCNef.39NSi5dW3RIltOT/yf7y.LHx1QoZkpARqCdiuVO8g8klS', 'user', 1, 1571857638, 1571857639),
(267, 'Nicole Adachi', '', 'nicole.adachi@focalpointlights.com', '$2y$10$ojwWEtY8aEQrKF/EBc80Z.HRXV0e352VPyv6eyO.AE4b8/GiBIimW', 'user', 1, 1571858113, 1571858113),
(268, 'John Szkolka', '', 'john.szkolka@focalpointlights.com', '$2y$10$02m1fqPwmrTJUJuXxuUFZe0I1nHdN.wG8eRgzK4g1Pke2qe5EW.Zy', 'user', 1, 1571859394, 1571859394),
(269, 'Deborah Baeder', '', 'dbaeder@rdgusa.com', '$2y$10$K4v743jbhpRrIpZcxQUYyuIZPu35zHXdmnJ0w14iPfiDqnfRemFM.', 'user', 1, 1571868678, 1571868678),
(270, 'Spencer Montgomery', '', 'spencer@csent.net', '$2y$10$VSozWaNGdFwO9AiM1unVkebRjlO14Xd3y3jZwncR5xaqg/a2ZloVK', 'user', 1, 1571929605, 1571929605),
(271, 'Campbell Corbet', '', 'campbell.corbet@anguslighting.com', '$2y$10$0INHvyBoKMYjO2BlWXFKIOnK.yGAcq0khVOABr1Y3AtUiMIxX1cva', 'user', 1, 1571930901, 1571930902),
(272, 'Rini Ngai', '', 'rini.ngai@hhangus.com', '$2y$10$tp83e8BQ87x9F8T/W.vGh.3/SdHGB5f8f8cbLvnv2XkRap5pP4f1.', 'user', 1, 1571931290, 1571931290),
(273, 'Curtis Towle', '', 'curtis.towle@jatec.ca', '$2y$10$QDhyp1xw03RhrsU11qO3guGUAIGVzXKs6OrRpnSlmGML8YHM8Vx72', 'user', 1, 1571931933, 1571931934),
(282, 'Kyoko Johnson', '', 'mkojohnson0914@gmail.coma', '$2y$10$1JF1WW57nlqjqXcHRWnEveK.pMx3MrEP3o7pn6qERlVIau22po0mG', 'user', 1, 1571941263, 1571941263),
(283, 'John Dahl', '', 'engineering@h-delectricalservices.com', '$2y$10$L4v62PANCxzM3OO1/eeiS.oSiy94H79pWRZ/oXmlMmBWdd5g/CmRS', 'user', 1, 1572015231, 1572015231),
(284, 'Kyoko Oyabu', '', 'ooooyabu0525@gmail.com', '$2y$10$CsqVpdwyt7qxqIX.9H7Eiepg1wiDh1hrmefa0fO7CSsjM6QZVAbri', 'user', 1, 1572037430, 1572037430),
(285, 'Matt Guilfoyle', '', 'mattg@plswa.com', '$2y$10$FuSUQpo4KsceFM4njG28EOWdaAJmcsiX23ME4u9xfW.bPbBOO1/tu', 'user', 1, 1572044350, 1572275941),
(286, 'Larry Chapin', '', 'Larryc@hew.com', '$2y$10$nCTCJR3kfV8uhZ5vKuWqBeTW4TDo5ymvR2ubZ32T002VgZQw8n3jG', 'user', 1, 1572269642, 1572269642),
(287, 'Clifton Lemon', '', 'cl@cliftonlemon.com', '$2y$10$V6Ss1NYn535.rSf9fm69n.AeGtBYmMSJOawrb/zmsBqcvx8mgFq36', 'user', 1, 1572275039, 1572298079),
(290, '', '', 'zne_test', '$2y$10$TWR.LBqLn.SzkxyDV/kbjOVC/g3dIXkiMGG7Jcn7DjfWunAJt3EN.', 'manufacturer', 1, 1573472065, 1573472192),
(291, 'Miory', '', 'mkightlinger@ghafari.com', '$2y$10$Pcm8MWWwb7Gqs6bgqYNp1uIPGOSrqbbfRZ83dSM93Gi8v4Yt/mfDG', 'user', 1, 1585747482, 1585747482);

-- --------------------------------------------------------

--
-- Table structure for table `users_auth`
--

CREATE TABLE `users_auth` (
  `id` binary(20) NOT NULL,
  `user_id` int(10) UNSIGNED NOT NULL,
  `validator` char(64) COLLATE utf8mb4_unicode_ci NOT NULL,
  `expires` int(10) UNSIGNED NOT NULL
) ENGINE=InnoDB DEFAULT CHARSET=utf8mb4 COLLATE=utf8mb4_unicode_ci;

--
-- Dumping data for table `users_auth`
--

INSERT INTO `users_auth` (`id`, `user_id`, `validator`, `expires`) VALUES
(0x001c3b2fcfb6a64e987cf41af553f8af39af73c5, 30, 'dc073a573c5399f754c33724e0a9b548ec6cdeb5f093b9b3023caacb84dc6c86', 1725210994),
(0x002e79eee3c54eaf9221087b186a6d07131cf465, 1, '80283a08f65630f9fd4c26ea31720f53816d17252d8489d431cb875edcad8401', 1687331857),
(0x00451cb91ff374c56deb93f6ffb00a8030ace90c, 1, '2ac8f7261e4d4f747673120bef08486146b0dad369cf8bb5e8803e7b6451aa63', 1700688803),
(0x00cfe8773bb8c94e70b73170b0ff238c072b342f, 1, '4d04871acdd41c240bad0b2e940e819622ff47006b35f9676e09dc8905031d59', 1707366641),
(0x00e96513bf8d72f9a29f8aa4db25c9fe92430cfa, 30, '13cc6623dfd74aafb3318bf477848423b4fe43775cd4e87caa559e6b0ef5ecdf', 1725709502),
(0x010c4972e939b4ba9e226fde6ab9ba533c1db2d7, 259, '5c6cb7ad17f5f8d7b46c428c8c83b6e749cfca44da1bba56523803a8ccf9eb09', 1571854918),
(0x023550f744df78e7c583d21d6ff6694284ddaa8f, 1, '6a7e2029839363891fc19adc3d9ee1698cf4b85b1afd10adebb2e1ef96068d13', 1698119682),
(0x024f97a4f67c9029fe3dc67643b1e623d5222559, 184, '0e4ae15237b7ac7ce6e8324decefef74242309f8eb8cde7f5a27608b147a5d7d', 1570208738),
(0x02d266072784d2995f3807de989498c0e8f1e0c2, 9, '5577b4eed93ef046064e63e8421eb5970374bcd0673934db883e28aa7cdaf539', 1751645757),
(0x02ed6d579f977d2ec653862f197e3a6005a02efe, 1, '4b88317d6ad26759f99667bf7bbc42453d43790c61c650d64a82f5b4aa3e9b59', 1687331799),
(0x0305a00ff74bf79f8c39d18ef4fe43d3766597c1, 1, '9c8d6e5b35b9f695baaab53fb51a6f26bac1fdb33d4be150782778125a89356e', 1700077045),
(0x038cee5091087572cfd7abdd1bdaa7540a38536e, 1, 'f2fdfba9e4e795b7442079923f0532b2399e7d6bda8bec3578044e37a41ed256', 1700703112),
(0x0397e6d513fce059b953bea82b7e72d789e89a95, 155, '9f79a0caeb50963fce36f80fe5669164e3865f205ba235a99b47d2c32a3a2ef3', 1569596490),
(0x04112828522de35fb534889851d3a4678293da8b, 1, 'ec30b26c2a41c963f8494b7dd8836d006e702fd936c5487cc63eaec8704df917', 1701201125),
(0x04a7051b534c30252f6521af7f3882e317448584, 1, 'b833a722342c50f936024c927dad0fcdf60ae05cb199d83c68580c40237338b4', 1689074357),
(0x04b9af34e91098a14dd4d3bb9cfe470138b46fd1, 58, '8ff473b16ff157bb439191db06e7cacdd6ab4747d638ab3a3d5a2945f6d489e0', 1716382792),
(0x04e3e10c4af3bb081835397dddbd5fd6f85b9e4d, 1, '776030e9e74e3cde2d03522310eb72a08aabfab637dffca2cf901c598cb55f0c', 1698428146),
(0x0517bb46804bf0ca7165623a571faa44ed26c3a9, 207, '6998cc55546ca34c8510b7d3403a8fbaf669f1f7a1451861991ac2be3fad47a1', 1570733628),
(0x0627e838ff23d32e01d6a42d89db25bc941f1310, 1, 'cfca05074ec11fe4b52fa21b1a546ba8adbdb50a614b0311822d6ca02ed3325a', 1700091051),
(0x0707b717c3ab1d6da1fdb8f98b271f3f78e30a62, 1, '52866341f856c69a279ed87e9fd23a7c747883d0a0493069b51cf94f57268875', 1701106878),
(0x070a69c0c70ddf39d55e9e1b0c60103000f37d42, 30, 'd3f6f371bd7a67ced75c80e2359d4969aa947747967a85b556582d14a95279b5', 1724831296),
(0x073d34a2c3adfab637adc4abd9990e45004d67b7, 58, '5be971eb58a84f52c22f573bf0f047976a623b979766d0d0968f825b53fe2832', 1753610821),
(0x074115f59597b418a96a6caf679d67d2861abbcb, 246, 'c9dfdc96e542575ea1cd5b6ee17040c3ea3fbd82c35d18fa652b0429f986cfa7', 1571846124),
(0x0842f337ccce9021318b80d907977464e399b085, 225, '4e75d58c56d0d26e4dd8cf40687f4153dd922f42a5c9d6113ae57d3cb06c734f', 1570910088),
(0x087507a587d68f3f32131b0bfb1d68970b369182, 30, 'ea7f75d2d185f1ae3bc6cde10807943b496bd4a344dcd150ad901761a7b550f5', 1721155773),
(0x0875a8e5e29909dcfbbd3e26e0e49b302a2d6ef2, 30, '0656a750bd46d030e6823dce86c3bd25a9009019b32368fc1c7aa46c245fd595', 1722236557),
(0x089832536b8af9d933a8df115552efb41d5940e8, 1, '17b6c3b11a9637c45a2fb15f9b8adb357b30bb6ec84c543f7a0e89cf8367d553', 1701535608),
(0x0905d5cd22d614e9dc22fd730f41a1c4685b8481, 1, '06057e18e67f39eb46f80d7b9793758f0e97f9edf99bc0d125ade6bf3cf9b535', 1697512942),
(0x0918beb0e772374bfaf3b41875114f21afa2334d, 1, '390e0fcda2a5aa3a349a714a8b90f75289af127ab93968989e1c335e3e84bb57', 1703597854),
(0x099b3d08578b91f161b8f07375ea2f9e08e94ea3, 1, 'e16b26153fd9b7edcd059548fc378d7746c771e4e1ec9f5cede6ea2d0ba4fe15', 1697474971),
(0x09a7b535a4f30c85c2d4c460b6eda79d0f86b932, 1, '79071a95e95c090def97a4c356f91234c869b1f8be9287a0f76696f97ec23504', 1706339141),
(0x0abdc35791aebec8012b1a97b56403d1ea64bfd2, 30, '2885f5063c6b6b502159103e37e8a858e16a39702b9b3b793eef46a00624e4ff', 1725862162),
(0x0b1c2389fd2bddd38200ac6cbef96d84b6091ed0, 58, '7f530069e2693bc25e16fdb3a3342f4358c486b425c1c52eeaa28ecc67856c03', 1753375607),
(0x0be8fd2090685ddfe0ba1ac4857b26216f503d0c, 58, '12427179b758623275ba673c559db99e4f5c6385a7368c414af7bb53299d6a24', 1726849444),
(0x0befedd66aee56bd56d0e6740f20f9b49cfdad72, 58, '8c60507e4cf09e603537063264f5467579991e5650ea5b568ca75d5a07610fa4', 1750547671),
(0x0c038afee571a645ad091d804b1b55ed739105ad, 30, 'a8735d05174dac0fdb1dac2ad997f05758ece92d2844cea51b9ed1737ef4b13f', 1721643655),
(0x0c21df684cd2e1d0abd4848f4759a192be208b11, 30, '7f119476f91e538ecfb6f5a49f8049d4c0762b753bbec3cd29c470beadf8ced7', 1726070977),
(0x0c293202b18f3d7bf91598407ad7c97d480b691d, 1, 'f29437277725a920a52439b9fd3961031ba72267df2ac7bfd3a5c8663f710f93', 1696194400),
(0x0c49d8342c9dc9e2ffaff919767d27011bc84344, 9, '2a098b6a2d53713db97292305fa13bc61f02da8d92de9ca524eb507a35dff035', 1748532712),
(0x0c8b3939738f37ea849fad67a727f98854518cff, 9, '3eb05dad2d9d9df5b92260404446b0fa3d37f80f094d118855ffd07a5dd22a52', 1726935727),
(0x0ca0faa383b06c5a5861dca26e9721658b615692, 1, '29c617287caa155217c2ca4a1ca6e6cfc8f98c8c4662ccd143a8d0746133c4d4', 1697427621),
(0x0ceb43b131cdb11737af3586fda532cc2580f240, 30, '4dc713bf373971207699948e2fd631e19a9aa9f7da03553b4b0a37496c2001f5', 1724606723),
(0x0e0398dab6bce54939ac35dd3707dcb723879666, 1, 'e826119e191286a23c6ffddf040685f7176702919688bede3cc1c3dad44b7b23', 1697243623),
(0x0f0785c7f4dd1544181f3c821daff551fd281419, 1, 'bb42437bfb6a190a999cddd865789ef4f06fcedad5639bad350176ab72cdce59', 1699302595),
(0x0f5775f5d1f01697bec508d14f6d91948e2400fb, 9, 'ee6d6398e53abacf71506765f6be9aa957b09dc86c574c9b0254e86b645ad9f2', 1717316422),
(0x0f6df3eb744fb48db32438c0f87c80fcb5718940, 58, '3c0fc225dc68d141ec46e7fc8f644c294393e5edaba04191cd034a9ab329379b', 1751049409),
(0x0fc591def8b1c067ff42f15b939c2dee09c3210e, 158, '90baa1f1882a8d7359a7079dfc848a6a2f69a5b2268831d6b7c73a492ce0a901', 1569858394),
(0x0ff2b1c742c9d5f4c991a3a8b41b4a716a08e761, 1, '01527c09e417e3dd362ee72cf482c137d2e1ada6617f726f4fdd9c2a4cbb76c8', 1698181704),
(0x0ff2bcbd0b3af0346fd724dc822e73d85cae5c05, 1, 'a2038fdcbc86f77a3831edee39febd288f0e0c9b67c4854f1c44ce1a916374a0', 1697418451),
(0x100191b1239de0885dbf35e8cb4b265815ed5d15, 1, '3d9411c86f670a3dddda124bdc88e1b89d1750ff1fadab8c4a82270309fc0b4c', 1699620135),
(0x111742302b13d228a3c7a147d44d003c5b47ce95, 156, '7feca89ef3250f6860b4f3a31df140b34217402ce4db58b01a0968ae4fa4b492', 1569608338),
(0x115e989a3283741b4d1c054613644f80aabcfe6b, 1, '9d8cb96a6b7fcd39c11214fb87572d6c101ff9f1c280987f5bcf5fbe60b79e86', 1703084334),
(0x11be75559457f546d4f66b1610be1f5b76e42200, 204, '8fdb055ee6134d843457045e5c3b212944e74bc8324fc3f60283f53ddbc20ada', 1570722991),
(0x1232a553cba4ad3e669632b128ad1577fc6d46b9, 272, '59ba2712dca55087b830d3a8d0268981676f3e57a03752549c6ad2e05d41e3de', 1572017690),
(0x12a470e4f0ecce84118ff125800c439084203ee6, 1, '7cf92ffb221ca71dbdbdbabe9c9d31c29c22697915425d60eaf7efa5db000588', 1697048420),
(0x139ac7bc32eb0d2534abeb01de8d5e68894fe3b0, 30, 'ba94a366e883da5c415dff2433503b26b5eda2a48482daaf7f200b574ed3286d', 1725354022),
(0x14051e70676d0f41ce714edf4ce2e85884811cf1, 1, '6951d347904895999fb6b128457831cfc8275d2895278336f3f0fcd1e73f6143', 1699215276),
(0x14cedf05afce60165d1366d66842705e3da056e7, 1, '66ebb4fb3eb54abeb86b07b78f75ece814e7217c77387b4632c85dfe8f1de0e2', 1698117914),
(0x1512bc8048942cd92b5d3ce027e07fd98eaee9f9, 30, 'ba9da50a463efea8dbb9cfc68ff1a3e1362d08d830475dec9c4e7938c93f08d2', 1721900416),
(0x166ab18ddbd56cc9b5701fb023022fcaff6b3492, 1, '0d90e39f9b13c3a074cc5ddf761a853441a887fdfd6944e62108219112dbb89c', 1698166380),
(0x169dc24d23befddd445773442ff266f28aa23150, 267, 'bf61b564d2fadd6c9fe4a37a6bbace3e7e95bb811b7ec7b8709c861a0063864c', 1571944513),
(0x16dc7251afecd30fe0f1556fe41e45ce592d38b6, 30, '6a8e5daecf0358986f121decc85fa37a0ad0f8909bb101916481aedf92f225a1', 1725471930),
(0x1721da56e3994172dcc7467c35eec5f8266171c2, 1, 'c97c9d19f5d18ca46412abaa9f703428f4050d3bd5c1f5a0ce83c631c57f8a97', 1698435398),
(0x17e66f0cfb8496f92f194d2fa60e2d45444fec96, 30, 'fe3e36245d202474c142c1040c439df85263e6cdc55775c81e299fe75dbd9b3a', 1726645571),
(0x17f5380a1f9e1886add3daadda971283529e7864, 160, '769a755350f252011367e8f5c542c76239122df240b99b81700147381eb089cd', 1727725306),
(0x17fc8ac33d8beb1fa8ba0be580c5ddb3afe789cf, 1, '96bd1aa195bea1a857d42339d3ef36577b074ea93a052ee0daba5e54535ae19d', 1699483342),
(0x18b2d4f574ef563f1c01df0a12d07c212a3c5971, 1, 'd23b4340f088ff4af1ceadef6067a744a6d999fc2424099f8df21e0efe0bc270', 1698142197),
(0x18b473dd560be3f3677ce34ae854b4dc72c2bb2e, 194, '219194f0802efd8edef5cae7aa19e4838aff498e78afcf2b0b44160f5bdf5023', 1570295713),
(0x18bed9ed06c31252ecd560e4d6af2cf09c33e2b1, 1, '3077d05037a3dd4032cb54a5656f478f2970be3add7f92af170b3e8b5d013d20', 1697143732),
(0x18ee6e02a9b5ef398f6b16a00df6c5628413508f, 1, '12e04de9984dea71de07c0da980f75574626ee135cdfda4c944e7e9b592196d9', 1697154070),
(0x19597ceffb1c65b6974f8c7e340a8f46c15565a3, 213, 'a1411f2ffd17e2911b2fd86295505ebce68696c6762fb910fdbfbe84c90c26f8', 1571321896),
(0x19fc822fdda9303b2cc50451d78f0a31ded898af, 58, 'bb6d557afcdd41d009b9c930701a9db90945ea6886577b8d7ce98fc6bf49f774', 1753966263),
(0x1a7497be11398c28b2b2c789b096e4db0927bbd2, 58, '859b0405369b7a5de28e528c6065e5ddd5e9feeaf986708be8ad278b8b831ede', 1750165217),
(0x1aa4f26d865af1416844838c39b8eeabd77b6807, 9, '2aa0fe19705d180c237b2cc7184456ebef81a7897ca9324f0bc3e0a6d357831e', 1749237928),
(0x1ae74346974bc7d63e7f73640a31524224c596b0, 1, '8452a76e95add4bbb7a402cf0b0c9f160e46c61240205a20c614ab66a6bdcb16', 1697437043),
(0x1af2d6521c130cbfd44c156fbb64504a59afbc2a, 1, '5567a39c2d18fecd3836340be2d920f5bbeb48d20c1153dd483f07dd233fa75c', 1701720869),
(0x1b9ac50c47de4bf465b50033933ee4b942d282a7, 1, '00d3cea9374452962fe11dcd49c0b3adb7e0305a3da2aa388d01d8a572a500d6', 1697933825),
(0x1c853590c99fc07156fbf84e61c92ba206f73415, 30, '12f74c8f081775407834d82591a1ffccbe79fc18e5242924ec24a6addad6256a', 1725471930),
(0x1cfc3e3c691c46f74fda0aa1b86c5e57a88fc456, 215, '1b9c38f3547d199de1dfafab8b6d3b41c57cdec45e9682d8a03e0382dec48b64', 1570827351),
(0x1d66d896192b44c05f3c2070476ac891d7322445, 1, '89703bb0ec6ec2e1e8f83fa2b0dcf6b84ee590319c7f5c81c5676c3572c0c315', 1693038139),
(0x1da1a6d39635781248abddf2aea83a72161d7547, 1, '4c48be31d8e67472b28c5eea6c62667f8c337cb0f8ad99f2fadbf57d81927d42', 1701043419),
(0x1dcff3bfb8abda036715e057cb58b98bf21c5431, 58, '1dfc0d7264263a7a7ea778b91af356f8fd6cbe77900e52bcde157939db4b5639', 1752669151),
(0x1e028e2dab3c2d1f2a5c0732ecdaed6140b81962, 1, '31336c6f702a7511e29c84ec6f2f7f2684f8ba6e0e03fb86fd791e160b67cb92', 1699548880),
(0x1e4194456b07588691bb62dea625945556ea1f53, 30, '83b3739c2535b003c081e20f7fdc68c9aae254086e1d9afcc43098fcbce2701e', 1726941212),
(0x1fa47d02c9ade9e445c6cfe1d5694cc0ca085543, 58, '8089f300032f094e815f08594b63ca08072e0f2b55af883907c16d8bc1a88ff0', 1731679180),
(0x2036e4f0e0646089c25e249b069153b57e3eef15, 1, '6cb4fa68a0708cd43c4b21bb911b37c92eed7cf1307f32e68581cf6e683e1a58', 1699085113),
(0x206b896f28ccbc1e92dcc60dd20d51b229cecfd8, 1, '667a723f43001b161f7337fb9969413994efb211d13202970256236619c5e71d', 1702136994),
(0x211c04213abfd8e01073821bd6d57dc791a5538d, 200, 'a31eebbb02d08906908b79e2ee6af7786caeafab831b82f4c4aa69da578d8a5a', 1570633471),
(0x226616a43850e541159640f474e7ed1d251f49ae, 1, '101f7dfe1ce25c4bec512adb7da8d5cabdaeb742f8b99b04cd7b4397eac33ff2', 1709478658),
(0x232286d061dc2cb6e9ca7697a10973dcfaa6b3a7, 287, 'a8736276a89fe115aa2cb8f02a80645326224c1313897d77105d5e8307dfcdaa', 1729955108),
(0x232c4731f07673b7ad3a24df13386dc5076d4a9a, 1, 'f73c413513f6cd7188b5965d901e2631b83d12705b4ac7f8466fd82d013562dd', 1697498623),
(0x236ff7e672e1dd2fb149b8025bbcf34c58e16f2c, 1, 'aa1444d4b0ca27521a5ae62b69979ca895d9ab3f4d716151aa718df6a41fd949', 1701013513),
(0x245ee024fb54249daab98ab092a2064cd5cd60f3, 58, '62bd4403f8c070498f60973e0071cf19ec2b53566f8885d50cde826312aeaa73', 1710069620),
(0x24d3b316de36ca8ab6df1cf5ebe8a24b1b3bec63, 30, '40d50cffc977ada875246f445ddd446fbbcaa488a66881edb12ef04e21dd938b', 1720599219),
(0x26055d7a8b76da1ea93d87c98f5b8c0dfc5388c3, 1, 'c444581c9ca727166866c10f7168655adf956f56c2dfcffa87419cc268656f29', 1697635411),
(0x2649e1d72fa6138f2bbb3dbfa37601b8db36255c, 190, '446fcd6fe007d3d6020d619107511e3f774a49deff9f91d3a72114f7ca017ac9', 1571775731),
(0x2681fb15a039d9c10ae97684d0646c2f181be0a3, 153, '464513671a7cfec4bbbe0eb3e83c476afdb946cc1b250e34be75827f0a1f05ef', 1727122545),
(0x269d1aca659293c70aeb50c5bad754eb0e071d5a, 226, 'a10c4b2b5faa1320dd5e79918b291635a01c424dd5625c6f70eb42590efa24c3', 1570910300),
(0x2719db33248ff0b63f6f6459c0784fa9017cdeb3, 1, '980c43426cb1c4a87ec4664e696172af0c5d55a19627945b5888920b72f18dd0', 1706563101),
(0x27a52b35072886bc6a9e6f80bb3fe0bcf5b897bd, 58, '35a575e90e4bd0e9258bb878210fd218bcbf58313af38dddede78900650307e3', 1725015629),
(0x27a594ecb2434b06e4b1f351e6b9a7c489e9b6a3, 1, 'cc9c2ebb655aaff7ae2a507f0cb789303e2dc6b7124f974600e50b9732846093', 1697334631),
(0x27b0199027051f51a6ce68470da6a92e5bcf30a3, 72, 'd438ad7bb8822a7b1eeea63e63829a721086ed6d287f43b210dc8b14122131af', 1753545810),
(0x2899e046d8a74d460f42f12b4d3ce3b3c34dc287, 1, '43ef040ca01641063fc52de6b7adc11a8aeea521c6e26d555634c113a9c4744d', 1706013815),
(0x28f918188fb551be28a4a7a5fbc4e480e23567df, 30, '9577c4f58aab86d89d1c257eb6da8f49e33642e14d5143cf7c59bf410866f966', 1726648780),
(0x29a366b62537fb009a24eb4aea06aca7ee609533, 1, '03c2e7c9a35c7624ae6721716a77ee755ac5f987b8194acda9c7ca8b4aa048d7', 1697153521),
(0x29d3f7fd0182913dfb638b4c3773e49389acaf68, 1, 'd471ea2b31586a5e4052075369b5c88d184ff8d709c9dccd919468d2a9017f22', 1703202243),
(0x29e6389d42bf892381748b06e2aaee58ba4488cf, 208, '301a21bfcd343490ed31d9f54f02d82008280152292af565d1ac7383b7fa99f5', 1570794257),
(0x29ecb5f771f1f7c2df1eabfb61c594a2d43e2846, 58, '236dc3b843a6a26a2cd69735104a3a4b7e42789228f5f3e967e9d3ce30af423f', 1726360853),
(0x29f7f925963942dabd859830e430471d11341a1a, 1, 'b36f65b6321a87f5a105e4d4f0e9eb3b5a7cd685e9cf6204f87a9d05be8d7e1d', 1697875250),
(0x2ac9b0c4628c5de00d71c57feb34e9528c75734a, 58, '4f30816c47dd3d351505be19443d651eb6b8f7a6b04f2513f02d69b7f1b8ed02', 1723893599),
(0x2b107775c565a90a1ddbe65154c2c2ca4805d157, 1, 'df2d36b969cdf2b22f880b3c3fea61f3c8971dd8f66575ff2b72931e198c7942', 1696191397),
(0x2b591dd092feb3cf79072717719a7c501c415f0d, 1, '8688e7de08b4a4adc8c392df7b1b17a64c89092ee26a7ccfb3056f16d1913d85', 1700326966),
(0x2b864c442b9eb3f77dd2dcfe08339539f3b1f546, 202, 'ea7292dc924e99d459d0a3ac3be1d543697ba8798336e64f893ad640e004481e', 1570641427),
(0x2c3386e5dcebdb6c87f08d1853d2e08159296b84, 25, '63beb0a0d443c7d587af3c611183556aeaff00bb0b6f2b4d47f312676fc06e16', 1572391001),
(0x2c6feeebd1e2cf75e06ab566afdab8d4e2ed9534, 30, '169b1e5e8e9b9f6187bd02b91c02e02d24cb06fb568dcee808bd669b6e4cf2a6', 1721115364),
(0x2c9cb655efe598b4f78c33784b340094c6ea0604, 1, 'a951b189ac850c3f7f8197d7be9e42dda89b2f5f6f049bd9b67e9f57f2080f8f', 1709388423),
(0x2ca5e32b901efd25392962f5e542a0762bec188e, 1, '629acae959a540a27e59858f1309b918411cab226dbb381fb9dee295f5aa5370', 1697635360),
(0x2d61190875925e583c9b8b4b76a87876209698e3, 1, '73cb41eb12344f898e3dfd307b7f1b3f5cebf72c15590648d5b275f1d40d2010', 1706371123),
(0x2deb938831d580722d5bc3c27751740ffb722600, 1, '3fadc94e12b706538a6cb8acc74ceee3b4602a29e377d4f07f1e45f8ccc40e7a', 1697935137),
(0x2e3ff5dd9c9d2ccc969b3b794fba84a5d36b5666, 58, 'd19152a31381eeb47844d2387d12fd8b51bd06494ab341a5a113d88dc7654594', 1752525675),
(0x2e702b322cd231cc61e4756f4739b1fb3081df92, 9, '6082d5411fe5a4d37052621b0293588410445b01659a3c3c9571f1ead2359bca', 1713106666),
(0x2e7296837d3ca59ed44ef9bc4880eb4fa0a284d2, 1, 'f44423f2340285ecc27fcb4bce8c5a05043d8a2df73cd9d7146790bbad122efd', 1697495728),
(0x2f469befe86cae7f27e291c57c22fd633ca2501f, 25, '2b7d530c8fb2000761d4b3c580992f0b0864c9e85ac58813e66757b37bf1de51', 1716777443),
(0x2f9e66a914a43c7ba476a7954ee8eb4ad8f9880a, 30, 'dfac7a780df2cdbbcaea02679f36bba3da6fd03c2d27d1ffa20ad5b0ed42e07a', 1725471930),
(0x2fc37e6957b99e05709787b1a3ab8865ab50e275, 1, '7abcee6ed9f90a0ee30d1aa5dbc7c2dd5315a509dafb93911895f13afa2961f2', 1697900228),
(0x305d5348aadb6d5892901c98be348216f687d285, 1, '3974b7a678b480235f1826960f4dd1d0e6594abe6ecb3ab76e50b91cc4368753', 1697245169),
(0x30819670315c3f21f372079da31592aa7104a86a, 1, '4bda2206f333bdcd1a3684d16991922d53ec4d97f60bb3a912431fa892d889a6', 1706079188),
(0x30a12ac01b05291b529db6751d8371c8dff9352a, 237, '32bd6bfcdecb2ad894ffd8fa598d3394ead3cb10756f62a81bb38fc20f5a954a', 1571500477),
(0x30ccc33a43263d7538a8bd7d3cba90a082ec9fa1, 1, '6025590cf14f1fe53e017f599122fa262be9b0020f6ea4d99ed3a0724c654d94', 1702261192),
(0x310781dbc3fa71fec09c5b77c5bcff6e4562c17b, 58, 'd7c35ea97b482f12e6f301acff1dfdc3fca3c7b81477c0cd1d8ea1a8f2680148', 1731099256),
(0x310bd6c2bf9a0b9263c077c4e56f429353f484ee, 1, 'db2240551fd73f3f543b29d427b08dafde6eaddede57ee9681a1b69de3554d53', 1706309417),
(0x312fdf4c5e97f4c6c780accad5289c925ea97ed5, 58, 'd2db0882e0c1c53af1b043037304c5ea2d8b4a0a1ef09befedd3f74e6dc32692', 1749651503),
(0x317dec0ff325282cb7d7f95872d6f158e7737852, 30, '93cef391b11197f8bc4aad97503537ebf34df31f975bc97f9c1543208962d80b', 1726649658),
(0x319e99e87340e4a548620710619fb2c9bb276d28, 180, 'a0f01676ddaf4abbeb9344587faec4263c0376555a0c58657f71433f8e2ab3f8', 1570544828),
(0x321951cf731e3336991e80e68f631df3c6c8b6b0, 58, '4a9e8fa8d051dcedb9ad1bad13eb6eb1e791d19db6825fa9fdab4399cec754a6', 1753360720),
(0x3226bd01a4288f6b9b03dd2dd0dccef95fe498a7, 58, '0197cda68872ff523ac7aa84a5cf2ccd250a761a88582a49f2115504dade6932', 1728303435),
(0x329d4232334a321bb6f9c409c8e48351ed8ebd78, 221, '7483eeb089c868939c9e430700c2bc4dbe1799f0585ef67f9b9665e04f0d0273', 1570880156),
(0x3301c31058297dc4298f1731fa7bbca784d19ccc, 58, 'f3763bacc7fa88d4642c1fc6d375764d80cf89ee757a65efd02c1f89f835b21a', 1753795466),
(0x347b54817e2184e5f7aee89ac4c7770b41165acd, 1, '1f0256788c46a2834dc7cad85d2d9f5011e9f9196c422c03e0f231ae23b38644', 1687591232),
(0x348e370e239e67fcce8c3da1e68a0b431162a8fb, 58, '5eb0bd7f256be09a5f123fd9f952ead50cedaeb65db997381d54fd8eca9c1ffc', 1729946908),
(0x34b448c292ef2e539b4a8ba4f43a2b8dae7b724b, 1, '158d29bbfc8336e085f139c02941cc3fc479af5a40cefed5b163cd2a42919224', 1697319362),
(0x34da02da996e942c28dcbc9c444cec22a049202c, 1, 'e3630edd7af2ea871732333dc092d87886a3ed44c709a7b275d5db5c11b16c47', 1696871512),
(0x35098f5fd098debc6564ab40ac9f569510f4f4f1, 205, '05f3d77832e11c9f965c2e897190beb7166f78530293ac17c3793368f53a9ef8', 1570730336),
(0x353bc4bb34bbcc5bc14d2ff05db6da1a32bd536c, 1, '77ff21d4c47d34250381d1c28e71f1c77ed8157712b67d2588442985f1d8151b', 1702490636),
(0x35d440bbce55b9b6893a4a0c46d398f9b2d81dd0, 1, 'f535e57b6365c5bca0c31232815d358279a3680a94ac6fc422284a88ce1b2453', 1696739251),
(0x35f7c2f1ea1ae809f26207cea17f8d40d8ae8bc5, 1, '94542351772a01744f55d927ed7a019ff1cdc5ab9856c12f9bfc01028f2a1fd2', 1700691957),
(0x360b0f0326d1878cc9567f63436d88fb58bf31f6, 1, 'b5aa8bc0ad81d1d86dfdc8f5f6072271f9a477373c4306da565a255e214f65a5', 1709326899),
(0x3673000e07aba583ffa184376163491f4147c2ab, 58, '7ef3aad338190b474fe7bdb97be070d9495b6cdc14ef5d94d6071b6d9e18eaf9', 1724773469),
(0x36c21e3c9d6bcfceb144aa9bf04833bfc2937434, 30, 'dfa979e0eadd746c676b812d29816b6b8a7cbab74b8008c70e81b5e953045ed8', 1725471863),
(0x3783682f592b0d5528bfc01ed873b29fb1490d53, 58, '43340381343e27ab0a93f2f8dacca705e32921bfa6e3924e442d08c63c78e713', 1731010145),
(0x37edfad1097eafc9a9ed13da108be9239cf1c444, 1, 'c26140fe8c3f674b024adadc40a34f6aea48a2a1f1b6f2d65911f13117288ecd', 1708355309),
(0x3814bcede08cd38acdbea5161673559c53236bcb, 30, 'f8e3d2df504658df40bf917bfccc82ce7dfdb313571cc3ff26e95097e425ee9c', 1721810985),
(0x3865c9c557ab1cb5d0e5eda0dcf3a68de4db0ea5, 1, 'c012857f153b33512cc9dc7c1a7349e250a2c4fc2b99b76397e073141b876808', 1698023060),
(0x38df272f8cd22888a0e53a4d3f4b944dec73929b, 1, '62d645ade62a4dbf89e75b2100ef6e76054f7f37e33fe2360631816715a637a0', 1700693650),
(0x3916a8f0c89485d138e21647b57e1a3287ac1c49, 58, 'be38c57ea6a075015351a0379ab5a6cc21f3a64fd3f7ddb08bab460f9dd4f1e8', 1750449637),
(0x39324552bf7d6da5e515d3dc337db689bd764969, 183, '7d4eecbda1921af0d039f00bf1d52959342b8bf42452f01fbfb46a0947bc2b52', 1570207877),
(0x395c44ac524642a52ad87b0559275b40157bd5d0, 1, '9dfed2b882a24a3b8a627c66ab790a35819bc952f79b048f220f2b5e2ec54900', 1698181581),
(0x3978080921ca0fffbdad6125392710594eb78300, 1, '52de2771bbc97c405c7df80444f1fb76808dedc56c503190e1ae9da001b3b0ef', 1708153233),
(0x3ac61789a4c345367ad2ba8a0435e73e2501ade8, 58, 'a7867957e4d1477a50dcf5918dac0acdbac301a37aebaea4855e59e5d6616666', 1726600161),
(0x3ad439cc7e9c49142b7a99b51c53f9bfcab5c2e4, 1, '46d41af3e5842ebe571078429ade39f1030a765c0513bf42a64268369b386f5c', 1701013554),
(0x3ad6118d36b518ef3c23a68376f79774f402c9b7, 1, 'b4dca58bb1b7fee8b513289e0e7fa42d5ef79bccf571484c9060da434733f887', 1696731008),
(0x3b058e82ddb15c1b4a333589543cfc58b763c5d6, 1, 'aaab6ae679f11301fede9c485d98075d2ff97592496167429960d971a6fe2ebc', 1697334398),
(0x3b14fd3974b65add5d8844243b51ee3954c4f213, 9, 'd5d7366d6fa8a295007e8a7b58019139e9e87e6dcbd2b98bd59757a8b5f5d483', 1725458658),
(0x3b4134ce912998878f89fa616b05b6efeb902c19, 230, '93b2a5f4ed3e384947c772e62e81917de09df814b5561e8fcd2627c94f9fac27', 1571331522),
(0x3b4b059afbf4b28b2fd9de308b121b1deefe03ac, 210, 'aa20a641888314b0778d852a0965df88f65278532c17de7d8132dcaa76363e9f', 1570823703),
(0x3c2f8c1dc4f0f6e7aff9acaf16883ff6410ff1b6, 58, 'fbf01a36f6d78cc0f7d49d6f23768f5ef4c9aa143c8cd1047056cec4bcd324ef', 1727993705),
(0x3c33b75b157b5b2bf815f0b5e140d511594b5903, 1, 'f83af074e7fa31fd98d9376d1dcba93e4e3baddca0aa5c6f0a43c1618355af3c', 1708355684),
(0x3c5659a0baea31d79314659d2cf0e27bf07b2821, 1, 'd96ab64e352b08e70366600800fbaf4a01671176e603138032c87ad4b0a8ca6d', 1696799349),
(0x3c9bae812dd12fdd8a7fceff845b350f36dbeb4b, 58, 'c1357ebccce80c4a990e342f8a51a32f19bcbb1413b4ef6863e689b27812e78f', 1731679224),
(0x3cb6e6006f88c67ddc690f142e3effca8783edbd, 1, '15ee75bcaa2ee4ae3af6392f80378a1e0705c3b4705149528dea8063ae320c9c', 1701676070),
(0x3d5a20f70b72986d18f3cf4361203e8fb2dd95d2, 1, '1c2e3a34d3dfb9aeb8bbe5db7808729084100a4d4ff7bc96aef5d4912fe87168', 1697152826),
(0x3d8adc65fa2ead25d8470ce9fc8b2af86d8ce75c, 1, 'a96606616326dcb75603211a10507aaad46e5a1fa61f757b0934f2663070faee', 1696717357),
(0x3dc0ce70ba61d7d21f4acf56fa447bd37ec13b89, 1, 'a55145487fe701b627a7f96b455c8eca644973307c67669850a247f0146d5943', 1698027470),
(0x3e3b2d74eff45c325cb58e95a6223bc1927c98bf, 177, '5b63925a42027e8273ef4de9aff53ef5e9b11b32b00ed880ecddf6208d583096', 1570159000),
(0x3e9d29ecaaf11f1e0cab1a668851a5507d8f2ba0, 1, '4fdb31e2981c6da68b603c536b19d9301441388add15134cc52592d53341be2b', 1704873126),
(0x3f28c9a449f51e75cac0d9569f5be4e5c73fb479, 1, 'd2e2d3ae2d2b974b34ede1e03f31691e695e6cfbe50e1cbb5941cf995e664305', 1706312611),
(0x3f9f0f7228a348cd72ddb1351db2255b2f5acebd, 1, '385ddadb86b59b500be5d17dd14cea94a780544102056c4a6100b70b77a8026f', 1697243802),
(0x3fadc837245fa078965106e45684faf82f83cb86, 1, 'a386cde9136c06327199236f24585aa0e141d2ef8a6fb9700bbdc11fbaffd054', 1699298819),
(0x3fe3910e04323bbd240d47562faab0903ce3699e, 1, '6fc59594b93debc7dd955df576635b159aa24129b1fa2059245b4e6aac17827b', 1687171843),
(0x4176173f93efe0960e4a8184f72c158b7a8058c0, 30, 'c888a9c3295955120e534f4399f08461ef84cf29f0231a184bde0d6a84471b17', 1724237049),
(0x4180290154f6c7febdfef52977275aebd5fb9691, 1, 'ecdc642342d6bdf73f423405fe84154d141409a9fd76d48eaef2b5692d5485fa', 1689070495),
(0x41b60bbd5f3ee1451d337ba9654700f3d8626da0, 1, '05792c3739f1543605110a77c2b03e29c031be6697b22fc91a4548183f5b94c1', 1699762432),
(0x41c51d776a21fc5bf1938b59e62b77401dd49052, 30, '5a41148c2522ee2e9e1e1a227fdcb329bee65527d710539894f53597d3affd5d', 1725216040),
(0x421b9652115d9f17b7ca636cac27668948931d57, 1, 'e34ffce950896eb08e7ec71773f260d3e65d07649199bc26f50f497a3bcb9d5a', 1699569990),
(0x428ff88dcf6c063433dc6881f41cf1d9f8f6c3cc, 223, 'eb1b0303e9c2357ef0774be2dea2d8013f09c606ea4989f7910d6e206f990d3e', 1570903963),
(0x42b2ebefa4a6104d8a97fbbbbfa79d8c3c437878, 155, '790337552221c0b137622055620363371c3903ab61aa28ac3d6d0977a68ec40d', 1569589426),
(0x432a6a70cfbaaa9af26ee90f1743314dedff6367, 9, '5f749a1aa9d0ec81361e068f255812c496ab208e03bbf5ecee38437614a4cea1', 1596567513),
(0x43c46003736e3f1a7e63886388a21ddd40bd2597, 30, '1eb409ce4de70a415f1dfcb417db3b04ab78a50589b2f0652632c7d8c1ba8530', 1726409465),
(0x43cd9b35ddd5ac077fcf5757c5d9251729fc6ccd, 1, 'c13f8b4f881a16a1a7498379535e5c5bd633ec1e9824baf5b60559dfb281cfc9', 1697937333),
(0x443eee8da627bee0874fd4b6dced3ed23286c5d2, 1, '76914edc9269dc3ef6418091bf44a8c0149b554c7cd7d709306851743d2053a4', 1690360537),
(0x445728a6693f3731cdbf4a1e41ffb945e42ff243, 58, '4bf2dfbfc79e4bc7130945ca50a58658ba11acd8114e84635301cfc7be46152b', 1753141145),
(0x445ea5220758be9ea9c55127a6de099ebd6e5004, 58, '1f9beaeed22026cf18ea421ed01ed813cbdafe2cf8c4f6924bfb3c27cd6a77a8', 1724970202),
(0x44ab39e42328504ad234b230d820055608dae46e, 1, 'cccb76056d69be1128715fc65946cdc8d0135514aa72ed6f9ada64d6a870b0d7', 1699982065),
(0x44b1cceeb1baaa9315f6f1a5de2c28c8d43b7b0f, 1, '5ae59d653b2e6a13e06df90e0cac6608c074dac40db9a272b9c9f82cb1978b38', 1706196752),
(0x453d10bc46ba6b739673a293af3581d1cb2da454, 30, 'e3069b6f27d1321966294c85df16400b2ef93fb5384443ee3d0b8674dc6c9a9a', 1723377944),
(0x45942e66be804c0926815ce2f99137f05930bc72, 1, '51dea003f84c779c5cbe22fb70429b0675de8f7f0c4540a79a279e38f4c66743', 1699116644),
(0x459ef47480732282542aa6eb12989b126fe6049e, 30, 'da3f4dcf68ea4381d6391d691c00c4843841395db6d3f19fd12b0aca83f4057e', 1723531841),
(0x46b527b439aa06086f63001ff5b48874561462f7, 1, '82ac6bb286aa75fbf9226e3ec7d9b52efedbf369fecfd8aad8d191ed6cf24a6e', 1700699751),
(0x46b74a591c4ff3aa25c6c1b104707938f548ecbd, 30, 'da4aabdbf102207b61886d42630a1c474e748e5505a8ac0d8b6f3e6eab590268', 1724228057),
(0x479a8a8d80e10f7c9cd0e660763c2e5cdd87e6c7, 58, '00245cbed2391105608dca824f2b444be1327f17e8a0f318ea65f5c871acc701', 1726854355),
(0x47b9c71dc95c87966eb0dc3180d218918bd8e0cc, 285, '39442ad227e6439f46215228898a71707f60b89fb7d4e2fea605e10a144933af', 1572362341),
(0x47d2fcf081908e20583ba5bb27d6d90471ebe023, 1, 'b55cb3a89f9e44fc38519d466d04aac46a6d35ee7e7adf9f61f55671425a2cd4', 1705504708),
(0x47dd4822fe873d419df3e741af4877e3900a67c4, 30, '544fffe32d989c2b82380246b6654256e6d7e6a01e82eca273dd70f6bf2824cb', 1726131477),
(0x483c7efaf27d68c075907d8903fa8ac639161086, 58, '55ea69faf8421f81d6ee9ba0789e8a582ce4b9a4d7618ac70762658ab3120f70', 1725665069),
(0x488d42a91a61d8e8cb9d595880e82ec7f582d001, 30, 'b036e05c46e4248b7c13ac26f2f58189e4e504203c85dc642375ce6f5649f4d7', 1720446802),
(0x4899fe2f68a55cf3a5d9fe9a4d5ac9b1aa8e3b52, 58, 'bd2d3d40d7d11c20b5c1681b4082d43c57a164896238755aa47f5c1aee637714', 1728004866),
(0x48fcdeb48a25062dc8e5185c1c06a7545f19d36d, 1, 'e78f9859df147cbe6e8eb3c9ad9ea1ff4579f45b23993d2c7031373654db30dd', 1699812187),
(0x497eadf5eabbdeb680ecfd63017ab73b22a7bd36, 1, 'edb9bf08e6be94cd75cdf05eaf9edf17c2c3f48b2e2925b08d61f069dbebbcfe', 1708874295),
(0x498bbc7e57c9106484ee89e463f9dab202afdd67, 58, 'e1849e994a4334e988c42a1c667f63ab3b1e2f90ae07074e4f49d3f9b3d6b982', 1727010475),
(0x49b1ade35d478eec98b196c9e6d56a0c2c6fa3f3, 1, '7618bc869fd0dbdf6bc85ed39201814d0d6cc3efc4af593457176b434f6ace7d', 1702410912),
(0x4ac2670fc6a57f2ec2f53af9155ad67e68823a45, 1, '1b1b9ff118e41d51f4e3ada4eebaa45246ee49fa409313064a15c4ff19ed2893', 1699894497),
(0x4ac2ba053fb50b1300a6cf46cbbefdf30427a9cf, 25, '5804fe76c639654a7f3a724e1b5c99e83e408cde1ababe3aed519b0e07d4e91e', 1716775813),
(0x4b5e4da420ea9940d7465916972cc5657c8d474d, 224, '093e2039b0efcef5fc9e7ab17e21f1103d22c92a0b2dd533f13f3f42e35b9c76', 1570906417),
(0x4b71830ebfb36fd7f6b789bd9fc65461b5e3d7b8, 1, 'ab5fac203cf654f9d4d6621e27a2f6ea94ef5c8245a27a23d6ae68fd65c69b1f', 1701276415),
(0x4bd7c0a1e73dd5ff2c64ce1a3d602d7eda252eae, 192, '036cc1484f472ffb958636203223d44c4f6fcd4c8751e480f52c471811a61b8d', 1570273273),
(0x4cccc641ce581b39535163811c6abcaa1ce6fab2, 152, '718f064724ef7a44f301a285655d27c5464a04f75b353a58cfc6492aaee1cbe4', 1569978863),
(0x4cd4e4db5fa51de6f65a780a8a1a4ff23deebd8f, 58, '3da705c9947a9e965f5906d16d71c529ac791aee901a602c9854e2a82875d12d', 1754190417),
(0x4d052c957ff61ca0329c3c888b16227c7f103273, 58, '663d3ad7a4abadf65d147b15ef8aa9bba81ed34a7a74a80fa45e89b2e1fb8d31', 1751917598),
(0x4d34e23e3a6328ae425fc918b463b21cf41f9fab, 187, 'a9a1723a2b827033aa84be4a58bea513e4dbaa3d8f4e48a09f6c35f3b33d45e7', 1730044568),
(0x4d83381a5b9d02c8648b7d736e01b60f922a0705, 1, 'f8c13d1399d8ba0450544a1a0a0385fbeb3367b0b5fa77ccfb653e356ca2e579', 1698244322),
(0x4d92f9c4fa87c05f8dc1f77337c6e26bc8eba371, 1, '1870aadd8d418b4470caeca1b1e3fb285dabac4c89a911a488098810e81cf2b6', 1697048712),
(0x4dbfb45e730108a6e95ace98b51762fc57b3e522, 1, '6f266e9f5ab624bafa28dddae6b05cf0d3857e97ef4089fd29ffc823abb3d2b3', 1701091501),
(0x4e4141000b1c727f89d9dbd6ea7be643758133fa, 1, '32ee3490debdb2c8fbc8bc512bf0cdcd66ae5cadc67867483065bcc4c0a0157d', 1697334926),
(0x4e902fa10e7af2363bb645723535b1a84b663409, 1, '3372cff524f11916a6a7ee7d8ed5e85127a5d54f16fcaf545c58589b15e0f017', 1701195377),
(0x4ee1fdb997308b25a78dddac730187e6729cdb69, 1, '255de20d1b0174383392a85ca99fd49d96b1f57b4557731fa9bf7d479eedec81', 1698615630),
(0x4f963305c02e7493df6cbd76e1a9d37e8d6829e9, 1, 'd65154e42a1a834c56a088ca3b0aacdc3c4fd57d003fc3d552b358ff34686a78', 1702333789),
(0x507fe4ab5cb91789ad5667cc6eed2043b1d6e561, 58, 'fd2bf7df894bcd5c0da4efd624fcb7bbb6e5e05275d03902d0a2cfb0656c20db', 1726768775),
(0x508b467bb1c2249028c2293ead7b48bcaf7eda75, 1, 'eb9f82f66d8951029fb92942fe3c3ea143782625d701fefaf222222253b48ab4', 1697939169),
(0x511bcfe49e5654895f913ffebc8942771b986b52, 58, '40e25a51177deb713740cde367d02d45ee669ac1b56c61bf55d4677840af7483', 1732893736),
(0x51250a204ccf827caefe01fce5016d82063e6ccc, 153, '04f728658cd65ccd58adc11188adc1a18c70f3361c02dcdff1855b3e3fd22091', 1572360903),
(0x521d344ad72d668f6e45a9d59d84bcfac2a7717f, 1, 'f84900e754c1af299b4329cc67f6dc9faca537c16bbc63f7126fb4089048e72f', 1696712654),
(0x523f932b29c776ff661f6859317275a43bae8953, 1, 'af118e3b95c7673d4b5c0bc0fc0dc3845966c235ff2733c6dd68c8322e1707d1', 1698023504),
(0x53090494eb9c07cb0337475cb368c27a34904cdc, 1, '8e2e1ffbb8c85c5954744aed8a526a1b7a3d12db33eee2b8884b6bf1a5ceaac7', 1697942854),
(0x533dc83fdd90040c9d1f54398c2348960769cbc8, 58, 'dabfe4f0a491b5726c7ee0a851b12accb3689c01a232ef9b3336d5012690dcc8', 1726520685),
(0x534e8c42ea7e99f4676eecc55a80d5444361f30f, 1, '320c1de03bdc486bd9826fa37b3a441b9377f731a614cd1161449775511fa75e', 1699285711),
(0x537585f2fc160c22d71be90b05183a313e3e972e, 30, '7337b50be5936433dcc69ff2f16294b02a2a477cf43c0a775843f9a2b272ab36', 1717494329),
(0x5379849353d5ba9543a0647fc24da293b3cb4cda, 231, '155f8a54c7b45c06d6293b65b6b044bcc1ecad00122b19f8a352d4f9c08aac11', 1571352429),
(0x5384c67b8af6ea5ed626013495773bb38976a2f2, 1, '6f9e1ed20f1a87e7ca9f35a5cba49842d3fda3fe6e6f5a5c28341d37e85018e2', 1697983466),
(0x53a2481348d48b6fbcfbe207fc0dcf5b60b36241, 1, '0714bb7f2eda6a841be40b8c12d68bdc53aace1b3e27e6a3e337537deff86648', 1702214297),
(0x53c2aa117728cbc7cd6873f29dd54dd1bc891e8a, 9, 'bf5f9ff5711229d352974f48285e60a9564fdbf84cd2efe54fd425509ec38f43', 1747839667),
(0x541e3f7c078d69e2fbdefd8cba038f21089578c7, 176, 'ebac506ca481d85c5390201b5e3a50cde355a2b1dcb2776feb9add55831a3fc5', 1570138307),
(0x5611244e04517c7e37d7cea9f90fb5eac54ae326, 243, '1ac5348bbe74bb56fa6a2988cf234126514a67c185cf5ffee1c3db2ad101fd47', 1571758057),
(0x568abbdd6faff0ea20736baae06ea41278c9cdbe, 58, '3c1ac6c9c9d47aad954a72928a3ffe16f0d75ee78144641a7457d09da9528a4f', 1726568608),
(0x56a2481417930ce9e6e599a5fd2d2c005efba400, 1, 'a057065056494a875ddd30b0c528f435b8a718905353f8eab618dc43217190f2', 1697942533),
(0x56c0b69c1b961aaf405a637ebd4a46860bf423a6, 1, 'b9343e95f0737b19d54a2658df41ac8309a8ac6f1fe18121025836a8b223d196', 1696717039),
(0x575830ea3bd6a6198eae6f8101cf152b18a6513a, 1, 'c9aefeb77ccd29a2403d27217e78bf816b9085f716defb5b6b4495d3bacb63fb', 1697961034),
(0x57bb58641054eb28cb4d7526c73b5d3d908fe06d, 1, '30f84507aea6bcae1ed9763b4fb28618bc95c06effc7ae57bd3c60b0d5c55dd1', 1697334369),
(0x588297ca9180c5618091cb41887f4e0ebe8da13a, 226, 'fc4d0959ede9c6a676543c03836e3cbbf692bf38bb4ad051f8889312ef9a3812', 1728504126),
(0x591c6a1c6c347f333459d7bb894ea9eafcbf7d62, 1, '20c42520834810ae9b1f0dd242846a1a4c85fd60deb131043bdd0c1c54e0eda7', 1696739518),
(0x5946350f54dfb0b0248aa283972bb444ba614da6, 1, '2e27f58a728ed12c995334e424e0f0040faf97bb73c296a0a6501c774f98fbf2', 1696213408),
(0x595aefe6619295d02a5ddd50450a8e46d4551dd0, 1, '610bd3e3a8e3e00d9f3709ed3a86c788ce128f9e5f0ce0640adbeb4613bae449', 1699293184),
(0x59b3332df5beff59aae3f759dd107e85a2cadab6, 181, 'ebf06697e9954d8a1470770123ab34064fbea55f2989773d0830f8dfb96d10a8', 1570201047),
(0x5a042406f22ba6359dbe9d523edf93cb3fdef289, 30, '9210c03131a940cc09e29ba19cf2564d344dcd95c7dfdf6782fe8b096f0d200a', 1725471930),
(0x5a366c57a1738ef20851625441abb0bbea0cc872, 30, '1acc7db64e7f74bcd562723f50860562029f844b18eb34b198c395e3f40a54af', 1721381616),
(0x5ac9ce76ab0d76dfcb1ef494c65073e3ff21c833, 30, 'e7c13345e74872afe411022ed60d4a9073d55cde684fa5be12717a78c7e743aa', 1721038764),
(0x5c075f326cb2ed0ca421af36f8597589c44c113a, 264, '78067b227b1840deb1c254584c1e774a8f68d55524553302755ebce846586345', 1571932811),
(0x5c691895663a0a14795b6ae7cc5c23d974446bb9, 157, '6cd7976c33a7ee735a4f73d01f96f0ad793b70ccbb36ab70d0c59c1375bc67c4', 1569696925),
(0x5c6d4305d217d3c73c4cc2b8a44d573f83b04d74, 1, '05619c5383b49569dfee20a5e4f571126ae74116a8960d4c9f14808d11048c9d', 1697890372),
(0x5c979b5a397c9ecca3e938d821f1e11c6566f9b6, 3, '403764e9d8cac22e4b49e6ea35b7fafe0526f64cd80f1b2797a2d36b89b79e73', 1550579679),
(0x5cc34a3a8716fc916537c2daf292db9e0d560c0f, 1, 'c5a03953af2d45d3dd4951624ed76e372e0a68165e687eef61d8be6b5c5ac37a', 1697514424),
(0x5cf614987e553b24b0a4fe573f8bb4f40a277b9d, 1, '1feeded2ac3d7f6c1d55494045a97c963cff99d6344d17fe99da387243f22c29', 1709464136),
(0x5d1c96d45bf9d529aaa9153297d56e1b0c0df6eb, 9, '55a4099fb836bc2a44fb7324b3e3906f261a4440efcc8ee4391f1686d9cced32', 1748969888),
(0x5d4a0cf7f1279c6b6767f56fb932ce9e705364bc, 58, 'b2aa0a4fdca865339db188e8283eef80dd1415c70be78148560e4d43345fbdab', 1752637227),
(0x5d4b97ab597f3c10bb7fbb87bcf421360bf548eb, 161, 'd4d4838cca9713fc9d2572eb7ecf4faf463acde6fca0ce13362b0abb48593f88', 1570026998),
(0x5d7ecfb21415551600fe322e45d67d41dd625b2e, 58, '4f9808bc2cc24d714aa1457b6144cff30a6faff2aa27875d5354e6c48601dd7e', 1726955273),
(0x5d9ba0fbb3ee900521f485461d6c3dd87ca32d53, 1, 'df9c88bd76e87fa9976dbd18d3efe2047a0c0ac91fbfbba91af6672db205e7a3', 1698572971),
(0x5db5687049c3b46dddab2d3f7e33f7a018a88c6f, 58, 'b8b3c77b7f69d36623010bed5e39f82df8758eebc53b4e4d44ee7834c2faa607', 1724968209),
(0x5dd92d29213b8e1dfe1c47d614d5d260dd907486, 1, '3c14142dd8adfcb24464d5176128c8cb415827090d456f9b45bc49a88529e35e', 1698069146),
(0x5e12013a6ae281e71deb8bc16bf7561193ed9112, 58, 'fc7cee494a527c5c4b37e6309d7a2211351dcc82d73f57009beb54807f432b4e', 1725968795),
(0x5e23311d0886ad34998b4e97cba8168184564528, 1, 'ff93aefb289ebd13caac31de3419f977bb3586b232e9a4273fe54970149974f6', 1701535836),
(0x5f9f179e7bf00c952c621cc1cbbb4815e55a8f03, 1, 'ccd9bf9df7d3bce7233e24ddf71365e403feca0ad0aa8c720c63a0628d5adbd7', 1697871965),
(0x60c2eb4236fb3ee8cbec0a4e46fc1d6a6da5956b, 30, 'f01f3f31e68bbbeb27615d814f08740b89e7c83dde1cb743dd75e59cb0d1befd', 1723466147),
(0x61226279b7669681ad064814d07448afed65432a, 1, 'c1371b7f7cb4e8eb99102f890103f1bc7af5eb572082e55ba047ded3a6beee9f', 1706545812),
(0x617d0bdc5ace763142c761224d0cd8e8a271a130, 58, '072d8a3357898a7292ab2b981e6875218c15bcf96ac79ec8adb3b635d20fe911', 1743257097),
(0x6252f3311431fb34119108a88fc7ab532a127ff2, 1, 'ce478a417cb9b795c2f795b9e25c58768527ebe879e6365f94fb7f00eafdce5f', 1697983225),
(0x62ebf84687f1c0a8a1419f73ecf4ed128c442109, 173, '086796535dfd9df88a6851680bfb1a7830bc4666e5ab741a73a3cc2255ba89e9', 1570129440),
(0x6319f9318e7d5f194420f5578cba48e031556f43, 58, '4f780d8d0112c94686575cb0e14d5f43669dcf37bd47b16e2f676b9451a39f72', 1750678395),
(0x63472cfc6ad582827fbafdcec9d7bab95812e06d, 1, '085da1d3d25732b15c5a00b5dd82ed1809a080be56adffcf3ec0435ff5a4e480', 1698025568),
(0x6347f7378203f063aef2a41f552aa92fadcec311, 238, '4e6b62fb010e268ebed8e2e15ad35fd0ef62a04272882334886c154a1515840e', 1571504059),
(0x636360f2e2ef6b8a573aee21f2e547a625c351ab, 30, '9349b3368a501abdd63e1fa17042beb6332f90cf058a812c7d9fa01019e89974', 1719747816),
(0x636ce9560c94b52d952ccb7aad08dfe9cf7ed81a, 1, '5acaf3abfab393387968a0ea9e8aaf40d8becc339e4dd55f7d28f9be316cc493', 1699983912),
(0x638c349789175c44cbe2ba8d8a9825e189be0537, 1, 'f7de384a4f6c3035a26bf87e7b945f4bc40d00675af83ce8a2455a43803bff7c', 1699301071),
(0x639e005bad3ea8542eaa7ecc5cc39c62790080f1, 30, '73d281476c5861b5dad7436287a90b26a6e326b0047e7b0e6f6234daf19ffd33', 1722407227),
(0x63c8536e245c9ff072849670b3f564a0c8c9bb22, 1, '829aaf46e00111f4b188215e0e34802c746a5e4edc1bcdbe60f2e02285e685c2', 1696799457),
(0x64fd5a533df061b6fb73ecf3f3d080a89f61adf3, 30, 'bae9c837df343a49c25fd76be010ef1823f4a95f18d1948fbede12592e3b87ec', 1726647809),
(0x65e9257206b699b40966a7a165701023f1e711e9, 30, '0b88e85711ae994d1d5ffc2ffef3fe49eceee92e7a39d40a5801aaf779158f0f', 1726566396),
(0x663128317a4b9e47fa34ba2a9aebe06891200b1e, 229, '2d65a9e7904662f5891473422323f47a9e9db19678d2bde922135d2fcf6fda8e', 1571326758),
(0x6667d272a97d976447dac650e39408ddb301a97f, 1, '73d249aa1ff2b93f520339a4b8fb65f1c101351a833d63b3d438bef8d95bfcda', 1698117729),
(0x6679cbf2faa4673314c5df6a132d204103869d5b, 1, '6460cae2e150906ca89e27b595ef4c97d8c6edee97da353bc668e260665dce27', 1696790732),
(0x675f874a7626eabf57dc19e51d1dcc854ab0bea5, 160, '6c44b8821cd73436cb019a66087bc44d76f38d1c60c85cf88250bd02a87a06e7', 1586624275),
(0x68b657666d87df93a2c44f8f453d5452ae7d74ac, 1, 'ebf78ab9717ca7e365ce7183c21cd9a07bbdb76f3e75199afe94d86346c20f44', 1694253568),
(0x68de404d66b04b7fb8faf2d4ecf03129d6ab4372, 58, '3e02768770fd21ed6b3cbbb8f8836a703d92600610dd33e272086f5c3bd37c40', 1722914831),
(0x691272b54d0f6b2f008e942a0da2fb68267e0807, 1, 'ae3487351c98fed41774e47ac15867c821febf3ea062e872d0fc85d2b5b7762d', 1697146253),
(0x69625077683d8957cac1fa1323b66c4f585a2455, 58, '209cd9e67e279b855fad9fffb6f1653a9f217b5c5bc62d1184bdc4071a5ba63f', 1729969117),
(0x6a28713f4feb48fea883b18b073f5a122d7b274c, 58, 'c8a8d7a94c35c9c10de7352e2c89d7c2fdbf0a6c327e041305126b9e16e08c7b', 1754051024),
(0x6a4684a74431ca055e3cdff6404c4cc7acf7a578, 58, '2e17b17b4527f646798dd370a98fc7974fb882b03fd1dec833ea17020ec98d16', 1753444512),
(0x6a5696bd15505648281e4c13458e5ca42d5665b0, 1, 'ddaaecc2deb0aabf8f194e5e7cf075a364813385d188fdda14c37a9a5cc14077', 1699239206),
(0x6b6c127bc4f982816333a95a5c5034f79d0bbb41, 58, 'f754f7d6f14bd084220c2c1cfdb78bbbea8b911292bb56602233cf30aa5fc1c8', 1726585442),
(0x6b6c9bbc5ccf8b45ed52c27ab878ddcb29118d76, 1, '18a87ebd9c0497a6f80c18e74ee92bbbd5853848729d4608bb6a2fb5593310c9', 1701043732),
(0x6b869b0624cd9c521451205686433125c2f47402, 1, 'db3940682a176de23b525f747dd9c88c544d90745c75c8f685f31de2a00f3d0b', 1701698977),
(0x6c0a7482bbf6cbe9ab7b4bb5def4db3dfa3447ee, 58, 'adc0ac1c0624f14194add7fdb130946b16522585f54cb5e9af0e3a44ca64b3f1', 1731075214),
(0x6c9981a6c6bc2d5f560d641524ce2c15753241d3, 242, 'a33d7a962ebed1c861916a5a9231d1d9fb37f03fe4e7e0528694ca3f5529cdec', 1571756307),
(0x6caeb005341240f1fd45892b0c3356cb33b95df3, 58, 'fdcc3c4ea00663e9b482e302a594419b42ffaee2f8d3c53b58989bf0d8c7df67', 1725016544),
(0x6ced290b0882d6bd160c080412fc8ccf91abeb5e, 58, '51e0da202e14ee8af000ec7a92a731961fad1efcefd0005319d08f3dddf28988', 1726739250),
(0x6dbf9262edc787814f5d487ac88cb2c35005ffe7, 9, '28ad30cfee6008f17af85d8e232bfd662066361746d6a78dcd759173b6477673', 1746735406),
(0x6dc4ac50c7dc6a07c57e86da1fb0e37fd97b433d, 58, '85c3a342796811867fd2552d89a73b004bef0046e64e866fdb52286d175e286c', 1743354385),
(0x6e1020ea92b2a23f33ce289484710a852ab3447d, 171, 'f65c0a5a5f0384068a47fcb8e36ab050deab845b4856b251efa4c823ca845161', 1570125106),
(0x6e1ed5c40f0554289583f7af5b4548fbb49009fc, 25, '618d0b05fe6f952eb18b078f09b39e0054fc0ad9c420664cc9eef6cde1f37ee4', 1730038729),
(0x6e8cef739dcf74ac7aff118e0a6a21fc1d98a09a, 1, '8ee6e9a59246662622b78b385849ffdad7ccf252cc7050f1453126ce5ff971ca', 1699861930),
(0x6e9212ab19f11095d179bfa04da0cd3e8f09e992, 1, '1472abd40ae8aa76b7760fd0edc0b4b8991023cc89a662603bc1d9183eab501c', 1696187601),
(0x6f4954108b88ae4b6720c6e149505c0a71f07015, 1, 'cd0be8cc5a5f5b55974e99fe1057390ddcab05fb08d26b46c153580312a1ffd9', 1696738891),
(0x6f4ed7e0022f7ba87e415d42525d6740dc49be02, 1, '860da4c059c3743a7becbe2d98e1b7cc0aba2c2f94c294aef0f8e5e26ffab1d2', 1696215897),
(0x6f78d8106ec1c704b156ca893cab705ab306c873, 58, '6f2a963330bd41cac24d4d850c5ab4126b386157df7a62aa0f722330e09b1ec7', 1724761517),
(0x6ff1aa8429006d12c692215165f33d7eec5f47c8, 1, 'fc0e06e60c287ffceee06f7e4d893dc9850aa575b89f7a839743df0849216124', 1699221596),
(0x7037d01034f486a7d48bf8251438a4053687285b, 1, '366722b056d42be0b43dc2a4a81146841c28766d116935b3c6fc9ab3d25f638c', 1697936933),
(0x70b90c749139f1e85a917a144f29802114be116f, 30, '48a7e853814383bfa0ed9433ba62affe3e836f787e93b757aea54df215c27473', 1725217185),
(0x70ef128dd30a269b367d2b0a44db9918ba7dd999, 58, 'cf3149769768940d64ae7e328af7befc00d329ddcf5194827eca80f35b2c5b56', 1727091400),
(0x7112092c39f585d38acf8f8ee545c4c2ea5735df, 1, '8e64067a5c3f6a6ded9a6d41fd5bb995a7f8a05fd4e9e79a79a34482d13b9d0f', 1705256952),
(0x713e8a4db87d7fc4a64e55e37667b772233ba8b7, 1, '6911c478389559fffb31955d54b18a6bd31823ca98262808ef7e5326bdf7da8c', 1602324134),
(0x71451dd989d560b03bab29554b9358816c9758a1, 1, '35af02586fb02de54f1fd7d9388670c3d6469770d959a05f619824defdef08ae', 1696214684),
(0x71a2aa18e49109655a34d9f86449587f0ef75095, 1, '273adf894198471c9ba5f76806dc2971b0aa16af63cbea77aea971c9ff2fd5e9', 1703801556),
(0x7223e6faefee79c2d2f307eed85b2602a05882f7, 1, 'bc7fe3ec8e83ceb4476467cee6f162d2a2f9e1645366e64b62da85c442294625', 1687172892),
(0x7282028b5d64181c7f0045f546656a9a04b5b237, 58, 'e7ca2ec392b795e6c0c96d4fa13eb87c96713f54a65429fba9c466cda3d5948f', 1732219761),
(0x72b02964c9efb354c0051c2f871bbd8669c6d805, 25, 'c17eebbc13a2b167c902462a21684889c97f459473b76a80d46922ff3d4f2734', 1572445098),
(0x733bdd63757f2472a0adc2ceaa36052ec6c4bb96, 58, '0eac5a81134bf588f0cf9d637c7c9eec129c36bff5ee0f367f386bca37cbcf8d', 1726588494),
(0x73922dd86d6af86ddf4bfdbea8c8a58e4e36becb, 58, 'cc409cca90815012312320bf073dc19c31e81fb2afb9c59749f6ae82733b0b42', 1726730355),
(0x7435242802db9af43636c9fef2650935949fbb32, 1, '985d620cecbeb1238c5f7e651b43282fb6761225c144eba6ec6377439113649e', 1698114669),
(0x74ab6194974e0a00cba9aae30411f0016ef037bf, 58, 'd7202b71e673bd12d39d0b7028a12922ed44b7cd9242e2b8572c5343bd4ef40b', 1743187681),
(0x74b7ce3a33e43a13863eb6016232c65a88761974, 283, '3c7a52fe13ac5449e81334bdd10e995b3d72d8a9c55cef34e1f7100ecefcb936', 1572101631),
(0x757aa20463d61942988d27c86cf239fead9be3c1, 260, 'f89c5f9ec22b88dd60d5634ff9b80e250686455ea08e04072b13047d299787cc', 1571855914),
(0x7584a259c6db64a4281d9b79e3cf33c588016924, 1, 'c5fecfd5c4c33d104f608c4dc1b055db399dbfe168e8fb8f9e99e62564cc970c', 1697491034),
(0x75a7a952f55e2e5878b507e61ec26a76bd7568a6, 1, '3bf4926d505c708b3ef9f6a805bb76a657c3f355e4e2b3e397ffa45bbca024f5', 1698589199),
(0x75e4bd5f79cf296f7ced67f4f7e78f8456329527, 1, 'db153ef860b943826797706e4af1f3dfa6e9339fb93054465ef5be8a860b7d1e', 1708383023),
(0x76106e6122718ce5d54b1fa13c36ba5abd714098, 1, '814d4cade4939c28db339ea8120f53de096fa1c81d3ff7707c8239098a294a88', 1699762327),
(0x767a64b1ab387b8098283cd2d3ad32b527910604, 58, '979a757f5af578439d26b9c1e5b3c667a2b4865e2daed3f619b93560ab435e9c', 1731159623),
(0x767ea288ee2f493053c78d5093a1fc11ffe7da88, 228, '17fa1205a7b4c961e74288a85830f4a7e59a7561fecaa8e5987a7d1a0569d7dc', 1571319725),
(0x7683ab5e6b937db8b0aa521c16a0b5037cfc70fd, 263, '778bbcd415ee6449b711ab3b8b575075a4c14e1fc654cef8594e03ef1324a755', 1571871618),
(0x76ff8fef861c919fa4296be417788df5c56ee973, 168, '20e6445f53b1c24b0dff6834c3838a7f3bf0cfab18c85799bef0ca1b960c7ede', 1570117589),
(0x7729112df8aadbabc2ae90a1c5cd6c29c496f428, 30, 'dbfcf86a2e243228a8408b2b98a1ab249ee52050d2eb4ab616b59b98a89916ab', 1726309711),
(0x776a9befcc325db4e10af428b0eea4792593a8eb, 1, 'f5c403b0b1acf6bada960f45ac98a4f2952ccaad4657959e147f7a54bef0aa15', 1703513394),
(0x777b5edabde8d3bea0cd5b768b04be64fcbe7270, 58, '9e8e551f53796dfaaf75cf2f55c2be77af5af9b939d363ea29702a032ac9a048', 1710000735),
(0x779c49970528530fa3c2de2ffd934e512f7e2939, 1, 'f4a446f8a1e1e966c28a7bf5757e14d526faa624cd43bc97d8ae0b50ec84af9c', 1698781128),
(0x77a071d063bbc5cf5e70e21e1202533aeb94aef2, 1, 'b1b2759acf3b9d5581dc3ef0dcfdc7b4b7e6cb5f73ef1999e55520fcb3b36cd7', 1687171843),
(0x77a505d7ffc6b73194ccc9edfc1464547b0ea7c3, 1, 'aae80438834e36c8a2315ed9d3aedb9b7b18f0e141bd1697f6f4e86ab5994516', 1700694083),
(0x7823acaaf330f2c745b417d187207af0548e1f26, 1, '81ac9ff11b2eadcdae9838db0eceec8ffe02e37b0953623bb6cf642a6ad22b53', 1696195101),
(0x7854bb2d03182a1aad302f2c8c3a02f4de2012f7, 1, '680443207738d28c4009070b46be998a3146716e018a78232f54b1b5db077261', 1707215953),
(0x7891afb79e565c1cddc76996bc0e8c15f6f3f7ee, 58, '13e112a2c8e7eb529bc5394320a9acffbd3b7c9fae020cc9ab8d4ee250cefdd7', 1726673440),
(0x78adf63a239518e9e347bca91f9298a9baa5a535, 30, 'b07ba4f83f4e7b809cd9f6ad9660c1a8ce995bc4ef0bdd1e68046816a36c5ea7', 1721576975),
(0x78d96fd8f4ac13f1663c2ddcb4997f31fac2a211, 1, '5f48d564a76d91c44dde2bdb1f0acae9a51b5dadd11d11522a1addf5656528ad', 1698023014),
(0x7918b1ec50fb498e0cf059b166e946555e3848de, 1, '10b9ce4cceb6115eadfa3ebff458118415f5019bb17b7a39d1235caf3029491a', 1695997056),
(0x7927a9a18df3202726d75b1f8b4d2fa2d23ce8d1, 1, '453a9c88f91548aafd1ea45c0ffb3ca412e966b7d03bee48b862f1c6f9394bc0', 1697421117),
(0x79442243d628110f22837802df1469a40bfca187, 30, 'a1f7314d17bc123911118ef5857000f91954618401370c062fcdf19ce07fc637', 1726648138),
(0x79d49755f9cad543dbb36eba6c591499badb6363, 58, 'a40b1b2c122bf7cd91f6e1baf1099a5b34b5399d57b1282712940f4888f8f14e', 1753268300),
(0x7a8143c344f804efa16ac10f9804a10b81bb1863, 240, '74dcb39cf623b64a5d0a901b38ac23ef5055af5e3a96ac9fa799ef6651e3fd0b', 1571617004),
(0x7b23707e05ba4f336b9679fe1988b94ae28725f8, 1, 'e6f9d27b8c0554eb1c18b28072177cc87638937649eab74ca8a4889c0b2102b0', 1697936196),
(0x7bb89244e2a6b3afd131a587b64c9e5fe10ecde1, 1, 'b83c840d626447fa83ea72125ae0da1169add4e408a89848989f8930a21d8f0a', 1697474847),
(0x7bca326a581e424e06b1ba8a71b4a9e0d6f89d92, 58, '6ca1f981b2cbfad0ed146fa8f90926d185aaa8849e65ebb11cebfe0df9a860f1', 1726876216),
(0x7c1d2983907b2bd2bc9aff4e6526c33d10e37275, 1, '56655964fa090412a542a9179434b134ac97099735a580da92c377efb6205686', 1708622498),
(0x7c29a601bb36607863332971b05b0b3751e6bc95, 1, '66fbcc655623b84413e12524b37df6f83ac3dd1e613b40afe061e23c2469cef0', 1699216930),
(0x7d97187e4a5b610dbe113a20d4008e853d8dc437, 1, '3017c11a851ced9d089daecd3e6f618ecf525a8b942cb06cbaf29cd2d52cef04', 1699390401),
(0x7dcc829488d0f6035746924d45304677fe15f44a, 1, '1d1686345e4ecff5278e6319b9463d018d225a5708487e55f7b785697d2a83ed', 1699686018),
(0x7de55345dc3a888c163c74ea907ce54cc3de2cf6, 1, '4944055bee3f33941f0554e7880fd40cebe8fd6918d374f7f1966d4d3488fc27', 1702136172),
(0x7df161542f5cd8b656d2d2178eb5564add8835ff, 1, '07dd97b9ecd8a3063646eae854c19548a57e44d27543b87c9341c172408b98c3', 1708788826),
(0x7e2b72a45a291c2e788283e6eeb3618df848617d, 1, 'd1351fcb0df38293789ad404122fbd8d790906ff15d71ceb3fc8c5d964512db6', 1708789260),
(0x7e45737d99621fa4c2c7e7e075b11ffd60025f2a, 30, '6c0b2690748b98428403ddc4257b506593dafd1d3edc9f296751598735ffef2f', 1725967648),
(0x7eed01a8dffc5dfa53c37eb8baf81c8d6f2bcc6f, 9, '09e36da30e68a5b5a6516202e4f7cd1c1266708199bec1a77510d4431764a1c2', 1716829965),
(0x7ef0945bf61f113fb5485f0a83c2d36a4c697443, 30, '5ccfd682a9969f1ab37e4a28c431d67199a0a25b6b94392b2ff19af1d3895434', 1726649575),
(0x7f50969f64ff8818e056431a86ab8debb2da9ec3, 30, 'c2396031f1bbbd641cc08b56588b5fb989dcaba86f51b6154eee6fb09ea4bd03', 1722163579),
(0x7f88d80a51bd2fe794f271ff2ec0a5528ef6ab26, 58, '966d801deee03fc12a9fb8fa8a6f41d06bd1301973741fd40811c697bbf27932', 1743253104),
(0x7ffb5405e5c8f4cb0340e53aa2036e8b36e0ac43, 1, 'db79bcbcae1314dddf9c59a570828cd90d27751e20f7fe6587866513f770d845', 1700404638),
(0x802e318c2a5ab52ee233df81f3d81c968442bb40, 261, 'ee6714c3503fce635e1e9acfcd80da788c1130ae8488ae77c28af815f408bec0', 1571856596),
(0x80b25b85db76bcd2c51cb7e8023df78c6b32e0a4, 159, 'e7bbdf525c215b3fdac4eb292ff5b6c05ac69e298fd8f78b4cff341ad6687935', 1728848394),
(0x80e7e46f8614460d754c0a699319d7f036014d29, 172, '83b16fe13349a6d79eab8e41104ae254532422f748e0acd7364229461717d4a3', 1570127515),
(0x811efc2cf77bee4a4845194371d51461872264ec, 1, 'df7ce7b257b5e38ff68489cb4ea20ea141eb4f4cd8dbeacd1b03f9b0cd9c5db6', 1699720436),
(0x81b54ba0790ea6f71e1159be5fc7d2ec33c38c5d, 290, 'ccf65900468191f217c8faf41c29ccb2f64f23f5ed69075778d11bffc70dbe8c', 1573558592),
(0x81e9e1620b05beddefaef5437a04b1491a51bcdf, 1, 'a3752f56bc85e608e3d899fe6037965df78e1b940622754a6a8d90becea09caf', 1697498461),
(0x823274b7fb18f3e120fa7b93631294ac23d3327d, 1, '23a54b0bed0a5a75c8e4186ab835421c1ea1ee08d13a2249e5296cdc5b88a264', 1700325464),
(0x827b37be8ca82b460d4507bab964f1605ae09e99, 1, '604e7ab04c20849fd3fc632d313256fde23e10681ebf1e3c2254feec33a9d8bc', 1701121354),
(0x82bd748b3676aa14e7502a32d4a4a34635c68b8d, 1, '1fb712d5edd04af949311f83a25f8fde53c3e21882f42d4f6fa5bafd5a4a2b0e', 1708335599),
(0x82e2e50d5cf7b1e8ad94f26144fd4cce541d99ce, 1, '5aad96e51a570955a0bc44f412dfd6b46d047b163b06f894ce3ff26bb470eba6', 1701640231),
(0x8332e01c94f6dce85cd62a3e3d325f362c10ea23, 241, '8d849b97cb8d841809189a017a148552064c55be3a31470649a9290a28e23960', 1571748647),
(0x836f32810a7ab2af4ba9d30ef85f9b831873c5c3, 72, '8f32ad6ccb08abcfd41ee62e4a710f0002a5b54c14d947dcdc855df40d55c222', 1596205113),
(0x8371de3d587038658f140130b70af3d3132494b7, 1, 'b81ff7bb6edd5c70d263c929837ffb3b6ca987447a8ecbdb53f2603e5f9517c3', 1700688792),
(0x83e51501f0e0b16dcd7b588cac1916b73298b9fe, 58, 'e68664ec482d19307c24829dbe44758ebbf7ebd9b32459a9a144f0e298dd46e2', 1727725409),
(0x8452b0ca60d3abf96b6becd75af0203a578c1399, 58, '61d9ff305305624f55735b765ef01bc89561c34220548fabcd912d1a2d5069a9', 1753885641),
(0x8481e4a952cb1354b972d6cae03a64ac1da45c7a, 1, '7713c9f383f9a4ec6c2c588e2ce0241936a2c5c817a6adc05f4bf56d5b9d8fa1', 1698182426),
(0x848ea233531842768f2167df6b87d89573ba4776, 58, 'd6b6dd178f6045d83fc335675e7594048a6b569e84709b1c5a778711b88075ff', 1727057849),
(0x8533954057d8605f1430e1ae71993a595ee1b17b, 1, '9ca6c6a326804322ac7f69ba9cfd5e48a09ca3fdb312c7585c81b6103f52de47', 1702155321),
(0x8577852c71bae3a25c47f64ce90f2eadbedbf02e, 1, '3a0485772ef710155f18ff94917131e720610aefdc31b93090240e368cbe37fd', 1697147251),
(0x863c1ef687d4d4e6a88b49af12138f58fcbe3599, 1, 'cee792a7e03ad8214b7dac7449b83337f9df7584f22662027108b5c1e929e998', 1696734697),
(0x866c8b2a86be7a3ded966fca0ac474dd7d8eb347, 1, '357c4aa4e62a9c77aa18450f953db7cc5eed7b56d12e52923cf68fe4780ca8de', 1697336344);
INSERT INTO `users_auth` (`id`, `user_id`, `validator`, `expires`) VALUES
(0x8670a19d80c9c05546b0cfe1c74dc48cbfbe942c, 1, 'e5998afc7c97cecb8e6453a571ba873b5608e1e5d19aa5582f266ffc5ba4cbe6', 1701673828),
(0x86d78de99ee94fd6f3cbb5bdc1a6dde568e6247d, 1, '07e669675f0e83c08061eb1763d376d28fd17d471bb52e97a6cff066cd79addf', 1705770822),
(0x871d958ff8f7baf67440c4990c25b96f059c9c79, 1, '308666401c3c1088dbf6671a5a599e0a0e8445663342b3c81ba301c9a2177a0d', 1701196976),
(0x87771149311b611de003b07f846c7fa226aac6de, 58, '994b629569e5b72ca44dce539651ca482aecc169070bfd13f35e54cd837627b6', 1726880902),
(0x8820cd499c8baed9f38face019befad463cdd8a8, 197, '55c53673d32112ffa442d64dbdd8890a44f81e64b16f939e5125ae3ebcf9b676', 1570557522),
(0x88686e4de40a23edec1b849985a90b672c3a9dce, 1, '093e819a0a2cf7e514999ab4f82b66df4e366305606518da3608ffdb5642c24d', 1700702509),
(0x88b22dbb5e471bf89772b2b9878c0967f4f91cfd, 232, 'b6219566a28433554e5e556c54e9d3e03e9b665f74b43652fc752ce2fdcfea36', 1571409697),
(0x890dde822668ff57c225cb1295730608bd4be090, 58, '94622b0ec7a4b6faa69b793eb76210e9f0d16f97dd481b762a0a714a9e3ef801', 1726857415),
(0x89c2e667385af92b747bd3c0a83fb6c229f20a99, 1, '7ec7efda6fa7de8e0aa6de8754c3a1c3120afaae85c11a388641c6b777029c3d', 1699302749),
(0x89e11dc331cc13f66448f8373dd0b30dee84dfb2, 1, 'd1ec5401f609df71675ba40b31343a838fe4a366d854958d5175e04c0f87941c', 1696726607),
(0x8a1b4964368d55df9850d43052d6c6586cc5ff64, 1, '641e6e2944d8830310b59e52560a7e70fa8117578e39b2f450e8314483a08411', 1701109942),
(0x8a58eb1500c87a3eeebe32f695cba9be6cf6b0d4, 1, '965b022b8092796850143fa0454b9d4e39890d6e38325e998e4c9dd56f3bf1c9', 1699921770),
(0x8a8e65c94d6aaeb5c7d01bc3a562c72930306968, 1, 'd91111c604f573a7ce18c88c3521c6c4a42fc608a007f7083923daba6b518931', 1700424812),
(0x8ae51076beaa7ba0d1e863ef3fc53c04c25eaa28, 1, '7c85c9f184e3df82153e5a7358fb4cbfdf863aed7efc3f721356dd61b425bd34', 1696871608),
(0x8b852facd19e6fb1d488e6935429731898e864d8, 30, '20b27c43aa0ba77be656254fed7b66ff0995837f95a7ca3fea8da3b2c3b9f71e', 1726647254),
(0x8ba009b44864735bc26003536ed96a943b3fb3d8, 1, '89fb8ee34c6d549c48a0089b38fe05925b8a5aac6ed2a8f0ea77e6cf4b466114', 1701544797),
(0x8bf50f46cc43d29c7c5cbe620ddc929937a5be61, 1, '463b4f61bf42f36008e37c88258ab58ab90c351af1e8f8e7266849397f5e0610', 1704280024),
(0x8cb470f1da9167d64fb49a015fbd83ff6d36a454, 201, '30c118d26fa40763828ce5153bd5a46ae031214c319510b52457897871683008', 1728265055),
(0x8d09f270f60908c0123b816cb0762756798c2459, 58, '77a114a2200cd62c3086c277df706c5e6daf2e392d448eea2441216826ecc106', 1726891269),
(0x8d6937b84357aa28e617fa524cce9b1a686981d0, 1, '4bf699efb749097faaa03c295326e3de2a15208b8f0137a64d7540646016a608', 1702396310),
(0x8d77a3a3b7986f9e116776ae5a9eb4134064aba9, 191, 'a4c9650d1989b9fa6eb1d096f0f4ae2e996566bd20d73deb6afde0369067d977', 1570256588),
(0x8d9e266fa3893e57601caa9c09e14535ed5aaef4, 58, '4e8356009534892188cd0b66f605001cb06b56a72445afa24e1c9d611269206d', 1726659271),
(0x8dbe27e5b32b0b210d859c0385dfe01bf44d1a3e, 1, 'aba0c3d9f34f4e6cfd8516ae2abffaeea128d00fe2ceb3390640c7619fb6781a', 1696363518),
(0x8e488aae39af29e98b7908be7b9441c756eca1f6, 58, '0e0b6e43458090bd101c84de0add6009a77a0c51ee9cdb701cb016baf074f01f', 1727726787),
(0x8ec3f15b819bae7e236942d1840b3036214c7663, 58, '87928e4c75acab3eac29889e541b969520facee92d38ad43973ce392b2f95a62', 1749047485),
(0x8f1b859ee10c562b948213159f54c463cc96c651, 195, 'ce2f8942f3e691b5a7cbf37cf43b62a4b156823c57ad7385793c04e09330dbf2', 1570475031),
(0x8f2be2dee621d372ae930f582baa61a8f5118228, 58, '09a3760d98b445612b942902870d34510f8045ead6ef56b69af7067b8413e374', 1749725077),
(0x8f73c0e8f01997a8daecb6689ad55a14912fc4ce, 1, 'dbae3668dcee0e226b004fde5691cd6b5011f03d5822d08024cc4c44eb9b6f2f', 1700541760),
(0x8f81f0223962cc68e06266ab03f6f851b1b0d342, 58, '9ad9ecf103781b3a25e090f630288be382bdb8e772b21ad589a4e88e05c5e6d8', 1743337055),
(0x8f983e32c33514b968c9dcdb9d8536358861ec9c, 149, '8a5e4718a9138485eea971644d2928d5e97bc5c54259859ffb325d3ababfae85', 1554320934),
(0x900f0dbe69f5d87ea8508102ceb2aaec81172f87, 72, 'bf5d964bcb6e3097282f37a1c7c1018df205c90d0de25d4c67ad9186bd7c51d8', 1753547433),
(0x9067251557d160e259f9bb584159621f166ccfd7, 58, '42b53065a0093a85f0047214baf23dc2b65c8bcf768ffe065f56d4bda0a808e2', 1727024755),
(0x90f82b40b6e4ea5e6af1569acf662f8dddb3f2b3, 258, 'dd05d5560e9f0eaba323e2317e644519f4c40fad3523a3ed7c09bd38cbe30f17', 1571848315),
(0x91261e8c49db7716aedd33eada7d0f1354f5e645, 201, '25250b2a802b067784c77adba89baa5b7c57ba8fea469df77a9dc2368864569a', 1570639117),
(0x9209db05786ba9b1bcaa2eb7c56358890734761f, 1, 'e22c5ef4940ee85d1a563ffb57139eb95834d2b78c30189ac4c2e912e83107c3', 1698117905),
(0x92a26bbe84ac504f485f4453ba37b31a08e08c6c, 1, 'bebb339553a0270da47a7951892569a605a3db2f6f865aefe64a3838e21a3a0f', 1694009371),
(0x92cb48a407d028156f2d7f56462ea9f23bf0c3ea, 1, '0d0b9a94579b69d8ef5efd30d93207da647d5e1c6a41209a5e5b25b24e295da2', 1701918748),
(0x93c083065a738c45983e2b7b8c1058950f501099, 1, '88c46925919e9baf1c2b64cc50801d0e6e291d2472adb85c7af46de2b8fbf7f8', 1698014418),
(0x9421b45126a7f24d0ec050e4d04aaf8ca98980da, 58, '0869dd22d0051b7a656b6ad507a2e9e7f70c9732cd46158d2095714de46cf7a5', 1748834840),
(0x944a60af2bb119a53afa452d7e39553e24b29210, 30, '0a2a47268937ce09f31119d3d5460adc42d941880aa805abbe10562341b0977e', 1725430173),
(0x947a87896ddd0aff97a7116b89c4c7b3d9df5162, 1, '287c1057255578b40339bf7aacb39bcf21bdf5df733ab775dfb5c8264c6f6ed1', 1696766146),
(0x9492f8559c5d0776d490ea7aead69c41db50c934, 1, 'fe417c0d5b7f43b465ff2c6f8bd741df384377e608bf59ecca56adb183ee0bfe', 1697145897),
(0x94e86a316387cecc89e2cc1c1cbc96d23815c08c, 30, 'fbdaa3004eaf2d2ed0bfb16b09591dd0f019fe666b637f04f461d1a9ae50971f', 1721401502),
(0x94ed7c9305c90d7353ad1400342306c59ba3adf0, 30, '37c3871abf39e1490eed6b07a33b9a7210b958f38fb848dbc7098abd8d8f879f', 1723286731),
(0x958553962cdc852ab4ef6bac539b6f3adccfae0d, 1, '1ff6d09ec263a4a86de6b182761eb4e3225e33f2683d4a9183cbd26b334d7bfb', 1707653898),
(0x95d8747602b73ee85b6650731fedeb27572587a2, 30, 'c9dea82b87163e3909e34a6e3ec5e4a897b5f90d61365654b3bfe15c3f4f5f5f', 1726645979),
(0x961b9d7d3da8714eba06ecd38800e733491a87b9, 30, '642e7faee480621ab265254b594dbc39f52950d615b044bba19bd884b0f73ff5', 1724657203),
(0x9670fec5a3c09485160d8437d489075ef1c1b905, 58, '9769bc083c41264cb4053d587f6a503d689d5a64161c84006403e336d7107383', 1729928818),
(0x9720953751fcc67ad21eddf893e2adb680e5b295, 262, '71522094ad35d87836eaceffad7807e221cb75cef1935a754cb951cdb6bf945a', 1571862681),
(0x978ebfe0507f8748f08d09c15535e5d02cf2ee23, 58, 'a92f03b27491d8162255fe05198b9aee4c7ef8b57bf3a1f53cd441d9607a7c01', 1726564530),
(0x97d01e0dc93995082b52bb8f79f0efa8837bd424, 1, '3f564e376628bc96e09e6872bae87346177d91688960272bab226243978c8ed1', 1697500840),
(0x983979380cb4f7ad89d927cd9ef228fb0f4c924e, 1, '9398c50abacc6246e786361717a4338a80d99b65320d6039a26549af672fbd4c', 1696727610),
(0x989895d233c8c1dc124878209483de3fb4f0c02a, 58, 'd6f8a5ece53b6f44779105960633de1e13791021ccf560684a4e8af1cf20168b', 1726102309),
(0x98bae5bc46d882437a22f7ab8dd222755f76dfe1, 1, '18304639d7cda8712422e5d2de4f3a7cc44b946c55b559e8c90f9fcaaab3741e', 1702490535),
(0x9910c21fbe5058c71a7e10df2cf369f476568f66, 1, '2cf4ff917d03552f2f455844737f7d2bf557c2ab9a8894966abc40d4c2a24cc6', 1700978580),
(0x99216d4a8948cb042781033b99780cbc0fa2dc0e, 58, '479efd8d033b26322819ebb659368d7038806fca8234ad753d692ac1aa4bba7d', 1732179805),
(0x9a2c3fb9559bd61d0f0b5300b9510e351b4dd175, 1, 'e5036cfc7f2633abebbf3c83012d73f84b83e58b1efbf27d5a1e68814e35f559', 1697635868),
(0x9aa114325eb4207281cd21c32579fa5d202095de, 30, 'f1b55281a1d9649144daa1e1ca48ee4ebb658e73b2d3e61fea84774e972b537c', 1722319984),
(0x9b35eed27da4851d925bbb97e497db40f3351909, 1, '7fcba22588b0375af5798d851eb33cb1e12cfd63661f72a4e4299d0768cea91a', 1697936349),
(0x9c935952eecf4275c4f61b62ec66b5fb54a6d4bf, 1, '68bba4f33d7df3904b0d6d8cded6e728504d7cb00a14e521c17ba4f0b091cc33', 1698114770),
(0x9d19e8272e1432f41ea7671136b8723ea609d42c, 282, 'f7e6efd4842857c2244c8b45311a160649efacb8766dd374f289ec172764ed5b', 1572027663),
(0x9e200ff89e27eb9090e6ad1e1d6e005258267545, 58, 'cae1c48ce82133f4dcd715ad937ebfd8cae7600835ace0d2d7d13465999ea302', 1748918380),
(0x9e29bd5be615736bcdd660f98b6841d28d1971b8, 193, 'cc226087a2cf6d50a12d59a4860e59022e576bb61cc084431dfdff332ccc022b', 1570293689),
(0x9ee65b4ae0c0c15b717502b33a294ad10deb4ed7, 1, '73898f8694815c3e9d6baa4844913f6ff1813f075dcb1a76fdcf71accf739a7a', 1699799860),
(0x9eed5edc8e39b3f3f9107bc46929e4a96692637c, 233, '2d1fa6e2e3ec990c2b8b58e4d3567efd647ebe7e287e27eb26b20ca5ccdc3caa', 1571929845),
(0x9eefb8088caee74b7c1c1d65fa641ff181a04845, 167, 'c09f574f2feb5b855ef8dd513dd878cc8b73964aedf95d45098f99cf80fb2453', 1570115386),
(0x9f1be291ccb8b396795d6d4f80742b2d3aafa5dd, 1, '5f0d62950210af6c8a4a30917e5892808e5a6ed5ce8afbe7597d43dab919af82', 1700542078),
(0x9f5ffa7f54678382a18560dfe76c495b3cf46a29, 199, '6909f8a215efd6dc6b7e7b7c957f25b10ac31a0e1d3a754d7cd6cf1bbf97347a', 1570632748),
(0xa056eeb85dbcbd285db66e7ee37b70946a22fd42, 30, 'b6c9980fa59d4b16bded534c8732f954779027e1ce6914db9e6a521de441da1a', 1721463855),
(0xa068219826eac42071eca0c35dab4c54e119d104, 30, 'f72945d46a27c5de8e083d170b0ba94a8b8800901ddc18378247a9171b3b6a3a', 1726649266),
(0xa199f6e7b25236149177ec32a7ff9e349ac98a6f, 1, '8934052923d1f2155d1593e08ea14aec381aea1bf52c5d6cb7c9a93b2c3c17b8', 1705421018),
(0xa1e0cddedb5b9187ca0ca20dcb20ee58fc063bfb, 244, 'bc257ecbdb9386c3d825f0f595845ff016f9a211950e125fd85ce259f2467725', 1729616393),
(0xa21a4a3b6e69f1e1deb04ee9ab365017c44fff48, 30, '435cec1068cda2b888a3231ea31dc57f24aad6fd9cb569e6456203a4c2b00530', 1720690377),
(0xa23149a7a21deb920e0b14036aeb7901712a217d, 1, '42627f89e365c9aaa4e7b4f4619e2fca22213cc2a3393e84de8cf6a20aaa1ac7', 1703520687),
(0xa2341e545ca860a48e311fdf51faececcfd6cb52, 58, 'f2debbb76586f3303ed26cd6a3ef5fe8d5acf4e4d9c6e3685c39fae30e2de497', 1724579906),
(0xa25b5d09325758928eeff3a68240a14a2c408acc, 1, 'b47e6f5d5ea780e230c6f1b272619dcdd5633021b5a65fabe49ef66e4af2f41a', 1696210104),
(0xa287cdc0ee1411aa79e31a025464cbce3afdd525, 30, 'de295ae424015c1f97015c5cf023044013ee9c335518e04d41f57cd8e86f895f', 1726647024),
(0xa290d9b0591eaea877002d28d23a19b481e64271, 30, '214241a098bad0587cd3c47a441adc0eee25fc04bb22406b1edde9f9567bd85d', 1725794732),
(0xa38813fd555d0b1194204a9e8d396279b573efa9, 58, '0b0e8180588cbdb4ebd8abad75c117db8fb8a99a3e91a8cda9ad041236e21676', 1726726999),
(0xa3de448a3a7ff8fe0756f170f5f0ef43f7c8fef7, 212, 'b149e20c6d0e997c52ec6ee1104a6515500c4a16e3b73719f3909e6d5b13b284', 1570824297),
(0xa42010ae3e440118f66594d32b0b5b1442504c5d, 175, '022c115c7c97ad21179197537562292b76e25c72549a213709f0053722ef8348', 1570132790),
(0xa4ea9a808e59000abdb2f232398c5b48de2a6c29, 1, '84a8204f0a7160a8267103abc027c33c03297396cde1fb7e20e2d9303e1d0efd', 1698153443),
(0xa4f56dfa587e1ec262702cd8ca8f54e059b782a9, 30, '95a82465f5a58862a0e2cf4ecbcf69681943c2cdd26a0e9ff2e3ae6e79fff594', 1720949758),
(0xa511ab84a0655e91f4b53ffa4481db52794ff3fd, 1, '19d7942fd49feae0bce146b1b65a1364047d73d3d1f5b633b9dcc0eba799e8bb', 1698503494),
(0xa5c4dd5ec4d6c9cf35d73c9b050bbde65ab50b8f, 58, '2071a866f3879c88b7ffcda94f914292ac7dc1794660b34e27eee4724e79dfae', 1726955198),
(0xa5f7a65d171c2c89b2176f647662db9c4529b91b, 1, '53eefe77b7a9947a58d2fa0f8e76e4afad4dd4873ad33dd6e2b26f85d83e51a8', 1700840467),
(0xa63fb6c389205b51353490dc9d25e34d202c8f86, 58, 'dc267f7116b6e2ab1f0cfe415d83961af4783988017bd2a512b406e90175470a', 1720976563),
(0xa6a02955a2df023495278065501279ec2bd6cd3c, 1, '257d1964314c072408b2de1422c127b1cb5e3487fa374ba319cce36d84d4f910', 1697937178),
(0xa73ceee344ae61606ef257c5d1d59fd1855ee85c, 1, '4af28077086abfb34723b1c51fd2a99879e0419d8e7b9ba8e6adcba13a57082d', 1700701130),
(0xa752facc07ebc15cd23191dc0ca8d6d6d2ccb1e4, 1, '93ed92d01100756375112091840246f61d84e76b7f896eaf1246e8ca269fb004', 1698179845),
(0xa77a7bd88dd75b4592b72fa933f028e804a69ebd, 1, '20453d3f2ca0aedd4e5c8cebba8d8e4179a016ed1d821c6cd52389da579048f0', 1697241092),
(0xa77defa3401ac77d50d0f32c7888df3b5c1370b9, 1, 'f520002a8efd8abfde2e87b477ac22c008f03a86928f45030951c715169586a4', 1697147374),
(0xa80354a96dff63ca2d95ca7f49aab8be842aa022, 30, '7fae9f821e4f07b2d07f98735f594c6e7e983d9b15580872ae2bcdb497b446c4', 1725176503),
(0xa86c21187e87a8c60cd76f606b687274e9f17280, 9, '02ec98411668c1b8e50c783dcefa1765a6a9687dc45e005f05a475fbcd4bf09a', 1725977267),
(0xa87e7cde3c4105db3d4542e15f76808b3bf57131, 58, '635ff4b7dd5dbd80d076b68b8dfeb4ed0786c90675bec500e2fe98586724232c', 1750087577),
(0xa886191aebadab550ded7ec2a35519f184d88ec8, 1, '2ad9ea65ff7749473a919f62af62f462fe6c0afd2d3769b7dd30d63fee7ba655', 1708781027),
(0xa890b812acd6567176d59c24eaafc71c8c13b1a4, 58, 'fede6ec57693b973916a36324bf30982d6f7708e303b91038ed04ea673edac7a', 1726529480),
(0xa8fb8d1158cebbc3ff4debc350acbc00c0c7a2bb, 1, '04c37902b7292a47cfee75a770731cd7f1b41379923f9a61cc21b7f6e3ab33f3', 1701805879),
(0xa945f24ec186ad8e2e8050560eee6d035cce2f12, 1, '93a00d71a913727f57742e4968d4f82e096ea43d357f85ab934cb255771981f8', 1698118773),
(0xa9906f2bfe42b2033a65dbf8736ca6343b3e44fc, 1, '145d16811a2444e2b17f18ec00fc60ddebec6d826f947b231d3fab020d211126', 1698268068),
(0xaab6537cfc8efa58a7a9a105b19d26cfa10ccd36, 1, 'cf0292dd9fd944c16f92a79a8af2109546530f838c5880405da9286186b11ce4', 1697243733),
(0xab500047c5b9816f6e05cc5c10e28ac1a3d27476, 58, '0a8f3e884830244b7e8dbcbb92d9ea0797d4f3abc67c037d3df34ecebb37cea6', 1718543216),
(0xac705df7e213581173a444879b351705a70a1ee9, 1, '859c09232ae28dc95002b2d898e8f24bf21c633927fba8a316d7edd7b7a9b48f', 1701106925),
(0xacfdb0c262cd8f530053847bf456aa919502eb86, 1, '89d04178a5e33faf6286a7a0c344f842ccba1d063139f1ba080f9ff12a40de0e', 1687624345),
(0xad8e35d8906a083ac2fe0a2d9b10b0d80c9468c9, 1, '871a09ecad6973566b4616bba7a2a70ce99a26db08820c8150bb8881964caffb', 1701109677),
(0xaddef4a539c16066cbd6bd7207bce3d2b4f0a496, 58, '1f49aa4bf4bea026ede8600ead915c5f811b52087dada34db9716ea720fb10ed', 1750338882),
(0xae2bcdaeef6084fabb0581b361f9e6d31e336f0c, 216, 'e658f81aa53df471fa2df9a0a136ae2a483daef7e923bb69364db80a2e2791a8', 1570848212),
(0xae3b686e292865293c579e1a68c89d51eb1309b2, 1, '58311638748b21ac77dbde1c5779ecf7bb7e821b76705eeb17ecc67c6d078899', 1689499259),
(0xae72532b04c343c7eac6ac64414acf48cd5977c5, 1, 'e5dda4a8a1e0d27918aa97eb32b0b241512ade9469278e560b9a3f3f5def9a24', 1697427364),
(0xae7cd4a8cac2e61d51114d32d4491dda1fce015f, 162, '2c79b19eac508348130c46597974a328a88d212324cf9d72c247b5be3692a831', 1570058992),
(0xaeb61f06d47647d4634ae68633a29487891c6a12, 58, 'f53bff8262bae288e42b82e91716825bca63132fa05ae465bbfa6623b54eb011', 1713052744),
(0xaec1c2bf3ad896aa62025594778f8420c489dcb4, 72, 'ab65045d666f516d36e10d94a9622389dca2b6c32b604ba246e27900ac9f9a3f', 1753748249),
(0xaff5f86f96a7e848887b8c973afd72505a124ad3, 1, 'cb54d51422082d9b659cd38d66b8594d6a319e25de0c7215fa3272e5d5e66e1c', 1699299390),
(0xb010ff70a3652e6b7bea7c482d758ccb58558a09, 30, 'd4477fd495ad2971de11bb19bbba610fe312f22aea5450ddf116b4d757c14280', 1721201188),
(0xb07ea4d0c6c286ddde0d7f77ffc1acd3f856350b, 174, '9c32f2db83a23a97e6031c42f6538dee0425d5c2ef03e572267e426512cc0829', 1570130196),
(0xb1097134bdd44887328e75f09f76d8b90c742085, 58, 'b4a429c52be3ad80bd22776e4df675b5d999401310ebada11cb8cf0c02f1851f', 1726530227),
(0xb12ee397f27a5067683531c4d281758d132a215f, 1, '4ef7ceacb0c1c0d446c833a1ef45898914b35cb46d29f2e5cf56fe599fd32d18', 1701793095),
(0xb160926a88052026eae86ab8a9412cabe361158a, 155, 'c5e465fe2b7799e71b2763313980dd22e9bcac0d619c11bac545d001c8981c0b', 1569596585),
(0xb1964da5fe190af5380673249f51538a56ad107b, 1, '92648945517b372c8a7ecc1b35ff05eae3815a6f5a48735bc615bff7e2f6d4c7', 1700976656),
(0xb1aa083f0d4ec2581c23c3bf76a8f052fc63c850, 271, '65569d11a4f4480c7efefe98aabefe8f948d36c03e68b12f2cc3b5eda4b9761a', 1572017302),
(0xb21ad3dcd3a662c9a39732135d58bf8489451e03, 9, '581ddd65196a94e399a2b88b681856723ed134bfa8594b96e4eac51d0b3be178', 1728412090),
(0xb234f70ba8123005220693ce5f16ff6ed7d859a7, 1, '80d157b1153d9d40c50b60ed95b15e210c3d1ced2ed8474202bef8017a4737e7', 1697474801),
(0xb249a521995cf233dccb7cc8ccf43e35c4cb6458, 257, 'be2771e6037f1fb7c8943faeb39cb79db0e152c87fedddc071e6c832a1e1475c', 1571847435),
(0xb24d505f92c9a50c97f325905b275816fa16a018, 235, '112313ae65abd993ade8669d09805e798ce54a69a31066c9004e6b58c444c8f6', 1571439224),
(0xb2b3dab7a0c2fc2ed84cdd2b6298d1427b8868cc, 170, 'baedac29708f97ea0f1f8709c048c4f9d9236a2370226b4dc4f22b2bd28c41ba', 1570122178),
(0xb2dda8e57c271067203c2f87e5e6f100f5490082, 287, '3543139fe6e0d7120458959ce5bbc680e3cf92c2c2a65592a6afa46ffcf5b42a', 1572361439),
(0xb2fbacd69c9702b5e174c441861df44f5f97431a, 1, 'e5b9077321ba19dfa02076fc9b27abe77bd3d6a6881a4fa22a8979a984b230cc', 1698159482),
(0xb3064e7d1774e9530a26d6c5519ba3520c2fc5f8, 1, '3f45fcf9d6e18ce147477debe2f65640a01fe4967b963730d0f4a01fd858ccf3', 1698120699),
(0xb35c8f202de38776563fd4bcce41a1316c1ecf0c, 9, '55d9114d94795d15cf5184a05db75f9129835892e7e7a5095f5a6ffb807a105a', 1747951919),
(0xb3b76f9ed09daaaf8fa9b957be03fef04beb112b, 1, '7f496389f647bfbcafeaf3b67c5b8849fee45195194be0a4694ef107ebe5404f', 1700978742),
(0xb3cf31e337c77bcc0aa1ba0e54607dcd32ebf442, 1, 'd712aded7b024cde7e8658c1f0d406198d8f275b5bd79e9a5255bc9c2924bef0', 1697152217),
(0xb4378e0e020493a57742963cbcc755b956f02a55, 1, '33233f8dfd311b79c668de184accb86756570154914f7d33b6002ed1d0cf68c1', 1708269160),
(0xb455dfd99a412d728817355185e6a22a7990e162, 30, 'ab062f6836fb5f2e9a64b47bea5324bf9a6c988b394800069973a636e424a8a2', 1726332470),
(0xb4ae5259fb0a0c4596b8ef38d52667a70a9c7ccf, 1, '3a147b699c62e360e87b9f20642d63a1aa55be13fc012d87c81ec14fb15b8b16', 1709131701),
(0xb4f538696bd5669342d1ec4ab610ae17a4549621, 1, '87d2238e54d4820fa37773b62a718797a2c9e8c8d67a987b0937838b7b4577f4', 1706013386),
(0xb5549b51748e5d3b8e0141c64b6bfa3a133376cb, 30, '39a4f022b760a0f1ff5e162a3dfda06b140602c6cb4a9b514bb6b3fd1bcb5cf0', 1725368329),
(0xb588f813128a926219c78803d556ffbc8fe542e4, 9, 'd123afdbb2b2d58f4ebeb33246a5b403d63e88cac60263a0b3cd5f9ff25030ab', 1596536371),
(0xb5d7bb1233960686c8c0495c21614fb5ec1fdd2c, 1, 'f2662e9d2ea5e2a0e8d9e67d4e1bfa0f513df70a810876ae7189ee1453e12bd6', 1697420926),
(0xb617069c4eb140d5ce12c4473b5f7fe7b8461e97, 1, 'ae34f20605e8bbe087f2abccc26c2cf8ba635c74b9aeb8596c7278ed153fbac7', 1698120251),
(0xb64980f60489bf45754f3d89ce69f231509fb7e7, 1, 'dde6b6b8f543324487853e52d606297afc098e1db26cff3c9b6f1eccf3c66fee', 1694633010),
(0xb6bc2256f81887d037b4de6914b2c1a8c7434620, 58, 'b42956d2237c6301b93328abdfa86152f50a69d2981246381564a929e6ccb5c4', 1752145367),
(0xb78e0ffd3664864dd53880b2a9850d1b55992a7f, 1, '70b7d048ab69382022c6e25ef41a543726ee45581ad6ac8ee9af2fd6d966304a', 1698425299),
(0xb810dfed6621072db11730d5392487a7c403bf50, 1, '9d9fa428975c72c5d083cd4fa671d21ae535daace18b74f319257b4b41c55a75', 1697154325),
(0xb81766c9da2ccdc2ef0a633f4c590d08ad35b59d, 30, '703ae14640be9d86466f6a03c8d5f44def2287450be58d45c648abe28ea6ddc2', 1725814978),
(0xb8d22c33aa8f76eed190166bb277ab9762a33db3, 1, '36e100e4bcdc36ad1c8e63aa7e3f0da494fedc6b8eea04052c2b4418530f5da4', 1697902329),
(0xb8d325097a026a39db714024c6dba7c6e42d9ba1, 1, 'b84fcea116286f544730ee64244d7cdbe92c3cb05c170f8c3d530777d38a7b69', 1697933076),
(0xb916ef9345c557d7d7da3236d054187be01f3d61, 1, 'd482817d98a0271411720a9aebf72badb1bba8daf8b64402090f06fe7d4ce3de', 1701178928),
(0xb9be767cb19332f9d5673ba085aabea9b8abfa3b, 30, '544dcd7e08c7ef7d53607c5efe518d60c910a0a8e99f33b54a78545c8d11d250', 1724671348),
(0xbad91ab6bcf400bb36d8500108a298173de70ce4, 9, '67189b7fbe30de96b3bde4cc8c7ab575f5a58dc1d9276dda339984da23bdef4f', 1723050910),
(0xbbbee99333def2b469c7bf406949bacca83d48c5, 1, '13eca32b9615a363fc9bf558d726db9ce590f972e28d8c0f19af446e6c760400', 1697404691),
(0xbc52de00a9ef540a7f7671d5dbe16d3da38bc280, 24, '937069db357dbef536eebccb40cb74de83d2bfeb2e1da8f92b6238a6f4bb0016', 1551969039),
(0xbc5667b15cfe2d53661c5a5cbd48045ab7aaa297, 1, '8b4fb6f29cc4f1bc3883c0f4f97374984bfdc63c68d44461121ff18aee5f3bdc', 1701547991),
(0xbc6366b33344d6289f4ea0ca7b2214ddbd068768, 1, 'c81e6a8b607c2376d3d1e42fca949aca35af26f9242b7eb6caef796c7159b8b2', 1696871852),
(0xbcb0e31d98f9c4d32b335231c9c9e27e2f27d04c, 30, 'd065f35f10594d69437262e8eb6d5d8df3b0f2772dafb6bacc51db4ae670e2fa', 1726649145),
(0xbcb8571e37820cbc40de807bc159efcdb3636c68, 154, 'c9da30c63b84bfdee571c53fe5147c711dde574592c6260f7a56e4ccd0cccb6c', 1569525750),
(0xbd5285f6d86182ec3c5c980e5ffa309a0d4cb064, 1, '922988963af09dc84605ec2e720c4f3b9b16f369a1ff7d277f41dc8dc126a601', 1697515027),
(0xbd652cce26e73203b59567e53d57ca2ee3d41efa, 266, '87ad5a2b6bcb0b370007e99afa2c74f7eec08ebbf79edb93ca57eea8379a41fb', 1571944039),
(0xbdcd8103e361afe45a38197c1c7a9ae92e065bb7, 1, 'e58ea4765850469727668280a3cc86f3ffbe7c33a75d8b345719bc8b5114760b', 1687331959),
(0xbeab7d61f2befdefcd14592dca469cfb16d9031a, 1, 'e0edc5a04812a25809170841a848b6825b94d9acbae11a6e6f4478767f003389', 1697937017),
(0xbef53d4f7b00397408eaaeece545bed031d170f5, 58, '0b7b86711e498b20c13e83c8472cdaa1a0e5478c2577257d9828a781500c8fcc', 1742656244),
(0xbf069985028ad15bb423816fc38d574deefc2748, 1, '5a3c577d1d0c1ea35f0bf5a184be40f5d6c4ced119540eb92050e7324e4bcb41', 1701701299),
(0xbf1e09495e5710f7705734d5f4db29b0fffd1a3e, 188, 'f2a92f865bfe676d7593081d47810999deb4a5194c2d1a9b238108e4454dae06', 1570221704),
(0xbf485410f3186af4fe78deab7daa89e1d5c78a4e, 1, '0f162b5491aab29e317388e45b8f6807ccfac14881ea92aed5b3317aa794ef37', 1702239996),
(0xbf6f081597034298495768e8eb42e1c55aa2d2e8, 58, '51bd854cf59e308b042d8e58ad61c68979111f94373fc4387fada689b0a83f06', 1753838690),
(0xbf78963672f9edf1bc2dfb362f196d4ebad5f717, 1, '99dc9cc1a6cb708081c7cb475890b7aa802e7c6ab00c3b062c800243017f6b1a', 1696869971),
(0xbfc4316c5ef8e87142310d024cd10c2905ac2fc8, 9, '18a8ccf1e58efac5f3dc32f1df8a3e3cf69c8be7e7732ec7bc2a1edab6ad68b4', 1596520062),
(0xbfe498865aba1a403d42c607802da02b0b8c6804, 1, 'ac4ec4b5b0c115b330f87f612ee2ec85e641bfc87d7a082ae2b2ea92bfd1cae5', 1699221621),
(0xc0391b343d49ae26787eb08a7b607b8c16b50fec, 1, 'dd5c1b8b8f0d3943c455705be21fdd812aae963d2ade0de99336865bec95e2ff', 1696871543),
(0xc060e8aa1a67523fe816b76b1e4fa7b39ccd1a24, 1, '321a0b45aba5fff65c860997a7d614a5796259640e32d38b43a81dd6f6f1e481', 1701198999),
(0xc0975c271195af41cd31544e53ee5797fee7ba82, 58, '9387c3da3fbf0687f80624b6126bbc53152571e2a2c1a66e80c85f794bbd0828', 1726857615),
(0xc0ba12bf9e0c004e16d21fe617ac36ab7bf4e297, 1, '41feb9d32a2c5c55afbc5fed014977c79d01943ecff9df17e26621b3da5fca7e', 1696366349),
(0xc0fa79d7190e0e730d445831b13528948776a158, 1, '4c786597d47ff2114064a04e1e2993be5ff3690b608ef6af174b2be74f992872', 1696716189),
(0xc11dad6d98ebf8ff8f4c058917867b102a23bfc1, 30, 'ba13001f94cb638a924f9e86f006070006e13cdc6549f08c05ff87c41ef4f44a', 1720777340),
(0xc14abc0d50b2a9111e250a2a57186f606eca022f, 1, '7d5f0f5eeb4b001cf31790141e06dc8cb1b86f917515f84d51d64131f592e673', 1697421664),
(0xc1b864ecffb35010541e1ec9c5754036deb04b0d, 1, 'f46dd09618af4204dfd49355e5ce88306e7a845b42c705b6da6919733a10282d', 1703513447),
(0xc224df85bf2f4bc8eedd7b82b06e4667a80f44e1, 235, '65fc5f03ccefbff60b5e02cbad816d10d2e9a618cbfdce97288f2bc9cdbf1b2b', 1571439174),
(0xc38552dc645c695f1979cb13cfa4f83f31cdaced, 58, '081d4c315b4d183022b0efbd49533e2877f567fb873748459b7d6ddb8b2943ac', 1730870735),
(0xc39d7328f411ab4f9a6ba8da78731ed14f75ffed, 1, 'bffaff9b57507a5e86fbcc08d27d23a9e1e284851d89a3d58280f5260a5fae2d', 1701632026),
(0xc468f44da84c3a42053cefa2d78ef90be4127057, 1, '6f864b6a1ccc991c417cb96e135fe5ed1a046ca601f9eb8d5b8b26bbf1394a1d', 1696210067),
(0xc4e0e047a21417e43798b43ad50b17190371a811, 30, 'a90611368cca993936efd373b30223975507e6fbe45663bd97693064602cd3da', 1722357141),
(0xc527d4bcf428639b3bba94a0c55f899f923d885c, 58, 'e928da4c8355e24e7ad6a2eb11fab0497cf251078debe7864379fa572f4b50c3', 1726844183),
(0xc52fd4d6a09310861578ec43cb746d2a7135d69c, 9, 'd5d8a0f48b3e3db6941c3613feeeba7651f7756988d515ae856e0a72debc9cc2', 1729793863),
(0xc5edd3f53b825c70e6fb24c25ce2a5f5e6df7772, 1, 'a50cdd6bd63c14411271f27604e7e334eb860ded7329ef8fa4addaa49aae841c', 1702113271),
(0xc6a1f521f6e03678212d1312b28b59d1cab1a7f9, 30, '27c27c7abbc03909a146690cd71fc3155a7030f59ccf63c3a2aa604aa6be9cf5', 1726247608),
(0xc6d8e4c940e3c21c90a19201839361f91939d127, 234, '86ee08bd58829e6b4626a822a0a34c3217ed14c09c3b9895ec72b26155fd5bbc', 1571431171),
(0xc6f4b3b816d14efc1e44ffb3a20fd8f91d160d10, 30, '2878ee0a07294b08b07ca90a8e3f068ef47cfca4de5be15796aee94a86be5646', 1572445705),
(0xc719d96021952830aff8c6706392143473ff2ad5, 30, '713dd8f5296bc3b1e600402aecb88141fa58b8db1f19722c547e925fd3789362', 1721321843),
(0xc7537f54086a28a5074d08012ddf3285ad62f97b, 1, '676d3ca60c423ccc93b9f4414b6cc1e987a741ad99773a597e64749691b2795f', 1694026104),
(0xc75a0d3637a1a2f47881cd024d62e06544f0a27d, 285, '4a9b02dff0a5c9dc80fe21e843821b3de0e1c1decc753557cad9cb068449a79d', 1729725171),
(0xc7b688a5585ffed9a86e373677d7eee132eb25b7, 58, '43a785e4f5b1a7dc03e0504ef2abebc4778bd58a51b102b8556234d7c73a2032', 1743349950),
(0xc7b9dbe17149a91b7e021a133334669328485a1f, 1, 'fcf643e02824add9bcf4fc908a8fc808d52f96176b4e76474040ad949fc6b3dc', 1697514685),
(0xc7be801bf054d2ebfab1744543b9a15717141dde, 1, 'c891a782373435097808f6fe57a8e3e694fb030df236780e435d35d4912a4b01', 1698014198),
(0xc8e094ba2a65a01683b7ae7c7f8cfb348791e734, 265, '1996d7884b92d5225e09aae4e0ad9d91746317d6c5dde464bc17d5c8087e05fa', 1571937194),
(0xc9114caedeb748c035610b7037c3ef15a095543b, 1, '1d430dc4049d87392f0048f38aea21023edc5624631b9b6159fc6d557809386e', 1694022725),
(0xc92e6effc2c50346eb26e30cd7dc58259057175d, 163, 'b42c56392c0915215608f81515f1fd9f0e6509345c3886ed467da84c24456841', 1570059046),
(0xc9d0ee26bbfbc958466f891401eb1f1e23ebe252, 1, '86db03cdada5e48164387f5e792152a671dcc50367d182023ab11cc06f63149a', 1696874591),
(0xca0b1212a18111b10a39793f84d4e5ce93fe18df, 30, 'ed617319926d84708e0eebbb1289a719f240ed64001116556fe53df24c7bd5d5', 1724162735),
(0xca2e35cdfa0ee78e5d8a5d000082db50752cb676, 222, '367c8034f6d3b11b869d018ddc986921b436abcb1d8933b87fb0cad4c5ac97b9', 1570891156),
(0xca737a3fe97cd7aa8391a0bc2f7648b0652d3d01, 1, '41276a8df58d97cedc52b57dae22bd4e1483f79641c3b848e4d1705922eda3d1', 1698037781),
(0xcbcae593219a93f04de358e28ce015d60a51385f, 169, 'd90244517ccb35d062125d1da76b252daedd2f6a460b0b17e8324fc40e9a11c4', 1570118879),
(0xcbe20c72ca8fc4eea07861337ef5659cc014315c, 1, '7f1e27240fbc64f70e08f7c11ee277cc02423ec10c0e93f4ea68eb666133a556', 1707225117),
(0xccf865ff8d84056f4c9b20f968eb4c8ad19f0487, 59, 'd374764fe9cf8d22f542f4c1c3a0e0b69baa90a462c70f94b9c8ad45ed08790b', 1571959652),
(0xccf8ba57bfb679cb6621de3c8252871980fb297c, 1, '1389c1b63cd2bc3a9d70004e8820a753c21346c4241a9fdabfd3678b36f3d4ce', 1699202199),
(0xcd72dbeeb0f4ea56652fb4f316c9dba02d0d932e, 1, '2da44186f321e0dd7329b861809a3680031ad47087b4db31ca1d2af06d488e60', 1696871944),
(0xcdb4df8e807e8a3a09581c71e9ef1c7f1b01630e, 189, 'd659c0ee64387e53671fc0942587a175d30c668a57adcdba60d37f8beecef053', 1570246248),
(0xcddbd86c1f5a0a3202282efb1250bda55173187e, 186, 'ef0afeb45b93ea301f82d601d53f8202372aa47e92887b2d8f4ce4ee5bc6b274', 1570219411),
(0xcec1965f06c015a2253e1f821fa315e77a7bbd0c, 58, '01d44ddb9cd6770a00c9d73b1400155940ffda537d598ebc9e5ad5a3e901c107', 1727002874),
(0xcec2907eb10b72dd93d8be7fa027d5f8e85c0e67, 1, '917dde56c59a3b322ef453b6b41f7ccc1870ebfab4d9bca4649b188ff64dfb55', 1697942230),
(0xcf536f6ad071587bd5986cbfe5022f37a36b53dc, 1, '422ae5a54a5314986b7b478550335c03652e1e321909a6f0b4508ba248a5b632', 1699283384),
(0xcfad09b4cfc57665f9a64e306b57b5da310d6306, 30, 'fb1c4ed71032289886913aaf532dfa18155b9512c2281afdf4f7d8197f3f6114', 1723619320),
(0xcfd7236e4d4db613ea7e6e0f2bf5a85fcd417145, 1, '4936fa344df505b42e7507301098fcffd0d776239603faffd379e0dd53a90c27', 1700702522),
(0xd00cd004e793e13cceaed0915d6165ed73f95e12, 1, '9842f0206d66eed42e6e91e10b3a6498a9177b4f02479335236f275746045b32', 1696799575),
(0xd0e0891a2102e8ca3bd2a478e0b82e6c0bb51143, 1, '7b82b74a330254479b4994bf46fb7c9838cd733c3ecb19c82b86ebef38edc8b7', 1698511315),
(0xd191a96ff3231c3bc66ab9f458fb301c448ce26b, 1, 'c1466f6c4b6627e3ef11789efda92c6f9242fd0f43370091a5bcd5d6c423d844', 1701640274),
(0xd26430887cead05138f19d390565aaa995b14fcd, 1, 'face05332199e95841f8f14af92da18b22fa66bc0a576b1f2ee7d0dfdcf8c768', 1699371826),
(0xd2848109b6a5c4b702d1a23ace5700ea47d8f60f, 9, '2f4a1074db5ab9dfcceb153cf1acfc98cd9d82dba41956b89267dc746550604d', 1723897628),
(0xd2a3a628177108dfbfb543c5c0a65cedd927eff4, 1, '57211bb2e7afaec58ab4236c2a7bd7d08e43bc2f111cc222fd8b89a133e15a52', 1696876080),
(0xd36501f6b5dbe70552256135c4c624fa7f113c73, 58, '7e9bdf29f820c8a4f56d92a6e20596c1f4ffafb4e760d166035b8ec7e5ac6eb6', 1726730453),
(0xd369b86e59520e4baebdd81b2a6d8a515b0c13a0, 1, '977dbc4e557f406be185e05613841005aa140d33652f8216765dea790af366e7', 1697515796),
(0xd378857be42c897ad5b7289238396d5d51165c2e, 1, 'f9e12823647def9d45bd8deb94de711a009cb137edacc4987d052278e7388875', 1687621367),
(0xd3b965c194589b602de716d30a59fe375956b6b2, 253, '2bc6c3849f57f5db36c2849b91c91ddcea9557bee226d19ae3c833cb230f69e5', 1571846474),
(0xd44e3a185a2113d886029a8c655aaf59368c4182, 198, '7477e935471f6d36e51d3b476a07b737be29343fc1fa2e35ced08c6d502e1405', 1570567381),
(0xd4a62d9f041bbcc522f835f3a97df5725fa9f6ce, 58, '708e4c723d5642a4fbcea31b72d98a38f0864da04e84665c43562fee5db8dac0', 1745192982),
(0xd5a5680208cd025bca6616c062defa89bee60824, 1, 'f92090312021bb1410c3f58bd456b9dd63233f5179b17d8c5c69bde83d3f4ad2', 1700698793),
(0xd6338a1882081366d466683ae9c408adaef64e76, 269, '653e19ecd61f914f44ef6a2b1bc5b56f4984010cf1d5a70895fbd15711070227', 1571955078),
(0xd656cd2a421b127a06538332412f64ccb42b2da2, 1, 'c28f8def401b441257d9f489c37dea6825833e08cd14f74efe7424fa9bc85057', 1702214297),
(0xd6f0dfd0a5d664df4c511a4eb8873667d1634e29, 1, 'e25df6f676c2237e3be230bff024154579aa1375f829ecc11354be4d00736ddd', 1708745223),
(0xd71ec792fe9604df452f72d99cff3b8fb47198db, 224, '271d82f27ac2cdd0cb1c134b75abe6e2b49acf27a34ddd5a9d7b2acee003ac11', 1570906402),
(0xd7868cdbf123efc8b0930bdfe35a8281407716b1, 1, '59f1c5879a753e5c96fafb9d2a68ea21c6e8af97e339f4beaae500ab7fd28dfa', 1697428671),
(0xd8ba1fe66c82d01c46b5dc862a62421bb7d1ae03, 1, 'c6c430acd8a7e320222abbb36c53a83057c840321f5220480030e2d7cba1b202', 1697143904),
(0xdaebb68323402ae09b234998f7bcf93fc105fc8d, 1, '6d92cafa75d30ec181cf8b3c14960ef0ebd5d0061843b63c788085c8f21dc129', 1697933598),
(0xdaf6f469bf694e81ec35a4b40519beb4afb7f802, 1, '125f89eb1d6d06f4c120e0a83845fbc91cbaa27fd65dbcf4eb2054071b012609', 1700678173),
(0xdafafcf492ddf6559dffcfe034184a926813388b, 166, '01f65026c117c09ddb6b04da275a7f29b8ae5ff875fa7546a179713b2484a390', 1570111814),
(0xdb2ba864b38386348e2991cccbdfd5e53791047a, 185, '6e67fd16e9e816891bf3aed0259aeee7dd2b67332784fd0a21e9d75c1fe096a1', 1570211423),
(0xdb7498fdf2d925769f1e43bfcbd5af18a61447d7, 1, '0fe1e10b42adf2dfc81cf9fbccd75fcac3e6c31844484626d74c7c7e18660ff9', 1698114655),
(0xdbb28ba7d477622a73f52aacb02873edf0084f61, 1, 'a96fa34fd4f003659dfca828d125cfdbe54a6fe9845b21a589f482c190683e32', 1696727103),
(0xdc9f06a47c48d27b5aee28cc3fca118b3a89e6ae, 58, '59cfa08a05d08081636bcd84465cbb6b9265f31bd035a1c81acbd9aa1ae820f8', 1727713649),
(0xdd2376c7296f1e4d396e233324197c38441f50cd, 30, '23d7d2bfe1009be5386861e9728415d16b91a34a6a51a2c43796671b22c6beb2', 1725279095),
(0xdd62e2285969cf6b5626c48412d29eea2a1dea7c, 1, '26dd9db1d4bd8116b48fcbdd8dd064452f96b4883b0022b27486770397842481', 1706500247),
(0xdd6e4fd1e9eb88239a8d358e690ee46c8b2dbcaf, 1, '3c37755a1a2d7c0fb698cd94ae92a85e40b6d59e404e1dd7a8bd606be7191cba', 1700703123),
(0xdd80ce7b8dbd71c1ede522bb4293260eddcef4fd, 30, 'afa7337d3d7c279401c13f83dc9e5fdf92717be07242f6f4b067d6ec2815648a', 1720887000),
(0xddd5e6fecc637991975d2c7bf6a02e73c3ad3a0c, 58, 'e3bccfb750b6c0fb28982d3ee9dc78d61c6b6c29ada618934d801ba3775c233b', 1751114816),
(0xde2f890b1347c7fd45b5d1ec0f628f096b4e5f15, 1, 'a23d7eaf3f8f2ca8f812b4469910950c4da6f103e5d43956bcd5a54bad310242', 1697941925),
(0xde9863cec852cf57a7b38af07d89a3ec000e7ffb, 1, '86001e32bd79a419d164dacc50974f85ecbb0b874ef4dd54718baa07abd38cc0', 1702336312),
(0xdecd48ecf1ffd0fd42b232cc5de728667838df35, 1, '61cb2f2a4b7b26fe7cab2aecfa99a6ce4e68a19475c9219a17721ca9b70f9bcf', 1697421910),
(0xdf0e67f38072bc40d2384ec0b5058d61a5a13c4e, 1, '644121973ffb29004d065db9aaf97be5bc8e15974dc62f700b96fe7f9d00bd63', 1697145306),
(0xdf38619e8cd7513cf96cc3f7a13d3f96f8c27a4e, 1, 'f5caa0b823a9041eb55096850ae85e5b6c7a806ad0f5cf1141139b8f0e247f30', 1700676325),
(0xdf3a996934f0681b160a1e3a47bfb5c6cc5e8890, 1, '19310e2e1a1af196ef3bfa9020c1bc43cdc206fea84e64bf5b9c56fa62a137c1', 1697933108),
(0xdfaa9c9ad044b433fc78fd1965dc3cbb0718f9bc, 1, '04f8b86b6c562bd73ab464e875b5c56321d5ec1d6c679c718a307c1fb6cfa160', 1696739210),
(0xe0552a2546dab21ce92c480456e3f5e598371217, 30, '46d93b7fb47c8f39612651427baa9f520484b342f2e668ad2483d35164863d8a', 1724580980),
(0xe095f97a4aa8ec49645ad3300083a7c64790183b, 30, 'b6a45523e295193d0e5bf1c4d6d73d60fa44c4f0671645f2133cf2dea726a204', 1725951928),
(0xe18ce8d41472f8fa5b4454566a584fde30f36ef3, 1, '5f774bc7ea2a3c689a3c3b1c841df6165bde0ddc1ed9c4e28d52dbd5d9530c4c', 1687173409),
(0xe1ed5e71c5959d36ae9fb3996026d00c6b6a3e02, 1, 'af8eac883fec7185e32a1142bdbb66bab190cff3bd0699d90b423abe30459ccf', 1708278815),
(0xe2027ace932775843ab1c6e7ac7bb5a2971f637b, 1, 'af433728a9f2e3565e8dd10fcdea97b2107a212899126807e903e91793b43834', 1702320565),
(0xe2441da441e7bb67dfb0304347139a73436f655a, 9, '4006b0fe5a80ce1b2d1c345e376ab09c965a8610f3291c4da522eabc3c0120b8', 1753196873),
(0xe29e3c042af9d7c6366fc2b0691102ce1232bbbf, 214, '54714ce91d9b68ec5b0601e97617de79cfaf2fae5896a9904a7925b35e627b21', 1570826166),
(0xe2f05de44500ddf743123e2ae5afb679b59aa0b7, 203, '94b259b9bd66b2681b63de72633fa05c9fe1aee041d416eb724fa552b76b6a63', 1570722288),
(0xe388a176b59c71b98cfa5c51833f6bbd961a6b33, 58, '12cfee1023e5461a80fdeead18daafaae1dbf743d7576b1587417c54eaaa3f1a', 1726801572),
(0xe3a21f93b42ca91d33bbd33a21a096faadfe1f31, 1, 'f12ab7b2761431788cdd7e63ccf78c0f80a0f135053996e593433d13e91f6c3e', 1696215220),
(0xe3c1e32ff196b50b135406c04993d582955e97ea, 58, '0b7a04659aa0b367da968f05738002c832194670152ba9411f5bd14da5b6bbcf', 1724171352),
(0xe3f996d6a6f98f2f31a6912c143b62d0b625bfc9, 1, '094aa1ff4a303b9920a4dcbf24745f53e5b84b7d9ff76a2c0925bd375c2a7e79', 1698576269),
(0xe40799e21714a8c992bd442cbef288440469bd27, 155, '997d129934ae275a7220e8cddbfc1044ae28328907a71cdc4f8045ee14a75722', 1569591787),
(0xe40ce98c0e000f90f0ab1aa9c6606d1349e47393, 30, 'c06398f033ca9438309acabd87d620b3391b42650641b13ca42624933c364a77', 1720524931),
(0xe418b44a216b0f3f34cb4a4f02993f555deea9fc, 1, '2ae73a5c2b0f7a1a0efe5ea86dacd19d53b227fd8747ba647f1637aaeb141175', 1708812129),
(0xe4456b31e5cbe8d44e641666ada5432440628c82, 1, '0754137c9ee564c9ecbd06d8d006ac42eb0af7d64ff841c2d8699e8ab1c6b941', 1696366676),
(0xe485584dec9afa0fa6f19dc20dc5c2cbab324331, 1, '35397ae4c321466f1da2f5cae561276f537da2b4ab6e2fbf8a6938813db7db5b', 1698615567),
(0xe48f546255a2afd94457dea00ab78bb1a432f295, 58, '3840d667c19c48461b076e9181e98d545bc74c7747653290a2d3050f7b275ba0', 1732892329),
(0xe68b23c51700f94d47b20bb1589eca4e454b6132, 179, '866c6a25748667d317e937c6f36b2136e232e67e16f4632cb9f19c40e2a76fc2', 1570196465),
(0xe837e170b15b3e959a90c0e9aefa1472f4af2057, 270, '696c1debad7631b23acccc5a77ecb0f1d3977d09e9560856d1953059689bfece', 1572016005),
(0xe83e83e7d74424ce1595d578d5baa585de86c8ef, 1, '1c8558fc60a51c36b5702ee18d624bd3966c012f49b613915ff2c9b32c11380e', 1701544872),
(0xe9068ade9b0c693705e8abfd27ee077cd90fa75d, 30, 'ffbfad4cc353d7ca423fae17d6688e24af26fe170552f6dfa1108d798a706ce8', 1727529743),
(0xea917342c811f484dc249c894526060985e079e8, 30, 'ba4788b3f2d6b66c2156722e8cbfbd948ce1389a13be9a8f8a7901414b4d2a50', 1722064746),
(0xea96b30652692c3e8feb1f1b991a05a200e57e8c, 72, '9298e521d2eab6e174f2639da15af2c1a7b45d469ed6c8d5a5392e68d9f6c6e1', 1745205029),
(0xeb08465b515c31611a10497634917199da88201c, 30, '25784847c84bb3151ad4ef993619a6a036c6f7dce74e4ed80ed75df7550b0d90', 1717494377),
(0xeb24410ce359dc4f1d5caf640afe777308cf18a8, 1, '6af509ceaeb62f0bc179bfca8d1f7a2daaad77e99aba4e2b3d1c5cf2835dfc49', 1699460960),
(0xec35efc4503ccb1084d0d7befada0ee88ff43c75, 1, '259629e1975e2ab4a8ce97f74c0ffd23a391f0ab67e1b297f2dcd72cc055df08', 1699730710),
(0xec49ffffceeb6b3018d3173ac9e8321edcc0bfd3, 1, '0305c3289de6a4ac8775f05d77dcaac5ce2284af1f9ab91fbd017e3e3765337c', 1696715974),
(0xec5502ab87e4f37fff485d0797d9154e4395a8ca, 1, '4745711575cbd736d17e704240ce33f3b26dd3a3441e82c17b26c882b2ffbf23', 1698763238),
(0xec6d24a9469917ba26e49041f56f7e0418973539, 1, 'e5cf5060c73cc41870fd29dea957dba83d158e7814ddd77a0f0d2d74094ee035', 1699964634),
(0xec71a869c2c5c58172c3ce865702bea487ce78e7, 284, '22d3189433aafc3519e8c4b2db0a9642746ce3cc7878f2c38c7b635a0dd67107', 1572123830),
(0xec76b921828e3878f4fef8722812c9021d5b76e3, 30, 'eb1a23356e382a829df71cdd50aef707f8567ec0ad15b8b3f1316713f05f4ad7', 1726646024),
(0xed2eed6d2a98759ac6715b7f800df721f2f9247d, 273, '131546e4896de802b4aca68d7e86c104c724e910bc26621d46fef18dc2b0c022', 1572018334),
(0xed5bd451d35134943e67771ceabe6b7745d83329, 1, '55901780d8732f8078233e903a2ed35fdd4a7e44956ea3539cc55794036291d5', 1696949293),
(0xede4ba8b83bf5a414b416256937c74c51cfe622d, 58, '75ba6cc6628a51ac082c361ec94c909b07769c44e2580bdc2afd73242c4d27e2', 1753791247),
(0xee10943b8f4f4fa32884de96e3897b3bb86b82b7, 1, '064c1412108ed6d693521f76f2b2c3d80c52c0d910eafbeec4caa52e3db8e1ea', 1697552053),
(0xee93c4f7355bdb0a2ebc80c5aa2e97f26e6d78f8, 1, '4f8a7d328f7195e88d78278b3581774aa7c5e736a5068976eb2e2df6ae526e5a', 1697154295),
(0xef11449eead2d1b81bfe953c25684f8f875d9aaa, 291, 'd16153fa2dfd8aad7a2fbec5d8c4fc5888c46aacad501ada9b4138c8575d15c6', 1585833882),
(0xef1785fa4a6cd888a5978f9cd7ca9c53890db666, 236, '169df94fbaad3c44649306b91943c71f6f8e7f99af784201735eec5a6137aebb', 1571489182),
(0xef195d6e6ceb1c5a26029f97d4776966c488e7f4, 206, '1a6ab8d10304c0f0c8a0ef56cbe979cb36ed61863c0411a481a63542aa0d5bfa', 1570731854),
(0xf007dc645808229beda70090e8fd1d06e5adb76e, 9, '9e77eb6416d86c7d5b4423479d115bf4f289c7c4d40f8a02bdf1b087dfe9dd78', 1596565191),
(0xf03633cc1dc673c71c2c8c270025364b5a1c759f, 1, 'd2ce7fffe14502ce0ba875c1f1b1a0a21922e13b3064acd3e3f6f317db4dff48', 1687179886),
(0xf10a1fc9905746dc8bfd2ee4d24cca5d2a1e54de, 58, 'df7b3c74642e2e221e6e93597758d140f5922c254199f12e42d9c70d82d9b5bb', 1730913134),
(0xf1631bebb817c8847572dfaecd19019b7328a27a, 1, '955f2a7fabea9256113863db3ac62feeeb41e4c5d53982c53101c80722399505', 1706196733),
(0xf1f099aa93858412b49af04f84f0dba1abcc1ed6, 209, '5e6f4361ff33db83bb300c95e7011a1a6289730041a88aa5fefece3ccbee07f6', 1570823145),
(0xf22340c301e384a8091a7fb468dd19eb8dfb71ab, 30, 'ec05347d42f9a3126a590134e0f0c3bb362e8e6663f0c0bba3b2f58f5618211b', 1725471930),
(0xf23d13152712611fad1e6a1e2fe844960e7dded4, 1, '91e8d008393134f70508ec219c0ad6c677b1a6dc6f7d25c80694a39d824863af', 1707038974),
(0xf3c93e4566b00eabbf9f33f95d961a6cafbd9afb, 9, '3f93183733a36f5b5fcea9b82fa82ab2280dc287ec36053aa7d7901dec68bc03', 1753710607),
(0xf3d1cdcc149b008da22982e9e9c5c0f2f83212c6, 30, '7502f478ddd5643bb506dfa1de4a129283adda3d0cf22f51bc09dab5e78d026b', 1725434964),
(0xf400613cc711f7000c1db4f3e0aa92629aa76378, 1, 'a9ae710017310fd77510a10e5abc1ced010950e8dd9cfa4409aba6c20f7c7adb', 1698118223),
(0xf45e472b1f825eaf371663dbdbd8b4c6c83373dd, 1, '22d059c13c6f63570527814d334f445bb67d47f21b326364c246b501c8a36ae8', 1697406847),
(0xf4a8a3354d115d5b24041f8af0d2b6f3e2637a5f, 1, 'd3a775674bdf77618ab6ad5b95bf95e689dd9e3db1350764d64dbf58e59c7af8', 1687783172),
(0xf4c4f74ce11c209bcf13f574c84fb096c988db70, 9, '59477794066a2e991ccdd8dd5c1ab539c2223c711a8f2a8f191e3427295ea81a', 1745700338),
(0xf523507233d4f6c33dd87aa2a8d00f65da602d68, 1, 'bebe8a827d91bbb131fb5c52937a1c54816d4ecc80f589b7f250ead9487b7383', 1697871619),
(0xf5c1d264ba4d5294e50be7b190c1a970e32bf811, 58, 'b8840536f214da7043d88f96ec90c6ca2cd85ca5c02083dcadbeef930021d564', 1752493827),
(0xf5f87f75760bc147973b8360d96eea2039f13e82, 211, 'bd2926cb8eb471b1592e19de1e150c5cbd35d3ffd652dd443b7cefa0f79a3fc1', 1570824297),
(0xf6850ab88c953cd5a38c6faff3a2bb8a9eda67c1, 182, '2e5c36d5f08ca5be3d1b6daa8b2a40e08b8e230f8295724a97d430237a3f4978', 1570206505),
(0xf69f71c18533d14b3e0e9a6113583828a9faab52, 1, '167bbb86cf8795ca7d38214116b6cdeb315038248e7196d1c763baebdaefb6d3', 1698184331),
(0xf7559c45c6245d06a136397e3d4ee664ea6d658d, 239, '4736153864437c26560a6230597514ef1f9676ce7ca9b4b356feed25ae23077f', 1571512109),
(0xf7c34b2e2594c17aa838a8623cdc1648b463dae8, 1, '00860d62b07237ed8e05dd349afba5d0a829402a741a3611135f8d8daa8cbdf9', 1699820482),
(0xf7c49661a9577ab8ce11a346d56ba46f9ee8a3ad, 1, '7726ee5bc2346484d58bac7f5f79c78528aafede755d8ecc8a107bd4ab139478', 1700978879),
(0xf7d039057328fe036fb2ca108f2b43d2304904c8, 268, 'b4cc6c4d38906cc58413939680f7e4ac545ac4ee3f9b1ece9ecfbb0db221a54f', 1571945794),
(0xf830c7ed2e12fe2205abf1101854735affdc1f17, 1, '33266cee6a47d7bc84d2e10ba83759f3b726ef36c946156e7a38eaedc3c8d862', 1699724856),
(0xf83266128e3df2f9824c28afc6083d323904a612, 178, 'fdc4ac20445bed7891a8ec6ebc1f3bd4aaff9812f39318e6796d7c012f058384', 1570190085),
(0xf8731e7189a301014dc354109b4c69e7af766000, 30, '408fb12f0382952c950b38c4df35e879d5862180c56b1115339d11209f04cfab', 1724780942),
(0xf90480625288e1404a443d33e79f7f26740b7fd4, 58, '8520b3d32376e6ee7b97835f5cbbab85b16674d7d7445922580d5a89baf841a4', 1750007327),
(0xf992280328c2052ca6f631dbbcbc42d9029199ec, 164, 'fc83e0e33c5acb15e503a42aab7b0b3de09f2125932b37c044b934e84d7043e9', 1570488329),
(0xf9e19039b83b711c0aeecbe6d9fd255906ce1c28, 1, '7629df9232fedd6142896c50ca7c70561ad90fbb49792d357998dd3cd1034f84', 1702844776),
(0xf9e305494419a294343e99ed90fce51eae2a0c8b, 58, '871621a3feabcc583cc6193c9cf4d7ebb6d7968e15d42248e362f823a140f8d8', 1726998834),
(0xf9f3cc71d39b4ea731b339c1db788a8a907aa2d0, 1, 'c44651f726c028e4cd9fa0a462ee626206976ca6361e9c384f9b16c9611fd354', 1698238957),
(0xfa479b08a5f85841c969717405bfe9b0d73444a6, 1, 'e736b050e4aeed8d0726bf8944a69fb4262c5fda1adde6eca7df2a35fe5fa291', 1697469398),
(0xfa5bd3a2668bddd203f0afa1b9882d493042b754, 1, 'd2a0e9c729789f72203b7eaaf956773cbb424b9886994142c3d3dfa33e77299c', 1702113282),
(0xfad7bfb9dbda46c6a8f92f078de10d47f5e9f869, 58, '3bff95ce6bc7561bb1ebf2b55c543902b617822051b91b48a3038aa94a3aabe7', 1743211121),
(0xfbe417e1789634e794bf47dc705c077fe00a4d46, 58, 'c2cdc12ee5550f3edcaf827acbe29ede8821ced50277e9ede80bde4cc927d63a', 1726534351),
(0xfc274ea4c6bbb3cbe1ae41cbdeb7483073c7db18, 58, 'fe429748e0aaca3ab7d47d5c43f496d168f78bf6fe1d8f1223990270c23385a5', 1731154859),
(0xfc4abe3bd007b513132c8dc45fecf3b500de6a5a, 9, 'b646bafba73ed59c511f8796f97300d5fa4c06432d0fdc24af4826ba7740dcf4', 1718121844),
(0xfc846f3483337a0cd7c0dba6d964898b02f74eae, 58, '366a3730a2e691a39bb0ea25f50387e8c554d950ff96881c970920a20f8a6ee2', 1726144773),
(0xfc9129cbe16092b09b6dbafddcff589403c487e9, 58, 'd1e1d33fe7463c0953b1a799924eecfde621a4148e004e820bebc5c77af6bb0c', 1752265492),
(0xfc9a23ab997cdd2b9e310df701b1b6c7c3d3cd2c, 58, '51ef53b5aa0a7db28ed2a9b2b5df5883eb4d93d878e9a2980f7918b9d9c8a358', 1749826317),
(0xfcdf62bdacf343f97eabf7de31e5dc72efe7d315, 196, 'bcac9d89fd21014347f6f323c3d8fb96d25c036094df7e61bb889013119604c2', 1570557105),
(0xfce450f5f600ad7973fbd227caa01879f6298dec, 58, '0a9ef23316884548c37b0b4eb0f64a961aa132d19c40891645f385d273d16336', 1753535088),
(0xfd0c8dabac54b4bad85abb7e00d1a40e5ef31f51, 1, '24e94eacebdcf2e86530496caffa966b4b08efd5fcc25c24698f05fd1cacf062', 1696212043),
(0xfd416fb743e1ce89077f30da19126851462e9bea, 58, '78d02df6945dffeba69e6552526586086ebd772e83eebc146e9c0183bc7b255d', 1730833805),
(0xfd8e18a0bf7624cbf3de6d93f8b39b74d27bba18, 58, '0a186478591d7ad499b8040bb63a173f9bb891fd79c9358da217c96a17848210', 1743975339),
(0xfda43285755ff4ddc0d3c9e8a3e6f5a8274d6efe, 30, '212848e91f7ade0ff50ffe55e1eff22d2e67a6178799c03648768d37d5d55d34', 1723801634),
(0xfdc4466b4832eb52cd36cdcff8d84c7e43a1b161, 1, '364e71e1f25ea10c811c4553917ef2dd88922f99e37a4fce75e30e8bf44cb64a', 1702261813),
(0xfde75da37339910050f4de66c5de5f33f87964ce, 286, '77083bef33aee61a46dd08d8a2d47877c8781821afbbf90718ecca35afff3608', 1572356042),
(0xfebdc6ffc68b1023c24be8eaa9e73c3ca66dd9cc, 1, 'd265185f21ac2ee40bddc95adf83db4442150f718e9b86981921e5823e8b4977', 1696189969),
(0xffcd63f352a340082442b5d1199ec99b30b9eb3a, 1, 'f8a24e95bd9b849a2f46774399654f9cb889084dd0b43ff03cae931b4020f0f5', 1700542282);

-- --------------------------------------------------------

--
-- Table structure for table `users_comptype`
--

CREATE TABLE `users_comptype` (
  `comptype_id` tinyint(3) UNSIGNED NOT NULL,
  `company_type` varchar(128) COLLATE utf8mb4_unicode_ci NOT NULL
) ENGINE=InnoDB DEFAULT CHARSET=utf8mb4 COLLATE=utf8mb4_unicode_ci;

--
-- Dumping data for table `users_comptype`
--

INSERT INTO `users_comptype` (`comptype_id`, `company_type`) VALUES
(1, 'Architectural'),
(2, 'Engineering'),
(3, 'Lighting Design'),
(4, 'Interior Design'),
(5, 'Construction'),
(6, 'Management'),
(7, 'Government'),
(8, 'Landscape'),
(9, 'Lighting Reps'),
(10, 'Lighting Manufacturer'),
(11, 'Lighting Controls'),
(12, 'Other');

-- --------------------------------------------------------

--
-- Table structure for table `users_data`
--

CREATE TABLE `users_data` (
  `uid` int(10) UNSIGNED NOT NULL,
  `email_alt` varchar(255) COLLATE utf8mb4_unicode_ci NOT NULL,
  `signature` text COLLATE utf8mb4_unicode_ci NOT NULL,
  `company` varchar(255) COLLATE utf8mb4_unicode_ci NOT NULL,
  `logo` varchar(100) COLLATE utf8mb4_unicode_ci NOT NULL,
  `comptype_id` tinyint(3) UNSIGNED DEFAULT NULL,
  `position_id` tinyint(3) UNSIGNED DEFAULT NULL,
  `country_id` smallint(5) UNSIGNED NOT NULL,
  `region_id` smallint(5) UNSIGNED NOT NULL,
  `city_id` mediumint(8) UNSIGNED NOT NULL,
  `newsletter` tinyint(3) UNSIGNED NOT NULL
) ENGINE=InnoDB DEFAULT CHARSET=utf8mb4 COLLATE=utf8mb4_unicode_ci;

--
-- Dumping data for table `users_data`
--

INSERT INTO `users_data` (`uid`, `email_alt`, `signature`, `company`, `logo`, `comptype_id`, `position_id`, `country_id`, `region_id`, `city_id`, `newsletter`) VALUES
(1, '', '<p style=\"font-size: 11pt; font-family: Calibri, sans-serif;\"><img src=\"/images/logos/logos-1/1-image-1.jpg\" style=\"display: block; max-width: 50%; height: auto; max-height: 150px; margin: 10px 0;\">Alex&nbsp;<span style=\"font-size: 14px; font-weight: bold; text-decoration: underline; font-family: \'Courier New\'; color: rgb(204, 0, 0);\">Signature</span><span style=\"font-size: 14px; font-weight: bold; font-family: \'Courier New\'; color: rgb(204, 0, 0);\"> </span><span style=\"font-size: 14px; font-weight: bold; font-family: \'Courier New\'; color: rgb(0, 102, 255);\">bbb</span><span style=\"font-weight: bold;\"><font face=\"Tahoma\"></font></span></p><p style=\"font-size: 11pt; font-family: Calibri, sans-serif;\"><em><span style=\"font-weight: bold;\">Tel:</span>&nbsp;</em>00000000</p><p style=\"font-size: 11pt; font-family: Calibri, sans-serif;\"><br></p><p style=\"font-size: 11pt; font-family: Calibri, sans-serif;\"></p><p><br></p><p><font face=\"Georgia\">Company: AAA</font></p><p><font face=\"Georgia\"><a href=\"http://www.ledelum.com/\">www.ledelum.com</a></font></p><p><font face=\"Georgia\"><br></font></p><p><font color=\"green\" face=\"Georgia\"><span style=\"font-size: 20px;\">A. Sarkissov</span></font></p><div><font color=\"green\" face=\"Georgia\"><span style=\"font-size: 20px;\"><br></span></font></div>\n\n', 'Company name 1', 'images/logos/logos-1/1-image-1.jpg', 7, 2, 237, 2381, 70501, 1),
(2, '', '\n\n<p style=\"margin: 0px;\">\n\n\n\n\n\n<br></p><p style=\"margin: 0px;\"><a name=\"_MailAutoSig\"><b style=\"mso-bidi-font-weight:normal\"><span style=\"margin: 0px;\"><font face=\"Calibri\" size=\"3\">Oleg Petruchenko, LC</font></span></b></a></p><p style=\"margin: 0px;\">\n\n<br></p><p style=\"margin: 0px;\"><img style=\"display: block; max-width: 50%; height: auto; max-height: 150px; margin: 10px 0;\" src=\"logos/logos-1/2-ledelum-logo-email.jpg\"></p><p style=\"margin: 0px;\"><span style=\"margin: 0px;\"><b style=\"mso-bidi-font-weight:\nnormal\"><span style=\"margin: 0px; color: gray;\"><br></span></b></span></p><span style=\"margin: 0px;\"><p style=\"margin: 0px;\"><span style=\"margin: 0px;\"><b style=\"mso-bidi-font-weight:\nnormal\"><span style=\"margin: 0px; color: black;\"><br></span></b></span></p><p style=\"margin: 0px;\"><span style=\"margin: 0px;\"><span style=\"margin: 0px; color: gray;\"><font face=\"Calibri\" size=\"3\">NEW GENERATION OF LED LUMINAIRE FINDER AND PROFESSIONAL ONLINE CATALOG.</font></span></span></p><p style=\"margin: 0px;\"><br></p><p style=\"margin: 0px;\"><span style=\"margin: 0px;\"><i style=\"mso-bidi-font-style:\nnormal\"><span style=\"margin: 0px; color: rgb(237, 125, 49);\"><font face=\"Calibri\" size=\"3\">FINDING YOUR PRODUCT MADE EASY. </font></span></i></span></p><p style=\"margin: 0px;\"><span style=\"margin: 0px;\"><i style=\"mso-bidi-font-style:\nnormal\"><span style=\"margin: 0px; color: rgb(237, 125, 49);\"><font face=\"Calibri\" size=\"3\">IN THE OFFICE, AT THE MEETING OR ON THE GO.</font></span></i></span></p><p style=\"margin: 0px;\"><br></p></span>\n\n', 'Ledelum', 'logos/logos-1/2-ledelum-logo-email.jpg', 3, NULL, 237, 2394, 74338, 0);
INSERT INTO `users_data` (`uid`, `email_alt`, `signature`, `company`, `logo`, `comptype_id`, `position_id`, `country_id`, `region_id`, `city_id`, `newsletter`) VALUES
(3, '', '<style type=\"text/css\">\n<!--\np.MsoNormal {\nmargin:0in;\nmargin-bottom:.0001pt;\nfont-size:11.0pt;\nfont-family:\"Calibri\",sans-serif;\n}\n-->\n</style>\n<span style=\"color: gray; font-size: 10pt;\"><p class=\"MsoNormal\"><font color=\"#000000\" face=\"Times New Roman\" size=\"3\">\n\n<br></font></p><font color=\"#000000\" face=\"Times New Roman\" size=\"3\">\n </font><font color=\"#000000\" face=\"Times New Roman\" size=\"3\">\n  </font><font color=\"#000000\" face=\"Times New Roman\" size=\"3\">\n </font><font color=\"#000000\" face=\"Times New Roman\" size=\"3\">\n </font><font color=\"#000000\" face=\"Times New Roman\" size=\"3\">\n  </font><font color=\"#000000\" face=\"Times New Roman\" size=\"3\">\n </font><font color=\"#000000\" face=\"Times New Roman\" size=\"3\">\n </font><font color=\"#000000\" face=\"Times New Roman\" size=\"3\">\n  </font><table width=\"491\" style=\"width: 368.25pt; mso-cellspacing: 1.5pt; mso-yfti-tbllook: 1184; mso-padding-alt: 0in 0in 0in 0in;\" border=\"0\" cellpadding=\"0\"><tbody><tr style=\"mso-yfti-irow: 0; mso-yfti-firstrow: yes;\"><td width=\"45\" style=\"padding: 0.75pt; border: rgb(0, 0, 0); width: 33.75pt; background-color: transparent;\"><font color=\"#000000\" face=\"Times New Roman\" size=\"3\">\n  </font><p style=\"margin: 0in 0in 0pt;\"><br></p><font color=\"#000000\" face=\"Times New Roman\" size=\"3\"><p style=\"margin: 0in 0in 0pt;\">\n\n<br></p><table width=\"491\" style=\"width: 368.25pt; mso-cellspacing: 1.5pt; mso-yfti-tbllook: 1184; mso-padding-alt: 0in 0in 0in 0in;\" border=\"0\" cellpadding=\"0\">\n <tbody><tr style=\"mso-yfti-irow: 0; mso-yfti-firstrow: yes;\">\n  <td width=\"440\" style=\"padding: 0.75pt; border: rgb(0, 0, 0); width: 330pt; background-color: transparent;\">\n  <p style=\"margin: 0in 0in 0pt;\"><font face=\"Calibri\"><span><span style=\"color: rgb(29, 47, 139); font-family: &quot;Calibri&quot;,sans-serif; font-size: 11pt; mso-fareast-font-family: Calibri; mso-fareast-theme-font: minor-latin; mso-bidi-font-family: &quot;Times New Roman&quot;; mso-ansi-language: EN-US; mso-fareast-language: EN-US; mso-bidi-language: AR-SA;\"><br></span></span></font></p><p style=\"margin: 0in 0in 0pt;\"><font face=\"Calibri\"><span><span style=\"color: rgb(29, 47, 139); font-family: &quot;Calibri&quot;,sans-serif; font-size: 11pt; mso-fareast-font-family: Calibri; mso-fareast-theme-font: minor-latin; mso-bidi-font-family: &quot;Times New Roman&quot;; mso-ansi-language: EN-US; mso-fareast-language: EN-US; mso-bidi-language: AR-SA;\"></span><strong>Oleg\n  Petryuchenko, LC<br>\n  </strong>Lighting Designer</span></font></p>\n  </td>\n </tr>\n <tr style=\"mso-yfti-irow: 1;\">\n  <td style=\"padding: 0.75pt; border: rgb(0, 0, 0); background-color: transparent;\" colspan=\"2\">\n  <p style=\"margin: 0in 0in 0pt;\"><span style=\"color: rgb(29, 47, 139);\"><font face=\"Calibri\">231 South LaSalle, Suite 600 |\n  Chicago, IL 60604<br>\n  D 312.931.3748</font></span></p>\n  </td>\n </tr>\n <tr style=\"mso-yfti-irow: 2; mso-yfti-lastrow: yes;\">\n  <td style=\"padding: 0.75pt; border: rgb(0, 0, 0); background-color: transparent;\" colspan=\"2\">\n  <p style=\"margin: 0in 0in 0pt;\"><span style=\"color: rgb(29, 47, 139);\"><a href=\"http://www.kjww.com/\"><span style=\"color: rgb(29, 47, 139);\"><font face=\"Calibri\">web</font></span></a><font face=\"Calibri\"> | </font><a href=\"http://www.facebook.com/kjwwengineering\"><span style=\"color: rgb(29, 47, 139);\"><font face=\"Calibri\">Facebook</font></span></a><font face=\"Calibri\">\n  | </font><a href=\"http://twitter.com/kjww\"><span style=\"color: rgb(29, 47, 139);\"><font face=\"Calibri\">Twitter</font></span></a><font face=\"Calibri\">\n  | </font><a href=\"http://www.linkedin.com/company/kjww-engineering-consultants\"><span style=\"color: rgb(29, 47, 139);\"><font face=\"Calibri\">LinkedIn</font></span></a><font face=\"Calibri\"> </font></span></p>\n  </td>\n </tr>\n</tbody></table><p style=\"margin: 0in 0in 0pt;\">\n\n<br></p><p style=\"margin: 0in 0in 0pt;\"><span><span style=\"color: rgb(29, 47, 139); font-family: &quot;Calibri&quot;,sans-serif; font-size: 11pt; mso-fareast-font-family: Calibri; mso-fareast-theme-font: minor-latin; mso-bidi-font-family: &quot;Times New Roman&quot;; mso-ansi-language: EN-US; mso-fareast-language: EN-US; mso-bidi-language: AR-SA;\"><img width=\"40\" height=\"40\" alt=\"cid:image001.png@01CE0924.38506AB0\" src=\"data:image/png;base64,R0lGODlhKAAoAHcAMSH+GlNvZnR3YXJlOiBNaWNyb3NvZnQgT2ZmaWNlACH5BAEAAAAALAAAAAAoACgAhwAAAAAAAAAAMwAAZgAAmQAAzAAA/wAzAAAzMwAzZgAzmQAzzAAz/wBmAABmMwBmZgBmmQBmzABm/wCZAACZMwCZZgCZmQCZzACZ/wDMAADMMwDMZgDMmQDMzADM/wD/AAD/MwD/ZgD/mQD/zAD//zMAADMAMzMAZjMAmTMAzDMA/zMzADMzMzMzZjMzmTMzzDMz/zNmADNmMzNmZjNmmTNmzDNm/zOZADOZMzOZZjOZmTOZzDOZ/zPMADPMMzPMZjPMmTPMzDPM/zP/ADP/MzP/ZjP/mTP/zDP//2YAAGYAM2YAZmYAmWYAzGYA/2YzAGYzM2YzZmYzmWYzzGYz/2ZmAGZmM2ZmZmZmmWZmzGZm/2aZAGaZM2aZZmaZmWaZzGaZ/2bMAGbMM2bMZmbMmWbMzGbM/2b/AGb/M2b/Zmb/mWb/zGb//5kAAJkAM5kAZpkAmZkAzJkA/5kzAJkzM5kzZpkzmZkzzJkz/5lmAJlmM5lmZplmmZlmzJlm/5mZAJmZM5mZZpmZmZmZzJmZ/5nMAJnMM5nMZpnMmZnMzJnM/5n/AJn/M5n/Zpn/mZn/zJn//8wAAMwAM8wAZswAmcwAzMwA/8wzAMwzM8wzZswzmcwzzMwz/8xmAMxmM8xmZsxmmcxmzMxm/8yZAMyZM8yZZsyZmcyZzMyZ/8zMAMzMM8zMZszMmczMzMzM/8z/AMz/M8z/Zsz/mcz/zMz///8AAP8AM/8AZv8Amf8AzP8A//8zAP8zM/8zZv8zmf8zzP8z//9mAP9mM/9mZv9mmf9mzP9m//+ZAP+ZM/+ZZv+Zmf+ZzP+Z///MAP/MM//MZv/Mmf/MzP/M////AP//M///Zv//mf//zP///wECAwECAwECAwECAwECAwECAwECAwECAwECAwECAwECAwECAwECAwECAwECAwECAwECAwECAwECAwECAwECAwECAwECAwECAwECAwECAwECAwECAwECAwECAwECAwECAwECAwECAwECAwECAwECAwECAwECAwj/AF0IpOGCoMGCCAkKBADgoMOEEGnQSDCxIsWLFisyxMgxI8eCCgYKBClyYMiGI2mEjLhSoUqPLzsqmAhgJkWbMTPaTKhAQQKRPnseBBARYtCIFrMMaoVlYkhXg1w1pdiwI0YvUD0iVIAFG7ZEQr1ia+Vi5kKFCAcmoOW1bNqYWbx6mSl2kIIBFmtWxEkx0di9E7fS8OrKi9gvQkcyPOhWoAJX2Gi5NZgUslhsWHxm3BhTM8VWfz+qpIvNFejSmc2qdIGyYKtWiH2e7vnWZha2XlwY9pr5Jk2bXcdmzgK6FeCfBEknSqBgN7ZBZQkSVfj4slhXPxNa/AJ6kNPBkL1T/7VY0LrX5OTRSjwYUmJTha3LcsXyfmXJnD9953eB16bem/z5xF90+hX1EGOsoXSggQXBZNVmADyon1arpUWShfCp11JKGyZIU1WLJRDiYgyBaOKHKIpY4oostujiiy0epxNMVc0oU3op5VhSWvGpp2NtMuLE128yFjThTqNRBJJmS2a3WFnZJQlUlBVJhJGRVWZBVYQSaVmRC1hcmYWRZQ0SWWBmujKamdgEppdXXzAXnF2kDULRRF/w5pNYcyVA2EVcggbWAH79NQCbBGWnAFuJDBBcaRTJdZKRbPZ0WpsJFNcemmM1N9Z5g2HjZUPtnefCWOH5+dxFRgZHA2hYmJEZ61g8VgQZFnl695WrHE5EGGgD5GkaZi4AaqRfwxLUXWiBKcTmV5GKFeZCKHF12USWrUrZRc/a6cKlGHH22Z+6iZVos0K1kkgiVmKRSGHtnUTdIOtiEd270JkFEnlKBoaRf3wVG1OxAiOZ1oYVDgVRYwaFpFqDEjpIQ40RW4Xhjz6ylvHF9wkZpEf/5eSxfgEBADs=\" border=\"0\" v:shapes=\"Picture_x0020_2\"></span></span></p><p style=\"margin: 0in 0in 0pt;\"><span><span style=\"color: rgb(29, 47, 139); font-family: &quot;Calibri&quot;,sans-serif; font-size: 11pt; mso-fareast-font-family: Calibri; mso-fareast-theme-font: minor-latin; mso-bidi-font-family: &quot;Times New Roman&quot;; mso-ansi-language: EN-US; mso-fareast-language: EN-US; mso-bidi-language: AR-SA;\"><span style=\"font-family: &quot;Calibri&quot;,sans-serif; font-size: 11pt; mso-fareast-font-family: &quot;Times New Roman&quot;; mso-fareast-theme-font: minor-fareast; mso-no-proof: yes; mso-bidi-font-family: &quot;Times New Roman&quot;; mso-ansi-language: EN-US; mso-fareast-language: EN-US; mso-bidi-language: AR-SA; mso-ascii-theme-font: minor-latin; mso-hansi-theme-font: minor-latin; mso-bidi-theme-font: minor-bidi;\"><img width=\"141\" height=\"57\" alt=\"kjww-ttg\" src=\"data:image/png;base64,[encoded data, 14560 characters]\" border=\"0\" v:shapes=\"Picture_x0020_2\"></span></span></span></p></font><p style=\"margin: 0in 0in 0pt;\"><br></p><font color=\"#000000\" face=\"Times New Roman\" size=\"3\">\n  </font></td></tr><tr style=\"mso-yfti-irow: 1;\"><td style=\"padding: 0.75pt; border: rgb(0, 0, 0); background-color: transparent;\" colspan=\"2\"><font color=\"#000000\" face=\"Times New Roman\" size=\"3\">\n  </font><p style=\"margin: 0in 0in 0pt;\"><span style=\"color: rgb(29, 47, 139);\">231 South LaSalle, Suite 600 |\n  Chicago, IL 60604<br>\n  D 312.931.3748</span></p><font color=\"#000000\" face=\"Times New Roman\" size=\"3\">\n  </font></td></tr><tr style=\"mso-yfti-irow: 2; mso-yfti-lastrow: yes;\"><td style=\"padding: 0.75pt; border: rgb(0, 0, 0); background-color: transparent;\" colspan=\"2\"><font color=\"#000000\" face=\"Times New Roman\" size=\"3\">\n  </font><p style=\"margin: 0in 0in 0pt;\"><span style=\"color: rgb(29, 47, 139);\"><a href=\"http://www.kjww.com/\"><span style=\"color: rgb(29, 47, 139);\">web</span></a> | <a href=\"http://www.facebook.com/kjwwengineering\"><span style=\"color: rgb(29, 47, 139);\">Facebook</span></a>\n  | <a href=\"http://twitter.com/kjww\"><span style=\"color: rgb(29, 47, 139);\">Twitter</span></a>\n  | <a href=\"http://www.linkedin.com/company/kjww-engineering-consultants\"><span style=\"color: rgb(29, 47, 139);\">LinkedIn</span></a> </span></p><p style=\"margin: 0in 0in 0pt;\"><span style=\"color: rgb(29, 47, 139);\"><br></span></p><p style=\"margin: 0in 0in 0pt;\"><span style=\"color: rgb(29, 47, 139);\"><br></span></p><p style=\"margin: 0in 0in 0pt;\"><br></p><span style=\"color: rgb(29, 47, 139);\"><p style=\"margin: 0in 0in 0pt;\"><font color=\"#000000\" face=\"Times New Roman\" size=\"3\">\n\n<br></font></p><p style=\"margin: 0in 0in 0pt; mso-margin-top-alt: auto; mso-margin-bottom-alt: auto;\"><b><span style=\"color: rgb(170, 0, 0); text-transform: uppercase; font-family: &quot;Arial&quot;,sans-serif; font-size: 10pt;\">JULIE m. COOK </span></b><span style=\"color: rgb(170, 0, 0); font-family: &quot;Arial&quot;,sans-serif; font-size: 9pt;\">AIA, LEED AP </span><span style=\"color: black; font-family: &quot;Arial&quot;,sans-serif; font-size: 9pt;\">Associate\nPrincipal</span><span style=\"color: rgb(31, 73, 125); font-family: &quot;Arial&quot;,sans-serif; font-size: 9pt;\"><br>\n</span><span style=\"color: black; font-family: &quot;Arial&quot;,sans-serif; font-size: 9pt;\">ARCHITECT</span><span style=\"color: rgb(31, 73, 125); font-family: &quot;Arial&quot;,sans-serif; font-size: 9pt;\"> </span></p><p style=\"margin: 0in 0in 0pt;\"><font color=\"#000000\" face=\"Times New Roman\" size=\"3\">\n\n<br></font></p><p style=\"margin: 0in 0in 0pt; mso-margin-top-alt: auto;\"><span style=\"color: black; font-family: &quot;Palatino Linotype&quot;,serif; font-size: 15pt;\">M</span><span style=\"color: black; font-family: &quot;Palatino Linotype&quot;,serif; font-size: 13pt;\">OODY•</span><span style=\"color: black; font-family: &quot;Palatino Linotype&quot;,serif; font-size: 15pt;\">N</span><span style=\"color: black; font-family: &quot;Palatino Linotype&quot;,serif; font-size: 13pt;\">OLAN</span><span style=\"color: black; font-family: &quot;Palatino Linotype&quot;,serif;\"><font size=\"3\"> </font></span></p><p style=\"margin: 0in 0in 0pt;\"><font color=\"#000000\" face=\"Times New Roman\" size=\"3\">\n\n<br></font></p><p style=\"margin: 0in 0in 0pt; mso-margin-bottom-alt: auto;\"><span style=\"color: black; font-family: &quot;Arial&quot;,sans-serif; font-size: 8pt;\">300 Spruce St.<br>\nSuite 300<br>\nColumbus, OH 43215<br>\n</span><b><span style=\"color: rgb(170, 0, 0); font-family: &quot;Arial&quot;,sans-serif; font-size: 8pt;\">t </span></b><span style=\"color: black; font-family: &quot;Arial&quot;,sans-serif; font-size: 8pt;\">614.461.4664&nbsp;&nbsp;&nbsp;</span><b><span style=\"color: rgb(170, 0, 0); font-family: &quot;Arial&quot;,sans-serif; font-size: 8pt;\">f </span></b><span style=\"color: black; font-family: &quot;Arial&quot;,sans-serif; font-size: 8pt;\">614.280.8881\n</span></p><p><br></p><p><br></p><font color=\"#000000\"><p><font face=\"Times New Roman\" size=\"3\">\n\n<br></font></p><p style=\"margin: 0in 0in 0pt;\"><span style=\"color: rgb(31, 73, 125);\"><font face=\"Calibri\" size=\"3\">David Kelley</font></span></p><p><font face=\"Times New Roman\" size=\"3\">\n\n<br></font></p><p style=\"margin: 0in 0in 0pt;\"><span style=\"color: rgb(89, 89, 89); font-family: &quot;Arial&quot;,sans-serif;\"><font size=\"3\">Specification\nSales Representative</font></span></p><p><font face=\"Times New Roman\" size=\"3\">\n\n<br></font></p><p style=\"margin: 0in 0in 0pt;\"><span style=\"color: rgb(89, 89, 89); font-family: &quot;Arial&quot;,sans-serif;\"><font size=\"3\">Philips\nLighting</font></span></p><p><font face=\"Times New Roman\" size=\"3\">\n\n<br></font></p><p style=\"margin: 0in 0in 0pt;\"><span style=\"color: rgb(89, 89, 89); font-family: &quot;Arial&quot;,sans-serif;\"><font size=\"3\">10275\nWest Higgins Road</font></span></p><p><font face=\"Times New Roman\" size=\"3\">\n\n<br></font></p><p style=\"margin: 0in 0in 0pt;\"><span style=\"color: rgb(89, 89, 89); font-family: &quot;Arial&quot;,sans-serif;\"><font size=\"3\">Suite\n800</font></span></p><p><font face=\"Times New Roman\" size=\"3\">\n\n<br></font></p><p style=\"margin: 0in 0in 0pt;\"><span style=\"color: rgb(89, 89, 89); font-family: &quot;Arial&quot;,sans-serif;\"><font size=\"3\">Rosemont\nIL, 60018</font></span></p><p><font face=\"Times New Roman\" size=\"3\">\n\n<br></font></p><p style=\"margin: 0in 0in 0pt;\"><span style=\"color: rgb(89, 89, 89); font-family: &quot;Arial&quot;,sans-serif;\"><font size=\"3\">Cell:\n224-565-7673</font></span></p><p><font face=\"Times New Roman\" size=\"3\">\n\n<br></font></p><p style=\"margin: 0in 0in 0pt;\"><u><span style=\"color: blue; font-family: &quot;Arial&quot;,sans-serif;\"><a href=\"mailto:David.A.Kelley@philips.com\"><font color=\"#0000ff\" size=\"3\">David.A.Kelley@philips.com</font></a></span></u></p><p style=\"margin: 0in 0in 0pt;\"><span style=\"color: blue; font-family: &quot;Arial&quot;,sans-serif;\"><br></span></p><p style=\"margin: 0in 0in 0pt;\"><br></p><span style=\"color: blue; font-family: &quot;Arial&quot;,sans-serif;\"><p style=\"margin: 0in 0in 0pt;\"><font color=\"#000000\" face=\"Times New Roman\" size=\"3\">\n\n<br></font></p><p style=\"margin: 0in 0in 0pt;\"><b><span style=\"color: black; font-family: &quot;Arial&quot;,sans-serif; font-size: 9pt;\">COLIN O’DONOGHUE, AIA, LEED AP BD+C</span></b><span style=\"color: black; font-family: &quot;Arial&quot;,sans-serif; font-size: 9pt;\"><br>\nT. 312.896.1242 | </span><a href=\"http://www.scb.com/\"><span style=\"color: black; font-family: &quot;Arial&quot;,sans-serif; font-size: 9pt;\">www.scb.com</span></a><span style=\"color: black; font-family: &quot;Arial&quot;,sans-serif; font-size: 9pt;\"><br>\n<img width=\"174\" height=\"35\" alt=\"Description: Description: C:UserscodonoAppDataRoamingMicrosoftSignaturesimagesscblogoemail_space.gif\" src=\"data:image/png;base64,R0lGODlhrgAjAHcAMSH/C0dBTU1BTk9XMS4wBGNbAwAAIf8LTVNPRkZJQ0U5LjAVAAAACXBIWXMAAA7EAAAOxAGVKw4bACH+GlNvZnR3YXJlOiBNaWNyb3NvZnQgT2ZmaWNlACwAAAAArgAjAIcAAAABAQECAgIDAwMEBAQFBQUGBgYHBwcICAgJCQkKCgoLCwsMDAwNDQ0ODg4PDw8QEBARERESEhITExMUFBQVFRUWFhYXFxcYGBgZGRkaGhobGxscHBwdHR0eHh4fHx8gICAhISEiIiIjIyMkJCQlJSUmJiYnJycoKCgpKSkqKiorKyssLCwtLS0uLi4vLy8wMDAxMTEyMjIzMzM0NDQ1NTU2NjY3Nzc4ODg5OTk6Ojo7Ozs8PDw9PT0+Pj4/Pz9AQEBBQUFCQkJDQ0NERERFRUVGRkZHR0dISEhJSUlKSkpLS0tMTExNTU1OTk5PT09QUFBRUVFSUlJTU1NUVFRVVVVWVlZXV1dYWFhZWVlaWlpbW1tcXFxdXV1eXl5fX19gYGBhYWFiYmJjY2NkZGRlZWVmZmZnZ2doaGhpaWlqampra2tsbGxtbW1ubm5vb29wcHBxcXFycnJzc3N0dHR1dXV2dnZ3d3d4eHh5eXl6enp7e3t8fHx9fX1+fn5/f3+AgICBgYGCgoKDg4OEhISFhYWGhoaHh4eIiIiJiYmKioqLi4uMjIyNjY2Ojo6Pj4+QkJCRkZGSkpKTk5OUlJSVlZWWlpaXl5eYmJiZmZmampqbm5ucnJydnZ2enp6fn5+goKChoaGioqKjo6OkpKSlpaWmpqanp6eoqKipqamqqqqrq6usrKytra2urq6vr6+wsLCxsbGysrKzs7O0tLS1tbW2tra3t7e4uLi5ubm6urq7u7u8vLy9vb2+vr6/v7/AwMDBwcHCwsLDw8PExMTFxcXGxsbHx8fIyMjJycnKysrLy8vMzMzNzc3Ozs7Pz8/Q0NDR0dHS0tLT09PU1NTV1dXW1tbX19fY2NjZ2dna2trb29vc3Nzd3d3e3t7f39/g4ODh4eHi4uLj4+Pk5OTl5eXm5ubn5+fo6Ojp6enq6urr6+vs7Ozt7e3u7u7v7+/w8PDx8fHy8vLz8/P09PT19fX29vb39/f4+Pj5+fn6+vr7+/v8/Pz9/f3+/v7///8I/wD/CRxIsKDBgwgTKlzIsKHDhxAjSpxIsaLFixgzatzIsaPHjyBDihxJsqTJkyhTqlzJsqXLlzBjypxJU+M9duzq1dzJs6CxOz46QHigAccbXj2TxtwFBIDTp1BprFJKNSW/NlCzZs0ir6pXkfeOaB37VIa6r2g7OiHLFgCNe2njXjzUti0auXglhjNQt22yvIAbuunblkngwwjrWSDMtoA4xJAHBmPcdlTkyJEos51zGXIezWS1dEY8B/RYKqMPCxq7gQLUBiIQABjwIEKEAU7JFMxnEB9DfP4cwn04fKDvhMEL9ku4HGPyjaWyNnglz96sAwAAzeMXbw2GdfHmhf/7AgDRwHZWHnDYs+/frxoLNJj/h+YKwWhCGFSoo+8fJhm+CATFD7zdAsMCHUQikBs/zPPPLDKwM9AqKSgAQiL/LLPDAhf4EdwjMHjggRXl9ONECh7QIMo/oJj1zycopPMPKTDQswYLInrwziJDDLTPDowUtIsMInxAxDXWyCDNP/DIYMs6MpAg4hf80CCHQGuA8U8UIIAAgwuhDNSNAFCN8Q8LMrghwBv/rBEDIF508E8WJ7CSDwDADAQHALX8MQY/ygCQAydrAIDHPzqQMNA3DpSQiR4A2McHAHJaAkAE/QwDgBCckAGAIf8wAQAULAJgjkCzALAEJ1F04U0CL2j/QgcAZfxTBgCMDIIAEv8ocMMiUQCQCTgArMgDAJ/8MwMK/6QwgieeYGIPGAkMpA8AahQ0CgCalGJBD4ES8w87AIBSDgBrQCtLPAQg+48PLfzzSiajjACAuAPlAFUQ/xCTRgIAnKMKVCn8swkg1wzCwHH/4AFAH84ItMQEyXmqjxIvDBQHAO0IlAjHhzCAABYWgLDBP0J4MFAVBvhDhQMAWJILAOgIJEMJBIWBgD0COVzPGxUIRIQG/zCgh0BUHHAmFO8gQIES9gCwyT8xwKCKKs38I0bQAu3DQBwFnQKAKbOQ0Ac0ABzzTzsAlGIOAHdcDc88EVQAADda2DCQ2KwU/2RKVjCQwk46JJijCcH/7IJKMKZQQtA+gNg9xD0v0DDQ4fM4kbFAT0QwEDB3DzLCwE5AwsA/IBAxkCIA8LMEEJQAsAUCNf9jgWED8RDCQK/Q3McAKKgAgSf+fC0Q6/1MEgEdI6SigB8GdMzDARlkUCsZXP/j9ZUEDZzBBg0YYgwAEc9T7DmXVv9LPwI8ooQIOvggECwAKKjcDE+xQAUAJvyzBCD/yAECmNCE3dUAADMwCDfA8Y/oOAMR9/qHPHD0DyPEYCCZAIAqtJcEBOhjDxP4BxvEMQmlYSVi7QjBCioog39YAQAOqB0XBGCNf4QjGY4AwC3+cY8dQKAfcWDAIf8O0IN/8GMBdfgHOTwQL3LwxQ7/wEAASPUPFSyBIGKwgI+Q6DcAvOMfogBAKgDgOE3dghwAyMV5YmaPCKjqH8YowNEOMg3sAMAJ83iHO5wBgQLMgkn/IMTJ4pEOCRWEDQgkgQXUcQ8dAEAFDFBAMVAGABKQgAf5eCEK7DYVNQBgIHsAwD7cAQMArAABEXjGP2ggJ3uUwFQCIccrVwCAF8xjCQBIQQQIsEMtBOAfuACAI/yxgAKMIAAboIZAegAAZvxjDACYShUBcIITmOAdaagkCWBAjl1aslb/2FYITrAAE7hjCgBAAQBcgA9qAKAC1STDPQDwh34J6h92U0EJSGDnmYK04ikPOMIR+OIUGkRBnQaAgQxgsIvnCAQfsnhDH77RtVCg4RCP+UctHCEIQTxCIK1QQx9q+I9hYGIgyqBEe+7RCTQs4hwCcUUpBLINSNBjIPKYxBkicZZ/nCINgeCGQHpx0nBegh+hUMQgSBGPgQzjEAKxxiB08g9WMKKjgrCHMR7R0UTAYxSK6OgpBKINSBBCEJ3o2D46oQZIwOMf64CEITpqCn9Awpny2uAmzNpRZRzEFQygTJBSk5pqFKEvNjAGYRf7j1gsYQFaMUAQSOFQxqaGHLNgRB3mgAhXeMOyoA0tYwMCADs=\" border=\"0\" v:shapes=\"Picture_x0020_1\"></span></p><p style=\"margin: 0in 0in 0pt;\"><font color=\"#000000\" face=\"Times New Roman\" size=\"3\">\n\n<br></font></p><p style=\"margin: 0in 0in 0pt;\"><font color=\"#000000\" face=\"Calibri\" size=\"3\">&nbsp;<img src=\"data:image/png;base64,[encoded data, 33596 characters]', 'op', '', 2, NULL, 237, 2394, 74338, 0);
INSERT INTO `users_data` (`uid`, `email_alt`, `signature`, `company`, `logo`, `comptype_id`, `position_id`, `country_id`, `region_id`, `city_id`, `newsletter`) VALUES
(6, '', '', '', '', NULL, 2, 237, 2394, 74281, 0),
(7, '', '<font face=\"Times New Roman\" size=\"3\">\n\n</font><p style=\"margin: 0in 0in 0pt;\"><a name=\"_MailAutoSig\"><b><span style=\'color: rgb(29, 47, 139); font-size: 12pt; mso-fareast-font-family: \"Times New Roman\"; mso-fareast-theme-font: minor-fareast; mso-no-proof: yes;\'><font face=\"Calibri\">Oleg Petryuchenko, LC<br>\n</font></span></b></a><span style=\"mso-bookmark: _MailAutoSig;\"><span style=\'color: rgb(29, 47, 139); mso-fareast-font-family: \"Times New Roman\"; mso-fareast-theme-font: minor-fareast; mso-no-proof: yes;\'><font size=\"3\"><font face=\"Calibri\">Lighting Designer<b style=\"mso-bidi-font-weight: normal;\"> </b></font></font></span></span></p><font face=\"Times New Roman\" size=\"3\">\n\n</font><p style=\"margin: 0in 0in 0pt;\"><span style=\"mso-bookmark: _MailAutoSig;\"><b style=\"mso-bidi-font-weight: normal;\"><span style=\'color: rgb(29, 47, 139); mso-fareast-font-family: \"Times New Roman\"; mso-fareast-theme-font: minor-fareast; mso-no-proof: yes;\'><font face=\"Calibri\" size=\"3\">KJWW Engineering Consultants</font></span></b></span></p><font face=\"Times New Roman\" size=\"3\">\n\n</font><p style=\"margin: 0in 0in 0pt;\"><span style=\"mso-bookmark: _MailAutoSig;\"><i style=\"mso-bidi-font-style: normal;\"><span style=\'color: rgb(29, 47, 139); mso-fareast-font-family: \"Times New Roman\"; mso-fareast-theme-font: minor-fareast; mso-no-proof: yes;\'><font face=\"Calibri\" size=\"3\">An IMEG Company</font></span></i></span></p><font face=\"Times New Roman\" size=\"3\">\n\n</font><p style=\"margin: 0in 0in 0pt;\"><span style=\"mso-bookmark: _MailAutoSig;\"><span style=\'color: rgb(29, 47, 139); mso-fareast-font-family: \"Times New Roman\"; mso-fareast-theme-font: minor-fareast; mso-no-proof: yes;\'><font face=\"Calibri\"><font size=\"3\">D: 312.931.3748<span style=\"mso-spacerun: yes;\">&nbsp;\n</span></font><font size=\"3\">E: </font></font></span></span><a href=\"mailto:petryuchenkoom@kjww.com\"><span style=\"mso-bookmark: _MailAutoSig;\"><span style=\'color: blue; mso-fareast-font-family: \"Times New Roman\"; mso-fareast-theme-font: minor-fareast; mso-no-proof: yes;\'><font face=\"Calibri\" size=\"3\">petryuchenkoom@kjww.com</font></span></span></a></p><font face=\"Times New Roman\" size=\"3\">\n\n</font><p style=\"margin: 0in 0in 0pt;\"><a href=\"http://www.kjww.com/\"><span style=\"mso-bookmark: _MailAutoSig;\"><span style=\'color: rgb(174, 107, 50); mso-fareast-font-family: \"Times New Roman\"; mso-fareast-theme-font: minor-fareast; mso-no-proof: yes;\'><font face=\"Calibri\" size=\"3\">web</font></span></span></a><span style=\"mso-bookmark: _MailAutoSig;\"><span style=\'color: rgb(174, 107, 50); mso-fareast-font-family: \"Times New Roman\"; mso-fareast-theme-font: minor-fareast; mso-no-proof: yes;\'><font face=\"Calibri\" size=\"3\"> | </font></span></span><a href=\"http://www.facebook.com/kjwwengineering\"><span style=\"mso-bookmark: _MailAutoSig;\"><span style=\'color: rgb(174, 107, 50); mso-fareast-font-family: \"Times New Roman\"; mso-fareast-theme-font: minor-fareast; mso-no-proof: yes;\'><font face=\"Calibri\" size=\"3\">Facebook</font></span></span></a><span style=\"mso-bookmark: _MailAutoSig;\"><span style=\'color: rgb(174, 107, 50); mso-fareast-font-family: \"Times New Roman\"; mso-fareast-theme-font: minor-fareast; mso-no-proof: yes;\'><font face=\"Calibri\" size=\"3\"> | </font></span></span><a href=\"http://twitter.com/kjww\"><span style=\"mso-bookmark: _MailAutoSig;\"><span style=\'color: rgb(174, 107, 50); mso-fareast-font-family: \"Times New Roman\"; mso-fareast-theme-font: minor-fareast; mso-no-proof: yes;\'><font face=\"Calibri\" size=\"3\">Twitter</font></span></span></a><span style=\"mso-bookmark: _MailAutoSig;\"><span style=\'color: rgb(174, 107, 50); mso-fareast-font-family: \"Times New Roman\"; mso-fareast-theme-font: minor-fareast; mso-no-proof: yes;\'><font face=\"Calibri\" size=\"3\"> | </font></span></span><a href=\"https://www.linkedin.com/company/kjww-engineering-consultants?trk=ppro_cprof\"><span style=\"mso-bookmark: _MailAutoSig;\"><span style=\'color: rgb(174, 107, 50); mso-fareast-font-family: \"Times New Roman\"; mso-fareast-theme-font: minor-fareast; mso-no-proof: yes;\'><font face=\"Calibri\" size=\"3\">LinkedIn</font></span></span></a><font size=\"3\"><font face=\"Calibri\"><span style=\"mso-bookmark: _MailAutoSig;\"><span style=\'color: rgb(174, 107, 50); mso-fareast-font-family: \"Times New Roman\"; mso-fareast-theme-font: minor-fareast; mso-no-proof: yes;\'> </span></span><span style=\"mso-bookmark: _MailAutoSig;\"><span style=\'mso-fareast-font-family: \"Times New Roman\"; mso-fareast-theme-font: minor-fareast; mso-no-proof: yes;\'><span style=\"mso-spacerun: yes;\">&nbsp;</span></span></span></font></font></p><font face=\"Times New Roman\" size=\"3\">\n\n</font><p style=\"margin: 0in 0in 0pt;\"><span style=\"mso-bookmark: _MailAutoSig;\"><span style=\'mso-fareast-font-family: \"Times New Roman\"; mso-fareast-theme-font: minor-fareast; mso-no-proof: yes;\'><font face=\"Calibri\" size=\"3\">&nbsp;</font></span></span></p><font face=\"Times New Roman\" size=\"3\">\n\n</font><p style=\"margin: 0in 0in 0pt;\"><span style=\"mso-bookmark: _MailAutoSig;\"><span style=\'mso-fareast-font-family: \"Times New Roman\"; mso-fareast-theme-font: minor-fareast; mso-no-proof: yes;\'><font face=\"Times New Roman\" size=\"3\"><img width=\"141\" height=\"57\" alt=\"kjww-ttg\" src=\"data:image/png;base64,[encoded data, 14560 characters]\" border=\"0\" v:shapes=\"Picture_x0020_2\"></font></span></span></p><font face=\"Times New Roman\" size=\"3\">\n\n</font><p style=\"margin: 0in 0in 0pt;\"><span style=\"mso-bookmark: _MailAutoSig;\"><b style=\"mso-bidi-font-weight: normal;\"><span style=\'color: rgb(89, 89, 89); mso-fareast-font-family: \"Times New Roman\"; mso-fareast-theme-font: minor-fareast; mso-no-proof: yes;\'><font face=\"Calibri\" size=\"3\">KJWW and TTG have merged </font></span></b></span></p><font face=\"Times New Roman\" size=\"3\">\n\n</font><p style=\"margin: 0in 0in 0pt;\"><span style=\"mso-bookmark: _MailAutoSig;\"><span style=\'color: rgb(89, 89, 89); mso-fareast-font-family: \"Times New Roman\"; mso-fareast-theme-font: minor-fareast; mso-no-proof: yes;\'><font face=\"Calibri\" size=\"3\">114 years combined experience</font></span></span></p><font face=\"Times New Roman\" size=\"3\">\n\n</font><p style=\"margin: 0in 0in 0pt;\"><span style=\"mso-bookmark: _MailAutoSig;\"><span style=\'color: rgb(89, 89, 89); mso-fareast-font-family: \"Times New Roman\"; mso-fareast-theme-font: minor-fareast; mso-no-proof: yes;\'><font face=\"Calibri\" size=\"3\">and 900 professionals. </font></span></span><a href=\"http://www.kjww.com/news-events/kjww-and-ttg-merge\"><span style=\"mso-bookmark: _MailAutoSig;\"><b style=\"mso-bidi-font-weight: normal;\"><span style=\'color: rgb(89, 89, 89); mso-fareast-font-family: \"Times New Roman\"; mso-fareast-theme-font: minor-fareast; mso-no-proof: yes;\'><font face=\"Calibri\" size=\"3\">Learn more</font></span></b></span></a><span style=\"mso-bookmark: _MailAutoSig;\"><b style=\"mso-bidi-font-weight: normal;\"><span style=\'color: rgb(89, 89, 89); mso-fareast-font-family: \"Times New Roman\"; mso-fareast-theme-font: minor-fareast; mso-no-proof: yes;\'><font face=\"Calibri\" size=\"3\">.</font></span></b></span></p><font face=\"Times New Roman\" size=\"3\">\n\n</font>', 'KJWW', '', 2, 1, 237, 2394, 74338, 0),
(8, '', '<div dir=\"ltr\"><div><strong>oleg</strong> </div><div><br></div><div><a href=\"http:///\" target=\"_blank\"><img width=\"343\" height=\"213\" style=\"width: 174px; height: 103px;\" src=\"https://ci6.googleusercontent.com/proxy/i9_EbKQKso4qsC8GbILyZ2qzNq-C6mfYbzR-ms-JiXW9xn0b4U4sD1a6BzepeEyhiZEufimJNVvSAI1KfEHCyhfW0QLPpXr1fQWXCJFh37CBUrMsdKr4ofpjrqgemCWLZ7dloVK0mBk0oC2M4VXc8aCyJnBiOWe33ELj-sRxD2cBdvDAt_fIr6t-1EqkwqDOStZjhhzF9GFNEIQ=s0-d-e1-ft#https://docs.google.com/uc?export=download&amp;id=0B5t_gbubuw58eHhGSzVNWWhLeDQ&amp;revid=0B5t_gbubuw58b0o2SCtSeFRxRFVrN2Z2R3UvckhSbEV0Z1FnPQ\"></a></div><div><br></div><div><font color=\"#f6b26b\"><a href=\"http://www.google.com/\" target=\"_blank\">TESTING GOOGLE SIGNATURE</a></font></div></div>', '', '', 1, NULL, 237, 2394, 74192, 0),
(9, '', '', 'LIGHT', '', 10, NULL, 237, 2394, 74338, 0),
(10, '', '<div>John Smith, AIA<div><span style=\"color: rgb(51, 102, 255);\"><br></span></div><div><span style=\"color: rgb(51, 102, 255);\"><img src=\"logos/logos-1/10-abc-logo.jpg\" style=\"display: block; max-width: 50%; height: auto; max-height: 150px; margin: 10px 0;\"><br></span></div><div><span style=\"color: rgb(51, 102, 255);\"><br></span></div><div><span style=\"font-weight: bold; font-family: Georgia; color: rgb(51, 102, 255);\">ABC Architects, LLC</span></div><div><span style=\"font-weight: bold; font-family: Georgia; color: rgb(51, 102, 255);\">123 Road Lane, Suite 300</span></div><div><span style=\"font-weight: bold; font-family: Georgia; color: rgb(51, 102, 255);\">Bolingbrook, IL</span></div><div><span style=\"font-weight: bold; font-family: Georgia; color: rgb(51, 102, 255);\"><br></span></div><div><span style=\"font-weight: bold; font-family: Georgia; color: rgb(51, 102, 255);\"><br></span></div></div>', 'ABC Architects', 'logos/logos-1/10-abc-logo.jpg', 1, NULL, 237, 2394, 74254, 0),
(11, '', '', '', '', 1, NULL, 237, 2394, 74338, 0),
(12, '', '', 'OPDesign', '', 3, NULL, 237, 2394, 74281, 1),
(13, '', '', 'Generation Brands', '', 10, NULL, 237, 2394, 75001, 1),
(14, '', '', 'KRB Custom Homes, Inc.', '', 5, NULL, 237, 2394, 74338, 0),
(15, '', '', 'PureEdge Lighting', '', 10, 1, 237, 2394, 74338, 1),
(16, '', '', 'Mayikang Corp.', '', 10, 1, 40, 292, 10896, 1),
(17, '', '', '', '', 10, NULL, 237, 2394, 74794, 0),
(18, 'ljc@ledelum.com', '', '', '', 12, NULL, 237, 2394, 74794, 0),
(19, '', '', 'DMAC', '', 1, 1, 237, 2394, 74338, 1),
(20, '', '', 'China International Optoelectronic Exposition (CIOE)', '', 12, NULL, 46, 326, 12497, 0),
(21, '', '', 'Cdo Events', '', 12, 1, 76, 606, 30865, 0),
(22, '', '', 'cl design', '', 4, 1, 237, 2390, 73353, 0),
(23, '', '', 'Schuler Shook', '', 3, NULL, 237, 2394, 74338, 1),
(24, '', '', 'Test', '', 12, 1, 237, 2418, 85499, 0),
(25, 'gpedota@gmail.com', '', 'personal', '', 3, 2, 237, 2394, 74338, 1),
(26, '', '', 'Dubois Construction Companies inc', '', 5, 1, 237, 2401, 78315, 0),
(27, '', '', '', '', 6, NULL, 237, 2394, 74794, 0),
(28, '', '', 'imba', '', 12, 1, 234, 2361, 66797, 0),
(29, '', '', 'Creek Ridge Design Concepts', '', 4, 1, 237, 2390, 73030, 0),
(30, '', '', 'LEDspin, LLC', '', 3, 2, 237, 2413, 83298, 1),
(57, '', '', 'LightAZ,Inc.', '', 3, NULL, 237, 2394, 74338, 0),
(58, '', '<p class=\"MsoNormal\"><span style=\"font-family:&quot;Arial&quot;,sans-serif;mso-fareast-font-family:\nCalibri;mso-bidi-font-weight:bold\">Sincerely,<o:p></o:p></span></p>\n\n<p class=\"MsoNormal\"><b><span style=\"font-family:&quot;Arial&quot;,sans-serif;mso-fareast-font-family:\nCalibri\"><o:p>&nbsp;</o:p></span></b></p>\n\n<p class=\"MsoNormal\"><b><span style=\"font-family:&quot;Arial&quot;,sans-serif;mso-fareast-font-family:\nCalibri\">Lars J Christiansen</span></b><span style=\"font-family:&quot;Arial&quot;,sans-serif;\nmso-fareast-font-family:Calibri\"><o:p></o:p></span></p>\n\n<p class=\"MsoNormal\"><span style=\"font-family:&quot;Arial&quot;,sans-serif;mso-fareast-font-family:\nCalibri\">CEO, Co-founder<o:p></o:p></span></p>\n\n<p class=\"MsoNormal\"><span style=\"font-family: Arial, sans-serif; font-size: 1.3rem;\">&nbsp;</span></p>\n\n<p class=\"MsoNormal\"><span style=\"font-size:10.0pt;font-family:&quot;Arial&quot;,sans-serif;\nmso-fareast-font-family:Calibri;color:#C45911;mso-themecolor:accent2;\nmso-themeshade:191\">SEARCH. SPECIFY. CONNECT&nbsp;</span><span style=\"font-size:10.0pt;font-family:&quot;Arial&quot;,sans-serif;mso-fareast-font-family:\nCalibri\">I <span style=\"color:#C45911;mso-themecolor:accent2;mso-themeshade:\n191\">PROFESSIONAL LIGHTING</span><o:p></o:p></span></p>\n\n<p class=\"MsoNormal\"><b><span style=\"font-family:&quot;Arial&quot;,sans-serif;mso-fareast-font-family:\nCalibri\">&nbsp;</span></b><span style=\"font-family:&quot;Arial&quot;,sans-serif;\nmso-fareast-font-family:Calibri\"><o:p></o:p></span></p>\n\n<p class=\"MsoNormal\"><b><span style=\"font-size:9.0pt;font-family:&quot;Arial&quot;,sans-serif;\nmso-fareast-font-family:Calibri\">LightAZ, Inc.</span></b><span style=\"font-size:9.0pt;font-family:&quot;Arial&quot;,sans-serif;mso-fareast-font-family:\nCalibri\"><o:p></o:p></span></p>\n\n<p class=\"MsoNormal\"><span style=\"font-size: 9pt; font-family: Arial, sans-serif;\">20 W Kinzie St I&nbsp;17th\nFloor&nbsp;I&nbsp;Chicago, IL 60654&nbsp;</span><span style=\"font-size:9.0pt;\nfont-family:&quot;Arial&quot;,sans-serif;mso-fareast-font-family:Calibri\"><o:p></o:p></span></p>\n\n<p class=\"MsoNormal\"><span style=\"font-size:9.0pt;font-family:&quot;Arial&quot;,sans-serif;\nmso-fareast-font-family:Calibri\">o: 312.380.0585<o:p></o:p></span></p>\n\n<p class=\"MsoNormal\"><span style=\"font-size:9.0pt;font-family:&quot;Arial&quot;,sans-serif;\nmso-fareast-font-family:Calibri\">m:&nbsp;630.453.4659 <o:p></o:p></span></p>\n\n<p class=\"MsoNormal\"><span style=\"font-size:9.0pt;font-family:&quot;Arial&quot;,sans-serif;\nmso-fareast-font-family:Calibri\">e: Lars.C@lightaz.com <o:p></o:p></span></p>\n\n<p class=\"MsoNormal\"><span style=\"font-size:9.0pt;font-family:&quot;Arial&quot;,sans-serif;\nmso-fareast-font-family:Calibri\">w:&nbsp;www.lightaz.com <o:p></o:p></span></p>\n\n<p class=\"MsoNormal\"><span style=\"font-size:9.0pt;font-family:&quot;Arial&quot;,sans-serif;\nmso-fareast-font-family:Calibri\">&nbsp;<o:p></o:p></span></p>\n\n<span style=\"font-size:9.0pt;font-family:&quot;Arial&quot;,sans-serif;mso-fareast-font-family:\nCalibri;mso-ansi-language:EN-US;mso-fareast-language:EN-US;mso-bidi-language:\nAR-SA\">This email may contain confidential and/or private information. If you\nreceived this email in error, please delete and notify sender.</span>', 'LightAZ', '', 12, 1, 237, 2394, 74338, 1),
(59, '', '', 'LightAZ', '', 3, NULL, 237, 2394, 74338, 0),
(60, '', '', '', '', 1, NULL, 237, 2393, 74059, 0),
(61, '', '', 'LightAZ', '', 12, 8, 237, 2394, 74794, 0),
(149, '', '', '', '', 1, NULL, 237, 2384, 71190, 0),
(152, '', '', '', '', 1, 1, 237, 2394, 74338, 0),
(153, '', '', 'LightAZ Inc.', '', 3, 10, 237, 2394, 74338, 1),
(154, '', '', 'Ambiance Lighting Inc.', '', 9, 11, 237, 2401, 78009, 0),
(155, '', '', 'Lighting', '', 4, 9, 237, 2424, 88244, 0),
(156, '', '', 'Targetti USA', '', 5, 8, 237, 2385, 71693, 0),
(157, '', '', 'Perkins and Will', '', 1, 4, 237, 2394, 74338, 0),
(158, '', '', '', '', 5, 5, 237, 2413, 82566, 0),
(159, '', '', '', '', 3, 2, 237, 2394, 74338, 0),
(160, '', '<p class=\"MsoNormal\"><b><span style=\"font-family:&quot;Arial&quot;,sans-serif\">Michael\nJohnson<o:p></o:p></span></b></p>\n\n<p class=\"MsoNormal\"><span style=\"font-family:&quot;Arial&quot;,sans-serif\">Data -\nCoordinator<o:p></o:p></span></p>\n\n<p class=\"MsoNormal\"><span style=\"font-family:&quot;Arial&quot;,sans-serif\"><o:p>&nbsp;</o:p></span></p>\n\n<p class=\"MsoNormal\"><span style=\"font-family:&quot;Arial&quot;,sans-serif\">Light<span style=\"color: rgb(255, 102, 0);\">AZ</span>.com<o:p></o:p></span></p>\n\n<p class=\"MsoNormal\"><span style=\"font-family:&quot;Arial&quot;,sans-serif\">&nbsp;<o:p></o:p></span></p>\n\n<p class=\"MsoNormal\"><span style=\"font-size:10.0pt;font-family:&quot;Arial&quot;,sans-serif;\ncolor:#C45911\">SEARCH. SPECIFY. CONNECT&nbsp;</span><span style=\"font-size:\n10.0pt;font-family:&quot;Arial&quot;,sans-serif\">I <span style=\"color:#C45911\">PROFESSIONAL\nLIGHTING</span><o:p></o:p></span></p>\n\n<p class=\"MsoNormal\"><b><span style=\"font-family:&quot;Arial&quot;,sans-serif\">&nbsp;</span></b><span style=\"font-family:&quot;Arial&quot;,sans-serif\"><o:p></o:p></span></p>\n\n<p class=\"MsoNormal\"><b><span style=\"font-size:9.0pt;font-family:&quot;Arial&quot;,sans-serif\">LightAZ,\nInc.</span></b><span style=\"font-size:9.0pt;font-family:&quot;Arial&quot;,sans-serif\"><o:p></o:p></span></p>\n\n<p class=\"MsoNormal\"><span style=\"font-size: 9pt; font-family: Arial, sans-serif;\">20 W Kinzie St I&nbsp;17th Floor&nbsp;I&nbsp;Chicago, IL\n60654&nbsp;</span><span style=\"font-size:9.0pt;font-family:&quot;Arial&quot;,sans-serif\"><o:p></o:p></span></p>\n\n<p class=\"MsoNormal\"><span style=\"font-size:9.0pt;font-family:&quot;Arial&quot;,sans-serif\">o:\n312.380.0585<o:p></o:p></span></p>\n\n<p class=\"MsoNormal\"><span style=\"font-size:9.0pt;font-family:&quot;Arial&quot;,sans-serif\">m:&nbsp;630.770.3586\n<o:p></o:p></span></p>\n\n<p class=\"MsoNormal\"><span style=\"font-size:9.0pt;font-family:&quot;Arial&quot;,sans-serif\">e:\n<a href=\"mailto:Michael.J@lightaz.com\">Michael.J@lightaz.com</a> <o:p></o:p></span></p>\n\n<p class=\"MsoNormal\"><span style=\"font-size:9.0pt;font-family:&quot;Arial&quot;,sans-serif\">w:&nbsp;<a href=\"http://www.lightaz.com/\">www.lightaz.com</a> <o:p></o:p></span></p>\n\n<p class=\"MsoNormal\"><span style=\"font-size:9.0pt;font-family:&quot;Arial&quot;,sans-serif\">&nbsp;<o:p></o:p></span></p>\n\n<p class=\"MsoNormal\"><span style=\"font-size:9.0pt;font-family:&quot;Arial&quot;,sans-serif\">This\nemail may contain confidential and/or private information. If you received this\nemail in error, please delete and notify sender.</span><span style=\"font-size:\n9.0pt;font-family:&quot;Lato&quot;,sans-serif\"><o:p></o:p></span></p>', 'LightAZ', '', 12, 8, 237, 2394, 74794, 0),
(161, '', '', 'Luminaires Group', '', 10, 8, 40, 294, 11276, 0),
(162, '', '', 'Targetti', '', 10, 8, 237, 2386, 72690, 0),
(163, '', '', '', '', 12, NULL, 237, 2394, 74794, 0),
(164, '', '', 'Edwards Hospital', '', 7, 8, 237, 2394, 74794, 0),
(165, '', '', 'PG-enlighten', '', 9, 11, 237, 2394, 75129, 0),
(166, '', '', 'Finn Geisler Holding ApS', '', 6, 8, 59, 454, 0, 0),
(167, '', '', 'HGA', '', 1, 2, 237, 2430, 91122, 0),
(168, '', '', 'Reese Hackman Engineering', '', 2, 2, 237, 2419, 86831, 0),
(169, '', '', 'LightSmarts', '', 3, 2, 237, 2391, 73437, 0),
(170, '', '', 'American Wholesale Lighting, Inc', '', 12, 12, 237, 2385, 71954, 0),
(171, '', '', 'michael c barnes architect, pllc', '', 1, 1, 237, 2394, 74648, 0),
(172, '', '', 'ESP Prosearch', '', 12, 8, 237, 2421, 87183, 0),
(173, '', '', 'National Retrofitting Group LLC', '', 12, NULL, 237, 2394, 74810, 0),
(174, '', '', 'Hartranft Lighting Design', '', 3, 2, 237, 2414, 83672, 0),
(175, '', '', 'None', '', 10, NULL, 237, 2414, 83672, 0),
(176, '', '', 'Elite Electric', '', 5, 8, 237, 2416, 84507, 0),
(177, '', '', 'ldi', '', 9, 11, 237, 2390, 73118, 0),
(178, '', '', '5775 HORNBILL PLACE', '', 9, 11, 237, 2395, 75235, 0),
(179, '', '', 'Lighting Unlimited', '', 9, 11, 237, 2416, 84507, 0),
(180, '', '', 'Available Light', '', 3, 2, 237, 2413, 83145, 0),
(181, '', '', 'Lux et Veritas Design', '', 3, 2, 237, 2391, 73447, 0),
(182, '', '', 'Mead & Hunt', '', 2, 2, 237, 2430, 91122, 0),
(183, '', '', 'Crescent', '', 12, 12, 237, 2430, 91122, 0),
(184, '', '', 'Assurance Lighting', '', 10, 11, 237, 2427, 89503, 0),
(185, '', '', 'Acuity', '', 10, 8, 237, 2394, 74406, 0),
(186, '', '', 'A-light', '', 12, 9, 237, 2385, 72095, 0),
(187, '', '', 'Available Light', '', 3, 2, 237, 2402, 78364, 0),
(188, '', '', 'Red Leonard Associates', '', 9, 11, 237, 2416, 84493, 0),
(189, '', '', 'Illuminating Concepts', '', 3, 2, 237, 2403, 78981, 0),
(190, '', '', 'IlluminatingConcepts', '', 3, 2, 237, 2403, 78937, 0),
(191, '', '', 'SI', '', 10, 6, 237, 2427, 89700, 0),
(192, '', '', 'Lamar Lighting Co. Inc.', '', 10, 2, 237, 2413, 82775, 0),
(193, '', '', 'LUXURY LIGHTING', '', 3, 2, 40, 292, 10670, 0),
(194, '', '', 'Crenshaw Lighting', '', 10, 8, 237, 2427, 89597, 0),
(195, '', '', 'KSA Lighting', '', 9, 8, 237, 2394, 74561, 0),
(196, '', '', 'BULBTRONICS INC', '', 12, 12, 237, 2413, 82775, 0),
(197, '', '', 'PMC Lighting', '', 10, 11, 237, 2420, 87071, 0),
(198, '', '', 'WSA', '', 9, 11, 40, 292, 10756, 0),
(199, '', '', 'Mars Electric Co.', '', 12, 2, 237, 2416, 84497, 0),
(200, '', '', '', '', 3, NULL, 237, 2394, 74824, 0),
(201, '', '', 'Hugh Lighting Design, LLC', '', 3, 2, 237, 2394, 74824, 0),
(202, '', '', 'Mitchell B Kohn Lighting Design', '', 3, 2, 237, 2394, 74583, 0),
(203, '', '', '', '', 2, NULL, 237, 2419, 86831, 0),
(204, '', '', 'MBN', '', 2, 5, 237, 2415, 84208, 0),
(205, '', '', 'SCOSI', '', 3, 2, 141, 1259, 50989, 0),
(206, '', '', 'Lam Partners', '', 3, 2, 237, 2402, 78379, 0),
(207, '', '', 'Lam Partners', '', 3, 2, 237, 2402, 78379, 0),
(208, '', '', 'Nadarra Lighting Company', '', 10, 8, 237, 2413, 83307, 0),
(209, '', '', 'Eureka Lighting', '', 3, 9, 40, 294, 11276, 0),
(210, '', '', '', '', 9, NULL, 237, 2394, 74561, 0),
(211, '', '', 'KSA Lighting', '', 9, 11, 237, 2394, 74561, 0),
(212, '', '', 'KSA Lighting & Controls', '', 9, 11, 237, 2394, 74561, 0),
(213, '', '', 'KSA Lighting & Controls', '', 9, 11, 237, 2396, 76002, 0),
(214, '', '', 'KSA Lighting', '', 9, 11, 237, 2396, 75786, 0),
(215, '', '', 'KSA Lighting & Controls', '', 9, 11, 237, 2394, 74657, 0),
(216, '', '', 'KSA Lighting + Controls', '', 9, 11, 237, 2394, 74338, 0),
(221, '', '', 'KSA Lighting & Controls', '', 9, 11, 237, 2394, 74561, 0),
(222, '', '', 'KSA Lighting & Controls', '', 9, 11, 237, 2394, 74561, 0),
(223, '', '', 'KSA Lighting', '', 9, 11, 237, 2394, 74561, 0),
(224, '', '', 'liron lighting', '', 10, 2, 237, 2424, 88442, 1),
(225, '', '', 'Spectrum Lighting + Controls, Inc.', '', 9, 9, 237, 2423, 87729, 0),
(226, '', '', 'KSA Lighting + Controls', '', 9, NULL, 237, 2394, 74561, 0),
(227, '', '', 'Avanti Development Partners', '', 5, 8, 237, 2385, 71633, 0),
(228, '', '', 'KSA Lighting', '', 9, 11, 237, 2394, 74561, 0),
(229, '', '', 'KSA Lighting and Controls', '', 9, 11, 237, 2394, 74561, 0),
(230, '', '', '', '', 9, 2, 237, 2404, 79808, 0),
(231, '', '', 'Capitol City Design Inc.', '', 2, 2, 237, 2385, 72417, 0),
(232, '', '', 'chartersills', '', 3, 2, 237, 2394, 74338, 0),
(233, '', '', 'Affiliated Engineers, Inc.', '', 2, 2, 237, 2390, 73267, 0),
(234, '', '', 'FocalPoint', '', 10, 8, 237, 2394, 74338, 0),
(235, '', '', 'Stantec', '', 3, 2, 237, 2386, 72521, 0),
(236, '', '', 'Focal Point', '', 10, 8, 237, 2394, 74338, 0),
(237, '', '', 'LIGHTHIVE', '', 3, 2, 237, 2385, 71972, 0),
(238, '', '', 'SCB', '', 1, 1, 237, 2394, 74338, 0),
(239, '', '', 'FOCAL POINT', '', 10, NULL, 237, 2386, 72521, 0),
(240, '', '', 'Lighting Professionals Inc', '', 3, 2, 237, 2385, 72184, 0),
(241, '', '', 'Pivotal Lighting Design', '', 3, 2, 237, 2394, 74338, 0),
(242, '', '', '', '', 3, NULL, 237, 2413, 83145, 0),
(243, '', '', 'Makit LED Technology Limited', '', 10, 9, 46, 351, 13818, 0),
(244, '', '', '1200 Bannock St.', '', 3, 2, 237, 2386, 72521, 0),
(245, '', '', '', '', 1, 1, 237, 2384, 71185, 0),
(246, '', '', 'Apex Light Design', '', 3, 2, 237, 2395, 75177, 0),
(251, '', '', '', '', 5, NULL, 237, 2381, 70500, 0),
(252, '', '', 'Alex', '', 1, 1, 237, 2383, 70998, 0),
(253, '', '', 'vbn', '', 1, 10, 237, 2394, 74281, 0),
(254, '', '', 'Bn', '', 1, 1, 237, 2385, 71504, 0),
(255, '', '', 'Alex', '', 1, 1, 237, 2381, 70502, 0),
(256, '', '', 'Alex Opera', '', 1, 1, 237, 2386, 72457, 0),
(257, '', '', '', '', 2, NULL, 237, 2384, 71190, 0),
(258, '', '', 'Helene Wismann', '', 1, 10, 59, 450, 15219, 0),
(259, '', '', '', '', 12, NULL, 40, 292, 10896, 0),
(260, '', '', 'Wells Keown Associates Inc', '', 9, 11, 237, 2399, 77539, 0),
(261, '', '', 'ALR', '', 9, 11, 237, 2385, 72090, 0),
(262, '', '', 'IMEG', '', 2, 2, 237, 2430, 91118, 0),
(263, '', '', 'The Lighting Agency', '', 9, 11, 237, 2386, 72521, 0),
(264, '', '', 'Hood McNees', '', 2, 5, 237, 2418, 85664, 0),
(265, '', '', 'King County Metro DOT', '', 7, NULL, 237, 2428, 90230, 0),
(266, '', '', 'Focal Point', '', 10, 8, 237, 2394, 74338, 0),
(267, '', '', 'Focal Point', '', 10, NULL, 237, 2394, 74338, 0),
(268, '', '', 'Focal Point Lights', '', 1, NULL, 237, 2394, 74338, 0),
(269, '', '', 'RDG Planning & Design', '', 3, 2, 237, 2396, 75850, 0),
(270, '', '', 'RCS Enterprises', '', 2, 5, 237, 2424, 88020, 0),
(271, '', '', 'Angus Lighting', '', 3, 2, 40, 292, 10896, 0),
(272, '', '', 'Rn04dbdb', '', 2, 2, 40, 292, 10896, 0),
(273, '', '', 'Jatec', '', 5, 7, 40, 284, 9326, 0),
(282, '', '', '', '', 1, 1, 237, 2394, 74794, 0),
(283, '', '', 'engineering@h-delectricalservices.com', '', 2, 5, 237, 2407, 80943, 0),
(284, '', '', 'IBM', '', 12, 1, 237, 2413, 82483, 0),
(285, '', '', 'PLS', '', 9, 11, 237, 2428, 90095, 0),
(286, '', '', '', '', 10, 8, 237, 2406, 80446, 0),
(287, '', '', 'Clifton Lemon', '', 6, 8, 237, 2385, 72239, 0),
(291, '', '', 'Ghafari Associates', '', 2, 2, 237, 2394, 74338, 0);

-- --------------------------------------------------------

--
-- Table structure for table `users_positions`
--

CREATE TABLE `users_positions` (
  `position_id` tinyint(3) UNSIGNED NOT NULL,
  `position` varchar(128) COLLATE utf8mb4_unicode_ci NOT NULL
) ENGINE=InnoDB DEFAULT CHARSET=utf8mb4 COLLATE=utf8mb4_unicode_ci;

--
-- Dumping data for table `users_positions`
--

INSERT INTO `users_positions` (`position_id`, `position`) VALUES
(1, 'Architect'),
(2, 'Lighting Designer'),
(3, 'Landscape Architect'),
(4, 'Interior Designer'),
(5, 'Electrical Engineer'),
(6, 'Product Designer'),
(7, 'Contractor'),
(8, 'Manager'),
(9, 'Media'),
(10, 'Student'),
(11, 'Representative Agent'),
(12, 'Distributor');

-- --------------------------------------------------------

--
-- Table structure for table `user_notes`
--

CREATE TABLE `user_notes` (
  `note_id` int(10) UNSIGNED NOT NULL,
  `user_id` int(10) UNSIGNED NOT NULL,
  `note` varchar(255) COLLATE utf8mb4_unicode_ci NOT NULL
) ENGINE=InnoDB DEFAULT CHARSET=utf8mb4 COLLATE=utf8mb4_unicode_ci;

--
-- Dumping data for table `user_notes`
--

INSERT INTO `user_notes` (`note_id`, `user_id`, `note`) VALUES
(6, 1, 'afsdf adf adf'),
(8, 1, 'qqq'),
(9, 58, 'akljdfalksjdfklajskldfj'),
(10, 58, 'akljdfalksjdfklajskldfj\na,mdflkjasdlfj'),
(11, 153, 'HEY'),
(12, 58, 'Test');

-- --------------------------------------------------------

--
-- Table structure for table `visitors`
--

CREATE TABLE `visitors` (
  `visitor_id` int(10) UNSIGNED NOT NULL,
  `visitor` varchar(128) COLLATE utf8mb4_unicode_ci NOT NULL,
  `code` varchar(10) COLLATE utf8mb4_unicode_ci NOT NULL
) ENGINE=InnoDB DEFAULT CHARSET=utf8mb4 COLLATE=utf8mb4_unicode_ci;

--
-- Dumping data for table `visitors`
--

INSERT INTO `visitors` (`visitor_id`, `visitor`, `code`) VALUES
(1, 'Test', 'Test'),
(2, 'USAI Lighting', '022016'),
(3, 'Focal Point', '032016'),
(4, 'Element', '042016'),
(5, 'CDO Events', '012016'),
(6, 'Jason Broadhurst', '2016'),
(7, 'Bega', '1052016'),
(8, 'Acuity', '052016');

--
-- Indexes for dumped tables
--

--
-- Indexes for table `addrbook`
--
ALTER TABLE `addrbook`
  ADD PRIMARY KEY (`addr_id`),
  ADD UNIQUE KEY `uid` (`uid`,`email`);

--
-- Indexes for table `addrbook_positions`
--
ALTER TABLE `addrbook_positions`
  ADD PRIMARY KEY (`id`);

--
-- Indexes for table `app_settings`
--
ALTER TABLE `app_settings`
  ADD PRIMARY KEY (`setting_key`);

--
-- Indexes for table `brands`
--
ALTER TABLE `brands`
  ADD PRIMARY KEY (`brand_id`),
  ADD UNIQUE KEY `brand` (`brand`);

--
-- Indexes for table `categories`
--
ALTER TABLE `categories`
  ADD PRIMARY KEY (`id`),
  ADD KEY `type_id` (`type_id`),
  ADD KEY `status` (`status`) USING BTREE,
  ADD KEY `parent_id` (`parent_id`) USING BTREE;

--
-- Indexes for table `cities`
--
ALTER TABLE `cities`
  ADD PRIMARY KEY (`city_id`),
  ADD KEY `country_id` (`country_id`),
  ADD KEY `region_id` (`region_id`);

--
-- Indexes for table `countries`
--
ALTER TABLE `countries`
  ADD PRIMARY KEY (`country_id`);

--
-- Indexes for table `events`
--
ALTER TABLE `events`
  ADD PRIMARY KEY (`event_id`),
  ADD UNIQUE KEY `sku` (`sku`),
  ADD KEY `sku_media` (`sku_media`);

--
-- Indexes for table `events_images`
--
ALTER TABLE `events_images`
  ADD PRIMARY KEY (`image_id`),
  ADD KEY `event_id` (`event_id`);

--
-- Indexes for table `external_families`
--
ALTER TABLE `external_families`
  ADD PRIMARY KEY (`id`),
  ADD KEY `project_id` (`project_id`),
  ADD KEY `pf_id` (`pf_id`);

--
-- Indexes for table `families`
--
ALTER TABLE `families`
  ADD PRIMARY KEY (`family_id`),
  ADD UNIQUE KEY `family_code` (`family_code`),
  ADD KEY `manf_id` (`manf_id`),
  ADD KEY `family_group` (`family_group`),
  ADD KEY `preview` (`preview`);

--
-- Indexes for table `families_preview`
--
ALTER TABLE `families_preview`
  ADD UNIQUE KEY `family_code` (`family_code`);

--
-- Indexes for table `family_design_opts`
--
ALTER TABLE `family_design_opts`
  ADD UNIQUE KEY `node_id_2` (`node_id`,`property_id`),
  ADD KEY `node_id` (`node_id`),
  ADD KEY `parent_id` (`property_id`) USING BTREE;

--
-- Indexes for table `family_design_props`
--
ALTER TABLE `family_design_props`
  ADD PRIMARY KEY (`property_id`);

--
-- Indexes for table `family_images`
--
ALTER TABLE `family_images`
  ADD PRIMARY KEY (`image_id`),
  ADD KEY `family_id` (`family_id`);

--
-- Indexes for table `family_update`
--
ALTER TABLE `family_update`
  ADD UNIQUE KEY `family_code` (`family_code`);

--
-- Indexes for table `favorites`
--
ALTER TABLE `favorites`
  ADD UNIQUE KEY `user_id` (`user_id`);

--
-- Indexes for table `guides`
--
ALTER TABLE `guides`
  ADD PRIMARY KEY (`guide_id`),
  ADD UNIQUE KEY `sku` (`sku`);

--
-- Indexes for table `guides_categories`
--
ALTER TABLE `guides_categories`
  ADD PRIMARY KEY (`spec_id`),
  ADD UNIQUE KEY `parent_feature` (`parent_id`,`spec`),
  ADD KEY `parent_id` (`parent_id`);

--
-- Indexes for table `guides_classification`
--
ALTER TABLE `guides_classification`
  ADD UNIQUE KEY `guide_id` (`guide_id`);

--
-- Indexes for table `guides_images`
--
ALTER TABLE `guides_images`
  ADD PRIMARY KEY (`image_id`),
  ADD KEY `guide_id` (`guide_id`);

--
-- Indexes for table `hybrid_groups`
--
ALTER TABLE `hybrid_groups`
  ADD PRIMARY KEY (`node_id`),
  ADD UNIQUE KEY `parent_id_2` (`parent_id`,`name`),
  ADD KEY `parent_id` (`parent_id`),
  ADD KEY `lft` (`lft`) USING BTREE,
  ADD KEY `lft_2` (`lft`,`rgt`) USING BTREE;

--
-- Indexes for table `hybrid_groups_options`
--
ALTER TABLE `hybrid_groups_options`
  ADD UNIQUE KEY `optgroup_id` (`group_id`,`node_id`),
  ADD KEY `optgroup_id_2` (`group_id`) USING BTREE,
  ADD KEY `node_id` (`node_id`);

--
-- Indexes for table `hybrid_order`
--
ALTER TABLE `hybrid_order`
  ADD PRIMARY KEY (`id`),
  ADD UNIQUE KEY `node_id` (`node_id`,`so_node_id`);

--
-- Indexes for table `library`
--
ALTER TABLE `library`
  ADD PRIMARY KEY (`id`),
  ADD KEY `category_id` (`category_id`,`status`) USING BTREE;

--
-- Indexes for table `library_pdf`
--
ALTER TABLE `library_pdf`
  ADD UNIQUE KEY `library_pdf_id` (`library_id`,`pdf_id`) USING BTREE;

--
-- Indexes for table `manufacturers`
--
ALTER TABLE `manufacturers`
  ADD PRIMARY KEY (`manf_id`),
  ADD UNIQUE KEY `manf_name` (`manf_name`),
  ADD UNIQUE KEY `code` (`code`),
  ADD KEY `brand_id` (`brand_id`);

--
-- Indexes for table `manufacturers_data`
--
ALTER TABLE `manufacturers_data`
  ADD UNIQUE KEY `manufacturer_id` (`manf_id`),
  ADD UNIQUE KEY `user_id` (`user_id`);

--
-- Indexes for table `manufacturer_reps`
--
ALTER TABLE `manufacturer_reps`
  ADD PRIMARY KEY (`manfrep_id`),
  ADD UNIQUE KEY `manf_id_2` (`manf_id`,`rep_id`,`country_id`,`region_id`,`city_id`),
  ADD KEY `manf_id` (`manf_id`),
  ADD KEY `rep_id` (`rep_id`),
  ADD KEY `country_id` (`country_id`),
  ADD KEY `region_id` (`region_id`),
  ADD KEY `city_id` (`city_id`);

--
-- Indexes for table `media_partners`
--
ALTER TABLE `media_partners`
  ADD PRIMARY KEY (`media_id`),
  ADD UNIQUE KEY `sku` (`sku`);

--
-- Indexes for table `messages`
--
ALTER TABLE `messages`
  ADD UNIQUE KEY `pf_id` (`pf_id`);

--
-- Indexes for table `news`
--
ALTER TABLE `news`
  ADD PRIMARY KEY (`news_id`),
  ADD UNIQUE KEY `sku` (`sku`),
  ADD KEY `sku_media` (`sku_media`);

--
-- Indexes for table `news_images`
--
ALTER TABLE `news_images`
  ADD PRIMARY KEY (`image_id`),
  ADD KEY `guide_id` (`news_id`);

--
-- Indexes for table `pages_html`
--
ALTER TABLE `pages_html`
  ADD PRIMARY KEY (`page_id`);

--
-- Indexes for table `products`
--
ALTER TABLE `products`
  ADD PRIMARY KEY (`product_id`),
  ADD KEY `manf_id` (`manf_id`),
  ADD KEY `brand_id` (`brand_id`),
  ADD KEY `manf_spec_id` (`manf_spec_id`),
  ADD KEY `brand_spec_id` (`brand_spec_id`),
  ADD KEY `family_id` (`family_id`),
  ADD KEY `fixture_1` (`fixture_1`,`family_id`),
  ADD KEY `fixture_2` (`fixture_2`,`family_id`),
  ADD KEY `fixture_3` (`fixture_3`,`family_id`),
  ADD KEY `fixture_4` (`fixture_4`,`family_id`),
  ADD KEY `mounting_1` (`mounting_1`,`family_id`),
  ADD KEY `mounting_2` (`mounting_2`,`family_id`),
  ADD KEY `mounting_3` (`mounting_3`,`family_id`),
  ADD KEY `mounting_4` (`mounting_4`,`family_id`),
  ADD KEY `environment_1` (`environment_1`,`family_id`),
  ADD KEY `environment_2` (`environment_2`,`family_id`),
  ADD KEY `environment_3` (`environment_3`,`family_id`),
  ADD KEY `environment_4` (`environment_4`,`family_id`),
  ADD KEY `environment_5` (`environment_5`,`family_id`),
  ADD KEY `lumens_min` (`lumens_min`),
  ADD KEY `lumens_max` (`lumens_max`);

--
-- Indexes for table `projects`
--
ALTER TABLE `projects`
  ADD PRIMARY KEY (`project_id`),
  ADD KEY `uid` (`uid`),
  ADD KEY `region_id` (`region_id`),
  ADD KEY `city_id` (`city_id`),
  ADD KEY `type_id` (`type_id`),
  ADD KEY `phase_id` (`phase_id`);

--
-- Indexes for table `projectslib`
--
ALTER TABLE `projectslib`
  ADD PRIMARY KEY (`projectslib_id`),
  ADD UNIQUE KEY `sku` (`sku`);

--
-- Indexes for table `projectslib_categories`
--
ALTER TABLE `projectslib_categories`
  ADD PRIMARY KEY (`spec_id`),
  ADD UNIQUE KEY `parent_feature` (`parent_id`,`spec`),
  ADD KEY `parent_id` (`parent_id`);

--
-- Indexes for table `projectslib_classification`
--
ALTER TABLE `projectslib_classification`
  ADD PRIMARY KEY (`projectslib_id`);

--
-- Indexes for table `projectslib_families`
--
ALTER TABLE `projectslib_families`
  ADD PRIMARY KEY (`id`),
  ADD UNIQUE KEY `projectslib_id_2` (`projectslib_id`,`family_code`),
  ADD KEY `projectslib_id` (`projectslib_id`),
  ADD KEY `family_code` (`family_code`);

--
-- Indexes for table `projectslib_images`
--
ALTER TABLE `projectslib_images`
  ADD PRIMARY KEY (`image_id`),
  ADD KEY `projectslib_id` (`projectslib_id`);

--
-- Indexes for table `projects_families`
--
ALTER TABLE `projects_families`
  ADD PRIMARY KEY (`pf_id`),
  ADD KEY `project_id` (`project_id`),
  ADD KEY `uid` (`uid`);

--
-- Indexes for table `projects_images`
--
ALTER TABLE `projects_images`
  ADD PRIMARY KEY (`image_id`),
  ADD KEY `project_id` (`project_id`);

--
-- Indexes for table `projects_inspirations`
--
ALTER TABLE `projects_inspirations`
  ADD PRIMARY KEY (`insp_id`),
  ADD UNIQUE KEY `project_id_2` (`project_id`,`projectslib_id`),
  ADD KEY `project_id` (`project_id`),
  ADD KEY `uid` (`uid`),
  ADD KEY `projectslib_id` (`projectslib_id`),
  ADD KEY `guide_id` (`guide_id`);

--
-- Indexes for table `projects_rep`
--
ALTER TABLE `projects_rep`
  ADD PRIMARY KEY (`share_id`),
  ADD KEY `uid` (`uid`),
  ADD KEY `region_id` (`region_id`),
  ADD KEY `city_id` (`city_id`),
  ADD KEY `project_id` (`project_id`);

--
-- Indexes for table `projects_rep_families`
--
ALTER TABLE `projects_rep_families`
  ADD PRIMARY KEY (`id`),
  ADD KEY `project_id` (`project_id`),
  ADD KEY `uid` (`uid`),
  ADD KEY `share_id` (`share_id`) USING BTREE;

--
-- Indexes for table `projects_shared`
--
ALTER TABLE `projects_shared`
  ADD PRIMARY KEY (`share_id`),
  ADD KEY `uid` (`uid`),
  ADD KEY `region_id` (`region_id`),
  ADD KEY `city_id` (`city_id`),
  ADD KEY `project_id` (`project_id`);

--
-- Indexes for table `projects_shared_families`
--
ALTER TABLE `projects_shared_families`
  ADD PRIMARY KEY (`id`),
  ADD KEY `project_id` (`project_id`),
  ADD KEY `uid` (`uid`),
  ADD KEY `share_id` (`share_id`) USING BTREE;

--
-- Indexes for table `project_phase`
--
ALTER TABLE `project_phase`
  ADD PRIMARY KEY (`phase_id`);

--
-- Indexes for table `project_type`
--
ALTER TABLE `project_type`
  ADD PRIMARY KEY (`type_id`);

--
-- Indexes for table `qcm_fam_cnt`
--
ALTER TABLE `qcm_fam_cnt`
  ADD UNIQUE KEY `qry_hash` (`qry_hash`),
  ADD KEY `manf_id` (`manf_id`);

--
-- Indexes for table `qcm_fam_opts`
--
ALTER TABLE `qcm_fam_opts`
  ADD UNIQUE KEY `qry_hash` (`qry_hash`),
  ADD KEY `manf_id` (`manf_id`);

--
-- Indexes for table `qcm_manufacturers`
--
ALTER TABLE `qcm_manufacturers`
  ADD UNIQUE KEY `manf_id` (`manf_id`);

--
-- Indexes for table `qcm_tot_cnt`
--
ALTER TABLE `qcm_tot_cnt`
  ADD UNIQUE KEY `qry_hash` (`qry_hash`),
  ADD KEY `manf_id` (`manf_id`);

--
-- Indexes for table `qc_fam_cnt`
--
ALTER TABLE `qc_fam_cnt`
  ADD UNIQUE KEY `qry_hash` (`qry_hash`);

--
-- Indexes for table `qc_fam_items`
--
ALTER TABLE `qc_fam_items`
  ADD UNIQUE KEY `qry_hash` (`qry_hash`);

--
-- Indexes for table `qc_fam_opts`
--
ALTER TABLE `qc_fam_opts`
  ADD UNIQUE KEY `qry_hash` (`qry_hash`);

--
-- Indexes for table `qc_fam_props`
--
ALTER TABLE `qc_fam_props`
  ADD UNIQUE KEY `family_code` (`family_code`);

--
-- Indexes for table `qc_hsg`
--
ALTER TABLE `qc_hsg`
  ADD UNIQUE KEY `qry_hash` (`qry_hash`);

--
-- Indexes for table `qc_hybrid`
--
ALTER TABLE `qc_hybrid`
  ADD UNIQUE KEY `qry_hash` (`qry_hash`);

--
-- Indexes for table `qc_sitestat`
--
ALTER TABLE `qc_sitestat`
  ADD PRIMARY KEY (`id`);

--
-- Indexes for table `qc_tot_cnt`
--
ALTER TABLE `qc_tot_cnt`
  ADD UNIQUE KEY `qry_hash` (`qry_hash`);

--
-- Indexes for table `regions`
--
ALTER TABLE `regions`
  ADD PRIMARY KEY (`region_id`),
  ADD KEY `country_id` (`country_id`);

--
-- Indexes for table `reps`
--
ALTER TABLE `reps`
  ADD PRIMARY KEY (`rep_id`),
  ADD UNIQUE KEY `rep_name` (`rep_name`),
  ADD UNIQUE KEY `code` (`code`),
  ADD KEY `country_id` (`country_id`),
  ADD KEY `region_id` (`region_id`),
  ADD KEY `city_id` (`city_id`);

--
-- Indexes for table `search_options`
--
ALTER TABLE `search_options`
  ADD PRIMARY KEY (`node_id`),
  ADD UNIQUE KEY `parent_feature` (`parent_id`,`name`),
  ADD KEY `parent_id` (`parent_id`),
  ADD KEY `lft` (`lft`,`rgt`),
  ADD KEY `lft_2` (`lft`);

--
-- Indexes for table `search_options_range`
--
ALTER TABLE `search_options_range`
  ADD PRIMARY KEY (`node_id`);

--
-- Indexes for table `settings`
--
ALTER TABLE `settings`
  ADD PRIMARY KEY (`id`);

--
-- Indexes for table `shared_search`
--
ALTER TABLE `shared_search`
  ADD PRIMARY KEY (`id`);

--
-- Indexes for table `sku_charmask`
--
ALTER TABLE `sku_charmask`
  ADD UNIQUE KEY `manf_code` (`manf_code`);

--
-- Indexes for table `sliders`
--
ALTER TABLE `sliders`
  ADD PRIMARY KEY (`slider_id`),
  ADD UNIQUE KEY `sku` (`sku`);

--
-- Indexes for table `sliders_images`
--
ALTER TABLE `sliders_images`
  ADD PRIMARY KEY (`image_id`),
  ADD KEY `event_id` (`slider_id`);

--
-- Indexes for table `sliders_pages`
--
ALTER TABLE `sliders_pages`
  ADD PRIMARY KEY (`page_id`);

--
-- Indexes for table `stats_user_visits`
--
ALTER TABLE `stats_user_visits`
  ADD PRIMARY KEY (`id`),
  ADD UNIQUE KEY `manf_id` (`user_id`,`utc`) USING BTREE;

--
-- Indexes for table `users`
--
ALTER TABLE `users`
  ADD PRIMARY KEY (`user_id`),
  ADD UNIQUE KEY `username` (`username`);

--
-- Indexes for table `users_auth`
--
ALTER TABLE `users_auth`
  ADD PRIMARY KEY (`id`),
  ADD KEY `uid` (`user_id`) USING BTREE;

--
-- Indexes for table `users_comptype`
--
ALTER TABLE `users_comptype`
  ADD PRIMARY KEY (`comptype_id`);

--
-- Indexes for table `users_data`
--
ALTER TABLE `users_data`
  ADD PRIMARY KEY (`uid`),
  ADD KEY `position_id` (`position_id`),
  ADD KEY `comptype_id` (`comptype_id`);

--
-- Indexes for table `users_positions`
--
ALTER TABLE `users_positions`
  ADD PRIMARY KEY (`position_id`);

--
-- Indexes for table `user_notes`
--
ALTER TABLE `user_notes`
  ADD PRIMARY KEY (`note_id`);

--
-- Indexes for table `visitors`
--
ALTER TABLE `visitors`
  ADD PRIMARY KEY (`visitor_id`),
  ADD UNIQUE KEY `trackcode` (`code`),
  ADD UNIQUE KEY `visitor` (`visitor`);

--
-- AUTO_INCREMENT for dumped tables
--

--
-- AUTO_INCREMENT for table `addrbook`
--
ALTER TABLE `addrbook`
  MODIFY `addr_id` int(10) UNSIGNED NOT NULL AUTO_INCREMENT, AUTO_INCREMENT=411;

--
-- AUTO_INCREMENT for table `addrbook_positions`
--
ALTER TABLE `addrbook_positions`
  MODIFY `id` int(3) NOT NULL AUTO_INCREMENT, AUTO_INCREMENT=14;

--
-- AUTO_INCREMENT for table `brands`
--
ALTER TABLE `brands`
  MODIFY `brand_id` tinyint(3) UNSIGNED NOT NULL AUTO_INCREMENT, AUTO_INCREMENT=31;

--
-- AUTO_INCREMENT for table `categories`
--
ALTER TABLE `categories`
  MODIFY `id` int(10) UNSIGNED NOT NULL AUTO_INCREMENT, AUTO_INCREMENT=39;

--
-- AUTO_INCREMENT for table `cities`
--
ALTER TABLE `cities`
  MODIFY `city_id` mediumint(8) UNSIGNED NOT NULL AUTO_INCREMENT, AUTO_INCREMENT=91777;

--
-- AUTO_INCREMENT for table `countries`
--
ALTER TABLE `countries`
  MODIFY `country_id` smallint(6) UNSIGNED NOT NULL AUTO_INCREMENT, AUTO_INCREMENT=248;

--
-- AUTO_INCREMENT for table `events`
--
ALTER TABLE `events`
  MODIFY `event_id` int(10) UNSIGNED NOT NULL AUTO_INCREMENT, AUTO_INCREMENT=189;

--
-- AUTO_INCREMENT for table `events_images`
--
ALTER TABLE `events_images`
  MODIFY `image_id` int(10) UNSIGNED NOT NULL AUTO_INCREMENT, AUTO_INCREMENT=25;

--
-- AUTO_INCREMENT for table `external_families`
--
ALTER TABLE `external_families`
  MODIFY `id` int(10) UNSIGNED NOT NULL AUTO_INCREMENT, AUTO_INCREMENT=113;

--
-- AUTO_INCREMENT for table `families`
--
ALTER TABLE `families`
  MODIFY `family_id` int(10) UNSIGNED NOT NULL AUTO_INCREMENT, AUTO_INCREMENT=21208;

--
-- AUTO_INCREMENT for table `family_design_props`
--
ALTER TABLE `family_design_props`
  MODIFY `property_id` smallint(5) UNSIGNED NOT NULL AUTO_INCREMENT, AUTO_INCREMENT=19;

--
-- AUTO_INCREMENT for table `family_images`
--
ALTER TABLE `family_images`
  MODIFY `image_id` int(10) UNSIGNED NOT NULL AUTO_INCREMENT, AUTO_INCREMENT=44109;

--
-- AUTO_INCREMENT for table `guides`
--
ALTER TABLE `guides`
  MODIFY `guide_id` mediumint(8) UNSIGNED NOT NULL AUTO_INCREMENT, AUTO_INCREMENT=621;

--
-- AUTO_INCREMENT for table `guides_categories`
--
ALTER TABLE `guides_categories`
  MODIFY `spec_id` smallint(5) UNSIGNED NOT NULL AUTO_INCREMENT, AUTO_INCREMENT=211;

--
-- AUTO_INCREMENT for table `guides_images`
--
ALTER TABLE `guides_images`
  MODIFY `image_id` int(10) UNSIGNED NOT NULL AUTO_INCREMENT, AUTO_INCREMENT=2917;

--
-- AUTO_INCREMENT for table `hybrid_groups`
--
ALTER TABLE `hybrid_groups`
  MODIFY `node_id` smallint(5) UNSIGNED NOT NULL AUTO_INCREMENT, AUTO_INCREMENT=682;

--
-- AUTO_INCREMENT for table `hybrid_order`
--
ALTER TABLE `hybrid_order`
  MODIFY `id` int(10) UNSIGNED NOT NULL AUTO_INCREMENT, AUTO_INCREMENT=3987;

--
-- AUTO_INCREMENT for table `library`
--
ALTER TABLE `library`
  MODIFY `id` int(10) UNSIGNED NOT NULL AUTO_INCREMENT, AUTO_INCREMENT=60;

--
-- AUTO_INCREMENT for table `manufacturers`
--
ALTER TABLE `manufacturers`
  MODIFY `manf_id` int(10) UNSIGNED NOT NULL AUTO_INCREMENT, AUTO_INCREMENT=438;

--
-- AUTO_INCREMENT for table `manufacturer_reps`
--
ALTER TABLE `manufacturer_reps`
  MODIFY `manfrep_id` smallint(5) UNSIGNED NOT NULL AUTO_INCREMENT, AUTO_INCREMENT=96;

--
-- AUTO_INCREMENT for table `media_partners`
--
ALTER TABLE `media_partners`
  MODIFY `media_id` int(11) NOT NULL AUTO_INCREMENT, AUTO_INCREMENT=12;

--
-- AUTO_INCREMENT for table `news`
--
ALTER TABLE `news`
  MODIFY `news_id` int(10) UNSIGNED NOT NULL AUTO_INCREMENT, AUTO_INCREMENT=28;

--
-- AUTO_INCREMENT for table `news_images`
--
ALTER TABLE `news_images`
  MODIFY `image_id` int(10) UNSIGNED NOT NULL AUTO_INCREMENT, AUTO_INCREMENT=31;

--
-- AUTO_INCREMENT for table `pages_html`
--
ALTER TABLE `pages_html`
  MODIFY `page_id` tinyint(3) UNSIGNED NOT NULL AUTO_INCREMENT, AUTO_INCREMENT=14;

--
-- AUTO_INCREMENT for table `products`
--
ALTER TABLE `products`
  MODIFY `product_id` int(11) NOT NULL AUTO_INCREMENT;

--
-- AUTO_INCREMENT for table `projects`
--
ALTER TABLE `projects`
  MODIFY `project_id` int(11) UNSIGNED NOT NULL AUTO_INCREMENT, AUTO_INCREMENT=369;

--
-- AUTO_INCREMENT for table `projectslib`
--
ALTER TABLE `projectslib`
  MODIFY `projectslib_id` mediumint(8) UNSIGNED NOT NULL AUTO_INCREMENT, AUTO_INCREMENT=1847;

--
-- AUTO_INCREMENT for table `projectslib_categories`
--
ALTER TABLE `projectslib_categories`
  MODIFY `spec_id` smallint(5) UNSIGNED NOT NULL AUTO_INCREMENT, AUTO_INCREMENT=300;

--
-- AUTO_INCREMENT for table `projectslib_families`
--
ALTER TABLE `projectslib_families`
  MODIFY `id` int(10) UNSIGNED NOT NULL AUTO_INCREMENT, AUTO_INCREMENT=1012;

--
-- AUTO_INCREMENT for table `projectslib_images`
--
ALTER TABLE `projectslib_images`
  MODIFY `image_id` int(10) UNSIGNED NOT NULL AUTO_INCREMENT, AUTO_INCREMENT=9381;

--
-- AUTO_INCREMENT for table `projects_families`
--
ALTER TABLE `projects_families`
  MODIFY `pf_id` int(11) UNSIGNED NOT NULL AUTO_INCREMENT, AUTO_INCREMENT=2900;

--
-- AUTO_INCREMENT for table `projects_images`
--
ALTER TABLE `projects_images`
  MODIFY `image_id` int(10) UNSIGNED NOT NULL AUTO_INCREMENT, AUTO_INCREMENT=137;

--
-- AUTO_INCREMENT for table `projects_inspirations`
--
ALTER TABLE `projects_inspirations`
  MODIFY `insp_id` int(10) UNSIGNED NOT NULL AUTO_INCREMENT, AUTO_INCREMENT=93;

--
-- AUTO_INCREMENT for table `projects_rep`
--
ALTER TABLE `projects_rep`
  MODIFY `share_id` int(10) UNSIGNED NOT NULL AUTO_INCREMENT, AUTO_INCREMENT=60;

--
-- AUTO_INCREMENT for table `projects_rep_families`
--
ALTER TABLE `projects_rep_families`
  MODIFY `id` int(10) UNSIGNED NOT NULL AUTO_INCREMENT, AUTO_INCREMENT=591;

--
-- AUTO_INCREMENT for table `projects_shared`
--
ALTER TABLE `projects_shared`
  MODIFY `share_id` int(10) UNSIGNED NOT NULL AUTO_INCREMENT, AUTO_INCREMENT=121;

--
-- AUTO_INCREMENT for table `projects_shared_families`
--
ALTER TABLE `projects_shared_families`
  MODIFY `id` int(10) UNSIGNED NOT NULL AUTO_INCREMENT, AUTO_INCREMENT=1425;

--
-- AUTO_INCREMENT for table `project_phase`
--
ALTER TABLE `project_phase`
  MODIFY `phase_id` tinyint(3) UNSIGNED NOT NULL AUTO_INCREMENT, AUTO_INCREMENT=11;

--
-- AUTO_INCREMENT for table `project_type`
--
ALTER TABLE `project_type`
  MODIFY `type_id` tinyint(3) UNSIGNED NOT NULL AUTO_INCREMENT, AUTO_INCREMENT=20;

--
-- AUTO_INCREMENT for table `regions`
--
ALTER TABLE `regions`
  MODIFY `region_id` smallint(5) UNSIGNED NOT NULL AUTO_INCREMENT, AUTO_INCREMENT=2541;

--
-- AUTO_INCREMENT for table `reps`
--
ALTER TABLE `reps`
  MODIFY `rep_id` smallint(5) UNSIGNED NOT NULL AUTO_INCREMENT, AUTO_INCREMENT=12;

--
-- AUTO_INCREMENT for table `search_options`
--
ALTER TABLE `search_options`
  MODIFY `node_id` smallint(5) UNSIGNED NOT NULL AUTO_INCREMENT, AUTO_INCREMENT=1635;

--
-- AUTO_INCREMENT for table `settings`
--
ALTER TABLE `settings`
  MODIFY `id` tinyint(4) NOT NULL AUTO_INCREMENT, AUTO_INCREMENT=2;

--
-- AUTO_INCREMENT for table `shared_search`
--
ALTER TABLE `shared_search`
  MODIFY `id` int(10) UNSIGNED NOT NULL AUTO_INCREMENT, AUTO_INCREMENT=14;

--
-- AUTO_INCREMENT for table `sliders`
--
ALTER TABLE `sliders`
  MODIFY `slider_id` int(11) UNSIGNED NOT NULL AUTO_INCREMENT, AUTO_INCREMENT=8;

--
-- AUTO_INCREMENT for table `sliders_images`
--
ALTER TABLE `sliders_images`
  MODIFY `image_id` int(10) UNSIGNED NOT NULL AUTO_INCREMENT, AUTO_INCREMENT=1358;

--
-- AUTO_INCREMENT for table `sliders_pages`
--
ALTER TABLE `sliders_pages`
  MODIFY `page_id` int(11) NOT NULL AUTO_INCREMENT, AUTO_INCREMENT=26;

--
-- AUTO_INCREMENT for table `stats_user_visits`
--
ALTER TABLE `stats_user_visits`
  MODIFY `id` int(11) UNSIGNED NOT NULL AUTO_INCREMENT, AUTO_INCREMENT=13021;

--
-- AUTO_INCREMENT for table `users`
--
ALTER TABLE `users`
  MODIFY `user_id` int(10) UNSIGNED NOT NULL AUTO_INCREMENT, AUTO_INCREMENT=292;

--
-- AUTO_INCREMENT for table `users_comptype`
--
ALTER TABLE `users_comptype`
  MODIFY `comptype_id` tinyint(3) UNSIGNED NOT NULL AUTO_INCREMENT, AUTO_INCREMENT=13;

--
-- AUTO_INCREMENT for table `users_positions`
--
ALTER TABLE `users_positions`
  MODIFY `position_id` tinyint(3) UNSIGNED NOT NULL AUTO_INCREMENT, AUTO_INCREMENT=13;

--
-- AUTO_INCREMENT for table `user_notes`
--
ALTER TABLE `user_notes`
  MODIFY `note_id` int(10) UNSIGNED NOT NULL AUTO_INCREMENT, AUTO_INCREMENT=15;

--
-- AUTO_INCREMENT for table `visitors`
--
ALTER TABLE `visitors`
  MODIFY `visitor_id` int(10) UNSIGNED NOT NULL AUTO_INCREMENT, AUTO_INCREMENT=9;

--
-- Constraints for dumped tables
--

--
-- Constraints for table `cities`
--
ALTER TABLE `cities`
  ADD CONSTRAINT `cities_ibfk_1` FOREIGN KEY (`country_id`) REFERENCES `countries` (`country_id`) ON DELETE CASCADE ON UPDATE CASCADE,
  ADD CONSTRAINT `cities_ibfk_2` FOREIGN KEY (`region_id`) REFERENCES `regions` (`region_id`) ON DELETE CASCADE ON UPDATE CASCADE;

--
-- Constraints for table `events`
--
ALTER TABLE `events`
  ADD CONSTRAINT `events_ibfk_1` FOREIGN KEY (`sku_media`) REFERENCES `media_partners` (`sku`) ON DELETE CASCADE ON UPDATE CASCADE;

--
-- Constraints for table `events_images`
--
ALTER TABLE `events_images`
  ADD CONSTRAINT `events_images_ibfk_1` FOREIGN KEY (`event_id`) REFERENCES `events` (`event_id`) ON DELETE CASCADE ON UPDATE CASCADE;

--
-- Constraints for table `external_families`
--
ALTER TABLE `external_families`
  ADD CONSTRAINT `external_families_ibfk_1` FOREIGN KEY (`project_id`) REFERENCES `projects` (`project_id`) ON DELETE CASCADE ON UPDATE CASCADE,
  ADD CONSTRAINT `external_families_ibfk_2` FOREIGN KEY (`pf_id`) REFERENCES `projects_families` (`pf_id`) ON DELETE CASCADE ON UPDATE CASCADE;

--
-- Constraints for table `families`
--
ALTER TABLE `families`
  ADD CONSTRAINT `families_ibfk_1` FOREIGN KEY (`manf_id`) REFERENCES `manufacturers` (`manf_id`) ON DELETE CASCADE ON UPDATE CASCADE;

--
-- Constraints for table `families_preview`
--
ALTER TABLE `families_preview`
  ADD CONSTRAINT `families_preview_ibfk_1` FOREIGN KEY (`family_code`) REFERENCES `families` (`family_code`) ON DELETE CASCADE ON UPDATE CASCADE;

--
-- Constraints for table `family_design_opts`
--
ALTER TABLE `family_design_opts`
  ADD CONSTRAINT `family_design_opts_ibfk_1` FOREIGN KEY (`property_id`) REFERENCES `family_design_props` (`property_id`) ON DELETE CASCADE ON UPDATE CASCADE,
  ADD CONSTRAINT `family_design_opts_ibfk_2` FOREIGN KEY (`node_id`) REFERENCES `search_options` (`node_id`) ON DELETE CASCADE ON UPDATE CASCADE;

--
-- Constraints for table `family_images`
--
ALTER TABLE `family_images`
  ADD CONSTRAINT `family_images_ibfk_1` FOREIGN KEY (`family_id`) REFERENCES `families` (`family_id`) ON DELETE CASCADE ON UPDATE CASCADE;

--
-- Constraints for table `family_update`
--
ALTER TABLE `family_update`
  ADD CONSTRAINT `family_update_ibfk_1` FOREIGN KEY (`family_code`) REFERENCES `families` (`family_code`) ON DELETE CASCADE ON UPDATE CASCADE;

--
-- Constraints for table `favorites`
--
ALTER TABLE `favorites`
  ADD CONSTRAINT `favorites_ibfk_1` FOREIGN KEY (`user_id`) REFERENCES `users` (`user_id`) ON DELETE CASCADE ON UPDATE CASCADE;

--
-- Constraints for table `guides_images`
--
ALTER TABLE `guides_images`
  ADD CONSTRAINT `guides_images_ibfk_1` FOREIGN KEY (`guide_id`) REFERENCES `guides` (`guide_id`) ON DELETE CASCADE ON UPDATE CASCADE;

--
-- Constraints for table `hybrid_groups_options`
--
ALTER TABLE `hybrid_groups_options`
  ADD CONSTRAINT `hybrid_groups_options_ibfk_1` FOREIGN KEY (`group_id`) REFERENCES `hybrid_groups` (`node_id`) ON DELETE CASCADE ON UPDATE CASCADE,
  ADD CONSTRAINT `hybrid_groups_options_ibfk_2` FOREIGN KEY (`node_id`) REFERENCES `search_options` (`node_id`) ON DELETE CASCADE ON UPDATE CASCADE;

--
-- Constraints for table `hybrid_order`
--
ALTER TABLE `hybrid_order`
  ADD CONSTRAINT `hybrid_order_ibfk_1` FOREIGN KEY (`node_id`) REFERENCES `hybrid_groups` (`node_id`) ON DELETE CASCADE ON UPDATE CASCADE;

--
-- Constraints for table `manufacturers`
--
ALTER TABLE `manufacturers`
  ADD CONSTRAINT `manufacturers_ibfk_1` FOREIGN KEY (`brand_id`) REFERENCES `brands` (`brand_id`) ON DELETE CASCADE ON UPDATE CASCADE;

--
-- Constraints for table `manufacturers_data`
--
ALTER TABLE `manufacturers_data`
  ADD CONSTRAINT `manufacturers_data_ibfk_1` FOREIGN KEY (`manf_id`) REFERENCES `manufacturers` (`manf_id`) ON DELETE CASCADE ON UPDATE CASCADE;

--
-- Constraints for table `manufacturer_reps`
--
ALTER TABLE `manufacturer_reps`
  ADD CONSTRAINT `manufacturer_reps_ibfk_1` FOREIGN KEY (`rep_id`) REFERENCES `reps` (`rep_id`) ON DELETE CASCADE ON UPDATE CASCADE,
  ADD CONSTRAINT `manufacturer_reps_ibfk_2` FOREIGN KEY (`manf_id`) REFERENCES `manufacturers` (`manf_id`);

--
-- Constraints for table `news`
--
ALTER TABLE `news`
  ADD CONSTRAINT `news_ibfk_1` FOREIGN KEY (`sku_media`) REFERENCES `media_partners` (`sku`) ON DELETE CASCADE ON UPDATE CASCADE;

--
-- Constraints for table `news_images`
--
ALTER TABLE `news_images`
  ADD CONSTRAINT `news_images_ibfk_1` FOREIGN KEY (`news_id`) REFERENCES `news` (`news_id`) ON DELETE CASCADE ON UPDATE CASCADE;

--
-- Constraints for table `projects`
--
ALTER TABLE `projects`
  ADD CONSTRAINT `projects_ibfk_1` FOREIGN KEY (`uid`) REFERENCES `users` (`user_id`) ON DELETE CASCADE ON UPDATE CASCADE,
  ADD CONSTRAINT `projects_ibfk_2` FOREIGN KEY (`type_id`) REFERENCES `project_type` (`type_id`) ON UPDATE CASCADE,
  ADD CONSTRAINT `projects_ibfk_3` FOREIGN KEY (`phase_id`) REFERENCES `project_phase` (`phase_id`) ON UPDATE CASCADE;

--
-- Constraints for table `projectslib_families`
--
ALTER TABLE `projectslib_families`
  ADD CONSTRAINT `projectslib_families_ibfk_1` FOREIGN KEY (`projectslib_id`) REFERENCES `projectslib` (`projectslib_id`) ON DELETE CASCADE ON UPDATE CASCADE,
  ADD CONSTRAINT `projectslib_families_ibfk_2` FOREIGN KEY (`family_code`) REFERENCES `families` (`family_code`) ON DELETE CASCADE ON UPDATE CASCADE;

--
-- Constraints for table `projectslib_images`
--
ALTER TABLE `projectslib_images`
  ADD CONSTRAINT `projectslib_images_ibfk_1` FOREIGN KEY (`projectslib_id`) REFERENCES `projectslib` (`projectslib_id`);

--
-- Constraints for table `projects_families`
--
ALTER TABLE `projects_families`
  ADD CONSTRAINT `projects_families_ibfk_1` FOREIGN KEY (`project_id`) REFERENCES `projects` (`project_id`) ON DELETE CASCADE ON UPDATE CASCADE,
  ADD CONSTRAINT `projects_families_ibfk_2` FOREIGN KEY (`uid`) REFERENCES `users` (`user_id`) ON DELETE CASCADE ON UPDATE CASCADE;

--
-- Constraints for table `projects_images`
--
ALTER TABLE `projects_images`
  ADD CONSTRAINT `projects_images_ibfk_1` FOREIGN KEY (`project_id`) REFERENCES `projects` (`project_id`) ON DELETE CASCADE ON UPDATE CASCADE;

--
-- Constraints for table `projects_inspirations`
--
ALTER TABLE `projects_inspirations`
  ADD CONSTRAINT `projects_inspirations_ibfk_1` FOREIGN KEY (`project_id`) REFERENCES `projects` (`project_id`) ON DELETE CASCADE ON UPDATE CASCADE,
  ADD CONSTRAINT `projects_inspirations_ibfk_2` FOREIGN KEY (`projectslib_id`) REFERENCES `projectslib` (`projectslib_id`) ON DELETE CASCADE ON UPDATE CASCADE,
  ADD CONSTRAINT `projects_inspirations_ibfk_3` FOREIGN KEY (`guide_id`) REFERENCES `guides` (`guide_id`) ON DELETE CASCADE ON UPDATE CASCADE,
  ADD CONSTRAINT `projects_inspirations_ibfk_4` FOREIGN KEY (`uid`) REFERENCES `users` (`user_id`) ON DELETE CASCADE ON UPDATE CASCADE;

--
-- Constraints for table `projects_rep`
--
ALTER TABLE `projects_rep`
  ADD CONSTRAINT `projects_rep_ibfk_1` FOREIGN KEY (`uid`) REFERENCES `users` (`user_id`) ON DELETE CASCADE ON UPDATE CASCADE;

--
-- Constraints for table `projects_rep_families`
--
ALTER TABLE `projects_rep_families`
  ADD CONSTRAINT `projects_rep_families_ibfk_1` FOREIGN KEY (`share_id`) REFERENCES `projects_rep` (`share_id`) ON DELETE CASCADE ON UPDATE CASCADE;

--
-- Constraints for table `projects_shared`
--
ALTER TABLE `projects_shared`
  ADD CONSTRAINT `projects_shared_ibfk_1` FOREIGN KEY (`uid`) REFERENCES `users` (`user_id`) ON DELETE CASCADE ON UPDATE CASCADE;

--
-- Constraints for table `projects_shared_families`
--
ALTER TABLE `projects_shared_families`
  ADD CONSTRAINT `projects_shared_families_ibfk_1` FOREIGN KEY (`share_id`) REFERENCES `projects_shared` (`share_id`) ON DELETE CASCADE ON UPDATE CASCADE;

--
-- Constraints for table `regions`
--
ALTER TABLE `regions`
  ADD CONSTRAINT `regions_ibfk_1` FOREIGN KEY (`country_id`) REFERENCES `countries` (`country_id`) ON DELETE CASCADE ON UPDATE CASCADE;

--
-- Constraints for table `search_options_range`
--
ALTER TABLE `search_options_range`
  ADD CONSTRAINT `search_options_range_ibfk_1` FOREIGN KEY (`node_id`) REFERENCES `search_options` (`node_id`) ON DELETE CASCADE ON UPDATE CASCADE;

--
-- Constraints for table `sliders_images`
--
ALTER TABLE `sliders_images`
  ADD CONSTRAINT `sliders_images_ibfk_1` FOREIGN KEY (`slider_id`) REFERENCES `sliders` (`slider_id`) ON DELETE CASCADE ON UPDATE CASCADE;
COMMIT;

